[INFO] fetching crate kittycad-execution-plan 0.1.6...
[INFO] testing kittycad-execution-plan-0.1.6 against nightly-2024-10-28+rustflags=-Zrandomize-layout for randomize-layout
[INFO] extracting crate kittycad-execution-plan 0.1.6 into /workspace/builds/worker-1-tc2/source
[INFO] validating manifest of crates.io crate kittycad-execution-plan 0.1.6 on toolchain nightly-2024-10-28
[INFO] running `Command { std: CARGO_HOME="/workspace/cargo-home" RUSTUP_HOME="/workspace/rustup-home" "/workspace/cargo-home/bin/cargo" "+nightly-2024-10-28" "metadata" "--manifest-path" "Cargo.toml" "--no-deps", kill_on_drop: false }`
[INFO] started tweaking crates.io crate kittycad-execution-plan 0.1.6
[INFO] finished tweaking crates.io crate kittycad-execution-plan 0.1.6
[INFO] tweaked toml for crates.io crate kittycad-execution-plan 0.1.6 written to /workspace/builds/worker-1-tc2/source/Cargo.toml
[INFO] running `Command { std: CARGO_HOME="/workspace/cargo-home" RUSTUP_HOME="/workspace/rustup-home" "/workspace/cargo-home/bin/cargo" "+nightly-2024-10-28" "generate-lockfile" "--manifest-path" "Cargo.toml", kill_on_drop: false }`
[INFO] [stderr]     Updating crates.io index
[INFO] [stderr]      Locking 335 packages to latest compatible versions
[INFO] [stderr]       Adding image v0.24.9 (available: v0.25.4)
[INFO] [stderr]       Adding parse-display-derive v0.8.2 (available: v0.10.0)
[INFO] [stderr]       Adding tabled v0.15.0 (available: v0.16.0)
[INFO] [stderr]       Adding twenty-twenty v0.7.0 (available: v0.8.1)
[INFO] running `Command { std: CARGO_HOME="/workspace/cargo-home" RUSTUP_HOME="/workspace/rustup-home" "/workspace/cargo-home/bin/cargo" "+nightly-2024-10-28" "fetch" "--manifest-path" "Cargo.toml", kill_on_drop: false }`
[INFO] running `Command { std: "docker" "create" "-v" "/var/lib/crater-agent-workspace/builds/worker-1-tc2/target:/opt/rustwide/target:rw,Z" "-v" "/var/lib/crater-agent-workspace/builds/worker-1-tc2/source:/opt/rustwide/workdir:ro,Z" "-v" "/var/lib/crater-agent-workspace/cargo-home:/opt/rustwide/cargo-home:ro,Z" "-v" "/var/lib/crater-agent-workspace/rustup-home:/opt/rustwide/rustup-home:ro,Z" "-e" "SOURCE_DIR=/opt/rustwide/workdir" "-e" "CARGO_TARGET_DIR=/opt/rustwide/target" "-e" "CARGO_HOME=/opt/rustwide/cargo-home" "-e" "RUSTUP_HOME=/opt/rustwide/rustup-home" "-w" "/opt/rustwide/workdir" "-m" "1610612736" "--user" "0:0" "--network" "none" "ghcr.io/rust-lang/crates-build-env/linux@sha256:4a844ea9eb2546a2d2c7022eacef16ef2e8229c7fbb2c7d4d55a9ceca922f72d" "/opt/rustwide/cargo-home/bin/cargo" "+nightly-2024-10-28" "metadata" "--no-deps" "--format-version=1", kill_on_drop: false }`
[INFO] [stdout] 0408b27783a04950b44bdc22ab8938adc915202b250e4c7414c5f97e3db96b1c
[INFO] running `Command { std: "docker" "start" "-a" "0408b27783a04950b44bdc22ab8938adc915202b250e4c7414c5f97e3db96b1c", kill_on_drop: false }`
[INFO] running `Command { std: "docker" "inspect" "0408b27783a04950b44bdc22ab8938adc915202b250e4c7414c5f97e3db96b1c", kill_on_drop: false }`
[INFO] running `Command { std: "docker" "rm" "-f" "0408b27783a04950b44bdc22ab8938adc915202b250e4c7414c5f97e3db96b1c", kill_on_drop: false }`
[INFO] [stdout] 0408b27783a04950b44bdc22ab8938adc915202b250e4c7414c5f97e3db96b1c
[INFO] running `Command { std: "docker" "create" "-v" "/var/lib/crater-agent-workspace/builds/worker-1-tc2/target:/opt/rustwide/target:rw,Z" "-v" "/var/lib/crater-agent-workspace/builds/worker-1-tc2/source:/opt/rustwide/workdir:ro,Z" "-v" "/var/lib/crater-agent-workspace/cargo-home:/opt/rustwide/cargo-home:ro,Z" "-v" "/var/lib/crater-agent-workspace/rustup-home:/opt/rustwide/rustup-home:ro,Z" "-e" "SOURCE_DIR=/opt/rustwide/workdir" "-e" "CARGO_TARGET_DIR=/opt/rustwide/target" "-e" "CARGO_INCREMENTAL=0" "-e" "RUST_BACKTRACE=full" "-e" "RUSTFLAGS=--cap-lints=forbid -Zrandomize-layout" "-e" "RUSTDOCFLAGS=--cap-lints=forbid" "-e" "CARGO_HOME=/opt/rustwide/cargo-home" "-e" "RUSTUP_HOME=/opt/rustwide/rustup-home" "-w" "/opt/rustwide/workdir" "-m" "1610612736" "--user" "0:0" "--network" "none" "ghcr.io/rust-lang/crates-build-env/linux@sha256:4a844ea9eb2546a2d2c7022eacef16ef2e8229c7fbb2c7d4d55a9ceca922f72d" "/opt/rustwide/cargo-home/bin/cargo" "+nightly-2024-10-28" "build" "--frozen" "--message-format=json", kill_on_drop: false }`
[INFO] [stdout] 5a8b76484bee285b5103188f37dd7fd853563f9cec970b314dae928ff450c29c
[INFO] running `Command { std: "docker" "start" "-a" "5a8b76484bee285b5103188f37dd7fd853563f9cec970b314dae928ff450c29c", kill_on_drop: false }`
[INFO] [stderr]    Compiling proc-macro2 v1.0.89
[INFO] [stderr]    Compiling unicode-ident v1.0.13
[INFO] [stderr]    Compiling serde v1.0.214
[INFO] [stderr]    Compiling libc v0.2.161
[INFO] [stderr]    Compiling autocfg v1.4.0
[INFO] [stderr]    Compiling memchr v2.7.4
[INFO] [stderr]    Compiling cfg-if v1.0.0
[INFO] [stderr]    Compiling pin-project-lite v0.2.15
[INFO] [stderr]    Compiling once_cell v1.20.2
[INFO] [stderr]    Compiling itoa v1.0.11
[INFO] [stderr]    Compiling fnv v1.0.7
[INFO] [stderr]    Compiling futures-core v0.3.31
[INFO] [stderr]    Compiling shlex v1.3.0
[INFO] [stderr]    Compiling futures-sink v0.3.31
[INFO] [stderr]    Compiling futures-task v0.3.31
[INFO] [stderr]    Compiling futures-io v0.3.31
[INFO] [stderr]    Compiling pin-utils v0.1.0
[INFO] [stderr]    Compiling version_check v0.9.5
[INFO] [stderr]    Compiling percent-encoding v2.3.1
[INFO] [stderr]    Compiling httparse v1.9.5
[INFO] [stderr]    Compiling thiserror v1.0.66
[INFO] [stderr]    Compiling cc v1.1.31
[INFO] [stderr]    Compiling futures-channel v0.3.31
[INFO] [stderr]    Compiling tinyvec_macros v0.1.1
[INFO] [stderr]    Compiling equivalent v1.0.1
[INFO] [stderr]    Compiling hashbrown v0.15.0
[INFO] [stderr]    Compiling tracing-core v0.1.32
[INFO] [stderr]    Compiling tinyvec v1.8.0
[INFO] [stderr]    Compiling ryu v1.0.18
[INFO] [stderr]    Compiling form_urlencoded v1.2.1
[INFO] [stderr]    Compiling unicode-bidi v0.3.17
[INFO] [stderr]    Compiling regex-syntax v0.8.5
[INFO] [stderr]    Compiling try-lock v0.2.5
[INFO] [stderr]    Compiling want v0.3.1
[INFO] [stderr]    Compiling serde_json v1.0.132
[INFO] [stderr]    Compiling rustls-pki-types v1.10.0
[INFO] [stderr]    Compiling byteorder v1.5.0
[INFO] [stderr]    Compiling slab v0.4.9
[INFO] [stderr]    Compiling num-traits v0.2.19
[INFO] [stderr]    Compiling aho-corasick v1.1.3
[INFO] [stderr]    Compiling untrusted v0.9.0
[INFO] [stderr]    Compiling tower-service v0.3.3
[INFO] [stderr]    Compiling spin v0.9.8
[INFO] [stderr]    Compiling quote v1.0.37
[INFO] [stderr]    Compiling indexmap v2.6.0
[INFO] [stderr]    Compiling smallvec v1.13.2
[INFO] [stderr]    Compiling rustls v0.23.16
[INFO] [stderr]    Compiling pkg-config v0.3.31
[INFO] [stderr]    Compiling syn v2.0.86
[INFO] [stderr]    Compiling lazy_static v1.5.0
[INFO] [stderr]    Compiling atomic-waker v1.1.2
[INFO] [stderr]    Compiling getrandom v0.2.15
[INFO] [stderr]    Compiling socket2 v0.5.7
[INFO] [stderr]    Compiling mio v1.0.2
[INFO] [stderr]    Compiling unicode-normalization v0.1.24
[INFO] [stderr]    Compiling vcpkg v0.2.15
[INFO] [stderr]    Compiling typenum v1.17.0
[INFO] [stderr]    Compiling zeroize v1.8.1
[INFO] [stderr]    Compiling unicase v2.8.0
[INFO] [stderr]    Compiling subtle v2.6.1
[INFO] [stderr]    Compiling rand_core v0.6.4
[INFO] [stderr]    Compiling generic-array v0.14.7
[INFO] [stderr]    Compiling linked-hash-map v0.5.6
[INFO] [stderr]    Compiling mime_guess v2.0.5
[INFO] [stderr]    Compiling anyhow v1.0.92
[INFO] [stderr]    Compiling mime v0.3.17
[INFO] [stderr]    Compiling webpki-roots v0.26.6
[INFO] [stderr]    Compiling syn v1.0.109
[INFO] [stderr]    Compiling ipnet v2.10.1
[INFO] [stderr]    Compiling idna v0.5.0
[INFO] [stderr]    Compiling libm v0.2.11
[INFO] [stderr]    Compiling ring v0.17.8
[INFO] [stderr]    Compiling rustls-pemfile v2.2.0
[INFO] [stderr]    Compiling sync_wrapper v1.0.1
[INFO] [stderr]    Compiling base64 v0.22.1
[INFO] [stderr]    Compiling foreign-types-shared v0.1.1
[INFO] [stderr]    Compiling rustversion v1.0.18
[INFO] [stderr]    Compiling openssl v0.10.68
[INFO] [stderr]    Compiling foreign-types v0.3.2
[INFO] [stderr]    Compiling openssl-sys v0.9.104
[INFO] [stderr]    Compiling num-integer v0.1.46
[INFO] [stderr]    Compiling bigdecimal v0.4.6
[INFO] [stderr]    Compiling indexmap v1.9.3
[INFO] [stderr]    Compiling regex-automata v0.4.8
[INFO] [stderr]    Compiling bitflags v2.6.0
[INFO] [stderr]    Compiling native-tls v0.2.12
[INFO] [stderr]    Compiling num-bigint v0.4.6
[INFO] [stderr]    Compiling sharded-slab v0.1.7
[INFO] [stderr]    Compiling quick-xml v0.31.0
[INFO] [stderr]    Compiling proc-macro-error-attr v1.0.4
[INFO] [stderr]    Compiling thread_local v1.1.8
[INFO] [stderr]    Compiling cgmath v0.16.1
[INFO] [stderr]    Compiling hashbrown v0.12.3
[INFO] [stderr]    Compiling crypto-common v0.1.6
[INFO] [stderr]    Compiling block-buffer v0.10.4
[INFO] [stderr]    Compiling openssl-probe v0.1.5
[INFO] [stderr]    Compiling inflections v1.1.1
[INFO] [stderr]    Compiling data-encoding v2.6.0
[INFO] [stderr]    Compiling iana-time-zone v0.1.61
[INFO] [stderr]    Compiling schemars v0.8.21
[INFO] [stderr]    Compiling either v1.13.0
[INFO] [stderr]    Compiling glob v0.3.1
[INFO] [stderr]    Compiling heck v0.5.0
[INFO] [stderr]    Compiling tracing-subscriber v0.3.18
[INFO] [stderr]    Compiling digest v0.10.7
[INFO] [stderr]    Compiling num-traits v0.1.43
[INFO] [stderr]    Compiling lru-cache v0.1.2
[INFO] [stderr]    Compiling yaml-rust v0.4.5
[INFO] [stderr]    Compiling rand v0.4.6
[INFO] [stderr]    Compiling proc-macro-error v1.0.4
[INFO] [stderr]    Compiling mint v0.5.9
[INFO] [stderr]    Compiling minimal-lexical v0.2.1
[INFO] [stderr]    Compiling approx v0.1.1
[INFO] [stderr]    Compiling regex-syntax v0.6.29
[INFO] [stderr]    Compiling httpdate v1.0.3
[INFO] [stderr]    Compiling oncemutex v0.1.1
[INFO] [stderr]    Compiling dyn-clone v1.0.17
[INFO] [stderr]    Compiling cpufeatures v0.2.14
[INFO] [stderr]    Compiling nom v7.1.3
[INFO] [stderr]    Compiling sha1 v0.10.6
[INFO] [stderr]    Compiling itertools v0.12.1
[INFO] [stderr]    Compiling colored v2.1.0
[INFO] [stderr]    Compiling utf-8 v0.7.6
[INFO] [stderr]    Compiling matchit v0.8.4
[INFO] [stderr]    Compiling base64 v0.21.7
[INFO] [stderr]    Compiling unicode-segmentation v1.12.0
[INFO] [stderr]    Compiling kittycad-unit-conversion-derive v0.1.0
[INFO] [stderr]    Compiling regex v1.11.1
[INFO] [stderr]    Compiling serde_derive_internals v0.29.1
[INFO] [stderr]    Compiling bincode v1.3.3
[INFO] [stderr]    Compiling kittycad-modeling-cmds-macros-impl v0.1.12
[INFO] [stderr]    Compiling rustls-pemfile v1.0.4
[INFO] [stderr]    Compiling itertools v0.13.0
[INFO] [stderr]    Compiling measurements v0.11.0
[INFO] [stderr]    Compiling encoding_rs v0.8.35
[INFO] [stderr]    Compiling unicode-width v0.1.14
[INFO] [stderr]    Compiling sync_wrapper v0.1.2
[INFO] [stderr]    Compiling heck v0.4.1
[INFO] [stderr]    Compiling bytecount v0.6.8
[INFO] [stderr]    Compiling console v0.15.8
[INFO] [stderr]    Compiling papergrid v0.11.0
[INFO] [stderr]    Compiling lsystem v0.2.1
[INFO] [stderr]    Compiling tabled_derive v0.7.0
[INFO] [stderr]    Compiling regex-syntax v0.7.5
[INFO] [stderr]    Compiling similar v2.6.0
[INFO] [stderr]    Compiling euler v0.4.1
[INFO] [stderr]    Compiling regex-cache v0.2.1
[INFO] [stderr]    Compiling insta v1.41.1
[INFO] [stderr]    Compiling tabled v0.15.0
[INFO] [stderr]    Compiling rustls-webpki v0.102.8
[INFO] [stderr]    Compiling serde_derive v1.0.214
[INFO] [stderr]    Compiling futures-macro v0.3.31
[INFO] [stderr]    Compiling tokio-macros v2.4.0
[INFO] [stderr]    Compiling tracing-attributes v0.1.27
[INFO] [stderr]    Compiling thiserror-impl v1.0.66
[INFO] [stderr]    Compiling zerocopy-derive v0.7.35
[INFO] [stderr]    Compiling structmeta-derive v0.3.0
[INFO] [stderr]    Compiling async-trait v0.1.83
[INFO] [stderr]    Compiling openssl-macros v0.1.1
[INFO] [stderr]    Compiling futures-util v0.3.31
[INFO] [stderr]    Compiling zerocopy v0.7.35
[INFO] [stderr]    Compiling schemars_derive v0.8.21
[INFO] [stderr]    Compiling strum_macros v0.26.4
[INFO] [stderr]    Compiling enum-iterator-derive v1.4.0
[INFO] [stderr]    Compiling structmeta-derive v0.2.0
[INFO] [stderr]    Compiling kittycad-modeling-cmds-macros v0.1.12
[INFO] [stderr]    Compiling structmeta v0.3.0
[INFO] [stderr]    Compiling gltf-derive v1.4.1
[INFO] [stderr]    Compiling tracing v0.1.40
[INFO] [stderr]    Compiling ppv-lite86 v0.2.20
[INFO] [stderr]    Compiling opentelemetry v0.24.0
[INFO] [stderr]    Compiling parse-display-derive v0.9.1
[INFO] [stderr]    Compiling parse-display-derive v0.10.0
[INFO] [stderr]    Compiling kittycad-execution-plan-macros v0.1.9
[INFO] [stderr]    Compiling enum-iterator v2.1.0
[INFO] [stderr]    Compiling rand_chacha v0.3.1
[INFO] [stderr]    Compiling rand v0.8.5
[INFO] [stderr]    Compiling structmeta v0.2.0
[INFO] [stderr]    Compiling parse-display-derive v0.8.2
[INFO] [stderr]    Compiling phonenumber v0.3.6+8.13.36
[INFO] [stderr]    Compiling retry-policies v0.4.0
[INFO] [stderr]    Compiling strum v0.26.3
[INFO] [stderr]    Compiling parse-display v0.9.1
[INFO] [stderr]    Compiling parse-display v0.10.0
[INFO] [stderr]    Compiling futures-executor v0.3.31
[INFO] [stderr]    Compiling opentelemetry_sdk v0.24.1
[INFO] [stderr]    Compiling futures v0.3.31
[INFO] [stderr]    Compiling bytes v1.8.0
[INFO] [stderr]    Compiling log v0.4.22
[INFO] [stderr]    Compiling url v2.5.2
[INFO] [stderr]    Compiling serde_urlencoded v0.7.1
[INFO] [stderr]    Compiling uuid v1.11.0
[INFO] [stderr]    Compiling chrono v0.4.38
[INFO] [stderr]    Compiling serde_yaml v0.8.26
[INFO] [stderr]    Compiling serde_bytes v0.11.15
[INFO] [stderr]    Compiling tracing-log v0.2.0
[INFO] [stderr]    Compiling kittycad-execution-plan-traits v0.1.15
[INFO] [stderr]    Compiling tracing-opentelemetry v0.25.0
[INFO] [stderr]    Compiling tokio v1.41.0
[INFO] [stderr]    Compiling http v1.1.0
[INFO] [stderr]    Compiling http v0.2.12
[INFO] [stderr]    Compiling format_serde_error v0.3.0
[INFO] [stderr]    Compiling gltf-json v1.4.1
[INFO] [stderr]    Compiling http-body v0.4.6
[INFO] [stderr]    Compiling http-body v1.0.1
[INFO] [stderr]    Compiling tungstenite v0.21.0
[INFO] [stderr]    Compiling http-body-util v0.1.2
[INFO] [stderr]    Compiling kittycad-modeling-cmds v0.2.72
[INFO] [stderr]    Compiling tokio-util v0.7.12
[INFO] [stderr]    Compiling tokio-rustls v0.26.0
[INFO] [stderr]    Compiling tokio-native-tls v0.3.1
[INFO] [stderr]    Compiling tokio-tungstenite v0.21.0
[INFO] [stderr]    Compiling h2 v0.4.6
[INFO] [stderr]    Compiling h2 v0.3.26
[INFO] [stderr]    Compiling hyper v1.5.0
[INFO] [stderr]    Compiling hyper v0.14.31
[INFO] [stderr]    Compiling hyper-util v0.1.10
[INFO] [stderr]    Compiling hyper-rustls v0.27.3
[INFO] [stderr]    Compiling reqwest v0.12.9
[INFO] [stderr]    Compiling hyper-tls v0.5.0
[INFO] [stderr]    Compiling reqwest v0.11.27
[INFO] [stderr]    Compiling reqwest-middleware v0.3.3
[INFO] [stderr]    Compiling reqwest-conditional-middleware v0.3.0
[INFO] [stderr]    Compiling reqwest-retry v0.6.1
[INFO] [stderr]    Compiling reqwest-tracing v0.5.3
[INFO] [stderr]    Compiling kittycad v0.3.25
[INFO] [stderr]    Compiling kittycad-modeling-session v0.1.4
[INFO] [stdout] error[E0061]: this method takes 9 arguments but 7 arguments were supplied
[INFO] [stdout]   --> /opt/rustwide/cargo-home/registry/src/index.crates.io-6f17d22bba15001f/kittycad-modeling-session-0.1.4/src/lib.rs:60:14
[INFO] [stdout]    |
[INFO] [stdout] 60 |               .commands_ws(
[INFO] [stdout]    |  ______________^^^^^^^^^^^-
[INFO] [stdout] 61 | |                 fps,
[INFO] [stdout] 62 | |                 None,
[INFO] [stdout] 63 | |                 None,
[INFO] [stdout] 64 | |                 unlocked_framerate,
[INFO] [stdout]    | |                 ------------------ argument #4 of type `Option<std::string::String>` is missing
[INFO] [stdout] 65 | |                 video_res_height,
[INFO] [stdout]    | |                 ---------------- expected `Option<bool>`, found `Option<u32>`
[INFO] [stdout] 66 | |                 video_res_width,
[INFO] [stdout] 67 | |                 webrtc,
[INFO] [stdout]    | |                 ------ expected `Option<u32>`, found `Option<bool>`
[INFO] [stdout] 68 | |             )
[INFO] [stdout]    | |_____________- argument #9 of type `Option<bool>` is missing
[INFO] [stdout]    |
[INFO] [stdout] note: method defined here
[INFO] [stdout]   --> /opt/rustwide/cargo-home/registry/src/index.crates.io-6f17d22bba15001f/kittycad-0.3.25/src/modeling.rs:31:18
[INFO] [stdout]    |
[INFO] [stdout] 31 |     pub async fn commands_ws<'a>(
[INFO] [stdout]    |                  ^^^^^^^^^^^
[INFO] [stdout] help: did you mean
[INFO] [stdout]    |
[INFO] [stdout] 60 |             .commands_ws(fps, None, None, /* Option<std::string::String> */, unlocked_framerate, webrtc, video_res_width, video_res_height, /* Option<bool> */)
[INFO] [stdout]    |                         ~~~~~~~~~~~~~~~~~~~~~~~~~~~~~~~~~~~~~~~~~~~~~~~~~~~~~~~~~~~~~~~~~~~~~~~~~~~~~~~~~~~~~~~~~~~~~~~~~~~~~~~~~~~~~~~~~~~~~~~~~~~~~~~~~~~~~~~
[INFO] [stdout] 
[INFO] [stdout] 
[INFO] [stdout] error[E0277]: the trait bound `(reqwest::async_impl::upgrade::Upgraded, tokio_tungstenite::tungstenite::http::HeaderMap): tokio::io::AsyncRead` is not satisfied
[INFO] [stdout]    --> /opt/rustwide/cargo-home/registry/src/index.crates.io-6f17d22bba15001f/kittycad-modeling-session-0.1.4/src/lib.rs:73:13
[INFO] [stdout]     |
[INFO] [stdout] 72  |         let (write_to_ws, read_from_ws) = tokio_tungstenite::WebSocketStream::from_raw_socket(
[INFO] [stdout]     |                                           --------------------------------------------------- required by a bound introduced by this call
[INFO] [stdout] 73  |             ws,
[INFO] [stdout]     |             ^^ the trait `tokio::io::AsyncRead` is not implemented for `(reqwest::async_impl::upgrade::Upgraded, tokio_tungstenite::tungstenite::http::HeaderMap)`
[INFO] [stdout]     |
[INFO] [stdout]     = help: the following other types implement trait `tokio::io::AsyncRead`:
[INFO] [stdout]               &[u8]
[INFO] [stdout]               &mut T
[INFO] [stdout]               Box<T>
[INFO] [stdout]               BufStream<RW>
[INFO] [stdout]               DuplexStream
[INFO] [stdout]               Pin<P>
[INFO] [stdout]               SimplexStream
[INFO] [stdout]               Upgraded
[INFO] [stdout]             and 33 others
[INFO] [stdout] note: required by a bound in `WebSocketStream::<S>::from_raw_socket`
[INFO] [stdout]    --> /opt/rustwide/cargo-home/registry/src/index.crates.io-6f17d22bba15001f/tokio-tungstenite-0.21.0/src/lib.rs:208:12
[INFO] [stdout]     |
[INFO] [stdout] 206 |     pub async fn from_raw_socket(stream: S, role: Role, config: Option<WebSocketConfig>) -> Self
[INFO] [stdout]     |                  --------------- required by a bound in this associated function
[INFO] [stdout] 207 |     where
[INFO] [stdout] 208 |         S: AsyncRead + AsyncWrite + Unpin,
[INFO] [stdout]     |            ^^^^^^^^^ required by this bound in `WebSocketStream::<S>::from_raw_socket`
[INFO] [stdout] 
[INFO] [stdout] 
[INFO] [stdout] error[E0277]: the trait bound `(reqwest::async_impl::upgrade::Upgraded, tokio_tungstenite::tungstenite::http::HeaderMap): tokio::io::AsyncWrite` is not satisfied
[INFO] [stdout]    --> /opt/rustwide/cargo-home/registry/src/index.crates.io-6f17d22bba15001f/kittycad-modeling-session-0.1.4/src/lib.rs:73:13
[INFO] [stdout]     |
[INFO] [stdout] 72  |         let (write_to_ws, read_from_ws) = tokio_tungstenite::WebSocketStream::from_raw_socket(
[INFO] [stdout]     |                                           --------------------------------------------------- required by a bound introduced by this call
[INFO] [stdout] 73  |             ws,
[INFO] [stdout]     |             ^^ the trait `tokio::io::AsyncWrite` is not implemented for `(reqwest::async_impl::upgrade::Upgraded, tokio_tungstenite::tungstenite::http::HeaderMap)`
[INFO] [stdout]     |
[INFO] [stdout]     = help: the following other types implement trait `tokio::io::AsyncWrite`:
[INFO] [stdout]               &mut T
[INFO] [stdout]               Box<T>
[INFO] [stdout]               BufStream<RW>
[INFO] [stdout]               DuplexStream
[INFO] [stdout]               Pin<P>
[INFO] [stdout]               SimplexStream
[INFO] [stdout]               Upgraded
[INFO] [stdout]               Vec<u8>
[INFO] [stdout]             and 31 others
[INFO] [stdout] note: required by a bound in `WebSocketStream::<S>::from_raw_socket`
[INFO] [stdout]    --> /opt/rustwide/cargo-home/registry/src/index.crates.io-6f17d22bba15001f/tokio-tungstenite-0.21.0/src/lib.rs:208:24
[INFO] [stdout]     |
[INFO] [stdout] 206 |     pub async fn from_raw_socket(stream: S, role: Role, config: Option<WebSocketConfig>) -> Self
[INFO] [stdout]     |                  --------------- required by a bound in this associated function
[INFO] [stdout] 207 |     where
[INFO] [stdout] 208 |         S: AsyncRead + AsyncWrite + Unpin,
[INFO] [stdout]     |                        ^^^^^^^^^^ required by this bound in `WebSocketStream::<S>::from_raw_socket`
[INFO] [stdout] 
[INFO] [stdout] 
[INFO] [stdout] error[E0277]: the trait bound `(reqwest::async_impl::upgrade::Upgraded, tokio_tungstenite::tungstenite::http::HeaderMap): tokio::io::AsyncRead` is not satisfied
[INFO] [stdout]    --> /opt/rustwide/cargo-home/registry/src/index.crates.io-6f17d22bba15001f/kittycad-modeling-session-0.1.4/src/lib.rs:72:43
[INFO] [stdout]     |
[INFO] [stdout] 72  |           let (write_to_ws, read_from_ws) = tokio_tungstenite::WebSocketStream::from_raw_socket(
[INFO] [stdout]     |  ___________________________________________^
[INFO] [stdout] 73  | |             ws,
[INFO] [stdout] 74  | |             tokio_tungstenite::tungstenite::protocol::Role::Client,
[INFO] [stdout] 75  | |             None,
[INFO] [stdout] 76  | |         )
[INFO] [stdout]     | |_________^ the trait `tokio::io::AsyncRead` is not implemented for `(reqwest::async_impl::upgrade::Upgraded, tokio_tungstenite::tungstenite::http::HeaderMap)`
[INFO] [stdout]     |
[INFO] [stdout]     = help: the following other types implement trait `tokio::io::AsyncRead`:
[INFO] [stdout]               &[u8]
[INFO] [stdout]               &mut T
[INFO] [stdout]               Box<T>
[INFO] [stdout]               BufStream<RW>
[INFO] [stdout]               DuplexStream
[INFO] [stdout]               Pin<P>
[INFO] [stdout]               SimplexStream
[INFO] [stdout]               Upgraded
[INFO] [stdout]             and 33 others
[INFO] [stdout] note: required by a bound in `WebSocketStream::<S>::from_raw_socket`
[INFO] [stdout]    --> /opt/rustwide/cargo-home/registry/src/index.crates.io-6f17d22bba15001f/tokio-tungstenite-0.21.0/src/lib.rs:208:12
[INFO] [stdout]     |
[INFO] [stdout] 206 |     pub async fn from_raw_socket(stream: S, role: Role, config: Option<WebSocketConfig>) -> Self
[INFO] [stdout]     |                  --------------- required by a bound in this associated function
[INFO] [stdout] 207 |     where
[INFO] [stdout] 208 |         S: AsyncRead + AsyncWrite + Unpin,
[INFO] [stdout]     |            ^^^^^^^^^ required by this bound in `WebSocketStream::<S>::from_raw_socket`
[INFO] [stdout] 
[INFO] [stdout] 
[INFO] [stdout] error[E0277]: the trait bound `(reqwest::async_impl::upgrade::Upgraded, tokio_tungstenite::tungstenite::http::HeaderMap): tokio::io::AsyncWrite` is not satisfied
[INFO] [stdout]    --> /opt/rustwide/cargo-home/registry/src/index.crates.io-6f17d22bba15001f/kittycad-modeling-session-0.1.4/src/lib.rs:72:43
[INFO] [stdout]     |
[INFO] [stdout] 72  |           let (write_to_ws, read_from_ws) = tokio_tungstenite::WebSocketStream::from_raw_socket(
[INFO] [stdout]     |  ___________________________________________^
[INFO] [stdout] 73  | |             ws,
[INFO] [stdout] 74  | |             tokio_tungstenite::tungstenite::protocol::Role::Client,
[INFO] [stdout] 75  | |             None,
[INFO] [stdout] 76  | |         )
[INFO] [stdout]     | |_________^ the trait `tokio::io::AsyncWrite` is not implemented for `(reqwest::async_impl::upgrade::Upgraded, tokio_tungstenite::tungstenite::http::HeaderMap)`
[INFO] [stdout]     |
[INFO] [stdout]     = help: the following other types implement trait `tokio::io::AsyncWrite`:
[INFO] [stdout]               &mut T
[INFO] [stdout]               Box<T>
[INFO] [stdout]               BufStream<RW>
[INFO] [stdout]               DuplexStream
[INFO] [stdout]               Pin<P>
[INFO] [stdout]               SimplexStream
[INFO] [stdout]               Upgraded
[INFO] [stdout]               Vec<u8>
[INFO] [stdout]             and 31 others
[INFO] [stdout] note: required by a bound in `WebSocketStream::<S>::from_raw_socket`
[INFO] [stdout]    --> /opt/rustwide/cargo-home/registry/src/index.crates.io-6f17d22bba15001f/tokio-tungstenite-0.21.0/src/lib.rs:208:24
[INFO] [stdout]     |
[INFO] [stdout] 206 |     pub async fn from_raw_socket(stream: S, role: Role, config: Option<WebSocketConfig>) -> Self
[INFO] [stdout]     |                  --------------- required by a bound in this associated function
[INFO] [stdout] 207 |     where
[INFO] [stdout] 208 |         S: AsyncRead + AsyncWrite + Unpin,
[INFO] [stdout]     |                        ^^^^^^^^^^ required by this bound in `WebSocketStream::<S>::from_raw_socket`
[INFO] [stdout] 
[INFO] [stdout] 
[INFO] [stdout] error[E0277]: the trait bound `(reqwest::async_impl::upgrade::Upgraded, tokio_tungstenite::tungstenite::http::HeaderMap): tokio::io::AsyncRead` is not satisfied
[INFO] [stdout]    --> /opt/rustwide/cargo-home/registry/src/index.crates.io-6f17d22bba15001f/kittycad-modeling-session-0.1.4/src/lib.rs:77:10
[INFO] [stdout]     |
[INFO] [stdout] 77  |         .await
[INFO] [stdout]     |          ^^^^^ the trait `tokio::io::AsyncRead` is not implemented for `(reqwest::async_impl::upgrade::Upgraded, tokio_tungstenite::tungstenite::http::HeaderMap)`
[INFO] [stdout]     |
[INFO] [stdout]     = help: the following other types implement trait `tokio::io::AsyncRead`:
[INFO] [stdout]               &[u8]
[INFO] [stdout]               &mut T
[INFO] [stdout]               Box<T>
[INFO] [stdout]               BufStream<RW>
[INFO] [stdout]               DuplexStream
[INFO] [stdout]               Pin<P>
[INFO] [stdout]               SimplexStream
[INFO] [stdout]               Upgraded
[INFO] [stdout]             and 33 others
[INFO] [stdout] note: required by a bound in `WebSocketStream::<S>::from_raw_socket`
[INFO] [stdout]    --> /opt/rustwide/cargo-home/registry/src/index.crates.io-6f17d22bba15001f/tokio-tungstenite-0.21.0/src/lib.rs:208:12
[INFO] [stdout]     |
[INFO] [stdout] 206 |     pub async fn from_raw_socket(stream: S, role: Role, config: Option<WebSocketConfig>) -> Self
[INFO] [stdout]     |                  --------------- required by a bound in this associated function
[INFO] [stdout] 207 |     where
[INFO] [stdout] 208 |         S: AsyncRead + AsyncWrite + Unpin,
[INFO] [stdout]     |            ^^^^^^^^^ required by this bound in `WebSocketStream::<S>::from_raw_socket`
[INFO] [stdout] 
[INFO] [stdout] 
[INFO] [stdout] error[E0277]: the trait bound `(reqwest::async_impl::upgrade::Upgraded, tokio_tungstenite::tungstenite::http::HeaderMap): tokio::io::AsyncWrite` is not satisfied
[INFO] [stdout]    --> /opt/rustwide/cargo-home/registry/src/index.crates.io-6f17d22bba15001f/kittycad-modeling-session-0.1.4/src/lib.rs:77:10
[INFO] [stdout]     |
[INFO] [stdout] 77  |         .await
[INFO] [stdout]     |          ^^^^^ the trait `tokio::io::AsyncWrite` is not implemented for `(reqwest::async_impl::upgrade::Upgraded, tokio_tungstenite::tungstenite::http::HeaderMap)`
[INFO] [stdout]     |
[INFO] [stdout]     = help: the following other types implement trait `tokio::io::AsyncWrite`:
[INFO] [stdout]               &mut T
[INFO] [stdout]               Box<T>
[INFO] [stdout]               BufStream<RW>
[INFO] [stdout]               DuplexStream
[INFO] [stdout]               Pin<P>
[INFO] [stdout]               SimplexStream
[INFO] [stdout]               Upgraded
[INFO] [stdout]               Vec<u8>
[INFO] [stdout]             and 31 others
[INFO] [stdout] note: required by a bound in `WebSocketStream::<S>::from_raw_socket`
[INFO] [stdout]    --> /opt/rustwide/cargo-home/registry/src/index.crates.io-6f17d22bba15001f/tokio-tungstenite-0.21.0/src/lib.rs:208:24
[INFO] [stdout]     |
[INFO] [stdout] 206 |     pub async fn from_raw_socket(stream: S, role: Role, config: Option<WebSocketConfig>) -> Self
[INFO] [stdout]     |                  --------------- required by a bound in this associated function
[INFO] [stdout] 207 |     where
[INFO] [stdout] 208 |         S: AsyncRead + AsyncWrite + Unpin,
[INFO] [stdout]     |                        ^^^^^^^^^^ required by this bound in `WebSocketStream::<S>::from_raw_socket`
[INFO] [stdout] 
[INFO] [stdout] 
[INFO] [stdout] error[E0599]: the method `split` exists for struct `WebSocketStream<(Upgraded, HeaderMap)>`, but its trait bounds were not satisfied
[INFO] [stdout]    --> /opt/rustwide/cargo-home/registry/src/index.crates.io-6f17d22bba15001f/kittycad-modeling-session-0.1.4/src/lib.rs:78:10
[INFO] [stdout]     |
[INFO] [stdout] 72  |           let (write_to_ws, read_from_ws) = tokio_tungstenite::WebSocketStream::from_raw_socket(
[INFO] [stdout]     |  ___________________________________________-
[INFO] [stdout] 73  | |             ws,
[INFO] [stdout] 74  | |             tokio_tungstenite::tungstenite::protocol::Role::Client,
[INFO] [stdout] 75  | |             None,
[INFO] [stdout] 76  | |         )
[INFO] [stdout] 77  | |         .await
[INFO] [stdout] 78  | |         .split();
[INFO] [stdout]     | |         -^^^^^ method cannot be called on `WebSocketStream<(Upgraded, HeaderMap)>` due to unsatisfied trait bounds
[INFO] [stdout]     | |_________|
[INFO] [stdout]     |
[INFO] [stdout]     |
[INFO] [stdout]    ::: /opt/rustwide/cargo-home/registry/src/index.crates.io-6f17d22bba15001f/tokio-tungstenite-0.21.0/src/lib.rs:192:1
[INFO] [stdout]     |
[INFO] [stdout] 192 |   pub struct WebSocketStream<S> {
[INFO] [stdout]     |   ----------------------------- doesn't satisfy `_: StreamExt` or `_: Stream`
[INFO] [stdout]     |
[INFO] [stdout]     = note: the following trait bounds were not satisfied:
[INFO] [stdout]             `WebSocketStream<(reqwest::async_impl::upgrade::Upgraded, tokio_tungstenite::tungstenite::http::HeaderMap)>: Stream`
[INFO] [stdout]             which is required by `WebSocketStream<(reqwest::async_impl::upgrade::Upgraded, tokio_tungstenite::tungstenite::http::HeaderMap)>: StreamExt`
[INFO] [stdout]             `&WebSocketStream<(reqwest::async_impl::upgrade::Upgraded, tokio_tungstenite::tungstenite::http::HeaderMap)>: Stream`
[INFO] [stdout]             which is required by `&WebSocketStream<(reqwest::async_impl::upgrade::Upgraded, tokio_tungstenite::tungstenite::http::HeaderMap)>: StreamExt`
[INFO] [stdout]             `&mut WebSocketStream<(reqwest::async_impl::upgrade::Upgraded, tokio_tungstenite::tungstenite::http::HeaderMap)>: Stream`
[INFO] [stdout]             which is required by `&mut WebSocketStream<(reqwest::async_impl::upgrade::Upgraded, tokio_tungstenite::tungstenite::http::HeaderMap)>: StreamExt`
[INFO] [stdout] 
[INFO] [stdout] 
[INFO] [stdout] Some errors have detailed explanations: E0061, E0277, E0599.
[INFO] [stdout] 
[INFO] [stdout] For more information about an error, try `rustc --explain E0061`.
[INFO] [stdout] 
[INFO] [stderr] error: could not compile `kittycad-modeling-session` (lib) due to 8 previous errors
[INFO] [stderr] warning: build failed, waiting for other jobs to finish...
[INFO] running `Command { std: "docker" "inspect" "5a8b76484bee285b5103188f37dd7fd853563f9cec970b314dae928ff450c29c", kill_on_drop: false }`
[INFO] running `Command { std: "docker" "rm" "-f" "5a8b76484bee285b5103188f37dd7fd853563f9cec970b314dae928ff450c29c", kill_on_drop: false }`
[INFO] [stdout] 5a8b76484bee285b5103188f37dd7fd853563f9cec970b314dae928ff450c29c
