[INFO] fetching crate kitsune_p2p_bootstrap 0.4.0-dev.2...
[INFO] testing kitsune_p2p_bootstrap-0.4.0-dev.2 against nightly-2024-10-28 for randomize-layout
[INFO] extracting crate kitsune_p2p_bootstrap 0.4.0-dev.2 into /workspace/builds/worker-4-tc1/source
[INFO] validating manifest of crates.io crate kitsune_p2p_bootstrap 0.4.0-dev.2 on toolchain nightly-2024-10-28
[INFO] running `Command { std: CARGO_HOME="/workspace/cargo-home" RUSTUP_HOME="/workspace/rustup-home" "/workspace/cargo-home/bin/cargo" "+nightly-2024-10-28" "metadata" "--manifest-path" "Cargo.toml" "--no-deps", kill_on_drop: false }`
[INFO] started tweaking crates.io crate kitsune_p2p_bootstrap 0.4.0-dev.2
[INFO] finished tweaking crates.io crate kitsune_p2p_bootstrap 0.4.0-dev.2
[INFO] tweaked toml for crates.io crate kitsune_p2p_bootstrap 0.4.0-dev.2 written to /workspace/builds/worker-4-tc1/source/Cargo.toml
[INFO] crate crates.io crate kitsune_p2p_bootstrap 0.4.0-dev.2 already has a lockfile, it will not be regenerated
[INFO] running `Command { std: CARGO_HOME="/workspace/cargo-home" RUSTUP_HOME="/workspace/rustup-home" "/workspace/cargo-home/bin/cargo" "+nightly-2024-10-28" "fetch" "--manifest-path" "Cargo.toml", kill_on_drop: false }`
[INFO] [stderr]     Updating crates.io index
[INFO] [stderr]     Blocking waiting for file lock on package cache
[INFO] [stderr]  Downloading crates ...
[INFO] [stderr]   Downloaded trilean v1.1.0
[INFO] [stderr]   Downloaded strum v0.18.0
[INFO] [stderr]   Downloaded must_future v0.1.2
[INFO] [stderr]   Downloaded holochain_serialized_bytes v0.0.55
[INFO] [stderr]   Downloaded holochain_trace v0.5.0-dev.1
[INFO] [stderr]   Downloaded holochain_serialized_bytes_derive v0.0.55
[INFO] [stderr]   Downloaded strum_macros v0.18.0
[INFO] [stderr]   Downloaded dary_heap v0.3.6
[INFO] [stderr]   Downloaded ghost_actor v0.3.0-alpha.6
[INFO] [stderr]   Downloaded serde-transcode v1.1.1
[INFO] [stderr]   Downloaded lair_keystore_api v0.5.2
[INFO] [stderr]   Downloaded kitsune_p2p_dht v0.5.0-dev.1
[INFO] [stderr]   Downloaded kitsune_p2p_types v0.5.0-dev.2
[INFO] [stderr]   Downloaded inferno v0.11.21
[INFO] [stderr]   Downloaded quick-xml v0.26.0
[INFO] [stderr]   Downloaded statrs v0.16.1
[INFO] [stderr]   Downloaded warp v0.3.7
[INFO] [stderr]   Downloaded sysinfo v0.30.13
[INFO] [stderr]   Downloaded reqwest v0.12.8
[INFO] [stderr]   Downloaded hyper-util v0.1.9
[INFO] [stderr]   Downloaded cc v1.1.30
[INFO] [stderr]   Downloaded openssl v0.10.66
[INFO] [stderr]   Downloaded openssl-sys v0.9.103
[INFO] [stderr]   Downloaded pin-project v1.1.6
[INFO] [stderr]   Downloaded serde v1.0.203
[INFO] [stderr]   Downloaded pin-project-internal v1.1.6
[INFO] [stderr]   Downloaded rustls v0.23.14
[INFO] [stderr]   Downloaded tungstenite v0.21.0
[INFO] [stderr]   Downloaded sodoken v0.0.11
[INFO] [stderr]   Downloaded rustix v0.38.37
[INFO] [stderr]   Downloaded proc-macro2 v1.0.87
[INFO] [stderr]   Downloaded fixt v0.5.0-dev.0
[INFO] [stderr]   Downloaded shrinkwraprs v0.3.0
[INFO] [stderr]   Downloaded gcollections v1.5.0
[INFO] [stderr]   Downloaded kitsune_p2p_dht_arc v0.5.0-dev.1
[INFO] [stderr]   Downloaded rmpv v1.3.0
[INFO] [stderr]   Downloaded intervallum v1.4.1
[INFO] [stderr]   Downloaded hc_seed_bundle v0.2.5
[INFO] [stderr]   Downloaded serde_derive v1.0.203
[INFO] [stderr]   Downloaded tokio-tungstenite v0.21.0
[INFO] [stderr]   Downloaded bytes v1.7.2
[INFO] [stderr]   Downloaded one_err v0.0.8
[INFO] [stderr]   Downloaded url2 v0.0.6
[INFO] [stderr]   Downloaded str_stack v0.1.0
[INFO] [stderr]   Downloaded kitsune_p2p_timestamp v0.5.0-dev.0
[INFO] [stderr]   Downloaded holochain_util v0.5.0-dev.0
[INFO] [stderr]   Downloaded kitsune_p2p_bin_data v0.5.0-dev.1
[INFO] [stderr]   Downloaded nanoid v0.4.0
[INFO] [stderr]   Downloaded tokio v1.40.0
[INFO] [stderr]   Downloaded encoding_rs v0.8.34
[INFO] [stderr]   Downloaded libsodium-sys-stable v1.21.2
[INFO] [stderr]   Downloaded openssl-src v300.3.2+3.3.2
[INFO] [stderr]   Downloaded windows v0.52.0
[INFO] running `Command { std: "docker" "create" "-v" "/var/lib/crater-agent-workspace/builds/worker-4-tc1/target:/opt/rustwide/target:rw,Z" "-v" "/var/lib/crater-agent-workspace/builds/worker-4-tc1/source:/opt/rustwide/workdir:ro,Z" "-v" "/var/lib/crater-agent-workspace/cargo-home:/opt/rustwide/cargo-home:ro,Z" "-v" "/var/lib/crater-agent-workspace/rustup-home:/opt/rustwide/rustup-home:ro,Z" "-e" "SOURCE_DIR=/opt/rustwide/workdir" "-e" "CARGO_TARGET_DIR=/opt/rustwide/target" "-e" "CARGO_HOME=/opt/rustwide/cargo-home" "-e" "RUSTUP_HOME=/opt/rustwide/rustup-home" "-w" "/opt/rustwide/workdir" "-m" "1610612736" "--user" "0:0" "--network" "none" "ghcr.io/rust-lang/crates-build-env/linux@sha256:4a844ea9eb2546a2d2c7022eacef16ef2e8229c7fbb2c7d4d55a9ceca922f72d" "/opt/rustwide/cargo-home/bin/cargo" "+nightly-2024-10-28" "metadata" "--no-deps" "--format-version=1", kill_on_drop: false }`
[INFO] [stdout] ecfa473da30ef987c9e903ba496993645a7bed1d8a826f2ebaec44b21982058c
[INFO] running `Command { std: "docker" "start" "-a" "ecfa473da30ef987c9e903ba496993645a7bed1d8a826f2ebaec44b21982058c", kill_on_drop: false }`
[INFO] running `Command { std: "docker" "inspect" "ecfa473da30ef987c9e903ba496993645a7bed1d8a826f2ebaec44b21982058c", kill_on_drop: false }`
[INFO] running `Command { std: "docker" "rm" "-f" "ecfa473da30ef987c9e903ba496993645a7bed1d8a826f2ebaec44b21982058c", kill_on_drop: false }`
[INFO] [stdout] ecfa473da30ef987c9e903ba496993645a7bed1d8a826f2ebaec44b21982058c
[INFO] running `Command { std: "docker" "create" "-v" "/var/lib/crater-agent-workspace/builds/worker-4-tc1/target:/opt/rustwide/target:rw,Z" "-v" "/var/lib/crater-agent-workspace/builds/worker-4-tc1/source:/opt/rustwide/workdir:ro,Z" "-v" "/var/lib/crater-agent-workspace/cargo-home:/opt/rustwide/cargo-home:ro,Z" "-v" "/var/lib/crater-agent-workspace/rustup-home:/opt/rustwide/rustup-home:ro,Z" "-e" "SOURCE_DIR=/opt/rustwide/workdir" "-e" "CARGO_TARGET_DIR=/opt/rustwide/target" "-e" "CARGO_INCREMENTAL=0" "-e" "RUST_BACKTRACE=full" "-e" "RUSTFLAGS=--cap-lints=forbid" "-e" "RUSTDOCFLAGS=--cap-lints=forbid" "-e" "CARGO_HOME=/opt/rustwide/cargo-home" "-e" "RUSTUP_HOME=/opt/rustwide/rustup-home" "-w" "/opt/rustwide/workdir" "-m" "1610612736" "--user" "0:0" "--network" "none" "ghcr.io/rust-lang/crates-build-env/linux@sha256:4a844ea9eb2546a2d2c7022eacef16ef2e8229c7fbb2c7d4d55a9ceca922f72d" "/opt/rustwide/cargo-home/bin/cargo" "+nightly-2024-10-28" "build" "--frozen" "--message-format=json", kill_on_drop: false }`
[INFO] [stdout] 1d240b4457fbc15211b9c1f70037660fe313889283497f9440227cbb3fcd41ae
[INFO] running `Command { std: "docker" "start" "-a" "1d240b4457fbc15211b9c1f70037660fe313889283497f9440227cbb3fcd41ae", kill_on_drop: false }`
[INFO] [stderr]    Compiling proc-macro2 v1.0.87
[INFO] [stderr]    Compiling libc v0.2.159
[INFO] [stderr]    Compiling serde v1.0.203
[INFO] [stderr]    Compiling pin-project-lite v0.2.14
[INFO] [stderr]    Compiling bytes v1.7.2
[INFO] [stderr]    Compiling cc v1.1.30
[INFO] [stderr]    Compiling libm v0.2.8
[INFO] [stderr]    Compiling num-traits v0.2.19
[INFO] [stderr]    Compiling foldhash v0.1.3
[INFO] [stderr]    Compiling smallvec v1.13.2
[INFO] [stderr]    Compiling futures-io v0.3.31
[INFO] [stderr]    Compiling tracing-core v0.1.32
[INFO] [stderr]    Compiling ahash v0.8.11
[INFO] [stderr]    Compiling zerocopy v0.7.35
[INFO] [stderr]    Compiling rustix v0.38.37
[INFO] [stderr]    Compiling serde_json v1.0.128
[INFO] [stderr]    Compiling memchr v2.7.4
[INFO] [stderr]    Compiling hashbrown v0.15.0
[INFO] [stderr]    Compiling linux-raw-sys v0.4.14
[INFO] [stderr]    Compiling rle-decode-fast v1.0.3
[INFO] [stderr]    Compiling thiserror v1.0.64
[INFO] [stderr]    Compiling url v2.5.2
[INFO] [stderr]    Compiling crc32fast v1.4.2
[INFO] [stderr]    Compiling adler32 v1.2.0
[INFO] [stderr]    Compiling dary_heap v0.3.6
[INFO] [stderr]    Compiling log v0.4.22
[INFO] [stderr]    Compiling http v1.1.0
[INFO] [stderr]    Compiling core2 v0.4.0
[INFO] [stderr]    Compiling hashbrown v0.14.5
[INFO] [stderr]    Compiling http v0.2.12
[INFO] [stderr]    Compiling spin v0.9.8
[INFO] [stderr]    Compiling quote v1.0.37
[INFO] [stderr]    Compiling openssl-src v300.3.2+3.3.2
[INFO] [stderr]    Compiling bit-vec v0.6.3
[INFO] [stderr]    Compiling indexmap v2.6.0
[INFO] [stderr]    Compiling syn v2.0.79
[INFO] [stderr]    Compiling syn v1.0.109
[INFO] [stderr]    Compiling ureq v2.10.1
[INFO] [stderr]    Compiling minisign-verify v0.2.2
[INFO] [stderr]    Compiling parking_lot_core v0.9.10
[INFO] [stderr]    Compiling getrandom v0.2.15
[INFO] [stderr]    Compiling socket2 v0.5.7
[INFO] [stderr]    Compiling mio v1.0.2
[INFO] [stderr]    Compiling signal-hook-registry v1.4.2
[INFO] [stderr]    Compiling parking_lot v0.12.3
[INFO] [stderr]    Compiling rand_core v0.6.4
[INFO] [stderr]    Compiling libflate_lz77 v2.1.0
[INFO] [stderr]    Compiling openssl-sys v0.9.103
[INFO] [stderr]    Compiling num-integer v0.1.46
[INFO] [stderr]    Compiling filetime v0.2.25
[INFO] [stderr]    Compiling libflate v2.1.0
[INFO] [stderr]    Compiling ring v0.17.8
[INFO] [stderr]    Compiling time v0.3.36
[INFO] [stderr]    Compiling anstyle-parse v0.2.5
[INFO] [stderr]    Compiling bit-set v0.5.3
[INFO] [stderr]    Compiling safe_arch v0.7.2
[INFO] [stderr]    Compiling unicase v2.7.0
[INFO] [stderr]    Compiling matrixmultiply v0.3.9
[INFO] [stderr]    Compiling openssl v0.10.66
[INFO] [stderr]    Compiling trilean v1.1.0
[INFO] [stderr]    Compiling anstyle v1.0.8
[INFO] [stderr]    Compiling colorchoice v1.0.2
[INFO] [stderr]    Compiling convert_case v0.4.0
[INFO] [stderr]    Compiling anstyle-query v1.1.1
[INFO] [stderr]    Compiling gcollections v1.5.0
[INFO] [stderr]    Compiling wide v0.7.28
[INFO] [stderr]    Compiling ring v0.16.20
[INFO] [stderr]    Compiling anstream v0.6.15
[INFO] [stderr]    Compiling approx v0.5.1
[INFO] [stderr]    Compiling xattr v1.3.1
[INFO] [stderr]    Compiling num-complex v0.4.6
[INFO] [stderr]    Compiling rmp v0.8.14
[INFO] [stderr]    Compiling http-body v1.0.1
[INFO] [stderr]    Compiling tar v0.4.42
[INFO] [stderr]    Compiling atomic-waker v1.1.2
[INFO] [stderr]    Compiling native-tls v0.2.12
[INFO] [stderr]    Compiling clap_builder v4.5.20
[INFO] [stderr]    Compiling sha1 v0.10.6
[INFO] [stderr]    Compiling intervallum v1.4.1
[INFO] [stderr]    Compiling num-rational v0.4.2
[INFO] [stderr]    Compiling num_cpus v1.16.0
[INFO] [stderr]    Compiling env_filter v0.1.2
[INFO] [stderr]    Compiling dunce v1.0.5
[INFO] [stderr]    Compiling arrayvec v0.7.6
[INFO] [stderr]    Compiling toml_datetime v0.6.8
[INFO] [stderr]    Compiling serde_spanned v0.6.8
[INFO] [stderr]    Compiling num-format v0.4.4
[INFO] [stderr]    Compiling env_logger v0.11.5
[INFO] [stderr]    Compiling pem v1.1.1
[INFO] [stderr]    Compiling mime_guess v2.0.5
[INFO] [stderr]    Compiling toml_edit v0.22.22
[INFO] [stderr]    Compiling libsodium-sys-stable v1.21.2
[INFO] [stderr]    Compiling simba v0.6.0
[INFO] [stderr]    Compiling regex v1.11.0
[INFO] [stderr]    Compiling yasna v0.5.2
[INFO] [stderr]    Compiling itertools v0.8.2
[INFO] [stderr]    Compiling is-terminal v0.4.13
[INFO] [stderr]    Compiling tracing-log v0.2.0
[INFO] [stderr]    Compiling dashmap v6.1.0
[INFO] [stderr]    Compiling colored v2.1.0
[INFO] [stderr]    Compiling rgb v0.8.50
[INFO] [stderr]    Compiling crossbeam-channel v0.5.13
[INFO] [stderr]    Compiling quick-xml v0.26.0
[INFO] [stderr]    Compiling multer v2.1.0
[INFO] [stderr]    Compiling encoding_rs v0.8.34
[INFO] [stderr]    Compiling str_stack v0.1.0
[INFO] [stderr]    Compiling data-encoding v2.6.0
[INFO] [stderr]    Compiling utf-8 v0.7.6
[INFO] [stderr]    Compiling headers-core v0.2.0
[INFO] [stderr]    Compiling http-body v0.4.6
[INFO] [stderr]    Compiling lru v0.12.5
[INFO] [stderr]    Compiling rustls-pemfile v2.2.0
[INFO] [stderr]    Compiling headers v0.3.9
[INFO] [stderr]    Compiling sysinfo v0.30.13
[INFO] [stderr]    Compiling sync_wrapper v1.0.1
[INFO] [stderr]    Compiling rustls v0.21.12
[INFO] [stderr]    Compiling scoped-tls v1.0.1
[INFO] [stderr]    Compiling toml v0.8.19
[INFO] [stderr]    Compiling sct v0.7.1
[INFO] [stderr]    Compiling rustls-webpki v0.101.7
[INFO] [stderr]    Compiling nalgebra-macros v0.1.0
[INFO] [stderr]    Compiling shrinkwraprs v0.3.0
[INFO] [stderr]    Compiling serde_derive v1.0.203
[INFO] [stderr]    Compiling futures-macro v0.3.31
[INFO] [stderr]    Compiling zerocopy-derive v0.7.35
[INFO] [stderr]    Compiling tokio-macros v2.4.0
[INFO] [stderr]    Compiling tracing-attributes v0.1.27
[INFO] [stderr]    Compiling thiserror-impl v1.0.64
[INFO] [stderr]    Compiling openssl-macros v0.1.1
[INFO] [stderr]    Compiling pin-project-internal v1.1.6
[INFO] [stderr]    Compiling derive_more v0.99.18
[INFO] [stderr]    Compiling futures-util v0.3.31
[INFO] [stderr]    Compiling tokio v1.40.0
[INFO] [stderr]    Compiling clap_derive v4.5.18
[INFO] [stderr]    Compiling lair_keystore_api v0.5.2
[INFO] [stderr]    Compiling rcgen v0.10.0
[INFO] [stderr]    Compiling derivative v2.2.0
[INFO] [stderr]    Compiling ppv-lite86 v0.2.20
[INFO] [stderr]    Compiling tracing v0.1.40
[INFO] [stderr]    Compiling rand_chacha v0.3.1
[INFO] [stderr]    Compiling pin-project v1.1.6
[INFO] [stderr]    Compiling tracing-futures v0.2.5
[INFO] [stderr]    Compiling rand v0.8.5
[INFO] [stderr]    Compiling clap v4.5.20
[INFO] [stderr]    Compiling inferno v0.11.21
[INFO] [stderr]    Compiling rand_distr v0.4.3
[INFO] [stderr]    Compiling nanoid v0.4.0
[INFO] [stderr]    Compiling nalgebra v0.29.0
[INFO] [stderr]    Compiling futures-executor v0.3.31
[INFO] [stderr]    Compiling http-body-util v0.1.2
[INFO] [stderr]    Compiling futures v0.3.31
[INFO] [stderr]    Compiling holochain_util v0.5.0-dev.0
[INFO] [stderr]    Compiling must_future v0.1.2
[INFO] [stderr]    Compiling tokio-util v0.7.12
[INFO] [stderr]    Compiling ghost_actor v0.3.0-alpha.6
[INFO] [stderr]    Compiling serde_bytes v0.11.15
[INFO] [stderr]    Compiling chrono v0.4.38
[INFO] [stderr]    Compiling rmp-serde v1.3.0
[INFO] [stderr]    Compiling tracing-serde v0.1.3
[INFO] [stderr]    Compiling kitsune_p2p_dht_arc v0.5.0-dev.1
[INFO] [stderr]    Compiling h2 v0.4.6
[INFO] [stderr]    Compiling rmpv v1.3.0
[INFO] [stderr]    Compiling h2 v0.3.26
[INFO] [stderr]    Compiling serde_urlencoded v0.7.1
[INFO] [stderr]    Compiling serde_yaml v0.9.34+deprecated
[INFO] [stderr]    Compiling kitsune_p2p_bin_data v0.5.0-dev.1
[INFO] [stderr]    Compiling tungstenite v0.21.0
[INFO] [stderr]    Compiling url2 v0.0.6
[INFO] [stderr]    Compiling one_err v0.0.8
[INFO] [stderr]    Compiling tracing-subscriber v0.3.18
[INFO] [stderr]    Compiling kitsune_p2p_timestamp v0.5.0-dev.0
[INFO] [stderr]    Compiling tokio-tungstenite v0.21.0
[INFO] [stderr]    Compiling holochain_trace v0.5.0-dev.1
[INFO] [stderr]    Compiling hyper v0.14.31
[INFO] [stderr]    Compiling hyper v1.5.0
[INFO] [stderr]    Compiling hyper-util v0.1.9
[INFO] [stderr]    Compiling statrs v0.16.1
[INFO] [stderr]    Compiling kitsune_p2p_dht v0.5.0-dev.1
[INFO] [stderr]    Compiling warp v0.3.7
[INFO] [stderr]    Compiling sodoken v0.0.11
[INFO] [stderr]    Compiling hc_seed_bundle v0.2.5
[INFO] [stderr]    Compiling kitsune_p2p_types v0.5.0-dev.2
[INFO] [stderr]    Compiling tokio-native-tls v0.3.1
[INFO] [stderr]    Compiling hyper-tls v0.6.0
[INFO] [stderr]    Compiling reqwest v0.12.8
[INFO] [stderr]    Compiling kitsune_p2p_bootstrap v0.4.0-dev.2 (/opt/rustwide/workdir)
[INFO] [stderr]     Finished `dev` profile [unoptimized + debuginfo] target(s) in 1m 06s
[INFO] running `Command { std: "docker" "inspect" "1d240b4457fbc15211b9c1f70037660fe313889283497f9440227cbb3fcd41ae", kill_on_drop: false }`
[INFO] running `Command { std: "docker" "rm" "-f" "1d240b4457fbc15211b9c1f70037660fe313889283497f9440227cbb3fcd41ae", kill_on_drop: false }`
[INFO] [stdout] 1d240b4457fbc15211b9c1f70037660fe313889283497f9440227cbb3fcd41ae
[INFO] running `Command { std: "docker" "create" "-v" "/var/lib/crater-agent-workspace/builds/worker-4-tc1/target:/opt/rustwide/target:rw,Z" "-v" "/var/lib/crater-agent-workspace/builds/worker-4-tc1/source:/opt/rustwide/workdir:ro,Z" "-v" "/var/lib/crater-agent-workspace/cargo-home:/opt/rustwide/cargo-home:ro,Z" "-v" "/var/lib/crater-agent-workspace/rustup-home:/opt/rustwide/rustup-home:ro,Z" "-e" "SOURCE_DIR=/opt/rustwide/workdir" "-e" "CARGO_TARGET_DIR=/opt/rustwide/target" "-e" "CARGO_INCREMENTAL=0" "-e" "RUST_BACKTRACE=full" "-e" "RUSTFLAGS=--cap-lints=forbid" "-e" "RUSTDOCFLAGS=--cap-lints=forbid" "-e" "CARGO_HOME=/opt/rustwide/cargo-home" "-e" "RUSTUP_HOME=/opt/rustwide/rustup-home" "-w" "/opt/rustwide/workdir" "-m" "1610612736" "--user" "0:0" "--network" "none" "ghcr.io/rust-lang/crates-build-env/linux@sha256:4a844ea9eb2546a2d2c7022eacef16ef2e8229c7fbb2c7d4d55a9ceca922f72d" "/opt/rustwide/cargo-home/bin/cargo" "+nightly-2024-10-28" "test" "--frozen" "--no-run" "--message-format=json", kill_on_drop: false }`
[INFO] [stdout] 4e17435afd9888d5c73b376b52effe0743e1afdd091a5a67a6b633b2d93b3ad8
[INFO] running `Command { std: "docker" "start" "-a" "4e17435afd9888d5c73b376b52effe0743e1afdd091a5a67a6b633b2d93b3ad8", kill_on_drop: false }`
[INFO] [stderr]    Compiling serde v1.0.203
[INFO] [stderr]    Compiling either v1.13.0
[INFO] [stderr]    Compiling half v2.4.1
[INFO] [stderr]    Compiling ciborium-io v0.2.2
[INFO] [stderr]    Compiling plotters-backend v0.3.7
[INFO] [stderr]    Compiling heck v0.3.3
[INFO] [stderr]    Compiling sysinfo v0.30.13
[INFO] [stderr]    Compiling itertools v0.10.5
[INFO] [stderr]    Compiling holochain_serialized_bytes_derive v0.0.55
[INFO] [stderr]    Compiling cast v0.3.0
[INFO] [stderr]    Compiling strum v0.18.0
[INFO] [stderr]    Compiling oorandom v11.1.4
[INFO] [stderr]    Compiling anes v0.1.6
[INFO] [stderr]    Compiling itertools v0.8.2
[INFO] [stderr]    Compiling strum_macros v0.18.0
[INFO] [stderr]    Compiling plotters-svg v0.3.7
[INFO] [stderr]    Compiling ciborium-ll v0.2.2
[INFO] [stderr]    Compiling plotters v0.3.7
[INFO] [stderr]    Compiling shrinkwraprs v0.3.0
[INFO] [stderr]    Compiling criterion-plot v0.5.0
[INFO] [stderr]    Compiling serde_json v1.0.128
[INFO] [stderr]    Compiling url v2.5.2
[INFO] [stderr]    Compiling serde_bytes v0.11.15
[INFO] [stderr]    Compiling rmp-serde v1.3.0
[INFO] [stderr]    Compiling serde_spanned v0.6.8
[INFO] [stderr]    Compiling toml_datetime v0.6.8
[INFO] [stderr]    Compiling chrono v0.4.38
[INFO] [stderr]    Compiling tracing-serde v0.1.3
[INFO] [stderr]    Compiling kitsune_p2p_dht_arc v0.5.0-dev.1
[INFO] [stderr]    Compiling serde_yaml v0.9.34+deprecated
[INFO] [stderr]    Compiling serde_urlencoded v0.7.1
[INFO] [stderr]    Compiling serde-transcode v1.1.1
[INFO] [stderr]    Compiling ciborium v0.2.2
[INFO] [stderr]    Compiling toml_edit v0.22.22
[INFO] [stderr]    Compiling rmpv v1.3.0
[INFO] [stderr]    Compiling kitsune_p2p_bin_data v0.5.0-dev.1
[INFO] [stderr]    Compiling tungstenite v0.21.0
[INFO] [stderr]    Compiling url2 v0.0.6
[INFO] [stderr]    Compiling reqwest v0.12.8
[INFO] [stderr]    Compiling one_err v0.0.8
[INFO] [stderr]    Compiling tracing-subscriber v0.3.18
[INFO] [stderr]    Compiling tinytemplate v1.2.1
[INFO] [stderr]    Compiling holochain_serialized_bytes v0.0.55
[INFO] [stderr]    Compiling fixt v0.5.0-dev.0
[INFO] [stderr]    Compiling sodoken v0.0.11
[INFO] [stderr]    Compiling criterion v0.5.1
[INFO] [stderr]    Compiling tokio-tungstenite v0.21.0
[INFO] [stderr]    Compiling kitsune_p2p_timestamp v0.5.0-dev.0
[INFO] [stderr]    Compiling warp v0.3.7
[INFO] [stderr]    Compiling kitsune_p2p_dht v0.5.0-dev.1
[INFO] [stderr]    Compiling hc_seed_bundle v0.2.5
[INFO] [stderr]    Compiling toml v0.8.19
[INFO] [stderr]    Compiling holochain_trace v0.5.0-dev.1
[INFO] [stderr]    Compiling lair_keystore_api v0.5.2
[INFO] [stderr]    Compiling kitsune_p2p_types v0.5.0-dev.2
[INFO] [stderr]    Compiling kitsune_p2p_bootstrap v0.4.0-dev.2 (/opt/rustwide/workdir)
[INFO] [stdout] error[E0432]: unresolved import `kitsune_p2p_bin_data::fixt`
[INFO] [stdout]   --> src/clear.rs:27:31
[INFO] [stdout]    |
[INFO] [stdout] 27 |     use kitsune_p2p_bin_data::fixt::*;
[INFO] [stdout]    |                               ^^^^ could not find `fixt` in `kitsune_p2p_bin_data`
[INFO] [stdout] 
[INFO] [stdout] 
[INFO] [stdout] error[E0432]: unresolved import `kitsune_p2p_types::fixt`
[INFO] [stdout]   --> src/clear.rs:28:48
[INFO] [stdout]    |
[INFO] [stdout] 28 |     use kitsune_p2p_types::{dht::arq::ArqSize, fixt::*};
[INFO] [stdout]    |                                                ^^^^ could not find `fixt` in `kitsune_p2p_types`
[INFO] [stdout] 
[INFO] [stdout] 
[INFO] [stdout] error[E0432]: unresolved import `kitsune_p2p_bin_data::fixt`
[INFO] [stdout]   --> src/put.rs:54:31
[INFO] [stdout]    |
[INFO] [stdout] 54 |     use kitsune_p2p_bin_data::fixt::*;
[INFO] [stdout]    |                               ^^^^ could not find `fixt` in `kitsune_p2p_bin_data`
[INFO] [stdout] 
[INFO] [stdout] 
[INFO] [stdout] error[E0432]: unresolved import `kitsune_p2p_types::fixt`
[INFO] [stdout]   --> src/put.rs:55:48
[INFO] [stdout]    |
[INFO] [stdout] 55 |     use kitsune_p2p_types::{dht::arq::ArqSize, fixt::*};
[INFO] [stdout]    |                                                ^^^^ could not find `fixt` in `kitsune_p2p_types`
[INFO] [stdout] 
[INFO] [stdout] 
[INFO] [stdout] error[E0433]: failed to resolve: use of undeclared crate or module `kitsune_p2p`
[INFO] [stdout]   --> src/clear.rs:26:9
[INFO] [stdout]    |
[INFO] [stdout] 26 |     use kitsune_p2p::{agent_store::AgentInfoSigned, KitsuneSpace};
[INFO] [stdout]    |         ^^^^^^^^^^^ use of undeclared crate or module `kitsune_p2p`
[INFO] [stdout] 
[INFO] [stdout] 
[INFO] [stdout] error[E0432]: unresolved import `kitsune_p2p_bin_data::fixt`
[INFO] [stdout]   --> src/random.rs:37:31
[INFO] [stdout]    |
[INFO] [stdout] 37 |     use kitsune_p2p_bin_data::fixt::*;
[INFO] [stdout]    |                               ^^^^ could not find `fixt` in `kitsune_p2p_bin_data`
[INFO] [stdout] 
[INFO] [stdout] 
[INFO] [stdout] error[E0433]: failed to resolve: use of undeclared crate or module `kitsune_p2p`
[INFO] [stdout]   --> src/random.rs:36:9
[INFO] [stdout]    |
[INFO] [stdout] 36 |     use kitsune_p2p::{agent_store::AgentInfoSigned, KitsuneSpace};
[INFO] [stdout]    |         ^^^^^^^^^^^ use of undeclared crate or module `kitsune_p2p`
[INFO] [stdout] 
[INFO] [stdout] 
[INFO] [stdout] error[E0432]: unresolved import `kitsune_p2p`
[INFO] [stdout]   --> src/clear.rs:26:9
[INFO] [stdout]    |
[INFO] [stdout] 26 |     use kitsune_p2p::{agent_store::AgentInfoSigned, KitsuneSpace};
[INFO] [stdout]    |         ^^^^^^^^^^^ use of undeclared crate or module `kitsune_p2p`
[INFO] [stdout] 
[INFO] [stdout] 
[INFO] [stdout] error[E0432]: unresolved import `kitsune_p2p`
[INFO] [stdout]   --> src/random.rs:36:9
[INFO] [stdout]    |
[INFO] [stdout] 36 |     use kitsune_p2p::{agent_store::AgentInfoSigned, KitsuneSpace};
[INFO] [stdout]    |         ^^^^^^^^^^^ use of undeclared crate or module `kitsune_p2p`
[INFO] [stdout] 
[INFO] [stdout] 
[INFO] [stdout] error[E0599]: no function or associated item named `from_half_len` found for struct `ArqSize` in the current scope
[INFO] [stdout]    --> src/clear.rs:41:26
[INFO] [stdout]     |
[INFO] [stdout] 41  |                 ArqSize::from_half_len(u32::MAX / 4),
[INFO] [stdout]     |                          ^^^^^^^^^^^^^ function or associated item not found in `ArqSize`
[INFO] [stdout]     |
[INFO] [stdout] note: if you're trying to build a new `ArqSize`, consider using `ArqSize::empty` which returns `ArqSize`
[INFO] [stdout]    --> /opt/rustwide/cargo-home/registry/src/index.crates.io-6f17d22bba15001f/kitsune_p2p_dht-0.5.0-dev.1/src/arq.rs:525:5
[INFO] [stdout]     |
[INFO] [stdout] 525 |     pub fn empty() -> Self {
[INFO] [stdout]     |     ^^^^^^^^^^^^^^^^^^^^^^
[INFO] [stdout] 
[INFO] [stdout] 
[INFO] [stdout] error[E0599]: no function or associated item named `from_half_len` found for struct `ArqSize` in the current scope
[INFO] [stdout]    --> src/put.rs:65:22
[INFO] [stdout]     |
[INFO] [stdout] 65  |             ArqSize::from_half_len(u32::MAX / 4),
[INFO] [stdout]     |                      ^^^^^^^^^^^^^ function or associated item not found in `ArqSize`
[INFO] [stdout]     |
[INFO] [stdout] note: if you're trying to build a new `ArqSize`, consider using `ArqSize::empty` which returns `ArqSize`
[INFO] [stdout]    --> /opt/rustwide/cargo-home/registry/src/index.crates.io-6f17d22bba15001f/kitsune_p2p_dht-0.5.0-dev.1/src/arq.rs:525:5
[INFO] [stdout]     |
[INFO] [stdout] 525 |     pub fn empty() -> Self {
[INFO] [stdout]     |     ^^^^^^^^^^^^^^^^^^^^^^
[INFO] [stdout] 
[INFO] [stdout] 
[INFO] [stdout] error[E0599]: no function or associated item named `from_half_len` found for struct `ArqSize` in the current scope
[INFO] [stdout]    --> src/random.rs:66:22
[INFO] [stdout]     |
[INFO] [stdout] 66  |             ArqSize::from_half_len(u32::MAX / 4),
[INFO] [stdout]     |                      ^^^^^^^^^^^^^ function or associated item not found in `ArqSize`
[INFO] [stdout]     |
[INFO] [stdout] note: if you're trying to build a new `ArqSize`, consider using `ArqSize::empty` which returns `ArqSize`
[INFO] [stdout]    --> /opt/rustwide/cargo-home/registry/src/index.crates.io-6f17d22bba15001f/kitsune_p2p_dht-0.5.0-dev.1/src/arq.rs:525:5
[INFO] [stdout]     |
[INFO] [stdout] 525 |     pub fn empty() -> Self {
[INFO] [stdout]     |     ^^^^^^^^^^^^^^^^^^^^^^
[INFO] [stdout] 
[INFO] [stdout] 
[INFO] [stdout] error[E0599]: no function or associated item named `from_half_len` found for struct `ArqSize` in the current scope
[INFO] [stdout]    --> src/random.rs:117:26
[INFO] [stdout]     |
[INFO] [stdout] 117 |                 ArqSize::from_half_len(u32::MAX / 4),
[INFO] [stdout]     |                          ^^^^^^^^^^^^^ function or associated item not found in `ArqSize`
[INFO] [stdout]     |
[INFO] [stdout] note: if you're trying to build a new `ArqSize`, consider using `ArqSize::empty` which returns `ArqSize`
[INFO] [stdout]    --> /opt/rustwide/cargo-home/registry/src/index.crates.io-6f17d22bba15001f/kitsune_p2p_dht-0.5.0-dev.1/src/arq.rs:525:5
[INFO] [stdout]     |
[INFO] [stdout] 525 |     pub fn empty() -> Self {
[INFO] [stdout]     |     ^^^^^^^^^^^^^^^^^^^^^^
[INFO] [stdout] 
[INFO] [stdout] 
[INFO] [stdout] Some errors have detailed explanations: E0432, E0433, E0599.
[INFO] [stdout] 
[INFO] [stdout] For more information about an error, try `rustc --explain E0432`.
[INFO] [stdout] 
[INFO] [stderr] error: could not compile `kitsune_p2p_bootstrap` (lib test) due to 13 previous errors
[INFO] running `Command { std: "docker" "inspect" "4e17435afd9888d5c73b376b52effe0743e1afdd091a5a67a6b633b2d93b3ad8", kill_on_drop: false }`
[INFO] running `Command { std: "docker" "rm" "-f" "4e17435afd9888d5c73b376b52effe0743e1afdd091a5a67a6b633b2d93b3ad8", kill_on_drop: false }`
[INFO] [stdout] 4e17435afd9888d5c73b376b52effe0743e1afdd091a5a67a6b633b2d93b3ad8
