[INFO] fetching crate kira-cpal 0.1.0-beta.0...
[INFO] testing kira-cpal-0.1.0-beta.0 against nightly-2024-10-28 for randomize-layout
[INFO] extracting crate kira-cpal 0.1.0-beta.0 into /workspace/builds/worker-5-tc1/source
[INFO] validating manifest of crates.io crate kira-cpal 0.1.0-beta.0 on toolchain nightly-2024-10-28
[INFO] running `Command { std: CARGO_HOME="/workspace/cargo-home" RUSTUP_HOME="/workspace/rustup-home" "/workspace/cargo-home/bin/cargo" "+nightly-2024-10-28" "metadata" "--manifest-path" "Cargo.toml" "--no-deps", kill_on_drop: false }`
[INFO] started tweaking crates.io crate kira-cpal 0.1.0-beta.0
[INFO] finished tweaking crates.io crate kira-cpal 0.1.0-beta.0
[INFO] tweaked toml for crates.io crate kira-cpal 0.1.0-beta.0 written to /workspace/builds/worker-5-tc1/source/Cargo.toml
[INFO] running `Command { std: CARGO_HOME="/workspace/cargo-home" RUSTUP_HOME="/workspace/rustup-home" "/workspace/cargo-home/bin/cargo" "+nightly-2024-10-28" "generate-lockfile" "--manifest-path" "Cargo.toml", kill_on_drop: false }`
[INFO] [stderr]     Updating crates.io index
[INFO] [stderr]      Locking 123 packages to latest compatible versions
[INFO] [stderr]       Adding cpal v0.13.5 (available: v0.15.3)
[INFO] [stderr]       Adding kira v0.6.1 (available: v0.9.5)
[INFO] [stderr]       Adding ringbuf v0.2.8 (available: v0.4.7)
[INFO] running `Command { std: CARGO_HOME="/workspace/cargo-home" RUSTUP_HOME="/workspace/rustup-home" "/workspace/cargo-home/bin/cargo" "+nightly-2024-10-28" "fetch" "--manifest-path" "Cargo.toml", kill_on_drop: false }`
[INFO] [stderr]     Blocking waiting for file lock on package cache
[INFO] [stderr]     Blocking waiting for file lock on package cache
[INFO] [stderr]  Downloading crates ...
[INFO] [stderr]   Downloaded symphonia-format-ogg v0.5.4
[INFO] [stderr]   Downloaded symphonia-format-riff v0.5.4
[INFO] [stderr]   Downloaded extended v0.1.0
[INFO] [stderr]   Downloaded kira v0.6.1
[INFO] [stderr]   Downloaded atomic-arena v0.1.1
[INFO] [stderr]   Downloaded symphonia-bundle-flac v0.5.4
[INFO] [stderr]   Downloaded cache-padded v1.3.0
[INFO] [stderr]   Downloaded ringbuf v0.2.8
[INFO] [stderr]   Downloaded ndk-glue v0.6.2
[INFO] [stderr]   Downloaded symphonia-codec-pcm v0.5.4
[INFO] [stderr]   Downloaded symphonia-codec-vorbis v0.5.4
[INFO] [stderr]   Downloaded symphonia-utils-xiph v0.5.4
[INFO] running `Command { std: "docker" "create" "-v" "/var/lib/crater-agent-workspace/builds/worker-5-tc1/target:/opt/rustwide/target:rw,Z" "-v" "/var/lib/crater-agent-workspace/builds/worker-5-tc1/source:/opt/rustwide/workdir:ro,Z" "-v" "/var/lib/crater-agent-workspace/cargo-home:/opt/rustwide/cargo-home:ro,Z" "-v" "/var/lib/crater-agent-workspace/rustup-home:/opt/rustwide/rustup-home:ro,Z" "-e" "SOURCE_DIR=/opt/rustwide/workdir" "-e" "CARGO_TARGET_DIR=/opt/rustwide/target" "-e" "CARGO_HOME=/opt/rustwide/cargo-home" "-e" "RUSTUP_HOME=/opt/rustwide/rustup-home" "-w" "/opt/rustwide/workdir" "-m" "1610612736" "--user" "0:0" "--network" "none" "ghcr.io/rust-lang/crates-build-env/linux@sha256:4a844ea9eb2546a2d2c7022eacef16ef2e8229c7fbb2c7d4d55a9ceca922f72d" "/opt/rustwide/cargo-home/bin/cargo" "+nightly-2024-10-28" "metadata" "--no-deps" "--format-version=1", kill_on_drop: false }`
[INFO] [stdout] 4a5ef3cb5e0ce32d9e7e6e25cee7a3ced10ed6a79068c613dc1c9ca9e6d66848
[INFO] running `Command { std: "docker" "start" "-a" "4a5ef3cb5e0ce32d9e7e6e25cee7a3ced10ed6a79068c613dc1c9ca9e6d66848", kill_on_drop: false }`
[INFO] running `Command { std: "docker" "inspect" "4a5ef3cb5e0ce32d9e7e6e25cee7a3ced10ed6a79068c613dc1c9ca9e6d66848", kill_on_drop: false }`
[INFO] running `Command { std: "docker" "rm" "-f" "4a5ef3cb5e0ce32d9e7e6e25cee7a3ced10ed6a79068c613dc1c9ca9e6d66848", kill_on_drop: false }`
[INFO] [stdout] 4a5ef3cb5e0ce32d9e7e6e25cee7a3ced10ed6a79068c613dc1c9ca9e6d66848
[INFO] running `Command { std: "docker" "create" "-v" "/var/lib/crater-agent-workspace/builds/worker-5-tc1/target:/opt/rustwide/target:rw,Z" "-v" "/var/lib/crater-agent-workspace/builds/worker-5-tc1/source:/opt/rustwide/workdir:ro,Z" "-v" "/var/lib/crater-agent-workspace/cargo-home:/opt/rustwide/cargo-home:ro,Z" "-v" "/var/lib/crater-agent-workspace/rustup-home:/opt/rustwide/rustup-home:ro,Z" "-e" "SOURCE_DIR=/opt/rustwide/workdir" "-e" "CARGO_TARGET_DIR=/opt/rustwide/target" "-e" "CARGO_INCREMENTAL=0" "-e" "RUST_BACKTRACE=full" "-e" "RUSTFLAGS=--cap-lints=forbid" "-e" "RUSTDOCFLAGS=--cap-lints=forbid" "-e" "CARGO_HOME=/opt/rustwide/cargo-home" "-e" "RUSTUP_HOME=/opt/rustwide/rustup-home" "-w" "/opt/rustwide/workdir" "-m" "1610612736" "--user" "0:0" "--network" "none" "ghcr.io/rust-lang/crates-build-env/linux@sha256:4a844ea9eb2546a2d2c7022eacef16ef2e8229c7fbb2c7d4d55a9ceca922f72d" "/opt/rustwide/cargo-home/bin/cargo" "+nightly-2024-10-28" "build" "--frozen" "--message-format=json", kill_on_drop: false }`
[INFO] [stdout] 7db75efc6992fd23ab751a5852a6dbd061a85619b431a175c381d978edf2f304
[INFO] running `Command { std: "docker" "start" "-a" "7db75efc6992fd23ab751a5852a6dbd061a85619b431a175c381d978edf2f304", kill_on_drop: false }`
[INFO] [stderr]    Compiling bytemuck v1.19.0
[INFO] [stderr]    Compiling log v0.4.22
[INFO] [stderr]    Compiling lazy_static v1.5.0
[INFO] [stderr]    Compiling arrayvec v0.7.6
[INFO] [stderr]    Compiling encoding_rs v0.8.35
[INFO] [stderr]    Compiling libc v0.2.161
[INFO] [stderr]    Compiling memoffset v0.6.5
[INFO] [stderr]    Compiling pkg-config v0.3.31
[INFO] [stderr]    Compiling lock_api v0.4.12
[INFO] [stderr]    Compiling parking_lot_core v0.8.6
[INFO] [stderr]    Compiling syn v2.0.86
[INFO] [stderr]    Compiling instant v0.1.13
[INFO] [stderr]    Compiling scopeguard v1.2.0
[INFO] [stderr]    Compiling symphonia-core v0.5.4
[INFO] [stderr]    Compiling smallvec v1.13.2
[INFO] [stderr]    Compiling extended v0.1.0
[INFO] [stderr]    Compiling cpal v0.13.5
[INFO] [stderr]    Compiling cache-padded v1.3.0
[INFO] [stderr]    Compiling atomic-arena v0.1.1
[INFO] [stderr]    Compiling ringbuf v0.2.8
[INFO] [stderr]    Compiling alsa-sys v0.3.1
[INFO] [stderr]    Compiling symphonia-metadata v0.5.4
[INFO] [stderr]    Compiling symphonia-codec-pcm v0.5.4
[INFO] [stderr]    Compiling nix v0.23.2
[INFO] [stderr]    Compiling symphonia-utils-xiph v0.5.4
[INFO] [stderr]    Compiling symphonia-format-ogg v0.5.4
[INFO] [stderr]    Compiling symphonia-bundle-flac v0.5.4
[INFO] [stderr]    Compiling symphonia-codec-vorbis v0.5.4
[INFO] [stderr]    Compiling parking_lot v0.11.2
[INFO] [stderr]    Compiling symphonia-format-riff v0.5.4
[INFO] [stderr]    Compiling symphonia-bundle-mp3 v0.5.4
[INFO] [stderr]    Compiling symphonia v0.5.4
[INFO] [stderr]    Compiling alsa v0.6.0
[INFO] [stderr]    Compiling thiserror-impl v1.0.66
[INFO] [stderr]    Compiling thiserror v1.0.66
[INFO] [stderr]    Compiling kira v0.6.1
[INFO] [stderr]    Compiling kira-cpal v0.1.0-beta.0 (/opt/rustwide/workdir)
[INFO] [stdout] error[E0432]: unresolved import `kira::manager::backend::UnusedResourceCollector`
[INFO] [stdout]   --> src/lib.rs:36:49
[INFO] [stdout]    |
[INFO] [stdout] 36 | use kira::manager::backend::{Backend, Renderer, UnusedResourceCollector};
[INFO] [stdout]    |                                                 ^^^^^^^^^^^^^^^^^^^^^^^ no `UnusedResourceCollector` in `manager::backend`
[INFO] [stdout] 
[INFO] [stdout] 
[INFO] [stdout] error[E0437]: type `InitError` is not a member of trait `Backend`
[INFO] [stdout]    --> src/lib.rs:158:2
[INFO] [stdout]     |
[INFO] [stdout] 158 |     type InitError = InitError;
[INFO] [stdout]     |     ^^^^^^^^^^^^^^^^^^^^^^^^^^^ not a member of trait `Backend`
[INFO] [stdout] 
[INFO] [stdout] 
[INFO] [stdout] error[E0407]: method `sample_rate` is not a member of trait `Backend`
[INFO] [stdout]    --> src/lib.rs:160:2
[INFO] [stdout]     |
[INFO] [stdout] 160 | /     fn sample_rate(&mut self) -> u32 {
[INFO] [stdout] 161 | |         match &self.state {
[INFO] [stdout] 162 | |             State::Uninitialized { config, .. } => config.sample_rate.0,
[INFO] [stdout] 163 | |             State::Initialized { .. } => unreachable!(),
[INFO] [stdout] 164 | |         }
[INFO] [stdout] 165 | |     }
[INFO] [stdout]     | |_____^ not a member of trait `Backend`
[INFO] [stdout] 
[INFO] [stdout] 
[INFO] [stdout] error[E0407]: method `init` is not a member of trait `Backend`
[INFO] [stdout]    --> src/lib.rs:167:2
[INFO] [stdout]     |
[INFO] [stdout] 167 | /     fn init(
[INFO] [stdout] 168 | |         &mut self,
[INFO] [stdout] 169 | |         renderer: Renderer,
[INFO] [stdout] 170 | |         unused_resource_collector: UnusedResourceCollector,
[INFO] [stdout] ...   |
[INFO] [stdout] 215 | |         }
[INFO] [stdout] 216 | |     }
[INFO] [stdout]     | |_____^ not a member of trait `Backend`
[INFO] [stdout] 
[INFO] [stdout] 
[INFO] [stdout] error[E0046]: not all trait items implemented, missing: `Settings`, `Error`, `setup`, `start`
[INFO] [stdout]    --> src/lib.rs:157:1
[INFO] [stdout]     |
[INFO] [stdout] 157 | impl Backend for CpalBackend {
[INFO] [stdout]     | ^^^^^^^^^^^^^^^^^^^^^^^^^^^^ missing `Settings`, `Error`, `setup`, `start` in implementation
[INFO] [stdout]     |
[INFO] [stdout]     = help: implement the missing item: `type Settings = /* Type */;`
[INFO] [stdout]     = help: implement the missing item: `type Error = /* Type */;`
[INFO] [stdout]     = help: implement the missing item: `fn setup(_: <Self as Backend>::Settings) -> Result<(Self, u32), <Self as Backend>::Error> { todo!() }`
[INFO] [stdout]     = help: implement the missing item: `fn start(&mut self, _: Renderer) -> Result<(), <Self as Backend>::Error> { todo!() }`
[INFO] [stdout] 
[INFO] [stdout] 
[INFO] [stdout] error[E0220]: associated type `InitError` not found for `Self`
[INFO] [stdout]    --> src/lib.rs:171:24
[INFO] [stdout]     |
[INFO] [stdout] 171 |     ) -> Result<(), Self::InitError> {
[INFO] [stdout]     |                           ^^^^^^^^^ associated type `InitError` not found
[INFO] [stdout] 
[INFO] [stdout] 
[INFO] [stdout] error[E0220]: associated type `InitError` not found for `Self`
[INFO] [stdout]    --> src/lib.rs:176:36
[INFO] [stdout]     |
[INFO] [stdout] 176 |                     RingBuffer::<Result<(), Self::InitError>>::new(1).split();
[INFO] [stdout]     |                                                   ^^^^^^^^^ associated type `InitError` not found
[INFO] [stdout] 
[INFO] [stdout] 
[INFO] [stdout] Some errors have detailed explanations: E0046, E0220, E0407, E0432, E0437.
[INFO] [stdout] 
[INFO] [stdout] For more information about an error, try `rustc --explain E0046`.
[INFO] [stdout] 
[INFO] [stderr] error: could not compile `kira-cpal` (lib) due to 7 previous errors
[INFO] [stderr] warning: build failed, waiting for other jobs to finish...
[INFO] running `Command { std: "docker" "inspect" "7db75efc6992fd23ab751a5852a6dbd061a85619b431a175c381d978edf2f304", kill_on_drop: false }`
[INFO] running `Command { std: "docker" "rm" "-f" "7db75efc6992fd23ab751a5852a6dbd061a85619b431a175c381d978edf2f304", kill_on_drop: false }`
[INFO] [stdout] 7db75efc6992fd23ab751a5852a6dbd061a85619b431a175c381d978edf2f304
