[INFO] fetching crate kiddo 4.2.1...
[INFO] testing kiddo-4.2.1 against nightly-2024-10-28+rustflags=-Zrandomize-layout for randomize-layout
[INFO] extracting crate kiddo 4.2.1 into /workspace/builds/worker-2-tc2/source
[INFO] validating manifest of crates.io crate kiddo 4.2.1 on toolchain nightly-2024-10-28
[INFO] running `Command { std: CARGO_HOME="/workspace/cargo-home" RUSTUP_HOME="/workspace/rustup-home" "/workspace/cargo-home/bin/cargo" "+nightly-2024-10-28" "metadata" "--manifest-path" "Cargo.toml" "--no-deps", kill_on_drop: false }`
[INFO] removed /workspace/builds/worker-2-tc2/source/.cargo/config.toml
[INFO] started tweaking crates.io crate kiddo 4.2.1
[INFO] removed 0 missing examples
[INFO] finished tweaking crates.io crate kiddo 4.2.1
[INFO] tweaked toml for crates.io crate kiddo 4.2.1 written to /workspace/builds/worker-2-tc2/source/Cargo.toml
[INFO] crate crates.io crate kiddo 4.2.1 already has a lockfile, it will not be regenerated
[INFO] running `Command { std: CARGO_HOME="/workspace/cargo-home" RUSTUP_HOME="/workspace/rustup-home" "/workspace/cargo-home/bin/cargo" "+nightly-2024-10-28" "fetch" "--manifest-path" "Cargo.toml", kill_on_drop: false }`
[INFO] running `Command { std: "docker" "create" "-v" "/var/lib/crater-agent-workspace/builds/worker-2-tc2/target:/opt/rustwide/target:rw,Z" "-v" "/var/lib/crater-agent-workspace/builds/worker-2-tc2/source:/opt/rustwide/workdir:ro,Z" "-v" "/var/lib/crater-agent-workspace/cargo-home:/opt/rustwide/cargo-home:ro,Z" "-v" "/var/lib/crater-agent-workspace/rustup-home:/opt/rustwide/rustup-home:ro,Z" "-e" "SOURCE_DIR=/opt/rustwide/workdir" "-e" "CARGO_TARGET_DIR=/opt/rustwide/target" "-e" "CARGO_HOME=/opt/rustwide/cargo-home" "-e" "RUSTUP_HOME=/opt/rustwide/rustup-home" "-w" "/opt/rustwide/workdir" "-m" "1610612736" "--user" "0:0" "--network" "none" "ghcr.io/rust-lang/crates-build-env/linux@sha256:4a844ea9eb2546a2d2c7022eacef16ef2e8229c7fbb2c7d4d55a9ceca922f72d" "/opt/rustwide/cargo-home/bin/cargo" "+nightly-2024-10-28" "metadata" "--no-deps" "--format-version=1", kill_on_drop: false }`
[INFO] [stdout] f61e61eae5a5f2eafb39bb4ffc964eec44ca59a0178a3ebab1c0943ea351e62b
[INFO] running `Command { std: "docker" "start" "-a" "f61e61eae5a5f2eafb39bb4ffc964eec44ca59a0178a3ebab1c0943ea351e62b", kill_on_drop: false }`
[INFO] running `Command { std: "docker" "inspect" "f61e61eae5a5f2eafb39bb4ffc964eec44ca59a0178a3ebab1c0943ea351e62b", kill_on_drop: false }`
[INFO] running `Command { std: "docker" "rm" "-f" "f61e61eae5a5f2eafb39bb4ffc964eec44ca59a0178a3ebab1c0943ea351e62b", kill_on_drop: false }`
[INFO] [stdout] f61e61eae5a5f2eafb39bb4ffc964eec44ca59a0178a3ebab1c0943ea351e62b
[INFO] running `Command { std: "docker" "create" "-v" "/var/lib/crater-agent-workspace/builds/worker-2-tc2/target:/opt/rustwide/target:rw,Z" "-v" "/var/lib/crater-agent-workspace/builds/worker-2-tc2/source:/opt/rustwide/workdir:ro,Z" "-v" "/var/lib/crater-agent-workspace/cargo-home:/opt/rustwide/cargo-home:ro,Z" "-v" "/var/lib/crater-agent-workspace/rustup-home:/opt/rustwide/rustup-home:ro,Z" "-e" "SOURCE_DIR=/opt/rustwide/workdir" "-e" "CARGO_TARGET_DIR=/opt/rustwide/target" "-e" "CARGO_INCREMENTAL=0" "-e" "RUST_BACKTRACE=full" "-e" "RUSTFLAGS=--cap-lints=forbid -Zrandomize-layout" "-e" "RUSTDOCFLAGS=--cap-lints=forbid" "-e" "CARGO_HOME=/opt/rustwide/cargo-home" "-e" "RUSTUP_HOME=/opt/rustwide/rustup-home" "-w" "/opt/rustwide/workdir" "-m" "1610612736" "--user" "0:0" "--network" "none" "ghcr.io/rust-lang/crates-build-env/linux@sha256:4a844ea9eb2546a2d2c7022eacef16ef2e8229c7fbb2c7d4d55a9ceca922f72d" "/opt/rustwide/cargo-home/bin/cargo" "+nightly-2024-10-28" "build" "--frozen" "--message-format=json", kill_on_drop: false }`
[INFO] [stdout] 7ebbdb299958c44673186f0aa401f23536dbce668e6a6e119fe0d831b06ecf29
[INFO] running `Command { std: "docker" "start" "-a" "7ebbdb299958c44673186f0aa401f23536dbce668e6a6e119fe0d831b06ecf29", kill_on_drop: false }`
[INFO] [stderr]    Compiling rustversion v1.0.17
[INFO] [stderr]    Compiling libc v0.2.156
[INFO] [stderr]    Compiling az v1.2.1
[INFO] [stderr]    Compiling fixed v1.28.0
[INFO] [stderr]    Compiling bytemuck v1.17.0
[INFO] [stderr]    Compiling num-traits v0.2.19
[INFO] [stderr]    Compiling thread_local v1.1.8
[INFO] [stderr]    Compiling tracing-log v0.2.0
[INFO] [stderr]    Compiling doc-comment v0.3.3
[INFO] [stderr]    Compiling init_with v1.1.0
[INFO] [stderr]    Compiling sorted-vec v0.8.3
[INFO] [stderr]    Compiling ubyte v0.10.4
[INFO] [stderr]    Compiling elapsed v0.1.2
[INFO] [stderr]    Compiling syn v2.0.75
[INFO] [stderr]    Compiling divrem v1.0.0
[INFO] [stderr]    Compiling tracing-subscriber v0.3.18
[INFO] [stderr]    Compiling generator v0.8.2
[INFO] [stderr]    Compiling ordered-float v4.2.2
[INFO] [stderr]    Compiling tracing-attributes v0.1.27
[INFO] [stderr]    Compiling tracing v0.1.40
[INFO] [stderr]    Compiling kiddo v4.2.1 (/opt/rustwide/workdir)
[INFO] [stderr]     Finished `dev` profile [unoptimized + debuginfo] target(s) in 9.12s
[INFO] running `Command { std: "docker" "inspect" "7ebbdb299958c44673186f0aa401f23536dbce668e6a6e119fe0d831b06ecf29", kill_on_drop: false }`
[INFO] running `Command { std: "docker" "rm" "-f" "7ebbdb299958c44673186f0aa401f23536dbce668e6a6e119fe0d831b06ecf29", kill_on_drop: false }`
[INFO] [stdout] 7ebbdb299958c44673186f0aa401f23536dbce668e6a6e119fe0d831b06ecf29
[INFO] running `Command { std: "docker" "create" "-v" "/var/lib/crater-agent-workspace/builds/worker-2-tc2/target:/opt/rustwide/target:rw,Z" "-v" "/var/lib/crater-agent-workspace/builds/worker-2-tc2/source:/opt/rustwide/workdir:ro,Z" "-v" "/var/lib/crater-agent-workspace/cargo-home:/opt/rustwide/cargo-home:ro,Z" "-v" "/var/lib/crater-agent-workspace/rustup-home:/opt/rustwide/rustup-home:ro,Z" "-e" "SOURCE_DIR=/opt/rustwide/workdir" "-e" "CARGO_TARGET_DIR=/opt/rustwide/target" "-e" "CARGO_INCREMENTAL=0" "-e" "RUST_BACKTRACE=full" "-e" "RUSTFLAGS=--cap-lints=forbid -Zrandomize-layout" "-e" "RUSTDOCFLAGS=--cap-lints=forbid" "-e" "CARGO_HOME=/opt/rustwide/cargo-home" "-e" "RUSTUP_HOME=/opt/rustwide/rustup-home" "-w" "/opt/rustwide/workdir" "-m" "1610612736" "--user" "0:0" "--network" "none" "ghcr.io/rust-lang/crates-build-env/linux@sha256:4a844ea9eb2546a2d2c7022eacef16ef2e8229c7fbb2c7d4d55a9ceca922f72d" "/opt/rustwide/cargo-home/bin/cargo" "+nightly-2024-10-28" "test" "--frozen" "--no-run" "--message-format=json", kill_on_drop: false }`
[INFO] [stdout] dea2e35709e3cc12db60d7af9c645452cd0d666db55b8f76f83c3df49ab61971
[INFO] running `Command { std: "docker" "start" "-a" "dea2e35709e3cc12db60d7af9c645452cd0d666db55b8f76f83c3df49ab61971", kill_on_drop: false }`
[INFO] [stderr]    Compiling proc-macro2 v1.0.86
[INFO] [stderr]    Compiling unicode-ident v1.0.12
[INFO] [stderr]    Compiling serde v1.0.208
[INFO] [stderr]    Compiling libm v0.2.8
[INFO] [stderr]    Compiling serde_json v1.0.125
[INFO] [stderr]    Compiling num-traits v0.2.19
[INFO] [stderr]    Compiling cc v1.1.13
[INFO] [stderr]    Compiling plotters-backend v0.3.6
[INFO] [stderr]    Compiling vcpkg v0.2.15
[INFO] [stderr]    Compiling getrandom v0.2.15
[INFO] [stderr]    Compiling regex-automata v0.4.7
[INFO] [stderr]    Compiling clap_builder v4.5.15
[INFO] [stderr]    Compiling is-terminal v0.4.13
[INFO] [stderr]    Compiling colored v2.1.0
[INFO] [stderr]    Compiling csv-core v0.1.11
[INFO] [stderr]    Compiling real_float v0.3.0
[INFO] [stderr]    Compiling memmap v0.7.0
[INFO] [stderr]    Compiling rand_core v0.6.4
[INFO] [stderr]    Compiling plotters-svg v0.3.6
[INFO] [stderr]    Compiling radians v0.3.1
[INFO] [stderr]    Compiling quote v1.0.36
[INFO] [stderr]    Compiling syn v2.0.75
[INFO] [stderr]    Compiling cmake v0.1.51
[INFO] [stderr]    Compiling libz-sys v1.1.19
[INFO] [stderr]    Compiling plotters v0.3.6
[INFO] [stderr]    Compiling fixed v1.28.0
[INFO] [stderr]    Compiling ordered-float v4.2.2
[INFO] [stderr]    Compiling regex v1.10.6
[INFO] [stderr]    Compiling clap v4.5.16
[INFO] [stderr]    Compiling serde_derive v1.0.208
[INFO] [stderr]    Compiling zerocopy-derive v0.7.35
[INFO] [stderr]    Compiling tracing-attributes v0.1.27
[INFO] [stderr]    Compiling zerocopy v0.7.35
[INFO] [stderr]    Compiling tracing v0.1.40
[INFO] [stderr]    Compiling ppv-lite86 v0.2.20
[INFO] [stderr]    Compiling rand_chacha v0.3.1
[INFO] [stderr]    Compiling rand v0.8.5
[INFO] [stderr]    Compiling rand_distr v0.4.3
[INFO] [stderr]    Compiling flate2 v1.0.31
[INFO] [stderr]    Compiling kiddo v4.2.1 (/opt/rustwide/workdir)
[INFO] [stderr]    Compiling ciborium v0.2.2
[INFO] [stderr]    Compiling csv v1.3.0
[INFO] [stderr]    Compiling bincode v1.3.3
[INFO] [stderr]    Compiling tinytemplate v1.2.1
[INFO] [stderr]    Compiling codspeed v2.6.0
[INFO] [stderr]    Compiling criterion v0.5.1
[INFO] [stderr]    Compiling codspeed-criterion-compat v2.6.0
[INFO] [stdout] error[E0432]: unresolved import `crate::test_utils`
[INFO] [stdout]   --> src/fixed/query/best_n_within.rs:57:16
[INFO] [stdout]    |
[INFO] [stdout] 57 |     use crate::test_utils::{rand_data_fixed_u16_entry, rand_data_fixed_u16_point};
[INFO] [stdout]    |                ^^^^^^^^^^ could not find `test_utils` in the crate root
[INFO] [stdout]    |
[INFO] [stdout] note: found an item that was configured out
[INFO] [stdout]   --> src/lib.rs:99:9
[INFO] [stdout]    |
[INFO] [stdout] 99 | pub mod test_utils;
[INFO] [stdout]    |         ^^^^^^^^^^
[INFO] [stdout] note: the item is gated behind the `test_utils` feature
[INFO] [stdout]   --> src/lib.rs:98:7
[INFO] [stdout]    |
[INFO] [stdout] 98 | #[cfg(feature = "test_utils")]
[INFO] [stdout]    |       ^^^^^^^^^^^^^^^^^^^^^^
[INFO] [stdout] 
[INFO] [stdout] 
[INFO] [stdout] error[E0432]: unresolved import `crate::test_utils`
[INFO] [stdout]   --> src/fixed/query/nearest_n.rs:50:16
[INFO] [stdout]    |
[INFO] [stdout] 50 |     use crate::test_utils::{rand_data_fixed_u16_entry, rand_data_fixed_u16_point};
[INFO] [stdout]    |                ^^^^^^^^^^ could not find `test_utils` in the crate root
[INFO] [stdout]    |
[INFO] [stdout] note: found an item that was configured out
[INFO] [stdout]   --> src/lib.rs:99:9
[INFO] [stdout]    |
[INFO] [stdout] 99 | pub mod test_utils;
[INFO] [stdout]    |         ^^^^^^^^^^
[INFO] [stdout] note: the item is gated behind the `test_utils` feature
[INFO] [stdout]   --> src/lib.rs:98:7
[INFO] [stdout]    |
[INFO] [stdout] 98 | #[cfg(feature = "test_utils")]
[INFO] [stdout]    |       ^^^^^^^^^^^^^^^^^^^^^^
[INFO] [stdout] 
[INFO] [stdout] 
[INFO] [stdout] error[E0432]: unresolved import `crate::test_utils`
[INFO] [stdout]   --> src/fixed/query/nearest_one.rs:53:16
[INFO] [stdout]    |
[INFO] [stdout] 53 |     use crate::test_utils::{rand_data_fixed_u16_entry, rand_data_fixed_u16_point};
[INFO] [stdout]    |                ^^^^^^^^^^ could not find `test_utils` in the crate root
[INFO] [stdout]    |
[INFO] [stdout] note: found an item that was configured out
[INFO] [stdout]   --> src/lib.rs:99:9
[INFO] [stdout]    |
[INFO] [stdout] 99 | pub mod test_utils;
[INFO] [stdout]    |         ^^^^^^^^^^
[INFO] [stdout] note: the item is gated behind the `test_utils` feature
[INFO] [stdout]   --> src/lib.rs:98:7
[INFO] [stdout]    |
[INFO] [stdout] 98 | #[cfg(feature = "test_utils")]
[INFO] [stdout]    |       ^^^^^^^^^^^^^^^^^^^^^^
[INFO] [stdout] 
[INFO] [stdout] 
[INFO] [stdout] error[E0432]: unresolved import `crate::test_utils`
[INFO] [stdout]   --> src/fixed/query/within.rs:49:16
[INFO] [stdout]    |
[INFO] [stdout] 49 |     use crate::test_utils::{rand_data_fixed_u16_entry, rand_data_fixed_u16_point};
[INFO] [stdout]    |                ^^^^^^^^^^ could not find `test_utils` in the crate root
[INFO] [stdout]    |
[INFO] [stdout] note: found an item that was configured out
[INFO] [stdout]   --> src/lib.rs:99:9
[INFO] [stdout]    |
[INFO] [stdout] 99 | pub mod test_utils;
[INFO] [stdout]    |         ^^^^^^^^^^
[INFO] [stdout] note: the item is gated behind the `test_utils` feature
[INFO] [stdout]   --> src/lib.rs:98:7
[INFO] [stdout]    |
[INFO] [stdout] 98 | #[cfg(feature = "test_utils")]
[INFO] [stdout]    |       ^^^^^^^^^^^^^^^^^^^^^^
[INFO] [stdout] 
[INFO] [stdout] 
[INFO] [stdout] error[E0432]: unresolved import `crate::test_utils`
[INFO] [stdout]   --> src/fixed/query/within_unsorted.rs:51:16
[INFO] [stdout]    |
[INFO] [stdout] 51 |     use crate::test_utils::{rand_data_fixed_u16_entry, rand_data_fixed_u16_point};
[INFO] [stdout]    |                ^^^^^^^^^^ could not find `test_utils` in the crate root
[INFO] [stdout]    |
[INFO] [stdout] note: found an item that was configured out
[INFO] [stdout]   --> src/lib.rs:99:9
[INFO] [stdout]    |
[INFO] [stdout] 99 | pub mod test_utils;
[INFO] [stdout]    |         ^^^^^^^^^^
[INFO] [stdout] note: the item is gated behind the `test_utils` feature
[INFO] [stdout]   --> src/lib.rs:98:7
[INFO] [stdout]    |
[INFO] [stdout] 98 | #[cfg(feature = "test_utils")]
[INFO] [stdout]    |       ^^^^^^^^^^^^^^^^^^^^^^
[INFO] [stdout] 
[INFO] [stdout] 
[INFO] [stdout] error[E0432]: unresolved import `crate::test_utils`
[INFO] [stdout]   --> src/fixed/query/within_unsorted_iter.rs:55:16
[INFO] [stdout]    |
[INFO] [stdout] 55 |     use crate::test_utils::{rand_data_fixed_u16_entry, rand_data_fixed_u16_point};
[INFO] [stdout]    |                ^^^^^^^^^^ could not find `test_utils` in the crate root
[INFO] [stdout]    |
[INFO] [stdout] note: found an item that was configured out
[INFO] [stdout]   --> src/lib.rs:99:9
[INFO] [stdout]    |
[INFO] [stdout] 99 | pub mod test_utils;
[INFO] [stdout]    |         ^^^^^^^^^^
[INFO] [stdout] note: the item is gated behind the `test_utils` feature
[INFO] [stdout]   --> src/lib.rs:98:7
[INFO] [stdout]    |
[INFO] [stdout] 98 | #[cfg(feature = "test_utils")]
[INFO] [stdout]    |       ^^^^^^^^^^^^^^^^^^^^^^
[INFO] [stdout] 
[INFO] [stdout] 
[INFO] [stdout] error[E0433]: failed to resolve: use of undeclared crate or module `rand_chacha`
[INFO] [stdout]    --> src/immutable/float/kdtree.rs:722:23
[INFO] [stdout]     |
[INFO] [stdout] 722 |         let mut rng = rand_chacha::ChaCha8Rng::seed_from_u64(23);
[INFO] [stdout]     |                       ^^^^^^^^^^^ use of undeclared crate or module `rand_chacha`
[INFO] [stdout] 
[INFO] [stdout] 
[INFO] [stdout] error[E0433]: failed to resolve: use of undeclared crate or module `rand_chacha`
[INFO] [stdout]    --> src/immutable/float/kdtree.rs:765:27
[INFO] [stdout]     |
[INFO] [stdout] 765 |             let mut rng = rand_chacha::ChaCha8Rng::seed_from_u64(seed);
[INFO] [stdout]     |                           ^^^^^^^^^^^ use of undeclared crate or module `rand_chacha`
[INFO] [stdout] 
[INFO] [stdout] 
[INFO] [stdout] error[E0433]: failed to resolve: use of undeclared crate or module `rand_chacha`
[INFO] [stdout]    --> src/immutable/float/kdtree.rs:799:23
[INFO] [stdout]     |
[INFO] [stdout] 799 |         let mut rng = rand_chacha::ChaCha8Rng::seed_from_u64(seed);
[INFO] [stdout]     |                       ^^^^^^^^^^^ use of undeclared crate or module `rand_chacha`
[INFO] [stdout] 
[INFO] [stdout] 
[INFO] [stdout] error[E0433]: failed to resolve: use of undeclared crate or module `rand_chacha`
[INFO] [stdout]    --> src/immutable/float/kdtree.rs:813:23
[INFO] [stdout]     |
[INFO] [stdout] 813 |         let mut rng = rand_chacha::ChaCha8Rng::seed_from_u64(seed);
[INFO] [stdout]     |                       ^^^^^^^^^^^ use of undeclared crate or module `rand_chacha`
[INFO] [stdout] 
[INFO] [stdout] 
[INFO] [stdout] error[E0433]: failed to resolve: use of undeclared crate or module `rand_chacha`
[INFO] [stdout]    --> src/immutable/float/kdtree.rs:825:23
[INFO] [stdout]     |
[INFO] [stdout] 825 |         let mut rng = rand_chacha::ChaCha8Rng::seed_from_u64(seed);
[INFO] [stdout]     |                       ^^^^^^^^^^^ use of undeclared crate or module `rand_chacha`
[INFO] [stdout] 
[INFO] [stdout] 
[INFO] [stdout] error[E0433]: failed to resolve: use of undeclared crate or module `rand_chacha`
[INFO] [stdout]    --> src/immutable/float/kdtree.rs:837:23
[INFO] [stdout]     |
[INFO] [stdout] 837 |         let mut rng = rand_chacha::ChaCha8Rng::seed_from_u64(seed);
[INFO] [stdout]     |                       ^^^^^^^^^^^ use of undeclared crate or module `rand_chacha`
[INFO] [stdout] 
[INFO] [stdout] 
[INFO] [stdout] error[E0433]: failed to resolve: use of undeclared crate or module `rand_chacha`
[INFO] [stdout]    --> src/immutable/float/kdtree.rs:849:23
[INFO] [stdout]     |
[INFO] [stdout] 849 |         let mut rng = rand_chacha::ChaCha8Rng::seed_from_u64(seed);
[INFO] [stdout]     |                       ^^^^^^^^^^^ use of undeclared crate or module `rand_chacha`
[INFO] [stdout] 
[INFO] [stdout] 
[INFO] [stdout] error[E0433]: failed to resolve: use of undeclared crate or module `rand_chacha`
[INFO] [stdout]    --> src/immutable/float/kdtree.rs:861:23
[INFO] [stdout]     |
[INFO] [stdout] 861 |         let mut rng = rand_chacha::ChaCha8Rng::seed_from_u64(seed);
[INFO] [stdout]     |                       ^^^^^^^^^^^ use of undeclared crate or module `rand_chacha`
[INFO] [stdout] 
[INFO] [stdout] 
[INFO] [stdout] error[E0433]: failed to resolve: use of undeclared crate or module `rand_chacha`
[INFO] [stdout]    --> src/immutable/float/kdtree.rs:875:23
[INFO] [stdout]     |
[INFO] [stdout] 875 |         let mut rng = rand_chacha::ChaCha8Rng::seed_from_u64(seed);
[INFO] [stdout]     |                       ^^^^^^^^^^^ use of undeclared crate or module `rand_chacha`
[INFO] [stdout] 
[INFO] [stdout] 
[INFO] [stdout] error[E0433]: failed to resolve: use of undeclared crate or module `rand_chacha`
[INFO] [stdout]    --> src/immutable/float/kdtree.rs:889:23
[INFO] [stdout]     |
[INFO] [stdout] 889 |         let mut rng = rand_chacha::ChaCha8Rng::seed_from_u64(seed);
[INFO] [stdout]     |                       ^^^^^^^^^^^ use of undeclared crate or module `rand_chacha`
[INFO] [stdout] 
[INFO] [stdout] 
[INFO] [stdout] error[E0433]: failed to resolve: use of undeclared crate or module `rand_chacha`
[INFO] [stdout]    --> src/immutable/float/kdtree.rs:903:23
[INFO] [stdout]     |
[INFO] [stdout] 903 |         let mut rng = rand_chacha::ChaCha8Rng::seed_from_u64(seed);
[INFO] [stdout]     |                       ^^^^^^^^^^^ use of undeclared crate or module `rand_chacha`
[INFO] [stdout] 
[INFO] [stdout] 
[INFO] [stdout] error[E0433]: failed to resolve: use of undeclared crate or module `rand_chacha`
[INFO] [stdout]    --> src/immutable/float/kdtree.rs:917:23
[INFO] [stdout]     |
[INFO] [stdout] 917 |         let mut rng = rand_chacha::ChaCha8Rng::seed_from_u64(seed);
[INFO] [stdout]     |                       ^^^^^^^^^^^ use of undeclared crate or module `rand_chacha`
[INFO] [stdout] 
[INFO] [stdout] 
[INFO] [stdout] error[E0433]: failed to resolve: use of undeclared crate or module `rand_chacha`
[INFO] [stdout]    --> src/immutable/float/kdtree.rs:931:23
[INFO] [stdout]     |
[INFO] [stdout] 931 |         let mut rng = rand_chacha::ChaCha8Rng::seed_from_u64(seed);
[INFO] [stdout]     |                       ^^^^^^^^^^^ use of undeclared crate or module `rand_chacha`
[INFO] [stdout] 
[INFO] [stdout] 
[INFO] [stdout] error[E0433]: failed to resolve: use of undeclared crate or module `rand_chacha`
[INFO] [stdout]    --> src/immutable/float/kdtree.rs:945:23
[INFO] [stdout]     |
[INFO] [stdout] 945 |         let mut rng = rand_chacha::ChaCha8Rng::seed_from_u64(seed);
[INFO] [stdout]     |                       ^^^^^^^^^^^ use of undeclared crate or module `rand_chacha`
[INFO] [stdout] 
[INFO] [stdout] 
[INFO] [stdout] error[E0433]: failed to resolve: use of undeclared crate or module `rand_chacha`
[INFO] [stdout]    --> src/immutable/float/kdtree.rs:959:23
[INFO] [stdout]     |
[INFO] [stdout] 959 |         let mut rng = rand_chacha::ChaCha8Rng::seed_from_u64(seed);
[INFO] [stdout]     |                       ^^^^^^^^^^^ use of undeclared crate or module `rand_chacha`
[INFO] [stdout] 
[INFO] [stdout] 
[INFO] [stdout] error[E0433]: failed to resolve: use of undeclared crate or module `rand_chacha`
[INFO] [stdout]    --> src/immutable/float/kdtree.rs:994:39
[INFO] [stdout]     |
[INFO] [stdout] 994 |                         let mut rng = rand_chacha::ChaCha8Rng::seed_from_u64(seed);
[INFO] [stdout]     |                                       ^^^^^^^^^^^ use of undeclared crate or module `rand_chacha`
[INFO] [stdout] 
[INFO] [stdout] 
[INFO] [stdout] error[E0433]: failed to resolve: use of undeclared crate or module `rand_chacha`
[INFO] [stdout]     --> src/immutable/float/kdtree.rs:1019:23
[INFO] [stdout]      |
[INFO] [stdout] 1019 |         let mut rng = rand_chacha::ChaCha8Rng::seed_from_u64(493);
[INFO] [stdout]      |                       ^^^^^^^^^^^ use of undeclared crate or module `rand_chacha`
[INFO] [stdout] 
[INFO] [stdout] 
[INFO] [stdout] error[E0433]: failed to resolve: use of undeclared crate or module `rand_chacha`
[INFO] [stdout]     --> src/immutable/float/kdtree.rs:1042:23
[INFO] [stdout]      |
[INFO] [stdout] 1042 |         let mut rng = rand_chacha::ChaCha8Rng::seed_from_u64(493);
[INFO] [stdout]      |                       ^^^^^^^^^^^ use of undeclared crate or module `rand_chacha`
[INFO] [stdout] 
[INFO] [stdout] 
[INFO] [stdout] error[E0433]: failed to resolve: use of undeclared crate or module `rand_chacha`
[INFO] [stdout]    --> src/immutable/float/query/nearest_one.rs:188:23
[INFO] [stdout]     |
[INFO] [stdout] 188 |         let mut rng = rand_chacha::ChaCha8Rng::seed_from_u64(3);
[INFO] [stdout]     |                       ^^^^^^^^^^^ use of undeclared crate or module `rand_chacha`
[INFO] [stdout] 
[INFO] [stdout] 
[INFO] [stdout] error[E0433]: failed to resolve: use of undeclared crate or module `rand_chacha`
[INFO] [stdout]    --> src/immutable/float/query/nearest_one.rs:216:23
[INFO] [stdout]     |
[INFO] [stdout] 216 |         let mut rng = rand_chacha::ChaCha8Rng::seed_from_u64(3);
[INFO] [stdout]     |                       ^^^^^^^^^^^ use of undeclared crate or module `rand_chacha`
[INFO] [stdout] 
[INFO] [stdout] 
[INFO] [stdout] warning: unused import: `SeedableRng`
[INFO] [stdout]    --> src/immutable/float/kdtree.rs:646:21
[INFO] [stdout]     |
[INFO] [stdout] 646 |     use rand::{Rng, SeedableRng};
[INFO] [stdout]     |                     ^^^^^^^^^^^
[INFO] [stdout]     |
[INFO] [stdout]     = note: `#[warn(unused_imports)]` on by default
[INFO] [stdout] 
[INFO] [stdout] 
[INFO] [stdout] warning: unused import: `SeedableRng`
[INFO] [stdout]   --> src/immutable/float/query/nearest_one.rs:80:21
[INFO] [stdout]    |
[INFO] [stdout] 80 |     use rand::{Rng, SeedableRng};
[INFO] [stdout]    |                     ^^^^^^^^^^^
[INFO] [stdout] 
[INFO] [stdout] 
[INFO] [stdout] Some errors have detailed explanations: E0432, E0433.
[INFO] [stdout] 
[INFO] [stdout] For more information about an error, try `rustc --explain E0432`.
[INFO] [stdout] 
[INFO] [stderr] error: could not compile `kiddo` (lib test) due to 26 previous errors; 2 warnings emitted
[INFO] running `Command { std: "docker" "inspect" "dea2e35709e3cc12db60d7af9c645452cd0d666db55b8f76f83c3df49ab61971", kill_on_drop: false }`
[INFO] running `Command { std: "docker" "rm" "-f" "dea2e35709e3cc12db60d7af9c645452cd0d666db55b8f76f83c3df49ab61971", kill_on_drop: false }`
[INFO] [stdout] dea2e35709e3cc12db60d7af9c645452cd0d666db55b8f76f83c3df49ab61971
