[INFO] fetching crate keynesis-core 1.1.0...
[INFO] testing keynesis-core-1.1.0 against nightly-2024-10-28+rustflags=-Zrandomize-layout for randomize-layout
[INFO] extracting crate keynesis-core 1.1.0 into /workspace/builds/worker-7-tc2/source
[INFO] validating manifest of crates.io crate keynesis-core 1.1.0 on toolchain nightly-2024-10-28
[INFO] running `Command { std: CARGO_HOME="/workspace/cargo-home" RUSTUP_HOME="/workspace/rustup-home" "/workspace/cargo-home/bin/cargo" "+nightly-2024-10-28" "metadata" "--manifest-path" "Cargo.toml" "--no-deps", kill_on_drop: false }`
[INFO] started tweaking crates.io crate keynesis-core 1.1.0
[INFO] finished tweaking crates.io crate keynesis-core 1.1.0
[INFO] tweaked toml for crates.io crate keynesis-core 1.1.0 written to /workspace/builds/worker-7-tc2/source/Cargo.toml
[INFO] running `Command { std: CARGO_HOME="/workspace/cargo-home" RUSTUP_HOME="/workspace/rustup-home" "/workspace/cargo-home/bin/cargo" "+nightly-2024-10-28" "generate-lockfile" "--manifest-path" "Cargo.toml", kill_on_drop: false }`
[INFO] [stderr]     Updating crates.io index
[INFO] [stderr]      Locking 97 packages to latest compatible versions
[INFO] [stderr]       Adding snow v0.8.0 (available: v0.9.6)
[INFO] [stderr]       Adding subtle v2.4.1 (available: v2.6.1)
[INFO] [stderr]       Adding zeroize v1.3.0 (available: v1.8.1)
[INFO] running `Command { std: CARGO_HOME="/workspace/cargo-home" RUSTUP_HOME="/workspace/rustup-home" "/workspace/cargo-home/bin/cargo" "+nightly-2024-10-28" "fetch" "--manifest-path" "Cargo.toml", kill_on_drop: false }`
[INFO] running `Command { std: "docker" "create" "-v" "/var/lib/crater-agent-workspace/builds/worker-7-tc2/target:/opt/rustwide/target:rw,Z" "-v" "/var/lib/crater-agent-workspace/builds/worker-7-tc2/source:/opt/rustwide/workdir:ro,Z" "-v" "/var/lib/crater-agent-workspace/cargo-home:/opt/rustwide/cargo-home:ro,Z" "-v" "/var/lib/crater-agent-workspace/rustup-home:/opt/rustwide/rustup-home:ro,Z" "-e" "SOURCE_DIR=/opt/rustwide/workdir" "-e" "CARGO_TARGET_DIR=/opt/rustwide/target" "-e" "CARGO_HOME=/opt/rustwide/cargo-home" "-e" "RUSTUP_HOME=/opt/rustwide/rustup-home" "-w" "/opt/rustwide/workdir" "-m" "1610612736" "--user" "0:0" "--network" "none" "ghcr.io/rust-lang/crates-build-env/linux@sha256:4a844ea9eb2546a2d2c7022eacef16ef2e8229c7fbb2c7d4d55a9ceca922f72d" "/opt/rustwide/cargo-home/bin/cargo" "+nightly-2024-10-28" "metadata" "--no-deps" "--format-version=1", kill_on_drop: false }`
[INFO] [stdout] 9d62a8fbf59ca06c369baa9eab9270f857e076848b9fca20265cc14471e75f96
[INFO] running `Command { std: "docker" "start" "-a" "9d62a8fbf59ca06c369baa9eab9270f857e076848b9fca20265cc14471e75f96", kill_on_drop: false }`
[INFO] running `Command { std: "docker" "inspect" "9d62a8fbf59ca06c369baa9eab9270f857e076848b9fca20265cc14471e75f96", kill_on_drop: false }`
[INFO] running `Command { std: "docker" "rm" "-f" "9d62a8fbf59ca06c369baa9eab9270f857e076848b9fca20265cc14471e75f96", kill_on_drop: false }`
[INFO] [stdout] 9d62a8fbf59ca06c369baa9eab9270f857e076848b9fca20265cc14471e75f96
[INFO] running `Command { std: "docker" "create" "-v" "/var/lib/crater-agent-workspace/builds/worker-7-tc2/target:/opt/rustwide/target:rw,Z" "-v" "/var/lib/crater-agent-workspace/builds/worker-7-tc2/source:/opt/rustwide/workdir:ro,Z" "-v" "/var/lib/crater-agent-workspace/cargo-home:/opt/rustwide/cargo-home:ro,Z" "-v" "/var/lib/crater-agent-workspace/rustup-home:/opt/rustwide/rustup-home:ro,Z" "-e" "SOURCE_DIR=/opt/rustwide/workdir" "-e" "CARGO_TARGET_DIR=/opt/rustwide/target" "-e" "CARGO_INCREMENTAL=0" "-e" "RUST_BACKTRACE=full" "-e" "RUSTFLAGS=--cap-lints=forbid -Zrandomize-layout" "-e" "RUSTDOCFLAGS=--cap-lints=forbid" "-e" "CARGO_HOME=/opt/rustwide/cargo-home" "-e" "RUSTUP_HOME=/opt/rustwide/rustup-home" "-w" "/opt/rustwide/workdir" "-m" "1610612736" "--user" "0:0" "--network" "none" "ghcr.io/rust-lang/crates-build-env/linux@sha256:4a844ea9eb2546a2d2c7022eacef16ef2e8229c7fbb2c7d4d55a9ceca922f72d" "/opt/rustwide/cargo-home/bin/cargo" "+nightly-2024-10-28" "build" "--frozen" "--message-format=json", kill_on_drop: false }`
[INFO] [stdout] 6816a22483037f48e89958c0c41d2cf8b589e8c0fe6a2e8992631a3c46939c75
[INFO] running `Command { std: "docker" "start" "-a" "6816a22483037f48e89958c0c41d2cf8b589e8c0fe6a2e8992631a3c46939c75", kill_on_drop: false }`
[INFO] [stderr]    Compiling syn v1.0.109
[INFO] [stderr]    Compiling hex v0.4.3
[INFO] [stderr]    Compiling cryptoxide v0.4.4
[INFO] [stderr]    Compiling syn v2.0.86
[INFO] [stderr]    Compiling packtool-macro v0.3.0
[INFO] [stderr]    Compiling zerocopy-derive v0.7.35
[INFO] [stderr]    Compiling thiserror-impl v1.0.66
[INFO] [stderr]    Compiling zerocopy v0.7.35
[INFO] [stderr]    Compiling thiserror v1.0.66
[INFO] [stderr]    Compiling packtool v0.3.0
[INFO] [stderr]    Compiling ppv-lite86 v0.2.20
[INFO] [stderr]    Compiling rand_chacha v0.3.1
[INFO] [stderr]    Compiling keynesis-core v1.1.0 (/opt/rustwide/workdir)
[INFO] [stderr]     Finished `dev` profile [unoptimized + debuginfo] target(s) in 4.05s
[INFO] running `Command { std: "docker" "inspect" "6816a22483037f48e89958c0c41d2cf8b589e8c0fe6a2e8992631a3c46939c75", kill_on_drop: false }`
[INFO] running `Command { std: "docker" "rm" "-f" "6816a22483037f48e89958c0c41d2cf8b589e8c0fe6a2e8992631a3c46939c75", kill_on_drop: false }`
[INFO] [stdout] 6816a22483037f48e89958c0c41d2cf8b589e8c0fe6a2e8992631a3c46939c75
[INFO] running `Command { std: "docker" "create" "-v" "/var/lib/crater-agent-workspace/builds/worker-7-tc2/target:/opt/rustwide/target:rw,Z" "-v" "/var/lib/crater-agent-workspace/builds/worker-7-tc2/source:/opt/rustwide/workdir:ro,Z" "-v" "/var/lib/crater-agent-workspace/cargo-home:/opt/rustwide/cargo-home:ro,Z" "-v" "/var/lib/crater-agent-workspace/rustup-home:/opt/rustwide/rustup-home:ro,Z" "-e" "SOURCE_DIR=/opt/rustwide/workdir" "-e" "CARGO_TARGET_DIR=/opt/rustwide/target" "-e" "CARGO_INCREMENTAL=0" "-e" "RUST_BACKTRACE=full" "-e" "RUSTFLAGS=--cap-lints=forbid -Zrandomize-layout" "-e" "RUSTDOCFLAGS=--cap-lints=forbid" "-e" "CARGO_HOME=/opt/rustwide/cargo-home" "-e" "RUSTUP_HOME=/opt/rustwide/rustup-home" "-w" "/opt/rustwide/workdir" "-m" "1610612736" "--user" "0:0" "--network" "none" "ghcr.io/rust-lang/crates-build-env/linux@sha256:4a844ea9eb2546a2d2c7022eacef16ef2e8229c7fbb2c7d4d55a9ceca922f72d" "/opt/rustwide/cargo-home/bin/cargo" "+nightly-2024-10-28" "test" "--frozen" "--no-run" "--message-format=json", kill_on_drop: false }`
[INFO] [stdout] d71dc6cfda6c4d7ba2a497342c4cdea0004103edff16b76e20327ae915373143
[INFO] running `Command { std: "docker" "start" "-a" "d71dc6cfda6c4d7ba2a497342c4cdea0004103edff16b76e20327ae915373143", kill_on_drop: false }`
[INFO] [stderr]    Compiling subtle v2.4.1
[INFO] [stderr]    Compiling byteorder v1.5.0
[INFO] [stderr]    Compiling opaque-debug v0.3.1
[INFO] [stderr]    Compiling ucd-trie v0.1.7
[INFO] [stderr]    Compiling memchr v2.7.4
[INFO] [stderr]    Compiling getrandom v0.1.16
[INFO] [stderr]    Compiling num-traits v0.2.19
[INFO] [stderr]    Compiling hacl-star-sys v0.1.0
[INFO] [stderr]    Compiling log v0.4.22
[INFO] [stderr]    Compiling rand_core v0.4.2
[INFO] [stderr]    Compiling zerocopy-derive v0.7.35
[INFO] [stderr]    Compiling cipher v0.3.0
[INFO] [stderr]    Compiling getrandom v0.2.15
[INFO] [stderr]    Compiling zeroize v1.3.0
[INFO] [stderr]    Compiling digest v0.9.0
[INFO] [stderr]    Compiling aead v0.4.3
[INFO] [stderr]    Compiling universal-hash v0.4.1
[INFO] [stderr]    Compiling ctr v0.8.0
[INFO] [stderr]    Compiling aes v0.7.5
[INFO] [stderr]    Compiling crypto-mac v0.8.0
[INFO] [stderr]    Compiling packtool-macro v0.3.0
[INFO] [stderr]    Compiling chacha20 v0.7.3
[INFO] [stderr]    Compiling rand_core v0.6.4
[INFO] [stderr]    Compiling polyval v0.5.3
[INFO] [stderr]    Compiling poly1305 v0.7.2
[INFO] [stderr]    Compiling block-buffer v0.9.0
[INFO] [stderr]    Compiling blake2 v0.9.2
[INFO] [stderr]    Compiling quickcheck_macros v1.0.0
[INFO] [stderr]    Compiling sha2 v0.9.9
[INFO] [stderr]    Compiling ghash v0.4.4
[INFO] [stderr]    Compiling rand_core v0.5.1
[INFO] [stderr]    Compiling chacha20poly1305 v0.8.2
[INFO] [stderr]    Compiling pest v2.7.14
[INFO] [stderr]    Compiling aho-corasick v1.1.3
[INFO] [stderr]    Compiling curve25519-dalek v3.2.1
[INFO] [stderr]    Compiling aes-gcm v0.9.4
[INFO] [stderr]    Compiling zerocopy v0.7.35
[INFO] [stderr]    Compiling packtool v0.3.0
[INFO] [stderr]    Compiling chrono v0.4.38
[INFO] [stderr]    Compiling x25519-dalek v1.2.0
[INFO] [stderr]    Compiling ppv-lite86 v0.2.20
[INFO] [stderr]    Compiling regex-automata v0.4.8
[INFO] [stderr]    Compiling rand_chacha v0.3.1
[INFO] [stderr]    Compiling rand v0.8.5
[INFO] [stderr]    Compiling keynesis-core v1.1.0 (/opt/rustwide/workdir)
[INFO] [stderr]    Compiling semver-parser v0.10.2
[INFO] [stderr]    Compiling hacl-star v0.1.0
[INFO] [stderr]    Compiling semver v0.11.0
[INFO] [stderr]    Compiling rustc_version v0.3.3
[INFO] [stderr]    Compiling snow v0.8.0
[INFO] [stderr]    Compiling regex v1.11.1
[INFO] [stderr]    Compiling env_logger v0.8.4
[INFO] [stderr]    Compiling quickcheck v1.0.3
[INFO] [stdout] error[E0432]: unresolved import `noiseexplorer_ik`
[INFO] [stdout]  --> tests/ref_keynesis.rs:7:5
[INFO] [stdout]   |
[INFO] [stdout] 7 | use noiseexplorer_ik as noise;
[INFO] [stdout]   |     ^^^^^^^^^^^^^^^^^^^^^^^^^ no external crate `noiseexplorer_ik`
[INFO] [stdout] 
[INFO] [stdout] 
[INFO] [stdout] For more information about this error, try `rustc --explain E0432`.
[INFO] [stdout] 
[INFO] [stderr] error: could not compile `keynesis-core` (test "ref_keynesis") due to 1 previous error
[INFO] [stderr] warning: build failed, waiting for other jobs to finish...
[INFO] [stdout] error[E0433]: failed to resolve: use of undeclared crate or module `noiseexplorer_ik`
[INFO] [stdout]    --> src/noise/cipher_state.rs:180:9
[INFO] [stdout]     |
[INFO] [stdout] 180 |     use noiseexplorer_ik::state::CipherState as CipherStateRef;
[INFO] [stdout]     |         ^^^^^^^^^^^^^^^^ use of undeclared crate or module `noiseexplorer_ik`
[INFO] [stdout] 
[INFO] [stdout] 
[INFO] [stdout] error[E0433]: failed to resolve: use of undeclared crate or module `noiseexplorer_ik`
[INFO] [stdout]    --> src/noise/symmetric_state.rs:246:9
[INFO] [stdout]     |
[INFO] [stdout] 246 |     use noiseexplorer_ik::state::SymmetricState as SymmetricStateRef;
[INFO] [stdout]     |         ^^^^^^^^^^^^^^^^ use of undeclared crate or module `noiseexplorer_ik`
[INFO] [stdout] 
[INFO] [stdout] 
[INFO] [stdout] error[E0433]: failed to resolve: use of undeclared crate or module `noiseexplorer_ik`
[INFO] [stdout]    --> src/noise/cipher_state.rs:209:20
[INFO] [stdout]     |
[INFO] [stdout] 209 |         assert_eq!(noiseexplorer_ik::error::NoiseError::EmptyKeyError, err);
[INFO] [stdout]     |                    ^^^^^^^^^^^^^^^^ use of undeclared crate or module `noiseexplorer_ik`
[INFO] [stdout] 
[INFO] [stdout] 
[INFO] [stdout] error[E0433]: failed to resolve: use of undeclared crate or module `noiseexplorer_ik`
[INFO] [stdout]    --> src/noise/cipher_state.rs:233:51
[INFO] [stdout]     |
[INFO] [stdout] 233 |         let mut theirs = CipherStateRef::from_key(noiseexplorer_ik::types::Key::from_bytes(KEY));
[INFO] [stdout]     |                                                   ^^^^^^^^^^^^^^^^ use of undeclared crate or module `noiseexplorer_ik`
[INFO] [stdout]     |
[INFO] [stdout] help: consider importing one of these structs
[INFO] [stdout]     |
[INFO] [stdout] 179 +     use hacl_star::chacha20::Key;
[INFO] [stdout]     |
[INFO] [stdout] 179 +     use hacl_star::chacha20poly1305::Key;
[INFO] [stdout]     |
[INFO] [stdout] 179 +     use hacl_star::nacl::secret::Key;
[INFO] [stdout]     |
[INFO] [stdout] 179 +     use hacl_star::salsa20::Key;
[INFO] [stdout]     |
[INFO] [stdout] help: if you import `Key`, refer to it directly
[INFO] [stdout]     |
[INFO] [stdout] 233 -         let mut theirs = CipherStateRef::from_key(noiseexplorer_ik::types::Key::from_bytes(KEY));
[INFO] [stdout] 233 +         let mut theirs = CipherStateRef::from_key(Key::from_bytes(KEY));
[INFO] [stdout]     |
[INFO] [stdout] 
[INFO] [stdout] 
[INFO] [stdout] For more information about this error, try `rustc --explain E0433`.
[INFO] [stdout] 
[INFO] [stderr] error: could not compile `keynesis-core` (lib test) due to 4 previous errors
[INFO] running `Command { std: "docker" "inspect" "d71dc6cfda6c4d7ba2a497342c4cdea0004103edff16b76e20327ae915373143", kill_on_drop: false }`
[INFO] running `Command { std: "docker" "rm" "-f" "d71dc6cfda6c4d7ba2a497342c4cdea0004103edff16b76e20327ae915373143", kill_on_drop: false }`
[INFO] [stdout] d71dc6cfda6c4d7ba2a497342c4cdea0004103edff16b76e20327ae915373143
