[INFO] fetching crate kdtree-simd 0.6.1-alpha.0...
[INFO] testing kdtree-simd-0.6.1-alpha.0 against nightly-2024-10-28 for randomize-layout
[INFO] extracting crate kdtree-simd 0.6.1-alpha.0 into /workspace/builds/worker-2-tc1/source
[INFO] validating manifest of crates.io crate kdtree-simd 0.6.1-alpha.0 on toolchain nightly-2024-10-28
[INFO] running `Command { std: CARGO_HOME="/workspace/cargo-home" RUSTUP_HOME="/workspace/rustup-home" "/workspace/cargo-home/bin/cargo" "+nightly-2024-10-28" "metadata" "--manifest-path" "Cargo.toml" "--no-deps", kill_on_drop: false }`
[INFO] started tweaking crates.io crate kdtree-simd 0.6.1-alpha.0
[INFO] finished tweaking crates.io crate kdtree-simd 0.6.1-alpha.0
[INFO] tweaked toml for crates.io crate kdtree-simd 0.6.1-alpha.0 written to /workspace/builds/worker-2-tc1/source/Cargo.toml
[INFO] running `Command { std: CARGO_HOME="/workspace/cargo-home" RUSTUP_HOME="/workspace/rustup-home" "/workspace/cargo-home/bin/cargo" "+nightly-2024-10-28" "generate-lockfile" "--manifest-path" "Cargo.toml", kill_on_drop: false }`
[INFO] [stderr]     Updating crates.io index
[INFO] [stderr]      Locking 27 packages to latest compatible versions
[INFO] [stderr]       Adding rand v0.6.5 (available: v0.8.5)
[INFO] running `Command { std: CARGO_HOME="/workspace/cargo-home" RUSTUP_HOME="/workspace/rustup-home" "/workspace/cargo-home/bin/cargo" "+nightly-2024-10-28" "fetch" "--manifest-path" "Cargo.toml", kill_on_drop: false }`
[INFO] [stderr] warning: no edition set: defaulting to the 2015 edition while the latest is 2021
[INFO] running `Command { std: "docker" "create" "-v" "/var/lib/crater-agent-workspace/builds/worker-2-tc1/target:/opt/rustwide/target:rw,Z" "-v" "/var/lib/crater-agent-workspace/builds/worker-2-tc1/source:/opt/rustwide/workdir:ro,Z" "-v" "/var/lib/crater-agent-workspace/cargo-home:/opt/rustwide/cargo-home:ro,Z" "-v" "/var/lib/crater-agent-workspace/rustup-home:/opt/rustwide/rustup-home:ro,Z" "-e" "SOURCE_DIR=/opt/rustwide/workdir" "-e" "CARGO_TARGET_DIR=/opt/rustwide/target" "-e" "CARGO_HOME=/opt/rustwide/cargo-home" "-e" "RUSTUP_HOME=/opt/rustwide/rustup-home" "-w" "/opt/rustwide/workdir" "-m" "1610612736" "--user" "0:0" "--network" "none" "ghcr.io/rust-lang/crates-build-env/linux@sha256:4a844ea9eb2546a2d2c7022eacef16ef2e8229c7fbb2c7d4d55a9ceca922f72d" "/opt/rustwide/cargo-home/bin/cargo" "+nightly-2024-10-28" "metadata" "--no-deps" "--format-version=1", kill_on_drop: false }`
[INFO] [stdout] 970fd7b29ca836adec6e0a74513b116b8be8a8d391a0de7b5ca07b6fa386d700
[INFO] running `Command { std: "docker" "start" "-a" "970fd7b29ca836adec6e0a74513b116b8be8a8d391a0de7b5ca07b6fa386d700", kill_on_drop: false }`
[INFO] running `Command { std: "docker" "inspect" "970fd7b29ca836adec6e0a74513b116b8be8a8d391a0de7b5ca07b6fa386d700", kill_on_drop: false }`
[INFO] running `Command { std: "docker" "rm" "-f" "970fd7b29ca836adec6e0a74513b116b8be8a8d391a0de7b5ca07b6fa386d700", kill_on_drop: false }`
[INFO] [stdout] 970fd7b29ca836adec6e0a74513b116b8be8a8d391a0de7b5ca07b6fa386d700
[INFO] running `Command { std: "docker" "create" "-v" "/var/lib/crater-agent-workspace/builds/worker-2-tc1/target:/opt/rustwide/target:rw,Z" "-v" "/var/lib/crater-agent-workspace/builds/worker-2-tc1/source:/opt/rustwide/workdir:ro,Z" "-v" "/var/lib/crater-agent-workspace/cargo-home:/opt/rustwide/cargo-home:ro,Z" "-v" "/var/lib/crater-agent-workspace/rustup-home:/opt/rustwide/rustup-home:ro,Z" "-e" "SOURCE_DIR=/opt/rustwide/workdir" "-e" "CARGO_TARGET_DIR=/opt/rustwide/target" "-e" "CARGO_INCREMENTAL=0" "-e" "RUST_BACKTRACE=full" "-e" "RUSTFLAGS=--cap-lints=forbid" "-e" "RUSTDOCFLAGS=--cap-lints=forbid" "-e" "CARGO_HOME=/opt/rustwide/cargo-home" "-e" "RUSTUP_HOME=/opt/rustwide/rustup-home" "-w" "/opt/rustwide/workdir" "-m" "1610612736" "--user" "0:0" "--network" "none" "ghcr.io/rust-lang/crates-build-env/linux@sha256:4a844ea9eb2546a2d2c7022eacef16ef2e8229c7fbb2c7d4d55a9ceca922f72d" "/opt/rustwide/cargo-home/bin/cargo" "+nightly-2024-10-28" "build" "--frozen" "--message-format=json", kill_on_drop: false }`
[INFO] [stdout] 2574eb2535444b1b8026840a9faaea4635df6a38c48287bccf54b2e7864d9c0e
[INFO] running `Command { std: "docker" "start" "-a" "2574eb2535444b1b8026840a9faaea4635df6a38c48287bccf54b2e7864d9c0e", kill_on_drop: false }`
[INFO] [stderr] warning: no edition set: defaulting to the 2015 edition while the latest is 2021
[INFO] [stderr]    Compiling num-traits v0.2.19
[INFO] [stderr]    Compiling kdtree-simd v0.6.1-alpha.0 (/opt/rustwide/workdir)
[INFO] [stdout] warning: unused import: `num_traits::Float`
[INFO] [stdout]  --> src/distance.rs:5:5
[INFO] [stdout]   |
[INFO] [stdout] 5 | use num_traits::Float;
[INFO] [stdout]   |     ^^^^^^^^^^^^^^^^^
[INFO] [stdout]   |
[INFO] [stdout]   = note: `#[warn(unused_imports)]` on by default
[INFO] [stdout] 
[INFO] [stdout] 
[INFO] [stdout] warning: use of deprecated method `std::error::Error::description`: use the Display impl or to_string()
[INFO] [stdout]    --> src/kdtree.rs:542:44
[INFO] [stdout]     |
[INFO] [stdout] 542 |         write!(f, "KdTree error: {}", self.description())
[INFO] [stdout]     |                                            ^^^^^^^^^^^
[INFO] [stdout]     |
[INFO] [stdout]     = note: `#[warn(deprecated)]` on by default
[INFO] [stdout] 
[INFO] [stdout] 
[INFO] [stderr]     Finished `dev` profile [unoptimized + debuginfo] target(s) in 1.69s
[INFO] running `Command { std: "docker" "inspect" "2574eb2535444b1b8026840a9faaea4635df6a38c48287bccf54b2e7864d9c0e", kill_on_drop: false }`
[INFO] running `Command { std: "docker" "rm" "-f" "2574eb2535444b1b8026840a9faaea4635df6a38c48287bccf54b2e7864d9c0e", kill_on_drop: false }`
[INFO] [stdout] 2574eb2535444b1b8026840a9faaea4635df6a38c48287bccf54b2e7864d9c0e
[INFO] running `Command { std: "docker" "create" "-v" "/var/lib/crater-agent-workspace/builds/worker-2-tc1/target:/opt/rustwide/target:rw,Z" "-v" "/var/lib/crater-agent-workspace/builds/worker-2-tc1/source:/opt/rustwide/workdir:ro,Z" "-v" "/var/lib/crater-agent-workspace/cargo-home:/opt/rustwide/cargo-home:ro,Z" "-v" "/var/lib/crater-agent-workspace/rustup-home:/opt/rustwide/rustup-home:ro,Z" "-e" "SOURCE_DIR=/opt/rustwide/workdir" "-e" "CARGO_TARGET_DIR=/opt/rustwide/target" "-e" "CARGO_INCREMENTAL=0" "-e" "RUST_BACKTRACE=full" "-e" "RUSTFLAGS=--cap-lints=forbid" "-e" "RUSTDOCFLAGS=--cap-lints=forbid" "-e" "CARGO_HOME=/opt/rustwide/cargo-home" "-e" "RUSTUP_HOME=/opt/rustwide/rustup-home" "-w" "/opt/rustwide/workdir" "-m" "1610612736" "--user" "0:0" "--network" "none" "ghcr.io/rust-lang/crates-build-env/linux@sha256:4a844ea9eb2546a2d2c7022eacef16ef2e8229c7fbb2c7d4d55a9ceca922f72d" "/opt/rustwide/cargo-home/bin/cargo" "+nightly-2024-10-28" "test" "--frozen" "--no-run" "--message-format=json", kill_on_drop: false }`
[INFO] [stdout] 7f1e3da2debd951e36358438a57ac8d6de83592ec5ecd288103184f65b65c18e
[INFO] running `Command { std: "docker" "start" "-a" "7f1e3da2debd951e36358438a57ac8d6de83592ec5ecd288103184f65b65c18e", kill_on_drop: false }`
[INFO] [stderr] warning: no edition set: defaulting to the 2015 edition while the latest is 2021
[INFO] [stderr]    Compiling autocfg v0.1.8
[INFO] [stderr]    Compiling rand_core v0.4.2
[INFO] [stdout] warning: unused import: `num_traits::Float`
[INFO] [stdout]  --> src/distance.rs:5:5
[INFO] [stdout]   |
[INFO] [stdout] 5 | use num_traits::Float;
[INFO] [stdout]   |     ^^^^^^^^^^^^^^^^^
[INFO] [stdout]   |
[INFO] [stdout]   = note: `#[warn(unused_imports)]` on by default
[INFO] [stdout] 
[INFO] [stdout] 
[INFO] [stdout] warning: use of deprecated method `std::error::Error::description`: use the Display impl or to_string()
[INFO] [stdout]    --> src/kdtree.rs:542:44
[INFO] [stdout]     |
[INFO] [stdout] 542 |         write!(f, "KdTree error: {}", self.description())
[INFO] [stdout]     |                                            ^^^^^^^^^^^
[INFO] [stdout]     |
[INFO] [stdout]     = note: `#[warn(deprecated)]` on by default
[INFO] [stdout] 
[INFO] [stdout] 
[INFO] [stderr]    Compiling rand_chacha v0.1.1
[INFO] [stderr]    Compiling rand_pcg v0.1.2
[INFO] [stderr]    Compiling rand v0.6.5
[INFO] [stderr]    Compiling rand_core v0.3.1
[INFO] [stderr]    Compiling rand_os v0.1.3
[INFO] [stderr]    Compiling rand_jitter v0.1.4
[INFO] [stderr]    Compiling rand_isaac v0.1.1
[INFO] [stderr]    Compiling rand_hc v0.1.0
[INFO] [stderr]    Compiling rand_xorshift v0.1.1
[INFO] [stderr]    Compiling kdtree-simd v0.6.1-alpha.0 (/opt/rustwide/workdir)
[INFO] [stdout] error[E0463]: can't find crate for `kdtree`
[INFO] [stdout]  --> tests/count_dist.rs:1:1
[INFO] [stdout]   |
[INFO] [stdout] 1 | extern crate kdtree;
[INFO] [stdout]   | ^^^^^^^^^^^^^^^^^^^^ can't find crate
[INFO] [stdout] 
[INFO] [stdout] 
[INFO] [stdout] For more information about this error, try `rustc --explain E0463`.
[INFO] [stdout] 
[INFO] [stdout] error[E0463]: can't find crate for `kdtree`
[INFO] [stdout]  --> tests/kdtree.rs:1:1
[INFO] [stdout]   |
[INFO] [stdout] 1 | extern crate kdtree;
[INFO] [stdout]   | ^^^^^^^^^^^^^^^^^^^^ can't find crate
[INFO] [stdout] 
[INFO] [stdout] 
[INFO] [stdout] error[E0432]: unresolved import `crate::distance::squared_euclidean`
[INFO] [stdout]   --> src/util.rs:24:9
[INFO] [stdout]    |
[INFO] [stdout] 24 |     use crate::distance::squared_euclidean;
[INFO] [stdout]    |         ^^^^^^^^^^^^^^^^^-----------------
[INFO] [stdout]    |         |                |
[INFO] [stdout]    |         |                help: a similar name exists in the module: `squared_euclidean_f32`
[INFO] [stdout]    |         no `squared_euclidean` in `distance`
[INFO] [stdout] 
[INFO] [stdout] 
[INFO] [stdout] error[E0432]: unresolved import `rand`
[INFO] [stdout]    --> src/simd_euclidean/mod.rs:182:13
[INFO] [stdout]     |
[INFO] [stdout] 182 |         use rand::Rng;
[INFO] [stdout]     |             ^^^^ you might be missing crate `rand`
[INFO] [stdout]     |
[INFO] [stdout] help: consider importing the `rand` crate
[INFO] [stdout]    --> src/lib.rs:55:1
[INFO] [stdout]     |
[INFO] [stdout] 55  + extern crate rand;
[INFO] [stdout]     |
[INFO] [stdout] 
[INFO] [stdout] 
[INFO] [stderr] error: could not compile `kdtree-simd` (test "count_dist") due to 1 previous error
[INFO] [stderr] warning: build failed, waiting for other jobs to finish...
[INFO] [stdout] warning: unused import: `num_traits::Float`
[INFO] [stdout]  --> src/distance.rs:5:5
[INFO] [stdout]   |
[INFO] [stdout] 5 | use num_traits::Float;
[INFO] [stdout]   |     ^^^^^^^^^^^^^^^^^
[INFO] [stdout]   |
[INFO] [stdout]   = note: `#[warn(unused_imports)]` on by default
[INFO] [stdout] 
[INFO] [stdout] 
[INFO] [stdout] For more information about this error, try `rustc --explain E0463`.
[INFO] [stdout] 
[INFO] [stderr] error: could not compile `kdtree-simd` (test "kdtree") due to 1 previous error
[INFO] [stdout] warning: use of deprecated method `std::error::Error::description`: use the Display impl or to_string()
[INFO] [stdout]    --> src/kdtree.rs:542:44
[INFO] [stdout]     |
[INFO] [stdout] 542 |         write!(f, "KdTree error: {}", self.description())
[INFO] [stdout]     |                                            ^^^^^^^^^^^
[INFO] [stdout]     |
[INFO] [stdout]     = note: `#[warn(deprecated)]` on by default
[INFO] [stdout] 
[INFO] [stdout] 
[INFO] [stdout] error[E0599]: no method named `gen_range` found for struct `rand::prelude::ThreadRng` in the current scope
[INFO] [stdout]    --> src/simd_euclidean/mod.rs:187:31
[INFO] [stdout]     |
[INFO] [stdout] 187 |             let len = i + rng.gen_range(0, 16) as usize;
[INFO] [stdout]     |                               ^^^^^^^^^
[INFO] [stdout]     |
[INFO] [stdout]    ::: /opt/rustwide/cargo-home/registry/src/index.crates.io-6f17d22bba15001f/rand-0.6.5/src/lib.rs:242:8
[INFO] [stdout]     |
[INFO] [stdout] 242 |     fn gen_range<T: SampleUniform, B1, B2>(&mut self, low: B1, high: B2) -> T
[INFO] [stdout]     |        --------- the method is available for `rand::prelude::ThreadRng` here
[INFO] [stdout]     |
[INFO] [stdout]     = help: items from traits can only be used if the trait is in scope
[INFO] [stdout] help: trait `Rng` which provides `gen_range` is implemented but not in scope; perhaps you want to import it
[INFO] [stdout]     |
[INFO] [stdout] 133 +     use kdtree::tests::rand::Rng;
[INFO] [stdout]     |
[INFO] [stdout] help: there is a method `gen_ratio` with a similar name
[INFO] [stdout]     |
[INFO] [stdout] 187 |             let len = i + rng.gen_ratio(0, 16) as usize;
[INFO] [stdout]     |                               ~~~~~~~~~
[INFO] [stdout] 
[INFO] [stdout] 
[INFO] [stdout] error[E0599]: no method named `gen` found for struct `rand::prelude::ThreadRng` in the current scope
[INFO] [stdout]    --> src/simd_euclidean/mod.rs:192:28
[INFO] [stdout]     |
[INFO] [stdout] 192 |                 a.push(rng.gen::<f32>());
[INFO] [stdout]     |                            ^^^ method not found in `ThreadRng`
[INFO] [stdout]     |
[INFO] [stdout]    ::: /opt/rustwide/cargo-home/registry/src/index.crates.io-6f17d22bba15001f/rand-0.6.5/src/lib.rs:214:8
[INFO] [stdout]     |
[INFO] [stdout] 214 |     fn gen<T>(&mut self) -> T where Standard: Distribution<T> {
[INFO] [stdout]     |        --- the method is available for `rand::prelude::ThreadRng` here
[INFO] [stdout]     |
[INFO] [stdout]     = help: items from traits can only be used if the trait is in scope
[INFO] [stdout] help: trait `Rng` which provides `gen` is implemented but not in scope; perhaps you want to import it
[INFO] [stdout]     |
[INFO] [stdout] 133 +     use kdtree::tests::rand::Rng;
[INFO] [stdout]     |
[INFO] [stdout] 
[INFO] [stdout] 
[INFO] [stdout] error[E0599]: no method named `gen` found for struct `rand::prelude::ThreadRng` in the current scope
[INFO] [stdout]    --> src/simd_euclidean/mod.rs:193:28
[INFO] [stdout]     |
[INFO] [stdout] 193 |                 b.push(rng.gen::<f32>());
[INFO] [stdout]     |                            ^^^ method not found in `ThreadRng`
[INFO] [stdout]     |
[INFO] [stdout]    ::: /opt/rustwide/cargo-home/registry/src/index.crates.io-6f17d22bba15001f/rand-0.6.5/src/lib.rs:214:8
[INFO] [stdout]     |
[INFO] [stdout] 214 |     fn gen<T>(&mut self) -> T where Standard: Distribution<T> {
[INFO] [stdout]     |        --- the method is available for `rand::prelude::ThreadRng` here
[INFO] [stdout]     |
[INFO] [stdout]     = help: items from traits can only be used if the trait is in scope
[INFO] [stdout] help: trait `Rng` which provides `gen` is implemented but not in scope; perhaps you want to import it
[INFO] [stdout]     |
[INFO] [stdout] 133 +     use kdtree::tests::rand::Rng;
[INFO] [stdout]     |
[INFO] [stdout] 
[INFO] [stdout] 
[INFO] [stdout] Some errors have detailed explanations: E0432, E0599.
[INFO] [stdout] 
[INFO] [stdout] For more information about an error, try `rustc --explain E0432`.
[INFO] [stdout] 
[INFO] [stderr] error: could not compile `kdtree-simd` (lib test) due to 5 previous errors; 2 warnings emitted
[INFO] running `Command { std: "docker" "inspect" "7f1e3da2debd951e36358438a57ac8d6de83592ec5ecd288103184f65b65c18e", kill_on_drop: false }`
[INFO] running `Command { std: "docker" "rm" "-f" "7f1e3da2debd951e36358438a57ac8d6de83592ec5ecd288103184f65b65c18e", kill_on_drop: false }`
[INFO] [stdout] 7f1e3da2debd951e36358438a57ac8d6de83592ec5ecd288103184f65b65c18e
