[INFO] fetching crate kdbplus 0.3.9...
[INFO] testing kdbplus-0.3.9 against nightly-2024-10-28 for randomize-layout
[INFO] extracting crate kdbplus 0.3.9 into /workspace/builds/worker-6-tc1/source
[INFO] validating manifest of crates.io crate kdbplus 0.3.9 on toolchain nightly-2024-10-28
[INFO] running `Command { std: CARGO_HOME="/workspace/cargo-home" RUSTUP_HOME="/workspace/rustup-home" "/workspace/cargo-home/bin/cargo" "+nightly-2024-10-28" "metadata" "--manifest-path" "Cargo.toml" "--no-deps", kill_on_drop: false }`
[INFO] started tweaking crates.io crate kdbplus 0.3.9
[INFO] finished tweaking crates.io crate kdbplus 0.3.9
[INFO] tweaked toml for crates.io crate kdbplus 0.3.9 written to /workspace/builds/worker-6-tc1/source/Cargo.toml
[INFO] running `Command { std: CARGO_HOME="/workspace/cargo-home" RUSTUP_HOME="/workspace/rustup-home" "/workspace/cargo-home/bin/cargo" "+nightly-2024-10-28" "generate-lockfile" "--manifest-path" "Cargo.toml", kill_on_drop: false }`
[INFO] [stderr]     Updating crates.io index
[INFO] [stderr]      Locking 168 packages to latest compatible versions
[INFO] [stderr]       Adding float-cmp v0.8.0 (available: v0.10.0)
[INFO] [stderr]       Adding trust-dns-resolver v0.22.0 (available: v0.23.2)
[INFO] running `Command { std: CARGO_HOME="/workspace/cargo-home" RUSTUP_HOME="/workspace/rustup-home" "/workspace/cargo-home/bin/cargo" "+nightly-2024-10-28" "fetch" "--manifest-path" "Cargo.toml", kill_on_drop: false }`
[INFO] running `Command { std: "docker" "create" "-v" "/var/lib/crater-agent-workspace/builds/worker-6-tc1/target:/opt/rustwide/target:rw,Z" "-v" "/var/lib/crater-agent-workspace/builds/worker-6-tc1/source:/opt/rustwide/workdir:ro,Z" "-v" "/var/lib/crater-agent-workspace/cargo-home:/opt/rustwide/cargo-home:ro,Z" "-v" "/var/lib/crater-agent-workspace/rustup-home:/opt/rustwide/rustup-home:ro,Z" "-e" "SOURCE_DIR=/opt/rustwide/workdir" "-e" "CARGO_TARGET_DIR=/opt/rustwide/target" "-e" "CARGO_HOME=/opt/rustwide/cargo-home" "-e" "RUSTUP_HOME=/opt/rustwide/rustup-home" "-w" "/opt/rustwide/workdir" "-m" "1610612736" "--user" "0:0" "--network" "none" "ghcr.io/rust-lang/crates-build-env/linux@sha256:4a844ea9eb2546a2d2c7022eacef16ef2e8229c7fbb2c7d4d55a9ceca922f72d" "/opt/rustwide/cargo-home/bin/cargo" "+nightly-2024-10-28" "metadata" "--no-deps" "--format-version=1", kill_on_drop: false }`
[INFO] [stdout] 384ecfa300a4ae80454817d40b8673e162bf9d8c9898f4f4f4b5215690564820
[INFO] running `Command { std: "docker" "start" "-a" "384ecfa300a4ae80454817d40b8673e162bf9d8c9898f4f4f4b5215690564820", kill_on_drop: false }`
[INFO] running `Command { std: "docker" "inspect" "384ecfa300a4ae80454817d40b8673e162bf9d8c9898f4f4f4b5215690564820", kill_on_drop: false }`
[INFO] running `Command { std: "docker" "rm" "-f" "384ecfa300a4ae80454817d40b8673e162bf9d8c9898f4f4f4b5215690564820", kill_on_drop: false }`
[INFO] [stdout] 384ecfa300a4ae80454817d40b8673e162bf9d8c9898f4f4f4b5215690564820
[INFO] running `Command { std: "docker" "create" "-v" "/var/lib/crater-agent-workspace/builds/worker-6-tc1/target:/opt/rustwide/target:rw,Z" "-v" "/var/lib/crater-agent-workspace/builds/worker-6-tc1/source:/opt/rustwide/workdir:ro,Z" "-v" "/var/lib/crater-agent-workspace/cargo-home:/opt/rustwide/cargo-home:ro,Z" "-v" "/var/lib/crater-agent-workspace/rustup-home:/opt/rustwide/rustup-home:ro,Z" "-e" "SOURCE_DIR=/opt/rustwide/workdir" "-e" "CARGO_TARGET_DIR=/opt/rustwide/target" "-e" "CARGO_INCREMENTAL=0" "-e" "RUST_BACKTRACE=full" "-e" "RUSTFLAGS=--cap-lints=forbid" "-e" "RUSTDOCFLAGS=--cap-lints=forbid" "-e" "CARGO_HOME=/opt/rustwide/cargo-home" "-e" "RUSTUP_HOME=/opt/rustwide/rustup-home" "-w" "/opt/rustwide/workdir" "-m" "1610612736" "--user" "0:0" "--network" "none" "ghcr.io/rust-lang/crates-build-env/linux@sha256:4a844ea9eb2546a2d2c7022eacef16ef2e8229c7fbb2c7d4d55a9ceca922f72d" "/opt/rustwide/cargo-home/bin/cargo" "+nightly-2024-10-28" "build" "--frozen" "--message-format=json", kill_on_drop: false }`
[INFO] [stdout] fffcd492748e6fe22a5086a96e99912d1a3f664bce52d1f2e7e39a84fd2d3e6f
[INFO] running `Command { std: "docker" "start" "-a" "fffcd492748e6fe22a5086a96e99912d1a3f664bce52d1f2e7e39a84fd2d3e6f", kill_on_drop: false }`
[INFO] [stderr]    Compiling proc-macro2 v1.0.89
[INFO] [stderr]    Compiling unicode-ident v1.0.13
[INFO] [stderr]    Compiling quote v1.0.37
[INFO] [stderr]    Compiling syn v2.0.86
[INFO] [stderr]    Compiling async-recursion v1.1.1
[INFO] [stderr]    Compiling kdbplus v0.3.9 (/opt/rustwide/workdir)
[INFO] [stderr]     Finished `dev` profile [unoptimized + debuginfo] target(s) in 6.32s
[INFO] running `Command { std: "docker" "inspect" "fffcd492748e6fe22a5086a96e99912d1a3f664bce52d1f2e7e39a84fd2d3e6f", kill_on_drop: false }`
[INFO] running `Command { std: "docker" "rm" "-f" "fffcd492748e6fe22a5086a96e99912d1a3f664bce52d1f2e7e39a84fd2d3e6f", kill_on_drop: false }`
[INFO] [stdout] fffcd492748e6fe22a5086a96e99912d1a3f664bce52d1f2e7e39a84fd2d3e6f
[INFO] running `Command { std: "docker" "create" "-v" "/var/lib/crater-agent-workspace/builds/worker-6-tc1/target:/opt/rustwide/target:rw,Z" "-v" "/var/lib/crater-agent-workspace/builds/worker-6-tc1/source:/opt/rustwide/workdir:ro,Z" "-v" "/var/lib/crater-agent-workspace/cargo-home:/opt/rustwide/cargo-home:ro,Z" "-v" "/var/lib/crater-agent-workspace/rustup-home:/opt/rustwide/rustup-home:ro,Z" "-e" "SOURCE_DIR=/opt/rustwide/workdir" "-e" "CARGO_TARGET_DIR=/opt/rustwide/target" "-e" "CARGO_INCREMENTAL=0" "-e" "RUST_BACKTRACE=full" "-e" "RUSTFLAGS=--cap-lints=forbid" "-e" "RUSTDOCFLAGS=--cap-lints=forbid" "-e" "CARGO_HOME=/opt/rustwide/cargo-home" "-e" "RUSTUP_HOME=/opt/rustwide/rustup-home" "-w" "/opt/rustwide/workdir" "-m" "1610612736" "--user" "0:0" "--network" "none" "ghcr.io/rust-lang/crates-build-env/linux@sha256:4a844ea9eb2546a2d2c7022eacef16ef2e8229c7fbb2c7d4d55a9ceca922f72d" "/opt/rustwide/cargo-home/bin/cargo" "+nightly-2024-10-28" "test" "--frozen" "--no-run" "--message-format=json", kill_on_drop: false }`
[INFO] [stdout] 6c349ebd2ee58b6d81ff9ef74d339d2a3fabfaafad9b4713d2d6aaf591206b18
[INFO] running `Command { std: "docker" "start" "-a" "6c349ebd2ee58b6d81ff9ef74d339d2a3fabfaafad9b4713d2d6aaf591206b18", kill_on_drop: false }`
[INFO] [stderr]    Compiling crossbeam-utils v0.8.20
[INFO] [stderr]    Compiling pin-project-lite v0.2.15
[INFO] [stderr]    Compiling autocfg v1.4.0
[INFO] [stderr]    Compiling parking v2.2.1
[INFO] [stderr]    Compiling futures-core v0.3.31
[INFO] [stderr]    Compiling fastrand v2.1.1
[INFO] [stderr]    Compiling futures-io v0.3.31
[INFO] [stderr]    Compiling rustix v0.38.38
[INFO] [stderr]    Compiling linux-raw-sys v0.4.14
[INFO] [stderr]    Compiling tracing-core v0.1.32
[INFO] [stderr]    Compiling bitflags v2.6.0
[INFO] [stderr]    Compiling syn v1.0.109
[INFO] [stderr]    Compiling atomic-waker v1.1.2
[INFO] [stderr]    Compiling cfg-if v1.0.0
[INFO] [stderr]    Compiling async-task v4.7.1
[INFO] [stderr]    Compiling value-bag v1.10.0
[INFO] [stderr]    Compiling event-listener v2.5.3
[INFO] [stderr]    Compiling tokio v1.41.0
[INFO] [stderr]    Compiling once_cell v1.20.2
[INFO] [stderr]    Compiling piper v0.2.4
[INFO] [stderr]    Compiling libc v0.2.161
[INFO] [stderr]    Compiling futures-lite v2.4.0
[INFO] [stderr]    Compiling pin-utils v0.1.0
[INFO] [stderr]    Compiling memchr v2.7.4
[INFO] [stderr]    Compiling log v0.4.22
[INFO] [stderr]    Compiling slab v0.4.9
[INFO] [stderr]    Compiling num-traits v0.2.19
[INFO] [stderr]    Compiling tracing v0.1.40
[INFO] [stderr]    Compiling kv-log-macro v1.0.7
[INFO] [stderr]    Compiling concurrent-queue v2.5.0
[INFO] [stderr]    Compiling event-listener v5.3.1
[INFO] [stderr]    Compiling async-channel v1.9.0
[INFO] [stderr]    Compiling event-listener-strategy v0.5.2
[INFO] [stderr]    Compiling async-channel v2.3.1
[INFO] [stderr]    Compiling async-lock v3.4.0
[INFO] [stderr]    Compiling async-executor v1.13.1
[INFO] [stderr]    Compiling blocking v1.6.1
[INFO] [stderr]    Compiling float-cmp v0.8.0
[INFO] [stderr]    Compiling async-attributes v1.1.2
[INFO] [stderr]    Compiling polling v3.7.3
[INFO] [stderr]    Compiling async-io v2.3.4
[INFO] [stderr]    Compiling async-global-executor v2.4.1
[INFO] [stderr]    Compiling async-std v1.13.0
[INFO] [stderr]    Compiling kdbplus v0.3.9 (/opt/rustwide/workdir)
[INFO] [stdout] error[E0433]: failed to resolve: could not find `ipc` in `kdbplus`
[INFO] [stdout]    --> tests/test.rs:10:14
[INFO] [stdout]     |
[INFO] [stdout] 10  | use kdbplus::ipc::error::Error;
[INFO] [stdout]     |              ^^^ could not find `ipc` in `kdbplus`
[INFO] [stdout]     |
[INFO] [stdout] note: found an item that was configured out
[INFO] [stdout]    --> /opt/rustwide/workdir/src/lib.rs:409:9
[INFO] [stdout]     |
[INFO] [stdout] 409 | pub mod ipc;
[INFO] [stdout]     |         ^^^
[INFO] [stdout] note: the item is gated behind the `ipc` feature
[INFO] [stdout]    --> /opt/rustwide/workdir/src/lib.rs:408:7
[INFO] [stdout]     |
[INFO] [stdout] 408 | #[cfg(feature = "ipc")]
[INFO] [stdout]     |       ^^^^^^^^^^^^^^^
[INFO] [stdout] 
[INFO] [stdout] 
[INFO] [stdout] error[E0433]: failed to resolve: use of undeclared crate or module `chrono`
[INFO] [stdout]  --> tests/test.rs:8:5
[INFO] [stdout]   |
[INFO] [stdout] 8 | use chrono::prelude::*;
[INFO] [stdout]   |     ^^^^^^ use of undeclared crate or module `chrono`
[INFO] [stdout] 
[INFO] [stdout] 
[INFO] [stdout] error[E0432]: unresolved import `kdbplus::ipc`
[INFO] [stdout]   --> tests/test.rs:11:14
[INFO] [stdout]    |
[INFO] [stdout] 11 | use kdbplus::ipc::*;
[INFO] [stdout]    |              ^^^ could not find `ipc` in `kdbplus`
[INFO] [stdout] 
[INFO] [stdout] 
[INFO] [stdout] error[E0432]: unresolved import `chrono`
[INFO] [stdout]  --> tests/test.rs:9:5
[INFO] [stdout]   |
[INFO] [stdout] 9 | use chrono::Duration;
[INFO] [stdout]   |     ^^^^^^ use of undeclared crate or module `chrono`
[INFO] [stdout] 
[INFO] [stdout] 
[INFO] [stdout] error[E0107]: enum takes 2 generic arguments but 1 generic argument was supplied
[INFO] [stdout]   --> tests/test.rs:43:21
[INFO] [stdout]    |
[INFO] [stdout] 43 | fn format_test() -> Result<()> {
[INFO] [stdout]    |                     ^^^^^^ -- supplied 1 generic argument
[INFO] [stdout]    |                     |
[INFO] [stdout]    |                     expected 2 generic arguments
[INFO] [stdout]    |
[INFO] [stdout] help: add missing generic argument
[INFO] [stdout]    |
[INFO] [stdout] 43 | fn format_test() -> Result<(), E> {
[INFO] [stdout]    |                              +++
[INFO] [stdout] 
[INFO] [stdout] 
[INFO] [stdout] error[E0107]: enum takes 2 generic arguments but 1 generic argument was supplied
[INFO] [stdout]    --> tests/test.rs:646:21
[INFO] [stdout]     |
[INFO] [stdout] 646 | fn getter_test() -> Result<()> {
[INFO] [stdout]     |                     ^^^^^^ -- supplied 1 generic argument
[INFO] [stdout]     |                     |
[INFO] [stdout]     |                     expected 2 generic arguments
[INFO] [stdout]     |
[INFO] [stdout] help: add missing generic argument
[INFO] [stdout]     |
[INFO] [stdout] 646 | fn getter_test() -> Result<(), E> {
[INFO] [stdout]     |                              +++
[INFO] [stdout] 
[INFO] [stdout] 
[INFO] [stdout] error[E0107]: enum takes 2 generic arguments but 1 generic argument was supplied
[INFO] [stdout]     --> tests/test.rs:1073:19
[INFO] [stdout]      |
[INFO] [stdout] 1073 | fn cast_test() -> Result<()> {
[INFO] [stdout]      |                   ^^^^^^ -- supplied 1 generic argument
[INFO] [stdout]      |                   |
[INFO] [stdout]      |                   expected 2 generic arguments
[INFO] [stdout]      |
[INFO] [stdout] help: add missing generic argument
[INFO] [stdout]      |
[INFO] [stdout] 1073 | fn cast_test() -> Result<(), E> {
[INFO] [stdout]      |                            +++
[INFO] [stdout] 
[INFO] [stdout] 
[INFO] [stdout] error[E0107]: enum takes 2 generic arguments but 1 generic argument was supplied
[INFO] [stdout]     --> tests/test.rs:1364:21
[INFO] [stdout]      |
[INFO] [stdout] 1364 | fn length_test() -> Result<()> {
[INFO] [stdout]      |                     ^^^^^^ -- supplied 1 generic argument
[INFO] [stdout]      |                     |
[INFO] [stdout]      |                     expected 2 generic arguments
[INFO] [stdout]      |
[INFO] [stdout] help: add missing generic argument
[INFO] [stdout]      |
[INFO] [stdout] 1364 | fn length_test() -> Result<(), E> {
[INFO] [stdout]      |                              +++
[INFO] [stdout] 
[INFO] [stdout] 
[INFO] [stdout] error[E0107]: enum takes 2 generic arguments but 1 generic argument was supplied
[INFO] [stdout]     --> tests/test.rs:1440:23
[INFO] [stdout]      |
[INFO] [stdout] 1440 | fn push_pop_test() -> Result<()> {
[INFO] [stdout]      |                       ^^^^^^ -- supplied 1 generic argument
[INFO] [stdout]      |                       |
[INFO] [stdout]      |                       expected 2 generic arguments
[INFO] [stdout]      |
[INFO] [stdout] help: add missing generic argument
[INFO] [stdout]      |
[INFO] [stdout] 1440 | fn push_pop_test() -> Result<(), E> {
[INFO] [stdout]      |                                +++
[INFO] [stdout] 
[INFO] [stdout] 
[INFO] [stdout] error[E0107]: enum takes 2 generic arguments but 1 generic argument was supplied
[INFO] [stdout]     --> tests/test.rs:2050:59
[INFO] [stdout]      |
[INFO] [stdout] 2050 | async fn functional_message_test(socket: &mut Qsocket) -> Result<()> {
[INFO] [stdout]      |                                                           ^^^^^^ -- supplied 1 generic argument
[INFO] [stdout]      |                                                           |
[INFO] [stdout]      |                                                           expected 2 generic arguments
[INFO] [stdout]      |
[INFO] [stdout] help: add missing generic argument
[INFO] [stdout]      |
[INFO] [stdout] 2050 | async fn functional_message_test(socket: &mut Qsocket) -> Result<(), E> {
[INFO] [stdout]      |                                                                    +++
[INFO] [stdout] 
[INFO] [stdout] 
[INFO] [stdout] error[E0107]: enum takes 2 generic arguments but 1 generic argument was supplied
[INFO] [stdout]     --> tests/test.rs:2836:32
[INFO] [stdout]      |
[INFO] [stdout] 2836 | async fn compression_test() -> Result<()> {
[INFO] [stdout]      |                                ^^^^^^ -- supplied 1 generic argument
[INFO] [stdout]      |                                |
[INFO] [stdout]      |                                expected 2 generic arguments
[INFO] [stdout]      |
[INFO] [stdout] help: add missing generic argument
[INFO] [stdout]      |
[INFO] [stdout] 2836 | async fn compression_test() -> Result<(), E> {
[INFO] [stdout]      |                                         +++
[INFO] [stdout] 
[INFO] [stdout] 
[INFO] [stdout] Some errors have detailed explanations: E0107, E0432, E0433.
[INFO] [stdout] 
[INFO] [stdout] For more information about an error, try `rustc --explain E0107`.
[INFO] [stdout] 
[INFO] [stderr] error: could not compile `kdbplus` (test "test") due to 11 previous errors
[INFO] running `Command { std: "docker" "inspect" "6c349ebd2ee58b6d81ff9ef74d339d2a3fabfaafad9b4713d2d6aaf591206b18", kill_on_drop: false }`
[INFO] running `Command { std: "docker" "rm" "-f" "6c349ebd2ee58b6d81ff9ef74d339d2a3fabfaafad9b4713d2d6aaf591206b18", kill_on_drop: false }`
[INFO] [stdout] 6c349ebd2ee58b6d81ff9ef74d339d2a3fabfaafad9b4713d2d6aaf591206b18
