[INFO] fetching crate kameo 0.12.2...
[INFO] testing kameo-0.12.2 against nightly-2024-10-28+rustflags=-Zrandomize-layout for randomize-layout
[INFO] extracting crate kameo 0.12.2 into /workspace/builds/worker-7-tc2/source
[INFO] validating manifest of crates.io crate kameo 0.12.2 on toolchain nightly-2024-10-28
[INFO] running `Command { std: CARGO_HOME="/workspace/cargo-home" RUSTUP_HOME="/workspace/rustup-home" "/workspace/cargo-home/bin/cargo" "+nightly-2024-10-28" "metadata" "--manifest-path" "Cargo.toml" "--no-deps", kill_on_drop: false }`
[INFO] started tweaking crates.io crate kameo 0.12.2
[INFO] removed 0 missing examples
[INFO] finished tweaking crates.io crate kameo 0.12.2
[INFO] tweaked toml for crates.io crate kameo 0.12.2 written to /workspace/builds/worker-7-tc2/source/Cargo.toml
[INFO] crate crates.io crate kameo 0.12.2 already has a lockfile, it will not be regenerated
[INFO] running `Command { std: CARGO_HOME="/workspace/cargo-home" RUSTUP_HOME="/workspace/rustup-home" "/workspace/cargo-home/bin/cargo" "+nightly-2024-10-28" "fetch" "--manifest-path" "Cargo.toml", kill_on_drop: false }`
[INFO] running `Command { std: "docker" "create" "-v" "/var/lib/crater-agent-workspace/builds/worker-7-tc2/target:/opt/rustwide/target:rw,Z" "-v" "/var/lib/crater-agent-workspace/builds/worker-7-tc2/source:/opt/rustwide/workdir:ro,Z" "-v" "/var/lib/crater-agent-workspace/cargo-home:/opt/rustwide/cargo-home:ro,Z" "-v" "/var/lib/crater-agent-workspace/rustup-home:/opt/rustwide/rustup-home:ro,Z" "-e" "SOURCE_DIR=/opt/rustwide/workdir" "-e" "CARGO_TARGET_DIR=/opt/rustwide/target" "-e" "CARGO_HOME=/opt/rustwide/cargo-home" "-e" "RUSTUP_HOME=/opt/rustwide/rustup-home" "-w" "/opt/rustwide/workdir" "-m" "1610612736" "--user" "0:0" "--network" "none" "ghcr.io/rust-lang/crates-build-env/linux@sha256:4a844ea9eb2546a2d2c7022eacef16ef2e8229c7fbb2c7d4d55a9ceca922f72d" "/opt/rustwide/cargo-home/bin/cargo" "+nightly-2024-10-28" "metadata" "--no-deps" "--format-version=1", kill_on_drop: false }`
[INFO] [stdout] ef15e57e36afb703acbfcbde641853df66b8b4d943d3e9dfa618c8dac0228b2c
[INFO] running `Command { std: "docker" "start" "-a" "ef15e57e36afb703acbfcbde641853df66b8b4d943d3e9dfa618c8dac0228b2c", kill_on_drop: false }`
[INFO] running `Command { std: "docker" "inspect" "ef15e57e36afb703acbfcbde641853df66b8b4d943d3e9dfa618c8dac0228b2c", kill_on_drop: false }`
[INFO] running `Command { std: "docker" "rm" "-f" "ef15e57e36afb703acbfcbde641853df66b8b4d943d3e9dfa618c8dac0228b2c", kill_on_drop: false }`
[INFO] [stdout] ef15e57e36afb703acbfcbde641853df66b8b4d943d3e9dfa618c8dac0228b2c
[INFO] running `Command { std: "docker" "create" "-v" "/var/lib/crater-agent-workspace/builds/worker-7-tc2/target:/opt/rustwide/target:rw,Z" "-v" "/var/lib/crater-agent-workspace/builds/worker-7-tc2/source:/opt/rustwide/workdir:ro,Z" "-v" "/var/lib/crater-agent-workspace/cargo-home:/opt/rustwide/cargo-home:ro,Z" "-v" "/var/lib/crater-agent-workspace/rustup-home:/opt/rustwide/rustup-home:ro,Z" "-e" "SOURCE_DIR=/opt/rustwide/workdir" "-e" "CARGO_TARGET_DIR=/opt/rustwide/target" "-e" "CARGO_INCREMENTAL=0" "-e" "RUST_BACKTRACE=full" "-e" "RUSTFLAGS=--cap-lints=forbid -Zrandomize-layout" "-e" "RUSTDOCFLAGS=--cap-lints=forbid" "-e" "CARGO_HOME=/opt/rustwide/cargo-home" "-e" "RUSTUP_HOME=/opt/rustwide/rustup-home" "-w" "/opt/rustwide/workdir" "-m" "1610612736" "--user" "0:0" "--network" "none" "ghcr.io/rust-lang/crates-build-env/linux@sha256:4a844ea9eb2546a2d2c7022eacef16ef2e8229c7fbb2c7d4d55a9ceca922f72d" "/opt/rustwide/cargo-home/bin/cargo" "+nightly-2024-10-28" "build" "--frozen" "--message-format=json", kill_on_drop: false }`
[INFO] [stdout] e7665e329116a73e60391a9f94f101e193af5d39c981d42d11baf25225892ead
[INFO] running `Command { std: "docker" "start" "-a" "e7665e329116a73e60391a9f94f101e193af5d39c981d42d11baf25225892ead", kill_on_drop: false }`
[INFO] [stderr]    Compiling proc-macro2 v1.0.86
[INFO] [stderr]    Compiling pin-project-lite v0.2.14
[INFO] [stderr]    Compiling libc v0.2.158
[INFO] [stderr]    Compiling futures-sink v0.3.31
[INFO] [stderr]    Compiling memchr v2.7.4
[INFO] [stderr]    Compiling slab v0.4.9
[INFO] [stderr]    Compiling futures-task v0.3.31
[INFO] [stderr]    Compiling futures-io v0.3.31
[INFO] [stderr]    Compiling futures-channel v0.3.31
[INFO] [stderr]    Compiling once_cell v1.19.0
[INFO] [stderr]    Compiling serde v1.0.209
[INFO] [stderr]    Compiling either v1.13.0
[INFO] [stderr]    Compiling tracing-core v0.1.32
[INFO] [stderr]    Compiling heck v0.5.0
[INFO] [stderr]    Compiling itertools v0.13.0
[INFO] [stderr]    Compiling dyn-clone v1.0.17
[INFO] [stderr]    Compiling quote v1.0.37
[INFO] [stderr]    Compiling syn v2.0.76
[INFO] [stderr]    Compiling getrandom v0.2.15
[INFO] [stderr]    Compiling uuid v1.10.0
[INFO] [stderr]    Compiling futures-macro v0.3.31
[INFO] [stderr]    Compiling tokio-macros v2.4.0
[INFO] [stderr]    Compiling tracing-attributes v0.1.27
[INFO] [stderr]    Compiling serde_derive v1.0.209
[INFO] [stderr]    Compiling kameo_macros v0.12.2
[INFO] [stderr]    Compiling tokio v1.39.3
[INFO] [stderr]    Compiling futures-util v0.3.31
[INFO] [stderr]    Compiling tracing v0.1.40
[INFO] [stderr]    Compiling tokio-stream v0.1.15
[INFO] [stderr]    Compiling futures-executor v0.3.30
[INFO] [stderr]    Compiling futures v0.3.30
[INFO] [stderr]    Compiling kameo v0.12.2 (/opt/rustwide/workdir)
[INFO] [stderr]     Finished `dev` profile [unoptimized + debuginfo] target(s) in 7.39s
[INFO] running `Command { std: "docker" "inspect" "e7665e329116a73e60391a9f94f101e193af5d39c981d42d11baf25225892ead", kill_on_drop: false }`
[INFO] running `Command { std: "docker" "rm" "-f" "e7665e329116a73e60391a9f94f101e193af5d39c981d42d11baf25225892ead", kill_on_drop: false }`
[INFO] [stdout] e7665e329116a73e60391a9f94f101e193af5d39c981d42d11baf25225892ead
[INFO] running `Command { std: "docker" "create" "-v" "/var/lib/crater-agent-workspace/builds/worker-7-tc2/target:/opt/rustwide/target:rw,Z" "-v" "/var/lib/crater-agent-workspace/builds/worker-7-tc2/source:/opt/rustwide/workdir:ro,Z" "-v" "/var/lib/crater-agent-workspace/cargo-home:/opt/rustwide/cargo-home:ro,Z" "-v" "/var/lib/crater-agent-workspace/rustup-home:/opt/rustwide/rustup-home:ro,Z" "-e" "SOURCE_DIR=/opt/rustwide/workdir" "-e" "CARGO_TARGET_DIR=/opt/rustwide/target" "-e" "CARGO_INCREMENTAL=0" "-e" "RUST_BACKTRACE=full" "-e" "RUSTFLAGS=--cap-lints=forbid -Zrandomize-layout" "-e" "RUSTDOCFLAGS=--cap-lints=forbid" "-e" "CARGO_HOME=/opt/rustwide/cargo-home" "-e" "RUSTUP_HOME=/opt/rustwide/rustup-home" "-w" "/opt/rustwide/workdir" "-m" "1610612736" "--user" "0:0" "--network" "none" "ghcr.io/rust-lang/crates-build-env/linux@sha256:4a844ea9eb2546a2d2c7022eacef16ef2e8229c7fbb2c7d4d55a9ceca922f72d" "/opt/rustwide/cargo-home/bin/cargo" "+nightly-2024-10-28" "test" "--frozen" "--no-run" "--message-format=json", kill_on_drop: false }`
[INFO] [stdout] ba05ef5a61b914125240cb8bf86d6c151ae3641e609e8ea23e5f0c1a49583338
[INFO] running `Command { std: "docker" "start" "-a" "ba05ef5a61b914125240cb8bf86d6c151ae3641e609e8ea23e5f0c1a49583338", kill_on_drop: false }`
[INFO] [stderr]    Compiling serde v1.0.209
[INFO] [stderr]    Compiling crossbeam-utils v0.8.20
[INFO] [stderr]    Compiling num-traits v0.2.19
[INFO] [stderr]    Compiling tracing-core v0.1.32
[INFO] [stderr]    Compiling rayon-core v1.12.1
[INFO] [stderr]    Compiling tokio v1.39.3
[INFO] [stderr]    Compiling regex-syntax v0.8.4
[INFO] [stderr]    Compiling libc v0.2.158
[INFO] [stderr]    Compiling serde_json v1.0.127
[INFO] [stderr]    Compiling getrandom v0.2.15
[INFO] [stderr]    Compiling half v2.4.1
[INFO] [stderr]    Compiling plotters-backend v0.3.6
[INFO] [stderr]    Compiling regex-syntax v0.6.29
[INFO] [stderr]    Compiling anstyle v1.0.8
[INFO] [stderr]    Compiling clap_lex v0.7.2
[INFO] [stderr]    Compiling crossbeam-epoch v0.9.18
[INFO] [stderr]    Compiling ciborium-io v0.2.2
[INFO] [stderr]    Compiling clap_builder v4.5.15
[INFO] [stderr]    Compiling ciborium-ll v0.2.2
[INFO] [stderr]    Compiling plotters-svg v0.3.6
[INFO] [stderr]    Compiling crossbeam-deque v0.8.5
[INFO] [stderr]    Compiling tracing v0.1.40
[INFO] [stderr]    Compiling uuid v1.10.0
[INFO] [stderr]    Compiling regex-automata v0.4.7
[INFO] [stderr]    Compiling regex-automata v0.1.10
[INFO] [stderr]    Compiling tokio-stream v0.1.15
[INFO] [stderr]    Compiling regex v1.10.6
[INFO] [stderr]    Compiling async-stream-impl v0.3.6
[INFO] [stderr]    Compiling itertools v0.10.5
[INFO] [stderr]    Compiling log v0.4.22
[INFO] [stderr]    Compiling overload v0.1.1
[INFO] [stderr]    Compiling cast v0.3.0
[INFO] [stderr]    Compiling same-file v1.0.6
[INFO] [stderr]    Compiling async-stream v0.3.6
[INFO] [stderr]    Compiling walkdir v2.5.0
[INFO] [stderr]    Compiling tracing-log v0.2.0
[INFO] [stderr]    Compiling nu-ansi-term v0.46.0
[INFO] [stderr]    Compiling kameo_macros v0.12.2
[INFO] [stderr]    Compiling sharded-slab v0.1.7
[INFO] [stderr]    Compiling tinytemplate v1.2.1
[INFO] [stderr]    Compiling ciborium v0.2.2
[INFO] [stderr]    Compiling criterion-plot v0.5.0
[INFO] [stderr]    Compiling plotters v0.3.6
[INFO] [stderr]    Compiling matchers v0.1.0
[INFO] [stderr]    Compiling clap v4.5.16
[INFO] [stderr]    Compiling is-terminal v0.4.13
[INFO] [stderr]    Compiling rayon v1.10.0
[INFO] [stderr]    Compiling thread_local v1.1.8
[INFO] [stderr]    Compiling oorandom v11.1.4
[INFO] [stderr]    Compiling bytes v1.7.2
[INFO] [stderr]    Compiling smallvec v1.13.2
[INFO] [stderr]    Compiling anes v0.1.6
[INFO] [stderr]    Compiling kameo v0.12.2 (/opt/rustwide/workdir)
[INFO] [stderr]    Compiling tracing-subscriber v0.3.18
[INFO] [stderr]    Compiling tokio-test v0.4.4
[INFO] [stderr]    Compiling criterion v0.5.1
[INFO] [stdout] error[E0433]: failed to resolve: could not find `remote` in `kameo`
[INFO] [stdout]   --> examples/remote.rs:6:5
[INFO] [stdout]    |
[INFO] [stdout] 6  |     remote::{dial_opts::DialOpts, ActorSwarm},
[INFO] [stdout]    |     ^^^^^^ could not find `remote` in `kameo`
[INFO] [stdout]    |
[INFO] [stdout] note: found an item that was configured out
[INFO] [stdout]   --> /opt/rustwide/workdir/src/lib.rs:14:9
[INFO] [stdout]    |
[INFO] [stdout] 14 | pub mod remote;
[INFO] [stdout]    |         ^^^^^^
[INFO] [stdout] note: the item is gated behind the `remote` feature
[INFO] [stdout]   --> /opt/rustwide/workdir/src/lib.rs:13:7
[INFO] [stdout]    |
[INFO] [stdout] 13 | #[cfg(feature = "remote")]
[INFO] [stdout]    |       ^^^^^^^^^^^^^^^^^^
[INFO] [stdout] 
[INFO] [stdout] 
[INFO] [stdout] error[E0432]: unresolved imports `kameo::actor::RemoteActorRef`, `kameo::remote`
[INFO] [stdout]   --> examples/remote.rs:4:5
[INFO] [stdout]    |
[INFO] [stdout] 4  |     actor::RemoteActorRef,
[INFO] [stdout]    |     ^^^^^^^^^^^^^^^^^^^^^ no `RemoteActorRef` in `actor`
[INFO] [stdout] 5  |     message::{Context, Message},
[INFO] [stdout] 6  |     remote::{dial_opts::DialOpts, ActorSwarm},
[INFO] [stdout]    |     ^^^^^^ could not find `remote` in `kameo`
[INFO] [stdout]    |
[INFO] [stdout] note: found an item that was configured out
[INFO] [stdout]   --> /opt/rustwide/workdir/src/lib.rs:14:9
[INFO] [stdout]    |
[INFO] [stdout] 14 | pub mod remote;
[INFO] [stdout]    |         ^^^^^^
[INFO] [stdout] note: the item is gated behind the `remote` feature
[INFO] [stdout]   --> /opt/rustwide/workdir/src/lib.rs:13:7
[INFO] [stdout]    |
[INFO] [stdout] 13 | #[cfg(feature = "remote")]
[INFO] [stdout]    |       ^^^^^^^^^^^^^^^^^^
[INFO] [stdout] 
[INFO] [stdout] 
[INFO] [stdout] error[E0433]: failed to resolve: could not find `remote` in `kameo`
[INFO] [stdout]   --> examples/remote.rs:25:1
[INFO] [stdout]    |
[INFO] [stdout] 25 | #[remote_message("3b9128f1-0593-44a0-b83a-f4188baa05bf")]
[INFO] [stdout]    | ^^^^^^^^^^^^^^^^^^^^^^^^^^^^^^^^^^^^^^^^^^^^^^^^^^^^^^^^^ could not find `remote` in `kameo`
[INFO] [stdout]    |
[INFO] [stdout]    = note: this error originates in the attribute macro `remote_message` (in Nightly builds, run with -Z macro-backtrace for more info)
[INFO] [stdout] 
[INFO] [stdout] 
[INFO] [stdout] error[E0433]: failed to resolve: could not find `remote` in `kameo`
[INFO] [stdout]   --> examples/remote.rs:41:1
[INFO] [stdout]    |
[INFO] [stdout] 41 | #[remote_message("20185b42-8645-47d2-8d65-2d1c68d26823")]
[INFO] [stdout]    | ^^^^^^^^^^^^^^^^^^^^^^^^^^^^^^^^^^^^^^^^^^^^^^^^^^^^^^^^^ could not find `remote` in `kameo`
[INFO] [stdout]    |
[INFO] [stdout]    = note: this error originates in the attribute macro `remote_message` (in Nightly builds, run with -Z macro-backtrace for more info)
[INFO] [stdout] 
[INFO] [stdout] 
[INFO] [stdout] error: cannot find attribute `linkme` in this scope
[INFO] [stdout]   --> examples/remote.rs:25:1
[INFO] [stdout]    |
[INFO] [stdout] 25 | #[remote_message("3b9128f1-0593-44a0-b83a-f4188baa05bf")]
[INFO] [stdout]    | ^^^^^^^^^^^^^^^^^^^^^^^^^^^^^^^^^^^^^^^^^^^^^^^^^^^^^^^^^ help: a built-in attribute with a similar name exists: `link`
[INFO] [stdout]    |
[INFO] [stdout]    = note: this error originates in the attribute macro `remote_message` (in Nightly builds, run with -Z macro-backtrace for more info)
[INFO] [stdout] 
[INFO] [stdout] 
[INFO] [stdout] error: cannot find attribute `linkme` in this scope
[INFO] [stdout]   --> examples/remote.rs:41:1
[INFO] [stdout]    |
[INFO] [stdout] 41 | #[remote_message("20185b42-8645-47d2-8d65-2d1c68d26823")]
[INFO] [stdout]    | ^^^^^^^^^^^^^^^^^^^^^^^^^^^^^^^^^^^^^^^^^^^^^^^^^^^^^^^^^ help: a built-in attribute with a similar name exists: `link`
[INFO] [stdout]    |
[INFO] [stdout]    = note: this error originates in the attribute macro `remote_message` (in Nightly builds, run with -Z macro-backtrace for more info)
[INFO] [stdout] 
[INFO] [stdout] 
[INFO] [stdout] error[E0433]: failed to resolve: could not find `remote` in `kameo`
[INFO] [stdout]   --> examples/remote.rs:15:17
[INFO] [stdout]    |
[INFO] [stdout] 15 | #[derive(Actor, RemoteActor)]
[INFO] [stdout]    |                 ^^^^^^^^^^^ could not find `remote` in `kameo`
[INFO] [stdout]    |
[INFO] [stdout] note: found an item that was configured out
[INFO] [stdout]   --> /opt/rustwide/workdir/src/lib.rs:14:9
[INFO] [stdout]    |
[INFO] [stdout] 14 | pub mod remote;
[INFO] [stdout]    |         ^^^^^^
[INFO] [stdout] note: the item is gated behind the `remote` feature
[INFO] [stdout]   --> /opt/rustwide/workdir/src/lib.rs:13:7
[INFO] [stdout]    |
[INFO] [stdout] 13 | #[cfg(feature = "remote")]
[INFO] [stdout]    |       ^^^^^^^^^^^^^^^^^^
[INFO] [stdout]    = note: this error originates in the derive macro `RemoteActor` (in Nightly builds, run with -Z macro-backtrace for more info)
[INFO] [stdout] 
[INFO] [stdout] 
[INFO] [stdout] error[E0433]: failed to resolve: could not find `remote` in `kameo`
[INFO] [stdout]   --> examples/remote.rs:25:1
[INFO] [stdout]    |
[INFO] [stdout] 25 | #[remote_message("3b9128f1-0593-44a0-b83a-f4188baa05bf")]
[INFO] [stdout]    | ^^^^^^^^^^^^^^^^^^^^^^^^^^^^^^^^^^^^^^^^^^^^^^^^^^^^^^^^^ could not find `remote` in `kameo`
[INFO] [stdout]    |
[INFO] [stdout] note: found an item that was configured out
[INFO] [stdout]   --> /opt/rustwide/workdir/src/lib.rs:14:9
[INFO] [stdout]    |
[INFO] [stdout] 14 | pub mod remote;
[INFO] [stdout]    |         ^^^^^^
[INFO] [stdout] note: the item is gated behind the `remote` feature
[INFO] [stdout]   --> /opt/rustwide/workdir/src/lib.rs:13:7
[INFO] [stdout]    |
[INFO] [stdout] 13 | #[cfg(feature = "remote")]
[INFO] [stdout]    |       ^^^^^^^^^^^^^^^^^^
[INFO] [stdout]    = note: this error originates in the attribute macro `remote_message` (in Nightly builds, run with -Z macro-backtrace for more info)
[INFO] [stdout] 
[INFO] [stdout] 
[INFO] [stdout] error[E0433]: failed to resolve: could not find `remote` in `kameo`
[INFO] [stdout]   --> examples/remote.rs:25:1
[INFO] [stdout]    |
[INFO] [stdout] 25 | #[remote_message("3b9128f1-0593-44a0-b83a-f4188baa05bf")]
[INFO] [stdout]    | ^^^^^^^^^^^^^^^^^^^^^^^^^^^^^^^^^^^^^^^^^^^^^^^^^^^^^^^^^ could not find `remote` in `kameo`
[INFO] [stdout]    |
[INFO] [stdout] note: found an item that was configured out
[INFO] [stdout]   --> /opt/rustwide/workdir/src/lib.rs:14:9
[INFO] [stdout]    |
[INFO] [stdout] 14 | pub mod remote;
[INFO] [stdout]    |         ^^^^^^
[INFO] [stdout] note: the item is gated behind the `remote` feature
[INFO] [stdout]   --> /opt/rustwide/workdir/src/lib.rs:13:7
[INFO] [stdout]    |
[INFO] [stdout] 13 | #[cfg(feature = "remote")]
[INFO] [stdout]    |       ^^^^^^^^^^^^^^^^^^
[INFO] [stdout]    = note: this error originates in the attribute macro `remote_message` (in Nightly builds, run with -Z macro-backtrace for more info)
[INFO] [stdout] 
[INFO] [stdout] 
[INFO] [stdout] error[E0433]: failed to resolve: could not find `remote` in `kameo`
[INFO] [stdout]   --> examples/remote.rs:41:1
[INFO] [stdout]    |
[INFO] [stdout] 41 | #[remote_message("20185b42-8645-47d2-8d65-2d1c68d26823")]
[INFO] [stdout]    | ^^^^^^^^^^^^^^^^^^^^^^^^^^^^^^^^^^^^^^^^^^^^^^^^^^^^^^^^^ could not find `remote` in `kameo`
[INFO] [stdout]    |
[INFO] [stdout] note: found an item that was configured out
[INFO] [stdout]   --> /opt/rustwide/workdir/src/lib.rs:14:9
[INFO] [stdout]    |
[INFO] [stdout] 14 | pub mod remote;
[INFO] [stdout]    |         ^^^^^^
[INFO] [stdout] note: the item is gated behind the `remote` feature
[INFO] [stdout]   --> /opt/rustwide/workdir/src/lib.rs:13:7
[INFO] [stdout]    |
[INFO] [stdout] 13 | #[cfg(feature = "remote")]
[INFO] [stdout]    |       ^^^^^^^^^^^^^^^^^^
[INFO] [stdout]    = note: this error originates in the attribute macro `remote_message` (in Nightly builds, run with -Z macro-backtrace for more info)
[INFO] [stdout] 
[INFO] [stdout] 
[INFO] [stdout] error[E0433]: failed to resolve: could not find `remote` in `kameo`
[INFO] [stdout]   --> examples/remote.rs:41:1
[INFO] [stdout]    |
[INFO] [stdout] 41 | #[remote_message("20185b42-8645-47d2-8d65-2d1c68d26823")]
[INFO] [stdout]    | ^^^^^^^^^^^^^^^^^^^^^^^^^^^^^^^^^^^^^^^^^^^^^^^^^^^^^^^^^ could not find `remote` in `kameo`
[INFO] [stdout]    |
[INFO] [stdout] note: found an item that was configured out
[INFO] [stdout]   --> /opt/rustwide/workdir/src/lib.rs:14:9
[INFO] [stdout]    |
[INFO] [stdout] 14 | pub mod remote;
[INFO] [stdout]    |         ^^^^^^
[INFO] [stdout] note: the item is gated behind the `remote` feature
[INFO] [stdout]   --> /opt/rustwide/workdir/src/lib.rs:13:7
[INFO] [stdout]    |
[INFO] [stdout] 13 | #[cfg(feature = "remote")]
[INFO] [stdout]    |       ^^^^^^^^^^^^^^^^^^
[INFO] [stdout]    = note: this error originates in the attribute macro `remote_message` (in Nightly builds, run with -Z macro-backtrace for more info)
[INFO] [stdout] 
[INFO] [stdout] 
[INFO] [stdout] Some errors have detailed explanations: E0432, E0433.
[INFO] [stdout] 
[INFO] [stdout] For more information about an error, try `rustc --explain E0432`.
[INFO] [stdout] 
[INFO] [stderr] error: could not compile `kameo` (example "remote") due to 11 previous errors
[INFO] [stderr] warning: build failed, waiting for other jobs to finish...
[INFO] running `Command { std: "docker" "inspect" "ba05ef5a61b914125240cb8bf86d6c151ae3641e609e8ea23e5f0c1a49583338", kill_on_drop: false }`
[INFO] running `Command { std: "docker" "rm" "-f" "ba05ef5a61b914125240cb8bf86d6c151ae3641e609e8ea23e5f0c1a49583338", kill_on_drop: false }`
[INFO] [stdout] ba05ef5a61b914125240cb8bf86d6c151ae3641e609e8ea23e5f0c1a49583338
