[INFO] fetching crate kaige_ecs 0.4.0...
[INFO] testing kaige_ecs-0.4.0 against nightly-2024-10-28+rustflags=-Zrandomize-layout for randomize-layout
[INFO] extracting crate kaige_ecs 0.4.0 into /workspace/builds/worker-0-tc2/source
[INFO] validating manifest of crates.io crate kaige_ecs 0.4.0 on toolchain nightly-2024-10-28
[INFO] running `Command { std: CARGO_HOME="/workspace/cargo-home" RUSTUP_HOME="/workspace/rustup-home" "/workspace/cargo-home/bin/cargo" "+nightly-2024-10-28" "metadata" "--manifest-path" "Cargo.toml" "--no-deps", kill_on_drop: false }`
[INFO] started tweaking crates.io crate kaige_ecs 0.4.0
[INFO] removed 0 missing tests
[INFO] finished tweaking crates.io crate kaige_ecs 0.4.0
[INFO] tweaked toml for crates.io crate kaige_ecs 0.4.0 written to /workspace/builds/worker-0-tc2/source/Cargo.toml
[INFO] running `Command { std: CARGO_HOME="/workspace/cargo-home" RUSTUP_HOME="/workspace/rustup-home" "/workspace/cargo-home/bin/cargo" "+nightly-2024-10-28" "generate-lockfile" "--manifest-path" "Cargo.toml", kill_on_drop: false }`
[INFO] [stderr]     Updating crates.io index
[INFO] [stderr]      Locking 107 packages to latest compatible versions
[INFO] [stderr]       Adding bit-set v0.5.3 (available: v0.8.0)
[INFO] [stderr]       Adding criterion v0.3.6 (available: v0.5.1)
[INFO] [stderr]       Adding erased-serde v0.3.31 (available: v0.4.5)
[INFO] [stderr]       Adding itertools v0.10.5 (available: v0.13.0)
[INFO] [stderr]       Adding parking_lot v0.11.2 (available: v0.12.3)
[INFO] [stderr]       Adding uuid v0.8.2 (available: v1.11.0)
[INFO] running `Command { std: CARGO_HOME="/workspace/cargo-home" RUSTUP_HOME="/workspace/rustup-home" "/workspace/cargo-home/bin/cargo" "+nightly-2024-10-28" "fetch" "--manifest-path" "Cargo.toml", kill_on_drop: false }`
[INFO] running `Command { std: "docker" "create" "-v" "/var/lib/crater-agent-workspace/builds/worker-0-tc2/target:/opt/rustwide/target:rw,Z" "-v" "/var/lib/crater-agent-workspace/builds/worker-0-tc2/source:/opt/rustwide/workdir:ro,Z" "-v" "/var/lib/crater-agent-workspace/cargo-home:/opt/rustwide/cargo-home:ro,Z" "-v" "/var/lib/crater-agent-workspace/rustup-home:/opt/rustwide/rustup-home:ro,Z" "-e" "SOURCE_DIR=/opt/rustwide/workdir" "-e" "CARGO_TARGET_DIR=/opt/rustwide/target" "-e" "CARGO_HOME=/opt/rustwide/cargo-home" "-e" "RUSTUP_HOME=/opt/rustwide/rustup-home" "-w" "/opt/rustwide/workdir" "-m" "1610612736" "--user" "0:0" "--network" "none" "ghcr.io/rust-lang/crates-build-env/linux@sha256:4a844ea9eb2546a2d2c7022eacef16ef2e8229c7fbb2c7d4d55a9ceca922f72d" "/opt/rustwide/cargo-home/bin/cargo" "+nightly-2024-10-28" "metadata" "--no-deps" "--format-version=1", kill_on_drop: false }`
[INFO] [stdout] b01faa7c223641b767ee6977d8c975a19d33c4a41f4ea2477782bb9f9a03c4aa
[INFO] running `Command { std: "docker" "start" "-a" "b01faa7c223641b767ee6977d8c975a19d33c4a41f4ea2477782bb9f9a03c4aa", kill_on_drop: false }`
[INFO] running `Command { std: "docker" "inspect" "b01faa7c223641b767ee6977d8c975a19d33c4a41f4ea2477782bb9f9a03c4aa", kill_on_drop: false }`
[INFO] running `Command { std: "docker" "rm" "-f" "b01faa7c223641b767ee6977d8c975a19d33c4a41f4ea2477782bb9f9a03c4aa", kill_on_drop: false }`
[INFO] [stdout] b01faa7c223641b767ee6977d8c975a19d33c4a41f4ea2477782bb9f9a03c4aa
[INFO] running `Command { std: "docker" "create" "-v" "/var/lib/crater-agent-workspace/builds/worker-0-tc2/target:/opt/rustwide/target:rw,Z" "-v" "/var/lib/crater-agent-workspace/builds/worker-0-tc2/source:/opt/rustwide/workdir:ro,Z" "-v" "/var/lib/crater-agent-workspace/cargo-home:/opt/rustwide/cargo-home:ro,Z" "-v" "/var/lib/crater-agent-workspace/rustup-home:/opt/rustwide/rustup-home:ro,Z" "-e" "SOURCE_DIR=/opt/rustwide/workdir" "-e" "CARGO_TARGET_DIR=/opt/rustwide/target" "-e" "CARGO_INCREMENTAL=0" "-e" "RUST_BACKTRACE=full" "-e" "RUSTFLAGS=--cap-lints=forbid -Zrandomize-layout" "-e" "RUSTDOCFLAGS=--cap-lints=forbid" "-e" "CARGO_HOME=/opt/rustwide/cargo-home" "-e" "RUSTUP_HOME=/opt/rustwide/rustup-home" "-w" "/opt/rustwide/workdir" "-m" "1610612736" "--user" "0:0" "--network" "none" "ghcr.io/rust-lang/crates-build-env/linux@sha256:4a844ea9eb2546a2d2c7022eacef16ef2e8229c7fbb2c7d4d55a9ceca922f72d" "/opt/rustwide/cargo-home/bin/cargo" "+nightly-2024-10-28" "build" "--frozen" "--message-format=json", kill_on_drop: false }`
[INFO] [stdout] 7447c99f286335f3d36b9200ff530f53159b266d53318533599482d66fb7b3d7
[INFO] running `Command { std: "docker" "start" "-a" "7447c99f286335f3d36b9200ff530f53159b266d53318533599482d66fb7b3d7", kill_on_drop: false }`
[INFO] [stderr]    Compiling serde v1.0.214
[INFO] [stderr]    Compiling lock_api v0.4.12
[INFO] [stderr]    Compiling parking_lot_core v0.8.6
[INFO] [stderr]    Compiling syn v1.0.109
[INFO] [stderr]    Compiling instant v0.1.13
[INFO] [stderr]    Compiling either v1.13.0
[INFO] [stderr]    Compiling scopeguard v1.2.0
[INFO] [stderr]    Compiling getrandom v0.2.15
[INFO] [stderr]    Compiling bit-vec v0.6.3
[INFO] [stderr]    Compiling crossbeam-channel v0.5.13
[INFO] [stderr]    Compiling itertools v0.10.5
[INFO] [stderr]    Compiling rayon v1.10.0
[INFO] [stderr]    Compiling bit-set v0.5.3
[INFO] [stderr]    Compiling scoped-tls-hkt v0.1.5
[INFO] [stderr]    Compiling parking_lot v0.11.2
[INFO] [stderr]    Compiling downcast-rs v1.2.1
[INFO] [stderr]    Compiling atomic_refcell v0.1.13
[INFO] [stderr]    Compiling uuid v0.8.2
[INFO] [stderr]    Compiling erased-serde v0.3.31
[INFO] [stderr]    Compiling kaige_codegen v0.4.0
[INFO] [stderr]    Compiling kaige_ecs v0.4.0 (/opt/rustwide/workdir)
[INFO] [stdout] warning: elided lifetime has a name
[INFO] [stdout]    --> src/internals/query/mod.rs:183:11
[INFO] [stdout]     |
[INFO] [stdout] 180 |     fn evaluate_query<'a>(
[INFO] [stdout]     |                       -- lifetime `'a` declared here
[INFO] [stdout] ...
[INFO] [stdout] 183 |     ) -> (&mut Mutex<F>, QueryResult<'a>) {
[INFO] [stdout]     |           ^ this elided lifetime gets resolved as `'a`
[INFO] [stdout]     |
[INFO] [stdout]     = note: `#[warn(elided_named_lifetimes)]` on by default
[INFO] [stdout] 
[INFO] [stdout] 
[INFO] [stdout] warning: unexpected `cfg` condition value: `type-uuid`
[INFO] [stdout]   --> src/serialize.rs:42:7
[INFO] [stdout]    |
[INFO] [stdout] 42 | #[cfg(feature = "type-uuid")]
[INFO] [stdout]    |       ^^^^^^^^^^^^^^^^^^^^^
[INFO] [stdout]    |
[INFO] [stdout]    = note: expected values for `feature` are: `codegen`, `crossbeam-channel`, `crossbeam-events`, `default`, `erased-serde`, `extended-tuple-impls`, `kaige_codegen`, `no-reexport`, `parallel`, `rayon`, `reexport`, `scoped-tls-hkt`, `serde`, `serialize`, `stdweb`, `uuid`, and `wasm-bindgen`
[INFO] [stdout]    = help: consider adding `type-uuid` as a feature in `Cargo.toml`
[INFO] [stdout]    = note: see <https://doc.rust-lang.org/nightly/rustc/check-cfg/cargo-specifics.html> for more information about checking conditional configuration
[INFO] [stdout]    = note: `#[warn(unexpected_cfgs)]` on by default
[INFO] [stdout] 
[INFO] [stdout] 
[INFO] [stdout] warning: use of deprecated method `itertools::Itertools::fold1`: Use `Iterator::reduce` instead
[INFO] [stdout]    --> src/internals/permissions.rs:272:18
[INFO] [stdout]     |
[INFO] [stdout] 272 |                 .fold1(|x, y| format!("{}, {}", x, y))
[INFO] [stdout]     |                  ^^^^^
[INFO] [stdout]     |
[INFO] [stdout]     = note: `#[warn(deprecated)]` on by default
[INFO] [stdout] 
[INFO] [stdout] 
[INFO] [stdout] warning: use of deprecated method `itertools::Itertools::fold1`: Use `Iterator::reduce` instead
[INFO] [stdout]    --> src/internals/permissions.rs:292:18
[INFO] [stdout]     |
[INFO] [stdout] 292 |                 .fold1(|x, y| format!("{}, {}", x, y))
[INFO] [stdout]     |                  ^^^^^
[INFO] [stdout] 
[INFO] [stdout] 
[INFO] [stdout] warning: method `prepend` is never used
[INFO] [stdout]   --> src/internals/cons.rs:34:8
[INFO] [stdout]    |
[INFO] [stdout] 30 | pub trait ConsPrepend<T> {
[INFO] [stdout]    |           ----------- method in this trait
[INFO] [stdout] ...
[INFO] [stdout] 34 |     fn prepend(self, t: T) -> Self::Output;
[INFO] [stdout]    |        ^^^^^^^
[INFO] [stdout]    |
[INFO] [stdout]    = note: `#[warn(dead_code)]` on by default
[INFO] [stdout] 
[INFO] [stdout] 
[INFO] [stdout] warning: method `into` is never used
[INFO] [stdout]   --> src/internals/iter/map.rs:17:8
[INFO] [stdout]    |
[INFO] [stdout] 16 | pub trait Into<T> {
[INFO] [stdout]    |           ---- method in this trait
[INFO] [stdout] 17 |     fn into(self) -> T;
[INFO] [stdout]    |        ^^^^
[INFO] [stdout] 
[INFO] [stdout] 
[INFO] [stderr]     Finished `dev` profile [unoptimized + debuginfo] target(s) in 4.45s
[INFO] running `Command { std: "docker" "inspect" "7447c99f286335f3d36b9200ff530f53159b266d53318533599482d66fb7b3d7", kill_on_drop: false }`
[INFO] running `Command { std: "docker" "rm" "-f" "7447c99f286335f3d36b9200ff530f53159b266d53318533599482d66fb7b3d7", kill_on_drop: false }`
[INFO] [stdout] 7447c99f286335f3d36b9200ff530f53159b266d53318533599482d66fb7b3d7
[INFO] running `Command { std: "docker" "create" "-v" "/var/lib/crater-agent-workspace/builds/worker-0-tc2/target:/opt/rustwide/target:rw,Z" "-v" "/var/lib/crater-agent-workspace/builds/worker-0-tc2/source:/opt/rustwide/workdir:ro,Z" "-v" "/var/lib/crater-agent-workspace/cargo-home:/opt/rustwide/cargo-home:ro,Z" "-v" "/var/lib/crater-agent-workspace/rustup-home:/opt/rustwide/rustup-home:ro,Z" "-e" "SOURCE_DIR=/opt/rustwide/workdir" "-e" "CARGO_TARGET_DIR=/opt/rustwide/target" "-e" "CARGO_INCREMENTAL=0" "-e" "RUST_BACKTRACE=full" "-e" "RUSTFLAGS=--cap-lints=forbid -Zrandomize-layout" "-e" "RUSTDOCFLAGS=--cap-lints=forbid" "-e" "CARGO_HOME=/opt/rustwide/cargo-home" "-e" "RUSTUP_HOME=/opt/rustwide/rustup-home" "-w" "/opt/rustwide/workdir" "-m" "1610612736" "--user" "0:0" "--network" "none" "ghcr.io/rust-lang/crates-build-env/linux@sha256:4a844ea9eb2546a2d2c7022eacef16ef2e8229c7fbb2c7d4d55a9ceca922f72d" "/opt/rustwide/cargo-home/bin/cargo" "+nightly-2024-10-28" "test" "--frozen" "--no-run" "--message-format=json", kill_on_drop: false }`
[INFO] [stdout] 6310f28202bf380ee94bf82a4041eab553c1b73d6bd3202115539f1432a8a48d
[INFO] running `Command { std: "docker" "start" "-a" "6310f28202bf380ee94bf82a4041eab553c1b73d6bd3202115539f1432a8a48d", kill_on_drop: false }`
[INFO] [stderr]    Compiling num-traits v0.2.19
[INFO] [stderr]    Compiling plotters-backend v0.3.7
[INFO] [stderr]    Compiling serde_json v1.0.132
[INFO] [stderr]    Compiling toml_datetime v0.6.8
[INFO] [stderr]    Compiling serde_spanned v0.6.8
[INFO] [stderr]    Compiling unicode-width v0.1.14
[INFO] [stderr]    Compiling regex-syntax v0.8.5
[INFO] [stderr]    Compiling csv-core v0.1.11
[INFO] [stderr]    Compiling cast v0.3.0
[INFO] [stderr]    Compiling textwrap v0.11.0
[INFO] [stderr]    Compiling plotters-svg v0.3.7
[INFO] [stderr]    Compiling toml_edit v0.22.22
[INFO] [stderr]    Compiling cgmath v0.18.0
[INFO] [stderr]    Compiling half v1.8.3
[INFO] [stderr]    Compiling clap v2.34.0
[INFO] [stderr]    Compiling walkdir v2.5.0
[INFO] [stderr]    Compiling criterion-plot v0.4.5
[INFO] [stderr]    Compiling serde_cbor v0.11.2
[INFO] [stderr]    Compiling csv v1.3.0
[INFO] [stderr]    Compiling tinytemplate v1.2.1
[INFO] [stderr]    Compiling approx v0.4.0
[INFO] [stderr]    Compiling regex-automata v0.4.8
[INFO] [stderr]    Compiling plotters v0.3.7
[INFO] [stderr]    Compiling atty v0.2.14
[INFO] [stderr]    Compiling oorandom v11.1.4
[INFO] [stderr]    Compiling bincode v1.3.3
[INFO] [stdout] warning: elided lifetime has a name
[INFO] [stdout]    --> src/internals/query/mod.rs:183:11
[INFO] [stdout]     |
[INFO] [stdout] 180 |     fn evaluate_query<'a>(
[INFO] [stdout]     |                       -- lifetime `'a` declared here
[INFO] [stdout] ...
[INFO] [stdout] 183 |     ) -> (&mut Mutex<F>, QueryResult<'a>) {
[INFO] [stdout]     |           ^ this elided lifetime gets resolved as `'a`
[INFO] [stdout]     |
[INFO] [stdout]     = note: `#[warn(elided_named_lifetimes)]` on by default
[INFO] [stdout] 
[INFO] [stdout] 
[INFO] [stdout] warning: unexpected `cfg` condition value: `type-uuid`
[INFO] [stdout]   --> src/serialize.rs:42:7
[INFO] [stdout]    |
[INFO] [stdout] 42 | #[cfg(feature = "type-uuid")]
[INFO] [stdout]    |       ^^^^^^^^^^^^^^^^^^^^^
[INFO] [stdout]    |
[INFO] [stdout]    = note: expected values for `feature` are: `codegen`, `crossbeam-channel`, `crossbeam-events`, `default`, `erased-serde`, `extended-tuple-impls`, `kaige_codegen`, `no-reexport`, `parallel`, `rayon`, `reexport`, `scoped-tls-hkt`, `serde`, `serialize`, `stdweb`, `uuid`, and `wasm-bindgen`
[INFO] [stdout]    = help: consider adding `type-uuid` as a feature in `Cargo.toml`
[INFO] [stdout]    = note: see <https://doc.rust-lang.org/nightly/rustc/check-cfg/cargo-specifics.html> for more information about checking conditional configuration
[INFO] [stdout]    = note: `#[warn(unexpected_cfgs)]` on by default
[INFO] [stdout] 
[INFO] [stdout] 
[INFO] [stdout] warning: use of deprecated method `itertools::Itertools::fold1`: Use `Iterator::reduce` instead
[INFO] [stdout]    --> src/internals/permissions.rs:272:18
[INFO] [stdout]     |
[INFO] [stdout] 272 |                 .fold1(|x, y| format!("{}, {}", x, y))
[INFO] [stdout]     |                  ^^^^^
[INFO] [stdout]     |
[INFO] [stdout]     = note: `#[warn(deprecated)]` on by default
[INFO] [stdout] 
[INFO] [stdout] 
[INFO] [stdout] warning: use of deprecated method `itertools::Itertools::fold1`: Use `Iterator::reduce` instead
[INFO] [stdout]    --> src/internals/permissions.rs:292:18
[INFO] [stdout]     |
[INFO] [stdout] 292 |                 .fold1(|x, y| format!("{}, {}", x, y))
[INFO] [stdout]     |                  ^^^^^
[INFO] [stdout] 
[INFO] [stdout] 
[INFO] [stdout] warning: method `prepend` is never used
[INFO] [stdout]   --> src/internals/cons.rs:34:8
[INFO] [stdout]    |
[INFO] [stdout] 30 | pub trait ConsPrepend<T> {
[INFO] [stdout]    |           ----------- method in this trait
[INFO] [stdout] ...
[INFO] [stdout] 34 |     fn prepend(self, t: T) -> Self::Output;
[INFO] [stdout]    |        ^^^^^^^
[INFO] [stdout]    |
[INFO] [stdout]    = note: `#[warn(dead_code)]` on by default
[INFO] [stdout] 
[INFO] [stdout] 
[INFO] [stdout] warning: method `into` is never used
[INFO] [stdout]   --> src/internals/iter/map.rs:17:8
[INFO] [stdout]    |
[INFO] [stdout] 16 | pub trait Into<T> {
[INFO] [stdout]    |           ---- method in this trait
[INFO] [stdout] 17 |     fn into(self) -> T;
[INFO] [stdout]    |        ^^^^
[INFO] [stdout] 
[INFO] [stdout] 
[INFO] [stderr]    Compiling toml v0.8.19
[INFO] [stderr]    Compiling regex v1.11.1
[INFO] [stderr]    Compiling trybuild v1.0.101
[INFO] [stderr]    Compiling criterion v0.3.6
[INFO] [stderr]    Compiling kaige_ecs v0.4.0 (/opt/rustwide/workdir)
[INFO] [stdout] error[E0433]: failed to resolve: use of undeclared crate or module `legion`
[INFO] [stdout]  --> tests/systems_par_for_each.rs:5:9
[INFO] [stdout]   |
[INFO] [stdout] 5 |     use legion::{
[INFO] [stdout]   |         ^^^^^^ use of undeclared crate or module `legion`
[INFO] [stdout] 
[INFO] [stdout] 
[INFO] [stdout] error[E0433]: failed to resolve: use of undeclared crate or module `legion`
[INFO] [stdout]   --> tests/systems_basic.rs:11:9
[INFO] [stdout]    |
[INFO] [stdout] 11 |     use legion::{
[INFO] [stdout]    |         ^^^^^^ use of undeclared crate or module `legion`
[INFO] [stdout] 
[INFO] [stdout] 
[INFO] [stdout] error[E0433]: failed to resolve: use of undeclared crate or module `legion`
[INFO] [stdout]  --> tests/systems_for_each.rs:5:9
[INFO] [stdout]   |
[INFO] [stdout] 5 |     use legion::{
[INFO] [stdout]   |         ^^^^^^ use of undeclared crate or module `legion`
[INFO] [stdout] 
[INFO] [stdout] 
[INFO] [stdout] error[E0432]: unresolved import `legion`
[INFO] [stdout]  --> tests/systems_for_each.rs:5:9
[INFO] [stdout]   |
[INFO] [stdout] 5 |     use legion::{
[INFO] [stdout]   |         ^^^^^^ use of undeclared crate or module `legion`
[INFO] [stdout] 
[INFO] [stdout] 
[INFO] [stdout] error[E0432]: unresolved import `legion`
[INFO] [stdout]   --> tests/systems_basic.rs:11:9
[INFO] [stdout]    |
[INFO] [stdout] 11 |     use legion::{
[INFO] [stdout]    |         ^^^^^^ use of undeclared crate or module `legion`
[INFO] [stdout] 
[INFO] [stdout] 
[INFO] [stdout] error[E0432]: unresolved import `legion`
[INFO] [stdout]  --> tests/systems_par_for_each.rs:5:9
[INFO] [stdout]   |
[INFO] [stdout] 5 |     use legion::{
[INFO] [stdout]   |         ^^^^^^ use of undeclared crate or module `legion`
[INFO] [stdout] 
[INFO] [stdout] 
[INFO] [stdout] error[E0432]: unresolved import `legion`
[INFO] [stdout]  --> tests/world_api.rs:3:5
[INFO] [stdout]   |
[INFO] [stdout] 3 | use legion::*;
[INFO] [stdout]   |     ^^^^^^ use of undeclared crate or module `legion`
[INFO] [stdout] 
[INFO] [stdout] 
[INFO] [stdout] error[E0432]: unresolved import `legion`
[INFO] [stdout]  --> tests/codegen.rs:1:5
[INFO] [stdout]   |
[INFO] [stdout] 1 | use legion::*;
[INFO] [stdout]   |     ^^^^^^ use of undeclared crate or module `legion`
[INFO] [stdout] 
[INFO] [stdout] 
[INFO] [stdout] error[E0432]: unresolved import `legion`
[INFO] [stdout]  --> tests/query_api.rs:7:5
[INFO] [stdout]   |
[INFO] [stdout] 7 | use legion::*;
[INFO] [stdout]   |     ^^^^^^ use of undeclared crate or module `legion`
[INFO] [stdout] 
[INFO] [stdout] 
[INFO] [stdout] error[E0432]: unresolved import `world`
[INFO] [stdout]  --> tests/codegen.rs:2:5
[INFO] [stdout]   |
[INFO] [stdout] 2 | use world::SubWorld;
[INFO] [stdout]   |     ^^^^^ help: a similar path exists: `kaige_ecs::world`
[INFO] [stdout] 
[INFO] [stdout] 
[INFO] [stdout] error[E0432]: unresolved import `query`
[INFO] [stdout]  --> tests/query_api.rs:8:5
[INFO] [stdout]   |
[INFO] [stdout] 8 | use query::Query;
[INFO] [stdout]   |     ^^^^^ help: a similar path exists: `kaige_ecs::query`
[INFO] [stdout] 
[INFO] [stdout] 
[INFO] [stdout] error: cannot find attribute `resource` in this scope
[INFO] [stdout]   --> tests/systems_par_for_each.rs:20:35
[INFO] [stdout]    |
[INFO] [stdout] 20 |         fn for_each(_: &Entity, #[resource] _: &usize) {}
[INFO] [stdout]    |                                   ^^^^^^^^
[INFO] [stdout] 
[INFO] [stdout] 
[INFO] [stdout] error: cannot find attribute `resource` in this scope
[INFO] [stdout]   --> tests/systems_basic.rs:27:20
[INFO] [stdout]    |
[INFO] [stdout] 27 |         fn basic(#[resource] _: &usize) {}
[INFO] [stdout]    |                    ^^^^^^^^
[INFO] [stdout] 
[INFO] [stdout] 
[INFO] [stdout] error: cannot find attribute `resource` in this scope
[INFO] [stdout]   --> tests/systems_for_each.rs:20:35
[INFO] [stdout]    |
[INFO] [stdout] 20 |         fn for_each(_: &Entity, #[resource] _: &usize) {}
[INFO] [stdout]    |                                   ^^^^^^^^
[INFO] [stdout] 
[INFO] [stdout] 
[INFO] [stdout] error: cannot find attribute `resource` in this scope
[INFO] [stdout]   --> tests/systems_basic.rs:35:20
[INFO] [stdout]    |
[INFO] [stdout] 35 |         fn basic(#[resource] _: &mut usize) {}
[INFO] [stdout]    |                    ^^^^^^^^
[INFO] [stdout] 
[INFO] [stdout] 
[INFO] [stdout] error: cannot find attribute `resource` in this scope
[INFO] [stdout]   --> tests/systems_for_each.rs:28:35
[INFO] [stdout]    |
[INFO] [stdout] 28 |         fn for_each(_: &Entity, #[resource] _: &mut usize) {}
[INFO] [stdout]    |                                   ^^^^^^^^
[INFO] [stdout] 
[INFO] [stdout] 
[INFO] [stdout] error: cannot find attribute `system` in this scope
[INFO] [stdout]  --> tests/codegen.rs:7:7
[INFO] [stdout]   |
[INFO] [stdout] 7 |     #[system]
[INFO] [stdout]   |       ^^^^^^
[INFO] [stdout]   |
[INFO] [stdout] help: consider importing one of these attribute macros
[INFO] [stdout]   |
[INFO] [stdout] 1 + use kaige_codegen::system;
[INFO] [stdout]   |
[INFO] [stdout] 1 + use kaige_ecs::system;
[INFO] [stdout]   |
[INFO] [stdout] 
[INFO] [stdout] 
[INFO] [stdout] error: cannot find attribute `resource` in this scope
[INFO] [stdout]   --> tests/systems_basic.rs:45:20
[INFO] [stdout]    |
[INFO] [stdout] 45 |         fn basic(#[resource] _: &NotSync) {}
[INFO] [stdout]    |                    ^^^^^^^^
[INFO] [stdout] 
[INFO] [stdout] 
[INFO] [stdout] error: cannot find attribute `resource` in this scope
[INFO] [stdout]   --> tests/systems_basic.rs:55:20
[INFO] [stdout]    |
[INFO] [stdout] 55 |         fn basic(#[resource] _: &mut NotSync) {}
[INFO] [stdout]    |                    ^^^^^^^^
[INFO] [stdout] 
[INFO] [stdout] 
[INFO] [stdout] error: cannot find attribute `read_component` in this scope
[INFO] [stdout]   --> tests/systems_basic.rs:63:11
[INFO] [stdout]    |
[INFO] [stdout] 63 |         #[read_component(usize)]
[INFO] [stdout]    |           ^^^^^^^^^^^^^^
[INFO] [stdout] 
[INFO] [stdout] 
[INFO] [stdout] error: cannot find attribute `system` in this scope
[INFO] [stdout]   --> tests/codegen.rs:21:7
[INFO] [stdout]    |
[INFO] [stdout] 21 |     #[system(for_each)]
[INFO] [stdout]    |       ^^^^^^
[INFO] [stdout]    |
[INFO] [stdout] help: consider importing one of these attribute macros
[INFO] [stdout]    |
[INFO] [stdout] 1  + use kaige_codegen::system;
[INFO] [stdout]    |
[INFO] [stdout] 1  + use kaige_ecs::system;
[INFO] [stdout]    |
[INFO] [stdout] 
[INFO] [stdout] 
[INFO] [stdout] error: cannot find attribute `read_component` in this scope
[INFO] [stdout]   --> tests/systems_basic.rs:72:11
[INFO] [stdout]    |
[INFO] [stdout] 72 |         #[read_component(usize)]
[INFO] [stdout]    |           ^^^^^^^^^^^^^^
[INFO] [stdout] 
[INFO] [stdout] 
[INFO] [stdout] error: cannot find attribute `read_component` in this scope
[INFO] [stdout]    --> tests/systems_basic.rs:105:11
[INFO] [stdout]     |
[INFO] [stdout] 105 |         #[read_component(f32)]
[INFO] [stdout]     |           ^^^^^^^^^^^^^^
[INFO] [stdout] 
[INFO] [stdout] 
[INFO] [stdout] error: cannot find attribute `resource` in this scope
[INFO] [stdout]   --> tests/codegen.rs:22:33
[INFO] [stdout]    |
[INFO] [stdout] 22 |     fn sum(component: &usize, #[resource] total: &mut usize) {
[INFO] [stdout]    |                                 ^^^^^^^^
[INFO] [stdout] 
[INFO] [stdout] 
[INFO] [stdout] error: cannot find attribute `write_component` in this scope
[INFO] [stdout]    --> tests/systems_basic.rs:106:11
[INFO] [stdout]     |
[INFO] [stdout] 106 |         #[write_component(usize)]
[INFO] [stdout]     |           ^^^^^^^^^^^^^^^
[INFO] [stdout] 
[INFO] [stdout] 
[INFO] [stdout] error: cannot find attribute `read_component` in this scope
[INFO] [stdout]    --> tests/systems_basic.rs:120:11
[INFO] [stdout]     |
[INFO] [stdout] 120 |         #[read_component(T)]
[INFO] [stdout]     |           ^^^^^^^^^^^^^^
[INFO] [stdout] 
[INFO] [stdout] 
[INFO] [stdout] error: cannot find attribute `system` in this scope
[INFO] [stdout]   --> tests/codegen.rs:43:7
[INFO] [stdout]    |
[INFO] [stdout] 43 |     #[system]
[INFO] [stdout]    |       ^^^^^^
[INFO] [stdout]    |
[INFO] [stdout] help: consider importing one of these attribute macros
[INFO] [stdout]    |
[INFO] [stdout] 1  + use kaige_codegen::system;
[INFO] [stdout]    |
[INFO] [stdout] 1  + use kaige_ecs::system;
[INFO] [stdout]    |
[INFO] [stdout] 
[INFO] [stdout] 
[INFO] [stdout] error: cannot find attribute `read_component` in this scope
[INFO] [stdout]    --> tests/systems_basic.rs:136:11
[INFO] [stdout]     |
[INFO] [stdout] 136 |         #[read_component(T)]
[INFO] [stdout]     |           ^^^^^^^^^^^^^^
[INFO] [stdout] 
[INFO] [stdout] 
[INFO] [stdout] error: cannot find attribute `state` in this scope
[INFO] [stdout]    --> tests/systems_basic.rs:155:32
[INFO] [stdout]     |
[INFO] [stdout] 155 |         fn basic<T: 'static>(#[state] _: &T) {}
[INFO] [stdout]     |                                ^^^^^
[INFO] [stdout] 
[INFO] [stdout] 
[INFO] [stdout] error: cannot find attribute `read_component` in this scope
[INFO] [stdout]   --> tests/codegen.rs:44:7
[INFO] [stdout]    |
[INFO] [stdout] 44 |     #[read_component(f32)]
[INFO] [stdout]    |       ^^^^^^^^^^^^^^
[INFO] [stdout] 
[INFO] [stdout] 
[INFO] [stdout] error: cannot find attribute `state` in this scope
[INFO] [stdout]    --> tests/systems_basic.rs:163:32
[INFO] [stdout]     |
[INFO] [stdout] 163 |         fn basic<T: 'static>(#[state] _: &mut T) {}
[INFO] [stdout]     |                                ^^^^^
[INFO] [stdout] 
[INFO] [stdout] 
[INFO] [stdout] error: cannot find attribute `read_component` in this scope
[INFO] [stdout]   --> tests/codegen.rs:45:7
[INFO] [stdout]    |
[INFO] [stdout] 45 |     #[read_component(f64)]
[INFO] [stdout]    |       ^^^^^^^^^^^^^^
[INFO] [stdout] 
[INFO] [stdout] 
[INFO] [stdout] error[E0425]: cannot find function `for_each_system` in this scope
[INFO] [stdout]   --> tests/systems_par_for_each.rs:14:40
[INFO] [stdout]    |
[INFO] [stdout] 14 |         Schedule::builder().add_system(for_each_system()).build();
[INFO] [stdout]    |                                        ^^^^^^^^^^^^^^^ not found in this scope
[INFO] [stdout] 
[INFO] [stdout] 
[INFO] [stdout] error: cannot find attribute `state` in this scope
[INFO] [stdout]    --> tests/systems_basic.rs:180:15
[INFO] [stdout]     |
[INFO] [stdout] 180 |             #[state] a_count: &Arc<AtomicUsize>,
[INFO] [stdout]     |               ^^^^^
[INFO] [stdout] 
[INFO] [stdout] 
[INFO] [stdout] error: cannot find attribute `state` in this scope
[INFO] [stdout]    --> tests/systems_basic.rs:181:15
[INFO] [stdout]     |
[INFO] [stdout] 181 |             #[state] b_count: &Arc<AtomicUsize>,
[INFO] [stdout]     |               ^^^^^
[INFO] [stdout] 
[INFO] [stdout] 
[INFO] [stdout] error[E0425]: cannot find function `for_each_system` in this scope
[INFO] [stdout]   --> tests/systems_par_for_each.rs:22:40
[INFO] [stdout]    |
[INFO] [stdout] 22 |         Schedule::builder().add_system(for_each_system()).build();
[INFO] [stdout]    |                                        ^^^^^^^^^^^^^^^ not found in this scope
[INFO] [stdout] 
[INFO] [stdout] 
[INFO] [stdout] error[E0425]: cannot find function `for_each_system` in this scope
[INFO] [stdout]   --> tests/systems_par_for_each.rs:30:40
[INFO] [stdout]    |
[INFO] [stdout] 30 |         Schedule::builder().add_system(for_each_system()).build();
[INFO] [stdout]    |                                        ^^^^^^^^^^^^^^^ not found in this scope
[INFO] [stdout] 
[INFO] [stdout] 
[INFO] [stdout] error[E0425]: cannot find function `for_each_system` in this scope
[INFO] [stdout]   --> tests/systems_par_for_each.rs:38:40
[INFO] [stdout]    |
[INFO] [stdout] 38 |         Schedule::builder().add_system(for_each_system()).build();
[INFO] [stdout]    |                                        ^^^^^^^^^^^^^^^ not found in this scope
[INFO] [stdout] 
[INFO] [stdout] 
[INFO] [stdout] error[E0425]: cannot find function `for_each_system` in this scope
[INFO] [stdout]   --> tests/systems_par_for_each.rs:48:40
[INFO] [stdout]    |
[INFO] [stdout] 48 |         Schedule::builder().add_system(for_each_system()).build();
[INFO] [stdout]    |                                        ^^^^^^^^^^^^^^^ not found in this scope
[INFO] [stdout] 
[INFO] [stdout] 
[INFO] [stdout] error[E0425]: cannot find function `for_each_system` in this scope
[INFO] [stdout]   --> tests/systems_par_for_each.rs:59:25
[INFO] [stdout]    |
[INFO] [stdout] 59 |             .add_system(for_each_system::<usize>())
[INFO] [stdout]    |                         ^^^^^^^^^^^^^^^ not found in this scope
[INFO] [stdout] 
[INFO] [stdout] 
[INFO] [stdout] Some errors have detailed explanations: E0425, E0432, E0433.
[INFO] [stdout] 
[INFO] [stdout] For more information about an error, try `rustc --explain E0425`.
[INFO] [stdout] 
[INFO] [stdout] error[E0425]: cannot find function `for_each_system` in this scope
[INFO] [stdout]   --> tests/systems_for_each.rs:14:40
[INFO] [stdout]    |
[INFO] [stdout] 14 |         Schedule::builder().add_system(for_each_system()).build();
[INFO] [stdout]    |                                        ^^^^^^^^^^^^^^^ not found in this scope
[INFO] [stdout] 
[INFO] [stdout] 
[INFO] [stdout] error[E0425]: cannot find function `for_each_system` in this scope
[INFO] [stdout]   --> tests/systems_for_each.rs:22:40
[INFO] [stdout]    |
[INFO] [stdout] 22 |         Schedule::builder().add_system(for_each_system()).build();
[INFO] [stdout]    |                                        ^^^^^^^^^^^^^^^ not found in this scope
[INFO] [stdout] 
[INFO] [stdout] 
[INFO] [stdout] error[E0425]: cannot find function `for_each_system` in this scope
[INFO] [stdout]   --> tests/systems_for_each.rs:30:40
[INFO] [stdout]    |
[INFO] [stdout] 30 |         Schedule::builder().add_system(for_each_system()).build();
[INFO] [stdout]    |                                        ^^^^^^^^^^^^^^^ not found in this scope
[INFO] [stdout] 
[INFO] [stdout] 
[INFO] [stdout] error[E0425]: cannot find function `for_each_system` in this scope
[INFO] [stdout]   --> tests/systems_for_each.rs:38:40
[INFO] [stdout]    |
[INFO] [stdout] 38 |         Schedule::builder().add_system(for_each_system()).build();
[INFO] [stdout]    |                                        ^^^^^^^^^^^^^^^ not found in this scope
[INFO] [stdout] 
[INFO] [stdout] 
[INFO] [stdout] error[E0425]: cannot find function `for_each_system` in this scope
[INFO] [stdout]   --> tests/systems_for_each.rs:46:40
[INFO] [stdout]    |
[INFO] [stdout] 46 |         Schedule::builder().add_system(for_each_system()).build();
[INFO] [stdout]    |                                        ^^^^^^^^^^^^^^^ not found in this scope
[INFO] [stdout] 
[INFO] [stdout] 
[INFO] [stdout] error[E0425]: cannot find function `for_each_system` in this scope
[INFO] [stdout]   --> tests/systems_for_each.rs:54:40
[INFO] [stdout]    |
[INFO] [stdout] 54 |         Schedule::builder().add_system(for_each_system()).build();
[INFO] [stdout]    |                                        ^^^^^^^^^^^^^^^ not found in this scope
[INFO] [stdout] 
[INFO] [stdout] 
[INFO] [stdout] error[E0425]: cannot find function `for_each_system` in this scope
[INFO] [stdout]   --> tests/systems_for_each.rs:62:40
[INFO] [stdout]    |
[INFO] [stdout] 62 |         Schedule::builder().add_system(for_each_system()).build();
[INFO] [stdout]    |                                        ^^^^^^^^^^^^^^^ not found in this scope
[INFO] [stdout] 
[INFO] [stdout] 
[INFO] [stdout] error: cannot find attribute `state` in this scope
[INFO] [stdout]   --> tests/codegen.rs:46:36
[INFO] [stdout]    |
[INFO] [stdout] 46 |     fn sys(world: &mut SubWorld, #[state] entity: &State) {
[INFO] [stdout]    |                                    ^^^^^
[INFO] [stdout] 
[INFO] [stdout] 
[INFO] [stdout] error[E0425]: cannot find function `for_each_system` in this scope
[INFO] [stdout]   --> tests/systems_for_each.rs:72:40
[INFO] [stdout]    |
[INFO] [stdout] 72 |         Schedule::builder().add_system(for_each_system()).build();
[INFO] [stdout]    |                                        ^^^^^^^^^^^^^^^ not found in this scope
[INFO] [stdout] 
[INFO] [stdout] 
[INFO] [stdout] error[E0425]: cannot find function `for_each_system` in this scope
[INFO] [stdout]   --> tests/systems_for_each.rs:83:25
[INFO] [stdout]    |
[INFO] [stdout] 83 |             .add_system(for_each_system::<usize>())
[INFO] [stdout]    |                         ^^^^^^^^^^^^^^^ not found in this scope
[INFO] [stdout] 
[INFO] [stdout] 
[INFO] [stdout] Some errors have detailed explanations: E0425, E0432, E0433.
[INFO] [stdout] 
[INFO] [stdout] For more information about an error, try `rustc --explain E0425`.
[INFO] [stdout] 
[INFO] [stderr] error: could not compile `kaige_ecs` (test "systems_par_for_each") due to 9 previous errors
[INFO] [stderr] warning: build failed, waiting for other jobs to finish...
[INFO] [stderr] error: could not compile `kaige_ecs` (test "systems_for_each") due to 13 previous errors
[INFO] [stdout] error[E0433]: failed to resolve: use of undeclared crate or module `legion`
[INFO] [stdout]   --> tests/systems_basic.rs:89:22
[INFO] [stdout]    |
[INFO] [stdout] 89 |         fn basic(_: &legion::systems::CommandBuffer) {}
[INFO] [stdout]    |                      ^^^^^^ use of undeclared crate or module `legion`
[INFO] [stdout]    |
[INFO] [stdout] help: consider importing this module
[INFO] [stdout]    |
[INFO] [stdout] 3  +     use kaige_ecs::systems;
[INFO] [stdout]    |
[INFO] [stdout] help: if you import `systems`, refer to it directly
[INFO] [stdout]    |
[INFO] [stdout] 89 -         fn basic(_: &legion::systems::CommandBuffer) {}
[INFO] [stdout] 89 +         fn basic(_: &systems::CommandBuffer) {}
[INFO] [stdout]    |
[INFO] [stdout] 
[INFO] [stdout] 
[INFO] [stdout] error[E0425]: cannot find function `basic_system` in this scope
[INFO] [stdout]   --> tests/systems_basic.rs:21:40
[INFO] [stdout]    |
[INFO] [stdout] 21 |         Schedule::builder().add_system(basic_system()).build();
[INFO] [stdout]    |                                        ^^^^^^^^^^^^ not found in this scope
[INFO] [stdout] 
[INFO] [stdout] 
[INFO] [stdout] error[E0425]: cannot find function `basic_system` in this scope
[INFO] [stdout]   --> tests/systems_basic.rs:29:40
[INFO] [stdout]    |
[INFO] [stdout] 29 |         Schedule::builder().add_system(basic_system()).build();
[INFO] [stdout]    |                                        ^^^^^^^^^^^^ not found in this scope
[INFO] [stdout] 
[INFO] [stdout] 
[INFO] [stdout] error[E0425]: cannot find function `basic_system` in this scope
[INFO] [stdout]   --> tests/systems_basic.rs:37:40
[INFO] [stdout]    |
[INFO] [stdout] 37 |         Schedule::builder().add_system(basic_system()).build();
[INFO] [stdout]    |                                        ^^^^^^^^^^^^ not found in this scope
[INFO] [stdout] 
[INFO] [stdout] 
[INFO] [stdout] error[E0425]: cannot find function `basic_system` in this scope
[INFO] [stdout]   --> tests/systems_basic.rs:47:46
[INFO] [stdout]    |
[INFO] [stdout] 47 |         Schedule::builder().add_thread_local(basic_system()).build();
[INFO] [stdout]    |                                              ^^^^^^^^^^^^ not found in this scope
[INFO] [stdout] 
[INFO] [stdout] 
[INFO] [stdout] error[E0425]: cannot find function `basic_system` in this scope
[INFO] [stdout]   --> tests/systems_basic.rs:57:46
[INFO] [stdout]    |
[INFO] [stdout] 57 |         Schedule::builder().add_thread_local(basic_system()).build();
[INFO] [stdout]    |                                              ^^^^^^^^^^^^ not found in this scope
[INFO] [stdout] 
[INFO] [stdout] 
[INFO] [stdout] error[E0425]: cannot find function `basic_system` in this scope
[INFO] [stdout]   --> tests/systems_basic.rs:66:40
[INFO] [stdout]    |
[INFO] [stdout] 66 |         Schedule::builder().add_system(basic_system()).build();
[INFO] [stdout]    |                                        ^^^^^^^^^^^^ not found in this scope
[INFO] [stdout] 
[INFO] [stdout] 
[INFO] [stdout] error[E0425]: cannot find function `basic_system` in this scope
[INFO] [stdout]   --> tests/systems_basic.rs:75:40
[INFO] [stdout]    |
[INFO] [stdout] 75 |         Schedule::builder().add_system(basic_system()).build();
[INFO] [stdout]    |                                        ^^^^^^^^^^^^ not found in this scope
[INFO] [stdout] 
[INFO] [stdout] 
[INFO] [stdout] error[E0425]: cannot find function `basic_system` in this scope
[INFO] [stdout]   --> tests/systems_basic.rs:83:40
[INFO] [stdout]    |
[INFO] [stdout] 83 |         Schedule::builder().add_system(basic_system()).build();
[INFO] [stdout]    |                                        ^^^^^^^^^^^^ not found in this scope
[INFO] [stdout] 
[INFO] [stdout] 
[INFO] [stdout] error[E0425]: cannot find function `basic_system` in this scope
[INFO] [stdout]   --> tests/systems_basic.rs:91:40
[INFO] [stdout]    |
[INFO] [stdout] 91 |         Schedule::builder().add_system(basic_system()).build();
[INFO] [stdout]    |                                        ^^^^^^^^^^^^ not found in this scope
[INFO] [stdout] 
[INFO] [stdout] 
[INFO] [stdout] error[E0425]: cannot find function `basic_system` in this scope
[INFO] [stdout]   --> tests/systems_basic.rs:99:40
[INFO] [stdout]    |
[INFO] [stdout] 99 |         Schedule::builder().add_system(basic_system()).build();
[INFO] [stdout]    |                                        ^^^^^^^^^^^^ not found in this scope
[INFO] [stdout] 
[INFO] [stdout] 
[INFO] [stdout] error[E0425]: cannot find function `basic_system` in this scope
[INFO] [stdout]    --> tests/systems_basic.rs:114:40
[INFO] [stdout]     |
[INFO] [stdout] 114 |         Schedule::builder().add_system(basic_system()).build();
[INFO] [stdout]     |                                        ^^^^^^^^^^^^ not found in this scope
[INFO] [stdout] 
[INFO] [stdout] 
[INFO] [stdout] error[E0425]: cannot find function `basic_system` in this scope
[INFO] [stdout]    --> tests/systems_basic.rs:129:25
[INFO] [stdout]     |
[INFO] [stdout] 129 |             .add_system(basic_system::<usize>())
[INFO] [stdout]     |                         ^^^^^^^^^^^^ not found in this scope
[INFO] [stdout] 
[INFO] [stdout] 
[INFO] [stdout] error[E0425]: cannot find function `basic_system` in this scope
[INFO] [stdout]    --> tests/systems_basic.rs:148:25
[INFO] [stdout]     |
[INFO] [stdout] 148 |             .add_system(basic_system::<usize>())
[INFO] [stdout]     |                         ^^^^^^^^^^^^ not found in this scope
[INFO] [stdout] 
[INFO] [stdout] 
[INFO] [stdout] error[E0425]: cannot find function `basic_system` in this scope
[INFO] [stdout]    --> tests/systems_basic.rs:157:40
[INFO] [stdout]     |
[INFO] [stdout] 157 |         Schedule::builder().add_system(basic_system(false)).build();
[INFO] [stdout]     |                                        ^^^^^^^^^^^^ not found in this scope
[INFO] [stdout] 
[INFO] [stdout] 
[INFO] [stdout] error[E0425]: cannot find function `basic_system` in this scope
[INFO] [stdout]    --> tests/systems_basic.rs:165:40
[INFO] [stdout]     |
[INFO] [stdout] 165 |         Schedule::builder().add_system(basic_system(false)).build();
[INFO] [stdout]     |                                        ^^^^^^^^^^^^ not found in this scope
[INFO] [stdout] 
[INFO] [stdout] 
[INFO] [stdout] error[E0425]: cannot find function `basic_system` in this scope
[INFO] [stdout]    --> tests/systems_basic.rs:173:40
[INFO] [stdout]     |
[INFO] [stdout] 173 |         Schedule::builder().add_system(basic_system()).build();
[INFO] [stdout]     |                                        ^^^^^^^^^^^^ not found in this scope
[INFO] [stdout] 
[INFO] [stdout] 
[INFO] [stdout] error[E0425]: cannot find function `basic_system` in this scope
[INFO] [stdout]    --> tests/systems_basic.rs:193:25
[INFO] [stdout]     |
[INFO] [stdout] 193 |             .add_system(basic_system(a_count.clone(), b_count.clone()))
[INFO] [stdout]     |                         ^^^^^^^^^^^^ not found in this scope
[INFO] [stdout] 
[INFO] [stdout] 
[INFO] [stdout] Some errors have detailed explanations: E0425, E0432, E0433.
[INFO] [stdout] 
[INFO] [stdout] For more information about an error, try `rustc --explain E0425`.
[INFO] [stdout] 
[INFO] [stderr] error: could not compile `kaige_ecs` (test "systems_basic") due to 34 previous errors
[INFO] [stdout] error[E0599]: no function or associated item named `query` found for tuple `(&f32, &f64)` in the current scope
[INFO] [stdout]   --> tests/codegen.rs:47:41
[INFO] [stdout]    |
[INFO] [stdout] 47 |         let mut query = <(&f32, &f64)>::query();
[INFO] [stdout]    |                                         ^^^^^ function or associated item not found in `(&f32, &f64)`
[INFO] [stdout]    |
[INFO] [stdout]    = help: items from traits can only be used if the trait is in scope
[INFO] [stdout] help: trait `IntoQuery` which provides `query` is implemented but not in scope; perhaps you want to import it
[INFO] [stdout]    |
[INFO] [stdout] 1  + use kaige_ecs::IntoQuery;
[INFO] [stdout]    |
[INFO] [stdout] 
[INFO] [stdout] 
[INFO] [stdout] Some errors have detailed explanations: E0432, E0599.
[INFO] [stdout] 
[INFO] [stdout] For more information about an error, try `rustc --explain E0432`.
[INFO] [stdout] 
[INFO] [stderr] error: could not compile `kaige_ecs` (test "codegen") due to 10 previous errors
[INFO] [stdout] For more information about this error, try `rustc --explain E0432`.
[INFO] [stdout] 
[INFO] [stderr] error: could not compile `kaige_ecs` (test "world_api") due to 1 previous error
[INFO] [stdout] For more information about this error, try `rustc --explain E0432`.
[INFO] [stdout] 
[INFO] [stderr] error: could not compile `kaige_ecs` (test "query_api") due to 2 previous errors
[INFO] [stdout] warning: elided lifetime has a name
[INFO] [stdout]    --> src/internals/query/mod.rs:183:11
[INFO] [stdout]     |
[INFO] [stdout] 180 |     fn evaluate_query<'a>(
[INFO] [stdout]     |                       -- lifetime `'a` declared here
[INFO] [stdout] ...
[INFO] [stdout] 183 |     ) -> (&mut Mutex<F>, QueryResult<'a>) {
[INFO] [stdout]     |           ^ this elided lifetime gets resolved as `'a`
[INFO] [stdout]     |
[INFO] [stdout]     = note: `#[warn(elided_named_lifetimes)]` on by default
[INFO] [stdout] 
[INFO] [stdout] 
[INFO] [stdout] warning: unexpected `cfg` condition value: `type-uuid`
[INFO] [stdout]   --> src/serialize.rs:42:7
[INFO] [stdout]    |
[INFO] [stdout] 42 | #[cfg(feature = "type-uuid")]
[INFO] [stdout]    |       ^^^^^^^^^^^^^^^^^^^^^
[INFO] [stdout]    |
[INFO] [stdout]    = note: expected values for `feature` are: `codegen`, `crossbeam-channel`, `crossbeam-events`, `default`, `erased-serde`, `extended-tuple-impls`, `kaige_codegen`, `no-reexport`, `parallel`, `rayon`, `reexport`, `scoped-tls-hkt`, `serde`, `serialize`, `stdweb`, `uuid`, and `wasm-bindgen`
[INFO] [stdout]    = help: consider adding `type-uuid` as a feature in `Cargo.toml`
[INFO] [stdout]    = note: see <https://doc.rust-lang.org/nightly/rustc/check-cfg/cargo-specifics.html> for more information about checking conditional configuration
[INFO] [stdout]    = note: `#[warn(unexpected_cfgs)]` on by default
[INFO] [stdout] 
[INFO] [stdout] 
[INFO] [stdout] error[E0512]: cannot transmute between types of different sizes, or dependently-sized types
[INFO] [stdout]   --> src/internals/hash.rs:60:13
[INFO] [stdout]    |
[INFO] [stdout] 60 |             core::mem::transmute::<TypeId, u64>(type_id)
[INFO] [stdout]    |             ^^^^^^^^^^^^^^^^^^^^^^^^^^^^^^^^^^^
[INFO] [stdout]    |
[INFO] [stdout]    = note: source type: `TypeId` (128 bits)
[INFO] [stdout]    = note: target type: `u64` (64 bits)
[INFO] [stdout] 
[INFO] [stdout] 
[INFO] [stdout] warning: use of deprecated method `itertools::Itertools::fold1`: Use `Iterator::reduce` instead
[INFO] [stdout]    --> src/internals/permissions.rs:272:18
[INFO] [stdout]     |
[INFO] [stdout] 272 |                 .fold1(|x, y| format!("{}, {}", x, y))
[INFO] [stdout]     |                  ^^^^^
[INFO] [stdout]     |
[INFO] [stdout]     = note: `#[warn(deprecated)]` on by default
[INFO] [stdout] 
[INFO] [stdout] 
[INFO] [stdout] warning: use of deprecated method `itertools::Itertools::fold1`: Use `Iterator::reduce` instead
[INFO] [stdout]    --> src/internals/permissions.rs:292:18
[INFO] [stdout]     |
[INFO] [stdout] 292 |                 .fold1(|x, y| format!("{}, {}", x, y))
[INFO] [stdout]     |                  ^^^^^
[INFO] [stdout] 
[INFO] [stdout] 
[INFO] [stdout] For more information about this error, try `rustc --explain E0512`.
[INFO] [stdout] 
[INFO] [stderr] error: could not compile `kaige_ecs` (lib test) due to 1 previous error; 4 warnings emitted
[INFO] running `Command { std: "docker" "inspect" "6310f28202bf380ee94bf82a4041eab553c1b73d6bd3202115539f1432a8a48d", kill_on_drop: false }`
[INFO] running `Command { std: "docker" "rm" "-f" "6310f28202bf380ee94bf82a4041eab553c1b73d6bd3202115539f1432a8a48d", kill_on_drop: false }`
[INFO] [stdout] 6310f28202bf380ee94bf82a4041eab553c1b73d6bd3202115539f1432a8a48d
