[INFO] fetching crate jujube-lib 0.1.1...
[INFO] testing jujube-lib-0.1.1 against nightly-2024-10-28 for randomize-layout
[INFO] extracting crate jujube-lib 0.1.1 into /workspace/builds/worker-1-tc1/source
[INFO] validating manifest of crates.io crate jujube-lib 0.1.1 on toolchain nightly-2024-10-28
[INFO] running `Command { std: CARGO_HOME="/workspace/cargo-home" RUSTUP_HOME="/workspace/rustup-home" "/workspace/cargo-home/bin/cargo" "+nightly-2024-10-28" "metadata" "--manifest-path" "Cargo.toml" "--no-deps", kill_on_drop: false }`
[INFO] started tweaking crates.io crate jujube-lib 0.1.1
[INFO] finished tweaking crates.io crate jujube-lib 0.1.1
[INFO] tweaked toml for crates.io crate jujube-lib 0.1.1 written to /workspace/builds/worker-1-tc1/source/Cargo.toml
[INFO] running `Command { std: CARGO_HOME="/workspace/cargo-home" RUSTUP_HOME="/workspace/rustup-home" "/workspace/cargo-home/bin/cargo" "+nightly-2024-10-28" "generate-lockfile" "--manifest-path" "Cargo.toml", kill_on_drop: false }`
[INFO] [stderr]     Updating crates.io index
[INFO] [stderr]      Locking 137 packages to latest compatible versions
[INFO] [stderr]       Adding backoff v0.2.1 (available: v0.4.0)
[INFO] [stderr]       Adding blake2 v0.9.2 (available: v0.10.6)
[INFO] [stderr]       Adding config v0.10.1 (available: v0.14.1)
[INFO] [stderr]       Adding dirs v3.0.2 (available: v5.0.1)
[INFO] [stderr]       Adding git2 v0.13.25 (available: v0.19.0)
[INFO] [stderr]       Adding protobuf v2.28.0 (available: v3.7.1)
[INFO] [stderr]       Adding test-case v1.2.3 (available: v3.3.1)
[INFO] [stderr]       Adding uuid v0.8.2 (available: v1.11.0)
[INFO] [stderr]       Adding zstd v0.6.1+zstd.1.4.9 (available: v0.13.2)
[INFO] [stderr]       Adding zstd-safe v3.0.1+zstd.1.4.9 (available: v3.1.0+zstd.1.4.9)
[INFO] [stderr]       Adding zstd-sys v1.4.20+zstd.1.4.9 (available: v1.6.3+zstd.1.5.2)
[INFO] running `Command { std: CARGO_HOME="/workspace/cargo-home" RUSTUP_HOME="/workspace/rustup-home" "/workspace/cargo-home/bin/cargo" "+nightly-2024-10-28" "fetch" "--manifest-path" "Cargo.toml", kill_on_drop: false }`
[INFO] [stderr]  Downloading crates ...
[INFO] [stderr]   Downloaded test-case v1.2.3
[INFO] [stderr]   Downloaded backoff v0.2.1
[INFO] running `Command { std: "docker" "create" "-v" "/var/lib/crater-agent-workspace/builds/worker-1-tc1/target:/opt/rustwide/target:rw,Z" "-v" "/var/lib/crater-agent-workspace/builds/worker-1-tc1/source:/opt/rustwide/workdir:ro,Z" "-v" "/var/lib/crater-agent-workspace/cargo-home:/opt/rustwide/cargo-home:ro,Z" "-v" "/var/lib/crater-agent-workspace/rustup-home:/opt/rustwide/rustup-home:ro,Z" "-e" "SOURCE_DIR=/opt/rustwide/workdir" "-e" "CARGO_TARGET_DIR=/opt/rustwide/target" "-e" "CARGO_HOME=/opt/rustwide/cargo-home" "-e" "RUSTUP_HOME=/opt/rustwide/rustup-home" "-w" "/opt/rustwide/workdir" "-m" "1610612736" "--user" "0:0" "--network" "none" "ghcr.io/rust-lang/crates-build-env/linux@sha256:4a844ea9eb2546a2d2c7022eacef16ef2e8229c7fbb2c7d4d55a9ceca922f72d" "/opt/rustwide/cargo-home/bin/cargo" "+nightly-2024-10-28" "metadata" "--no-deps" "--format-version=1", kill_on_drop: false }`
[INFO] [stdout] f3e3ef2fb76cc8610ee0fe6a6755d8adae3c5b4c8d3c14976ec4386e9b8a7e6c
[INFO] running `Command { std: "docker" "start" "-a" "f3e3ef2fb76cc8610ee0fe6a6755d8adae3c5b4c8d3c14976ec4386e9b8a7e6c", kill_on_drop: false }`
[INFO] running `Command { std: "docker" "inspect" "f3e3ef2fb76cc8610ee0fe6a6755d8adae3c5b4c8d3c14976ec4386e9b8a7e6c", kill_on_drop: false }`
[INFO] running `Command { std: "docker" "rm" "-f" "f3e3ef2fb76cc8610ee0fe6a6755d8adae3c5b4c8d3c14976ec4386e9b8a7e6c", kill_on_drop: false }`
[INFO] [stdout] f3e3ef2fb76cc8610ee0fe6a6755d8adae3c5b4c8d3c14976ec4386e9b8a7e6c
[INFO] running `Command { std: "docker" "create" "-v" "/var/lib/crater-agent-workspace/builds/worker-1-tc1/target:/opt/rustwide/target:rw,Z" "-v" "/var/lib/crater-agent-workspace/builds/worker-1-tc1/source:/opt/rustwide/workdir:ro,Z" "-v" "/var/lib/crater-agent-workspace/cargo-home:/opt/rustwide/cargo-home:ro,Z" "-v" "/var/lib/crater-agent-workspace/rustup-home:/opt/rustwide/rustup-home:ro,Z" "-e" "SOURCE_DIR=/opt/rustwide/workdir" "-e" "CARGO_TARGET_DIR=/opt/rustwide/target" "-e" "CARGO_INCREMENTAL=0" "-e" "RUST_BACKTRACE=full" "-e" "RUSTFLAGS=--cap-lints=forbid" "-e" "RUSTDOCFLAGS=--cap-lints=forbid" "-e" "CARGO_HOME=/opt/rustwide/cargo-home" "-e" "RUSTUP_HOME=/opt/rustwide/rustup-home" "-w" "/opt/rustwide/workdir" "-m" "1610612736" "--user" "0:0" "--network" "none" "ghcr.io/rust-lang/crates-build-env/linux@sha256:4a844ea9eb2546a2d2c7022eacef16ef2e8229c7fbb2c7d4d55a9ceca922f72d" "/opt/rustwide/cargo-home/bin/cargo" "+nightly-2024-10-28" "build" "--frozen" "--message-format=json", kill_on_drop: false }`
[INFO] [stdout] 9156ed05fba37e09553eff2f4280de1385ba8792a0370583e18b13e797267fb6
[INFO] running `Command { std: "docker" "start" "-a" "9156ed05fba37e09553eff2f4280de1385ba8792a0370583e18b13e797267fb6", kill_on_drop: false }`
[INFO] [stderr]    Compiling libc v0.2.161
[INFO] [stderr]    Compiling pkg-config v0.3.31
[INFO] [stderr]    Compiling vcpkg v0.2.15
[INFO] [stderr]    Compiling memchr v2.7.4
[INFO] [stderr]    Compiling byteorder v1.5.0
[INFO] [stderr]    Compiling getrandom v0.1.16
[INFO] [stderr]    Compiling protobuf v2.28.0
[INFO] [stderr]    Compiling bytes v1.8.0
[INFO] [stderr]    Compiling tinyvec_macros v0.1.1
[INFO] [stderr]    Compiling serde v1.0.214
[INFO] [stderr]    Compiling num-traits v0.2.19
[INFO] [stderr]    Compiling generic-array v0.14.7
[INFO] [stderr]    Compiling regex-syntax v0.8.5
[INFO] [stderr]    Compiling ryu v1.0.18
[INFO] [stderr]    Compiling serde v0.8.23
[INFO] [stderr]    Compiling syn v2.0.86
[INFO] [stderr]    Compiling tinyvec v1.8.0
[INFO] [stderr]    Compiling lexical-core v0.7.6
[INFO] [stderr]    Compiling nom v5.1.3
[INFO] [stderr]    Compiling static_assertions v1.1.0
[INFO] [stderr]    Compiling zstd-safe v3.0.1+zstd.1.4.9
[INFO] [stderr]    Compiling rustix v0.38.38
[INFO] [stderr]    Compiling serde_json v1.0.132
[INFO] [stderr]    Compiling unicode-bidi v0.3.17
[INFO] [stderr]    Compiling arrayvec v0.5.2
[INFO] [stderr]    Compiling aho-corasick v1.1.3
[INFO] [stderr]    Compiling percent-encoding v2.3.1
[INFO] [stderr]    Compiling form_urlencoded v1.2.1
[INFO] [stderr]    Compiling subtle v2.6.1
[INFO] [stderr]    Compiling linux-raw-sys v0.4.14
[INFO] [stderr]    Compiling linked-hash-map v0.5.6
[INFO] [stderr]    Compiling bitflags v2.6.0
[INFO] [stderr]    Compiling itoa v1.0.11
[INFO] [stderr]    Compiling unicode-normalization v0.1.24
[INFO] [stderr]    Compiling yaml-rust v0.4.5
[INFO] [stderr]    Compiling crypto-mac v0.8.0
[INFO] [stderr]    Compiling thiserror v1.0.66
[INFO] [stderr]    Compiling digest v0.9.0
[INFO] [stderr]    Compiling num-traits v0.1.43
[INFO] [stderr]    Compiling instant v0.1.13
[INFO] [stderr]    Compiling fastrand v2.1.1
[INFO] [stderr]    Compiling once_cell v1.20.2
[INFO] [stderr]    Compiling opaque-debug v0.3.1
[INFO] [stderr]    Compiling rust-ini v0.13.0
[INFO] [stderr]    Compiling openssl-probe v0.1.5
[INFO] [stderr]    Compiling log v0.4.22
[INFO] [stderr]    Compiling blake2 v0.9.2
[INFO] [stderr]    Compiling chrono v0.4.38
[INFO] [stderr]    Compiling diff v0.1.13
[INFO] [stderr]    Compiling hex v0.4.3
[INFO] [stderr]    Compiling idna v0.5.0
[INFO] [stderr]    Compiling maplit v1.0.2
[INFO] [stderr]    Compiling whoami v1.5.2
[INFO] [stderr]    Compiling jobserver v0.1.32
[INFO] [stderr]    Compiling getrandom v0.2.15
[INFO] [stderr]    Compiling regex-automata v0.4.8
[INFO] [stderr]    Compiling serde_test v0.8.23
[INFO] [stderr]    Compiling rand_core v0.5.1
[INFO] [stderr]    Compiling rand_core v0.6.4
[INFO] [stderr]    Compiling url v2.5.2
[INFO] [stderr]    Compiling dirs-sys v0.3.7
[INFO] [stderr]    Compiling cc v1.1.31
[INFO] [stderr]    Compiling linked-hash-map v0.3.0
[INFO] [stderr]    Compiling dirs v3.0.2
[INFO] [stderr]    Compiling uuid v0.8.2
[INFO] [stderr]    Compiling toml v0.5.11
[INFO] [stderr]    Compiling openssl-sys v0.9.104
[INFO] [stderr]    Compiling libz-sys v1.1.20
[INFO] [stderr]    Compiling zstd-sys v1.4.20+zstd.1.4.9
[INFO] [stderr]    Compiling libssh2-sys v0.2.23
[INFO] [stderr]    Compiling libgit2-sys v0.12.26+1.3.0
[INFO] [stderr]    Compiling tempfile v3.13.0
[INFO] [stderr]    Compiling protobuf-codegen v2.28.0
[INFO] [stderr]    Compiling zerocopy-derive v0.7.35
[INFO] [stderr]    Compiling thiserror-impl v1.0.66
[INFO] [stderr]    Compiling regex v1.11.1
[INFO] [stderr]    Compiling zerocopy v0.7.35
[INFO] [stderr]    Compiling protobuf-codegen-pure v2.28.0
[INFO] [stderr]    Compiling serde-hjson v0.9.1
[INFO] [stderr]    Compiling ppv-lite86 v0.2.20
[INFO] [stderr]    Compiling config v0.10.1
[INFO] [stderr]    Compiling rand_chacha v0.2.2
[INFO] [stderr]    Compiling rand_chacha v0.3.1
[INFO] [stderr]    Compiling rand v0.7.3
[INFO] [stderr]    Compiling rand v0.8.5
[INFO] [stderr]    Compiling backoff v0.2.1
[INFO] [stderr]    Compiling jujube-lib v0.1.1 (/opt/rustwide/workdir)
[INFO] [stderr]    Compiling git2 v0.13.25
[INFO] [stderr]    Compiling zstd v0.6.1+zstd.1.4.9
[INFO] [stdout] warning: lint `box_pointers` has been removed: it does not detect other kinds of allocations, and existed only for historical reasons
[INFO] [stdout]   --> /opt/rustwide/target/debug/build/jujube-lib-671f51c83e95df73/out/protos/op_store.rs:11:10
[INFO] [stdout]    |
[INFO] [stdout] 11 | #![allow(box_pointers)]
[INFO] [stdout]    |          ^^^^^^^^^^^^
[INFO] [stdout]    |
[INFO] [stdout]    = note: `#[warn(renamed_and_removed_lints)]` on by default
[INFO] [stdout] 
[INFO] [stdout] 
[INFO] [stdout] warning: lint `box_pointers` has been removed: it does not detect other kinds of allocations, and existed only for historical reasons
[INFO] [stdout]   --> /opt/rustwide/target/debug/build/jujube-lib-671f51c83e95df73/out/protos/store.rs:11:10
[INFO] [stdout]    |
[INFO] [stdout] 11 | #![allow(box_pointers)]
[INFO] [stdout]    |          ^^^^^^^^^^^^
[INFO] [stdout] 
[INFO] [stdout] 
[INFO] [stdout] warning: lint `box_pointers` has been removed: it does not detect other kinds of allocations, and existed only for historical reasons
[INFO] [stdout]   --> /opt/rustwide/target/debug/build/jujube-lib-671f51c83e95df73/out/protos/working_copy.rs:11:10
[INFO] [stdout]    |
[INFO] [stdout] 11 | #![allow(box_pointers)]
[INFO] [stdout]    |          ^^^^^^^^^^^^
[INFO] [stdout] 
[INFO] [stdout] 
[INFO] [stdout] warning: elided lifetime has a name
[INFO] [stdout]   --> src/transaction.rs:81:41
[INFO] [stdout]    |
[INFO] [stdout] 81 |     pub fn as_repo<'a: 'r>(&'a self) -> &(impl Repo + 'a) {
[INFO] [stdout]    |                    --                   ^ this elided lifetime gets resolved as `'a`
[INFO] [stdout]    |                    |
[INFO] [stdout]    |                    lifetime `'a` declared here
[INFO] [stdout]    |
[INFO] [stdout]    = note: `#[warn(elided_named_lifetimes)]` on by default
[INFO] [stdout] 
[INFO] [stdout] 
[INFO] [stdout] warning: use of deprecated function `protobuf::parse_from_reader`: Use Message::parse_from_reader instead
[INFO] [stdout]    --> src/git_store.rs:103:57
[INFO] [stdout]     |
[INFO] [stdout] 103 |     let proto: crate::protos::store::Commit = protobuf::parse_from_reader(&mut cursor).unwrap();
[INFO] [stdout]     |                                                         ^^^^^^^^^^^^^^^^^
[INFO] [stdout]     |
[INFO] [stdout]     = note: `#[warn(deprecated)]` on by default
[INFO] [stdout] 
[INFO] [stdout] 
[INFO] [stdout] warning: use of deprecated function `protobuf::parse_from_reader`: Use Message::parse_from_reader instead
[INFO] [stdout]    --> src/local_store.rs:175:59
[INFO] [stdout]     |
[INFO] [stdout] 175 |         let proto: crate::protos::store::Tree = protobuf::parse_from_reader(&mut file)?;
[INFO] [stdout]     |                                                           ^^^^^^^^^^^^^^^^^
[INFO] [stdout] 
[INFO] [stdout] 
[INFO] [stdout] warning: use of deprecated function `protobuf::parse_from_reader`: Use Message::parse_from_reader instead
[INFO] [stdout]    --> src/local_store.rs:198:61
[INFO] [stdout]     |
[INFO] [stdout] 198 |         let proto: crate::protos::store::Commit = protobuf::parse_from_reader(&mut file)?;
[INFO] [stdout]     |                                                             ^^^^^^^^^^^^^^^^^
[INFO] [stdout] 
[INFO] [stdout] 
[INFO] [stdout] warning: use of deprecated function `protobuf::parse_from_reader`: Use Message::parse_from_reader instead
[INFO] [stdout]    --> src/local_store.rs:221:63
[INFO] [stdout]     |
[INFO] [stdout] 221 |         let proto: crate::protos::store::Conflict = protobuf::parse_from_reader(&mut file)?;
[INFO] [stdout]     |                                                               ^^^^^^^^^^^^^^^^^
[INFO] [stdout] 
[INFO] [stdout] 
[INFO] [stdout] warning: use of deprecated function `whoami::hostname`: use `fallible::hostname()` instead
[INFO] [stdout]    --> src/op_store.rs:103:32
[INFO] [stdout]     |
[INFO] [stdout] 103 |         let hostname = whoami::hostname();
[INFO] [stdout]     |                                ^^^^^^^^
[INFO] [stdout] 
[INFO] [stdout] 
[INFO] [stdout] warning: use of deprecated function `protobuf::parse_from_reader`: Use Message::parse_from_reader instead
[INFO] [stdout]   --> src/simple_op_store.rs:87:62
[INFO] [stdout]    |
[INFO] [stdout] 87 |         let proto: crate::protos::op_store::View = protobuf::parse_from_reader(&mut file)?;
[INFO] [stdout]    |                                                              ^^^^^^^^^^^^^^^^^
[INFO] [stdout] 
[INFO] [stdout] 
[INFO] [stdout] warning: use of deprecated function `protobuf::parse_from_reader`: Use Message::parse_from_reader instead
[INFO] [stdout]    --> src/simple_op_store.rs:110:67
[INFO] [stdout]     |
[INFO] [stdout] 110 |         let proto: crate::protos::op_store::Operation = protobuf::parse_from_reader(&mut file)?;
[INFO] [stdout]     |                                                                   ^^^^^^^^^^^^^^^^^
[INFO] [stdout] 
[INFO] [stdout] 
[INFO] [stdout] warning: use of deprecated function `protobuf::parse_from_reader`: Use Message::parse_from_reader instead
[INFO] [stdout]    --> src/working_copy.rs:213:23
[INFO] [stdout]     |
[INFO] [stdout] 213 |             protobuf::parse_from_reader(&mut file).unwrap();
[INFO] [stdout]     |                       ^^^^^^^^^^^^^^^^^
[INFO] [stdout] 
[INFO] [stdout] 
[INFO] [stdout] warning: use of deprecated function `protobuf::parse_from_reader`: Use Message::parse_from_reader instead
[INFO] [stdout]    --> src/working_copy.rs:574:19
[INFO] [stdout]     |
[INFO] [stdout] 574 |         protobuf::parse_from_reader(&mut file).unwrap()
[INFO] [stdout]     |                   ^^^^^^^^^^^^^^^^^
[INFO] [stdout] 
[INFO] [stdout] 
[INFO] [stdout] warning: variable does not need to be mutable
[INFO] [stdout]    --> src/repo.rs:232:13
[INFO] [stdout]     |
[INFO] [stdout] 232 |         let mut repo_ref_mut = Arc::get_mut(&mut repo).unwrap();
[INFO] [stdout]     |             ----^^^^^^^^^^^^
[INFO] [stdout]     |             |
[INFO] [stdout]     |             help: remove this `mut`
[INFO] [stdout]     |
[INFO] [stdout]     = note: `#[warn(unused_mut)]` on by default
[INFO] [stdout] 
[INFO] [stdout] 
[INFO] [stdout] warning: variable does not need to be mutable
[INFO] [stdout]   --> src/store_wrapper.rs:53:13
[INFO] [stdout]    |
[INFO] [stdout] 53 |         let mut ref_mut = unsafe { Arc::get_mut_unchecked(&mut wrapper) };
[INFO] [stdout]    |             ----^^^^^^^
[INFO] [stdout]    |             |
[INFO] [stdout]    |             help: remove this `mut`
[INFO] [stdout] 
[INFO] [stdout] 
[INFO] [stdout] warning: field `config` is never read
[INFO] [stdout]   --> src/settings.rs:24:5
[INFO] [stdout]    |
[INFO] [stdout] 23 | pub struct RepoSettings {
[INFO] [stdout]    |            ------------ field in this struct
[INFO] [stdout] 24 |     config: config::Config,
[INFO] [stdout]    |     ^^^^^^
[INFO] [stdout]    |
[INFO] [stdout]    = note: `RepoSettings` has derived impls for the traits `Clone` and `Debug`, but these are intentionally ignored during dead code analysis
[INFO] [stdout]    = note: `#[warn(dead_code)]` on by default
[INFO] [stdout] 
[INFO] [stdout] 
[INFO] [stderr]     Finished `dev` profile [unoptimized + debuginfo] target(s) in 29.95s
[INFO] running `Command { std: "docker" "inspect" "9156ed05fba37e09553eff2f4280de1385ba8792a0370583e18b13e797267fb6", kill_on_drop: false }`
[INFO] running `Command { std: "docker" "rm" "-f" "9156ed05fba37e09553eff2f4280de1385ba8792a0370583e18b13e797267fb6", kill_on_drop: false }`
[INFO] [stdout] 9156ed05fba37e09553eff2f4280de1385ba8792a0370583e18b13e797267fb6
[INFO] running `Command { std: "docker" "create" "-v" "/var/lib/crater-agent-workspace/builds/worker-1-tc1/target:/opt/rustwide/target:rw,Z" "-v" "/var/lib/crater-agent-workspace/builds/worker-1-tc1/source:/opt/rustwide/workdir:ro,Z" "-v" "/var/lib/crater-agent-workspace/cargo-home:/opt/rustwide/cargo-home:ro,Z" "-v" "/var/lib/crater-agent-workspace/rustup-home:/opt/rustwide/rustup-home:ro,Z" "-e" "SOURCE_DIR=/opt/rustwide/workdir" "-e" "CARGO_TARGET_DIR=/opt/rustwide/target" "-e" "CARGO_INCREMENTAL=0" "-e" "RUST_BACKTRACE=full" "-e" "RUSTFLAGS=--cap-lints=forbid" "-e" "RUSTDOCFLAGS=--cap-lints=forbid" "-e" "CARGO_HOME=/opt/rustwide/cargo-home" "-e" "RUSTUP_HOME=/opt/rustwide/rustup-home" "-w" "/opt/rustwide/workdir" "-m" "1610612736" "--user" "0:0" "--network" "none" "ghcr.io/rust-lang/crates-build-env/linux@sha256:4a844ea9eb2546a2d2c7022eacef16ef2e8229c7fbb2c7d4d55a9ceca922f72d" "/opt/rustwide/cargo-home/bin/cargo" "+nightly-2024-10-28" "test" "--frozen" "--no-run" "--message-format=json", kill_on_drop: false }`
[INFO] [stdout] 4ce85ea89c30f211aaea2cb64704b2619d77be10a26f3205b9889d029dc3ce65
[INFO] running `Command { std: "docker" "start" "-a" "4ce85ea89c30f211aaea2cb64704b2619d77be10a26f3205b9889d029dc3ce65", kill_on_drop: false }`
[INFO] [stderr]    Compiling test-case v1.2.3
[INFO] [stdout] warning: lint `box_pointers` has been removed: it does not detect other kinds of allocations, and existed only for historical reasons
[INFO] [stdout]   --> /opt/rustwide/target/debug/build/jujube-lib-671f51c83e95df73/out/protos/op_store.rs:11:10
[INFO] [stdout]    |
[INFO] [stdout] 11 | #![allow(box_pointers)]
[INFO] [stdout]    |          ^^^^^^^^^^^^
[INFO] [stdout]    |
[INFO] [stdout]    = note: `#[warn(renamed_and_removed_lints)]` on by default
[INFO] [stdout] 
[INFO] [stdout] 
[INFO] [stdout] warning: lint `box_pointers` has been removed: it does not detect other kinds of allocations, and existed only for historical reasons
[INFO] [stdout]   --> /opt/rustwide/target/debug/build/jujube-lib-671f51c83e95df73/out/protos/store.rs:11:10
[INFO] [stdout]    |
[INFO] [stdout] 11 | #![allow(box_pointers)]
[INFO] [stdout]    |          ^^^^^^^^^^^^
[INFO] [stdout] 
[INFO] [stdout] 
[INFO] [stdout] warning: lint `box_pointers` has been removed: it does not detect other kinds of allocations, and existed only for historical reasons
[INFO] [stdout]   --> /opt/rustwide/target/debug/build/jujube-lib-671f51c83e95df73/out/protos/working_copy.rs:11:10
[INFO] [stdout]    |
[INFO] [stdout] 11 | #![allow(box_pointers)]
[INFO] [stdout]    |          ^^^^^^^^^^^^
[INFO] [stdout] 
[INFO] [stdout] 
[INFO] [stdout] warning: elided lifetime has a name
[INFO] [stdout]   --> src/transaction.rs:81:41
[INFO] [stdout]    |
[INFO] [stdout] 81 |     pub fn as_repo<'a: 'r>(&'a self) -> &(impl Repo + 'a) {
[INFO] [stdout]    |                    --                   ^ this elided lifetime gets resolved as `'a`
[INFO] [stdout]    |                    |
[INFO] [stdout]    |                    lifetime `'a` declared here
[INFO] [stdout]    |
[INFO] [stdout]    = note: `#[warn(elided_named_lifetimes)]` on by default
[INFO] [stdout] 
[INFO] [stdout] 
[INFO] [stdout] warning: use of deprecated function `protobuf::parse_from_reader`: Use Message::parse_from_reader instead
[INFO] [stdout]    --> src/git_store.rs:103:57
[INFO] [stdout]     |
[INFO] [stdout] 103 |     let proto: crate::protos::store::Commit = protobuf::parse_from_reader(&mut cursor).unwrap();
[INFO] [stdout]     |                                                         ^^^^^^^^^^^^^^^^^
[INFO] [stdout]     |
[INFO] [stdout]     = note: `#[warn(deprecated)]` on by default
[INFO] [stdout] 
[INFO] [stdout] 
[INFO] [stdout] warning: use of deprecated function `protobuf::parse_from_reader`: Use Message::parse_from_reader instead
[INFO] [stdout]    --> src/local_store.rs:175:59
[INFO] [stdout]     |
[INFO] [stdout] 175 |         let proto: crate::protos::store::Tree = protobuf::parse_from_reader(&mut file)?;
[INFO] [stdout]     |                                                           ^^^^^^^^^^^^^^^^^
[INFO] [stdout] 
[INFO] [stdout] 
[INFO] [stdout] warning: use of deprecated function `protobuf::parse_from_reader`: Use Message::parse_from_reader instead
[INFO] [stdout]    --> src/local_store.rs:198:61
[INFO] [stdout]     |
[INFO] [stdout] 198 |         let proto: crate::protos::store::Commit = protobuf::parse_from_reader(&mut file)?;
[INFO] [stdout]     |                                                             ^^^^^^^^^^^^^^^^^
[INFO] [stdout] 
[INFO] [stdout] 
[INFO] [stdout] warning: use of deprecated function `protobuf::parse_from_reader`: Use Message::parse_from_reader instead
[INFO] [stdout]    --> src/local_store.rs:221:63
[INFO] [stdout]     |
[INFO] [stdout] 221 |         let proto: crate::protos::store::Conflict = protobuf::parse_from_reader(&mut file)?;
[INFO] [stdout]     |                                                               ^^^^^^^^^^^^^^^^^
[INFO] [stdout] 
[INFO] [stdout] 
[INFO] [stdout] warning: use of deprecated function `whoami::hostname`: use `fallible::hostname()` instead
[INFO] [stdout]    --> src/op_store.rs:103:32
[INFO] [stdout]     |
[INFO] [stdout] 103 |         let hostname = whoami::hostname();
[INFO] [stdout]     |                                ^^^^^^^^
[INFO] [stdout] 
[INFO] [stdout] 
[INFO] [stdout] warning: use of deprecated function `protobuf::parse_from_reader`: Use Message::parse_from_reader instead
[INFO] [stdout]   --> src/simple_op_store.rs:87:62
[INFO] [stdout]    |
[INFO] [stdout] 87 |         let proto: crate::protos::op_store::View = protobuf::parse_from_reader(&mut file)?;
[INFO] [stdout]    |                                                              ^^^^^^^^^^^^^^^^^
[INFO] [stdout] 
[INFO] [stdout] 
[INFO] [stdout] warning: use of deprecated function `protobuf::parse_from_reader`: Use Message::parse_from_reader instead
[INFO] [stdout]    --> src/simple_op_store.rs:110:67
[INFO] [stdout]     |
[INFO] [stdout] 110 |         let proto: crate::protos::op_store::Operation = protobuf::parse_from_reader(&mut file)?;
[INFO] [stdout]     |                                                                   ^^^^^^^^^^^^^^^^^
[INFO] [stdout] 
[INFO] [stdout] 
[INFO] [stdout] warning: use of deprecated function `protobuf::parse_from_reader`: Use Message::parse_from_reader instead
[INFO] [stdout]    --> src/working_copy.rs:213:23
[INFO] [stdout]     |
[INFO] [stdout] 213 |             protobuf::parse_from_reader(&mut file).unwrap();
[INFO] [stdout]     |                       ^^^^^^^^^^^^^^^^^
[INFO] [stdout] 
[INFO] [stdout] 
[INFO] [stdout] warning: use of deprecated function `protobuf::parse_from_reader`: Use Message::parse_from_reader instead
[INFO] [stdout]    --> src/working_copy.rs:574:19
[INFO] [stdout]     |
[INFO] [stdout] 574 |         protobuf::parse_from_reader(&mut file).unwrap()
[INFO] [stdout]     |                   ^^^^^^^^^^^^^^^^^
[INFO] [stdout] 
[INFO] [stdout] 
[INFO] [stdout] warning: variable does not need to be mutable
[INFO] [stdout]    --> src/repo.rs:232:13
[INFO] [stdout]     |
[INFO] [stdout] 232 |         let mut repo_ref_mut = Arc::get_mut(&mut repo).unwrap();
[INFO] [stdout]     |             ----^^^^^^^^^^^^
[INFO] [stdout]     |             |
[INFO] [stdout]     |             help: remove this `mut`
[INFO] [stdout]     |
[INFO] [stdout]     = note: `#[warn(unused_mut)]` on by default
[INFO] [stdout] 
[INFO] [stdout] 
[INFO] [stdout] warning: variable does not need to be mutable
[INFO] [stdout]   --> src/store_wrapper.rs:53:13
[INFO] [stdout]    |
[INFO] [stdout] 53 |         let mut ref_mut = unsafe { Arc::get_mut_unchecked(&mut wrapper) };
[INFO] [stdout]    |             ----^^^^^^^
[INFO] [stdout]    |             |
[INFO] [stdout]    |             help: remove this `mut`
[INFO] [stdout] 
[INFO] [stdout] 
[INFO] [stdout] warning: field `config` is never read
[INFO] [stdout]   --> src/settings.rs:24:5
[INFO] [stdout]    |
[INFO] [stdout] 23 | pub struct RepoSettings {
[INFO] [stdout]    |            ------------ field in this struct
[INFO] [stdout] 24 |     config: config::Config,
[INFO] [stdout]    |     ^^^^^^
[INFO] [stdout]    |
[INFO] [stdout]    = note: `RepoSettings` has derived impls for the traits `Clone` and `Debug`, but these are intentionally ignored during dead code analysis
[INFO] [stdout]    = note: `#[warn(dead_code)]` on by default
[INFO] [stdout] 
[INFO] [stdout] 
[INFO] [stderr]    Compiling jujube-lib v0.1.1 (/opt/rustwide/workdir)
[INFO] [stdout] warning: calls to `std::mem::drop` with a reference instead of an owned value does nothing
[INFO] [stdout]   --> tests/test_view.rs:60:5
[INFO] [stdout]    |
[INFO] [stdout] 60 |     drop(heads);
[INFO] [stdout]    |     ^^^^^-----^
[INFO] [stdout]    |          |
[INFO] [stdout]    |          argument has type `&dyn jujube_lib::view::View`
[INFO] [stdout]    |
[INFO] [stdout]    = note: `#[warn(dropping_references)]` on by default
[INFO] [stdout] help: use `let _ = ...` to ignore the expression or result
[INFO] [stdout]    |
[INFO] [stdout] 60 -     drop(heads);
[INFO] [stdout] 60 +     let _ = heads;
[INFO] [stdout]    |
[INFO] [stdout] 
[INFO] [stdout] 
[INFO] [stdout] warning: calls to `std::mem::drop` with a reference instead of an owned value does nothing
[INFO] [stdout]   --> tests/test_view.rs:91:5
[INFO] [stdout]    |
[INFO] [stdout] 91 |     drop(heads);
[INFO] [stdout]    |     ^^^^^-----^
[INFO] [stdout]    |          |
[INFO] [stdout]    |          argument has type `&dyn jujube_lib::view::View`
[INFO] [stdout]    |
[INFO] [stdout] help: use `let _ = ...` to ignore the expression or result
[INFO] [stdout]    |
[INFO] [stdout] 91 -     drop(heads);
[INFO] [stdout] 91 +     let _ = heads;
[INFO] [stdout]    |
[INFO] [stdout] 
[INFO] [stdout] 
[INFO] [stdout] warning: unnecessary trailing semicolon
[INFO] [stdout]   --> tests/test_working_copy.rs:72:6
[INFO] [stdout]    |
[INFO] [stdout] 72 |     };
[INFO] [stdout]    |      ^ help: remove this semicolon
[INFO] [stdout]    |
[INFO] [stdout]    = note: `#[warn(redundant_semicolons)]` on by default
[INFO] [stdout] 
[INFO] [stdout] 
[INFO] [stdout] warning: unnecessary trailing semicolon
[INFO] [stdout]    --> tests/test_working_copy.rs:133:6
[INFO] [stdout]     |
[INFO] [stdout] 133 |     };
[INFO] [stdout]     |      ^ help: remove this semicolon
[INFO] [stdout] 
[INFO] [stdout] 
[INFO] [stdout] warning: lint `box_pointers` has been removed: it does not detect other kinds of allocations, and existed only for historical reasons
[INFO] [stdout]   --> /opt/rustwide/target/debug/build/jujube-lib-671f51c83e95df73/out/protos/op_store.rs:11:10
[INFO] [stdout]    |
[INFO] [stdout] 11 | #![allow(box_pointers)]
[INFO] [stdout]    |          ^^^^^^^^^^^^
[INFO] [stdout]    |
[INFO] [stdout]    = note: `#[warn(renamed_and_removed_lints)]` on by default
[INFO] [stdout] 
[INFO] [stdout] 
[INFO] [stdout] warning: lint `box_pointers` has been removed: it does not detect other kinds of allocations, and existed only for historical reasons
[INFO] [stdout]   --> /opt/rustwide/target/debug/build/jujube-lib-671f51c83e95df73/out/protos/store.rs:11:10
[INFO] [stdout]    |
[INFO] [stdout] 11 | #![allow(box_pointers)]
[INFO] [stdout]    |          ^^^^^^^^^^^^
[INFO] [stdout] 
[INFO] [stdout] 
[INFO] [stdout] warning: lint `box_pointers` has been removed: it does not detect other kinds of allocations, and existed only for historical reasons
[INFO] [stdout]   --> /opt/rustwide/target/debug/build/jujube-lib-671f51c83e95df73/out/protos/working_copy.rs:11:10
[INFO] [stdout]    |
[INFO] [stdout] 11 | #![allow(box_pointers)]
[INFO] [stdout]    |          ^^^^^^^^^^^^
[INFO] [stdout] 
[INFO] [stdout] 
[INFO] [stdout] warning: elided lifetime has a name
[INFO] [stdout]   --> src/transaction.rs:81:41
[INFO] [stdout]    |
[INFO] [stdout] 81 |     pub fn as_repo<'a: 'r>(&'a self) -> &(impl Repo + 'a) {
[INFO] [stdout]    |                    --                   ^ this elided lifetime gets resolved as `'a`
[INFO] [stdout]    |                    |
[INFO] [stdout]    |                    lifetime `'a` declared here
[INFO] [stdout]    |
[INFO] [stdout]    = note: `#[warn(elided_named_lifetimes)]` on by default
[INFO] [stdout] 
[INFO] [stdout] 
[INFO] [stdout] warning: use of deprecated function `protobuf::parse_from_reader`: Use Message::parse_from_reader instead
[INFO] [stdout]    --> src/git_store.rs:103:57
[INFO] [stdout]     |
[INFO] [stdout] 103 |     let proto: crate::protos::store::Commit = protobuf::parse_from_reader(&mut cursor).unwrap();
[INFO] [stdout]     |                                                         ^^^^^^^^^^^^^^^^^
[INFO] [stdout]     |
[INFO] [stdout]     = note: `#[warn(deprecated)]` on by default
[INFO] [stdout] 
[INFO] [stdout] 
[INFO] [stdout] warning: use of deprecated function `protobuf::parse_from_reader`: Use Message::parse_from_reader instead
[INFO] [stdout]    --> src/local_store.rs:175:59
[INFO] [stdout]     |
[INFO] [stdout] 175 |         let proto: crate::protos::store::Tree = protobuf::parse_from_reader(&mut file)?;
[INFO] [stdout]     |                                                           ^^^^^^^^^^^^^^^^^
[INFO] [stdout] 
[INFO] [stdout] 
[INFO] [stdout] warning: use of deprecated function `protobuf::parse_from_reader`: Use Message::parse_from_reader instead
[INFO] [stdout]    --> src/local_store.rs:198:61
[INFO] [stdout]     |
[INFO] [stdout] 198 |         let proto: crate::protos::store::Commit = protobuf::parse_from_reader(&mut file)?;
[INFO] [stdout]     |                                                             ^^^^^^^^^^^^^^^^^
[INFO] [stdout] 
[INFO] [stdout] 
[INFO] [stdout] warning: use of deprecated function `protobuf::parse_from_reader`: Use Message::parse_from_reader instead
[INFO] [stdout]    --> src/local_store.rs:221:63
[INFO] [stdout]     |
[INFO] [stdout] 221 |         let proto: crate::protos::store::Conflict = protobuf::parse_from_reader(&mut file)?;
[INFO] [stdout]     |                                                               ^^^^^^^^^^^^^^^^^
[INFO] [stdout] 
[INFO] [stdout] 
[INFO] [stdout] warning: use of deprecated function `whoami::hostname`: use `fallible::hostname()` instead
[INFO] [stdout]    --> src/op_store.rs:103:32
[INFO] [stdout]     |
[INFO] [stdout] 103 |         let hostname = whoami::hostname();
[INFO] [stdout]     |                                ^^^^^^^^
[INFO] [stdout] 
[INFO] [stdout] 
[INFO] [stdout] warning: use of deprecated function `protobuf::parse_from_reader`: Use Message::parse_from_reader instead
[INFO] [stdout]   --> src/simple_op_store.rs:87:62
[INFO] [stdout]    |
[INFO] [stdout] 87 |         let proto: crate::protos::op_store::View = protobuf::parse_from_reader(&mut file)?;
[INFO] [stdout]    |                                                              ^^^^^^^^^^^^^^^^^
[INFO] [stdout] 
[INFO] [stdout] 
[INFO] [stdout] warning: use of deprecated function `protobuf::parse_from_reader`: Use Message::parse_from_reader instead
[INFO] [stdout]    --> src/simple_op_store.rs:110:67
[INFO] [stdout]     |
[INFO] [stdout] 110 |         let proto: crate::protos::op_store::Operation = protobuf::parse_from_reader(&mut file)?;
[INFO] [stdout]     |                                                                   ^^^^^^^^^^^^^^^^^
[INFO] [stdout] 
[INFO] [stdout] 
[INFO] [stdout] warning: use of deprecated function `protobuf::parse_from_reader`: Use Message::parse_from_reader instead
[INFO] [stdout]    --> src/working_copy.rs:213:23
[INFO] [stdout]     |
[INFO] [stdout] 213 |             protobuf::parse_from_reader(&mut file).unwrap();
[INFO] [stdout]     |                       ^^^^^^^^^^^^^^^^^
[INFO] [stdout] 
[INFO] [stdout] 
[INFO] [stdout] warning: use of deprecated function `protobuf::parse_from_reader`: Use Message::parse_from_reader instead
[INFO] [stdout]    --> src/working_copy.rs:574:19
[INFO] [stdout]     |
[INFO] [stdout] 574 |         protobuf::parse_from_reader(&mut file).unwrap()
[INFO] [stdout]     |                   ^^^^^^^^^^^^^^^^^
[INFO] [stdout] 
[INFO] [stdout] 
[INFO] [stdout] error: linking with `cc` failed: exit status: 1
[INFO] [stdout]   |
[INFO] [stdout]   = note: LC_ALL="C" PATH="/opt/rustwide/rustup-home/toolchains/nightly-2024-10-28-x86_64-unknown-linux-gnu/lib/rustlib/x86_64-unknown-linux-gnu/bin:/opt/rustwide/rustup-home/toolchains/nightly-2024-10-28-x86_64-unknown-linux-gnu/lib/rustlib/x86_64-unknown-linux-gnu/bin/self-contained:/opt/rustwide/cargo-home/bin:/usr/local/sbin:/usr/local/bin:/usr/sbin:/usr/bin:/sbin:/bin" VSLANG="1033" "cc" "-m64" "/tmp/rustcIvGTfU/symbols.o" "/opt/rustwide/target/debug/deps/test_merge_trees-3dd8e3137f2652be.test_merge_trees.7a87a579a243e6d7-cgu.0.rcgu.o" "/opt/rustwide/target/debug/deps/test_merge_trees-3dd8e3137f2652be.0gm0mv0p8nbfutg2evbczm2vb.rcgu.o" "-Wl,--as-needed" "-Wl,-Bstatic" "/opt/rustwide/rustup-home/toolchains/nightly-2024-10-28-x86_64-unknown-linux-gnu/lib/rustlib/x86_64-unknown-linux-gnu/lib/libtest-a09fad3b5321e7d6.rlib" "/opt/rustwide/rustup-home/toolchains/nightly-2024-10-28-x86_64-unknown-linux-gnu/lib/rustlib/x86_64-unknown-linux-gnu/lib/libgetopts-f9c3dff41ad42661.rlib" "/opt/rustwide/rustup-home/toolchains/nightly-2024-10-28-x86_64-unknown-linux-gnu/lib/rustlib/x86_64-unknown-linux-gnu/lib/libunicode_width-ad2aef31af6addd3.rlib" "/opt/rustwide/rustup-home/toolchains/nightly-2024-10-28-x86_64-unknown-linux-gnu/lib/rustlib/x86_64-unknown-linux-gnu/lib/librustc_std_workspace_std-e3f907dc03deb913.rlib" "/opt/rustwide/target/debug/deps/libjujube_lib-a077e79e7dfd18d3.rlib" "/opt/rustwide/target/debug/deps/librand-f52b05239bf147a9.rlib" "/opt/rustwide/target/debug/deps/librand_chacha-44e5c89cb0978049.rlib" "/opt/rustwide/target/debug/deps/librand_core-cba305c51097e260.rlib" "/opt/rustwide/target/debug/deps/libchrono-7c6e33e73f5f2f00.rlib" "/opt/rustwide/target/debug/deps/libiana_time_zone-b5af8e0c24ee252c.rlib" "/opt/rustwide/target/debug/deps/libdirs-3995ddba671ddf7a.rlib" "/opt/rustwide/target/debug/deps/libdirs_sys-195b7eb4761e38ba.rlib" "/opt/rustwide/target/debug/deps/libconfig-f2b71f5582e01b17.rlib" "/opt/rustwide/target/debug/deps/libini-1425421c68499781.rlib" "/opt/rustwide/target/debug/deps/libserde_hjson-ae8d2486a916ad8d.rlib" "/opt/rustwide/target/debug/deps/libregex-917a53b4ab89e2c5.rlib" "/opt/rustwide/target/debug/deps/libregex_automata-97b9ad51bc233aa2.rlib" "/opt/rustwide/target/debug/deps/libaho_corasick-61c420fa79d2ec15.rlib" "/opt/rustwide/target/debug/deps/libregex_syntax-eddb13b0f2ea78f9.rlib" "/opt/rustwide/target/debug/deps/libnum_traits-e88fae394f6bc013.rlib" "/opt/rustwide/target/debug/deps/libnum_traits-e35ec60fee4843d4.rlib" "/opt/rustwide/target/debug/deps/liblinked_hash_map-ea061f151ebf34a5.rlib" "/opt/rustwide/target/debug/deps/libserde-765fc176eb0ca414.rlib" "/opt/rustwide/target/debug/deps/libyaml_rust-6d60ab237de14ae0.rlib" "/opt/rustwide/target/debug/deps/liblinked_hash_map-4155900399b65b23.rlib" "/opt/rustwide/target/debug/deps/libtoml-f08a2eb6625c58df.rlib" "/opt/rustwide/target/debug/deps/liblazy_static-7af2f34f8b124b26.rlib" "/opt/rustwide/target/debug/deps/libnom-65fadcc9546fa32a.rlib" "/opt/rustwide/target/debug/deps/liblexical_core-83d8e79e25ed4621.rlib" "/opt/rustwide/target/debug/deps/libstatic_assertions-14a197ae77f98fdb.rlib" "/opt/rustwide/target/debug/deps/libarrayvec-7e724bf3ee7987ce.rlib" "/opt/rustwide/target/debug/deps/libwhoami-3eca19f9b6a521fa.rlib" "/opt/rustwide/target/debug/deps/libzstd-b16caed771585dfb.rlib" "/opt/rustwide/target/debug/deps/libzstd_safe-b1835d3a3e63e002.rlib" "/opt/rustwide/target/debug/deps/libzstd_sys-ef9832b2137e2861.rlib" "/opt/rustwide/target/debug/deps/libhex-718b4f18bb2e7953.rlib" "/opt/rustwide/target/debug/deps/libserde_json-85e06ef8315c41a5.rlib" "/opt/rustwide/target/debug/deps/libmemchr-19f803c071aa8496.rlib" "/opt/rustwide/target/debug/deps/libitoa-add5260810035b6e.rlib" "/opt/rustwide/target/debug/deps/libryu-2ae7af5af0bb88e0.rlib" "/opt/rustwide/target/debug/deps/libserde-228eb9d983fcf8ca.rlib" "/opt/rustwide/target/debug/deps/libtempfile-a2481f100a4f273c.rlib" "/opt/rustwide/target/debug/deps/libfastrand-f623a11bfaa18180.rlib" "/opt/rustwide/target/debug/deps/librustix-cc87727a98b7ffc5.rlib" "/opt/rustwide/target/debug/deps/libbitflags-2a54fc7d8f815a15.rlib" "/opt/rustwide/target/debug/deps/liblinux_raw_sys-b77fbec2cd3ef233.rlib" "/opt/rustwide/target/debug/deps/libonce_cell-6dc575c335e8f5a1.rlib" "/opt/rustwide/target/debug/deps/libblake2-a92a662c0c931ba4.rlib" "/opt/rustwide/target/debug/deps/libopaque_debug-f459251d9ab59279.rlib" "/opt/rustwide/target/debug/deps/libcrypto_mac-a36f60aff90e581d.rlib" "/opt/rustwide/target/debug/deps/libsubtle-102a9c13202caeed.rlib" "/opt/rustwide/target/debug/deps/libdigest-820b5602911a625a.rlib" "/opt/rustwide/target/debug/deps/libgeneric_array-8adeeff807b8220e.rlib" "/opt/rustwide/target/debug/deps/libtypenum-5326f72807cfe834.rlib" "/opt/rustwide/target/debug/deps/libbackoff-d9beb4c86748d42d.rlib" "/opt/rustwide/target/debug/deps/librand-2dea8f54902472d9.rlib" "/opt/rustwide/target/debug/deps/librand_chacha-fdd6c64e31c8a863.rlib" "/opt/rustwide/target/debug/deps/libppv_lite86-20bb1f1325624f6e.rlib" "/opt/rustwide/target/debug/deps/libzerocopy-5f3f61f627e67b42.rlib" "/opt/rustwide/target/debug/deps/librand_core-d6cacd0fecab38eb.rlib" "/opt/rustwide/target/debug/deps/libgetrandom-99628b2e963a0709.rlib" "/opt/rustwide/target/debug/deps/libinstant-969d032a10606262.rlib" "/opt/rustwide/target/debug/deps/libprotobuf-f6a5d5f181080a08.rlib" "/opt/rustwide/target/debug/deps/libbytes-6a4c7ea0a880895d.rlib" "/opt/rustwide/target/debug/deps/libgit2-44e7e51a6d08bd6c.rlib" "/opt/rustwide/target/debug/deps/libopenssl_probe-7a88c39453af999d.rlib" "/opt/rustwide/target/debug/deps/liburl-3ecc82cacc8bd093.rlib" "/opt/rustwide/target/debug/deps/libidna-077fbd60ed77fff8.rlib" "/opt/rustwide/target/debug/deps/libunicode_normalization-9ddc68976d8cc053.rlib" "/opt/rustwide/target/debug/deps/libtinyvec-51759a03d8e7a380.rlib" "/opt/rustwide/target/debug/deps/libtinyvec_macros-66661c55905090ec.rlib" "/opt/rustwide/target/debug/deps/libunicode_bidi-7cad909d6a4c23f7.rlib" "/opt/rustwide/target/debug/deps/libform_urlencoded-07a2dedb236e9598.rlib" "/opt/rustwide/target/debug/deps/libpercent_encoding-a400589552762a21.rlib" "/opt/rustwide/target/debug/deps/liblog-b6b1a89bf87ced53.rlib" "/opt/rustwide/target/debug/deps/liblibgit2_sys-bb138297e4fc6cf4.rlib" "/opt/rustwide/target/debug/deps/liblibssh2_sys-8587996b1f31931a.rlib" "/opt/rustwide/target/debug/deps/libopenssl_sys-33efa626b77543a9.rlib" "/opt/rustwide/target/debug/deps/liblibz_sys-de06d6874fdd16c6.rlib" "/opt/rustwide/target/debug/deps/libbitflags-560efdb99b117eef.rlib" "/opt/rustwide/target/debug/deps/libthiserror-f6397f184a4c3395.rlib" "/opt/rustwide/target/debug/deps/libdiff-1ad714bf5767b22f.rlib" "/opt/rustwide/target/debug/deps/libuuid-e5b12414e6806faa.rlib" "/opt/rustwide/target/debug/deps/libgetrandom-9a17fb66a373cb5d.rlib" "/opt/rustwide/target/debug/deps/liblibc-cf06f29c0a4f6ede.rlib" "/opt/rustwide/target/debug/deps/libcfg_if-57bf25c23e31efdb.rlib" "/opt/rustwide/target/debug/deps/libbyteorder-921e9eb05e03d6ac.rlib" "/opt/rustwide/rustup-home/toolchains/nightly-2024-10-28-x86_64-unknown-linux-gnu/lib/rustlib/x86_64-unknown-linux-gnu/lib/libstd-fb8c387236db3c10.rlib" "/opt/rustwide/rustup-home/toolchains/nightly-2024-10-28-x86_64-unknown-linux-gnu/lib/rustlib/x86_64-unknown-linux-gnu/lib/libpanic_unwind-b251837809b2f64b.rlib" "/opt/rustwide/rustup-home/toolchains/nightly-2024-10-28-x86_64-unknown-linux-gnu/lib/rustlib/x86_64-unknown-linux-gnu/lib/libobject-cbef83eaa4e01f04.rlib" "/opt/rustwide/rustup-home/toolchains/nightly-2024-10-28-x86_64-unknown-linux-gnu/lib/rustlib/x86_64-unknown-linux-gnu/lib/libmemchr-12a772286de2fca7.rlib" "/opt/rustwide/rustup-home/toolchains/nightly-2024-10-28-x86_64-unknown-linux-gnu/lib/rustlib/x86_64-unknown-linux-gnu/lib/libaddr2line-023bbe5ada7abfc3.rlib" "/opt/rustwide/rustup-home/toolchains/nightly-2024-10-28-x86_64-unknown-linux-gnu/lib/rustlib/x86_64-unknown-linux-gnu/lib/libgimli-de2bcdf10ec69c2b.rlib" "/opt/rustwide/rustup-home/toolchains/nightly-2024-10-28-x86_64-unknown-linux-gnu/lib/rustlib/x86_64-unknown-linux-gnu/lib/librustc_demangle-8e1754df350800fd.rlib" "/opt/rustwide/rustup-home/toolchains/nightly-2024-10-28-x86_64-unknown-linux-gnu/lib/rustlib/x86_64-unknown-linux-gnu/lib/libstd_detect-06c2ab7b9c32e037.rlib" "/opt/rustwide/rustup-home/toolchains/nightly-2024-10-28-x86_64-unknown-linux-gnu/lib/rustlib/x86_64-unknown-linux-gnu/lib/libhashbrown-51d2621fc57a281b.rlib" "/opt/rustwide/rustup-home/toolchains/nightly-2024-10-28-x86_64-unknown-linux-gnu/lib/rustlib/x86_64-unknown-linux-gnu/lib/librustc_std_workspace_alloc-54a930408793772f.rlib" "/opt/rustwide/rustup-home/toolchains/nightly-2024-10-28-x86_64-unknown-linux-gnu/lib/rustlib/x86_64-unknown-linux-gnu/lib/libminiz_oxide-0c7d01cba400dcb2.rlib" "/opt/rustwide/rustup-home/toolchains/nightly-2024-10-28-x86_64-unknown-linux-gnu/lib/rustlib/x86_64-unknown-linux-gnu/lib/libadler-b9f84d69e331b75b.rlib" "/opt/rustwide/rustup-home/toolchains/nightly-2024-10-28-x86_64-unknown-linux-gnu/lib/rustlib/x86_64-unknown-linux-gnu/lib/libunwind-eec95493246aae39.rlib" "/opt/rustwide/rustup-home/toolchains/nightly-2024-10-28-x86_64-unknown-linux-gnu/lib/rustlib/x86_64-unknown-linux-gnu/lib/libcfg_if-6f6676c475e08ab0.rlib" "/opt/rustwide/rustup-home/toolchains/nightly-2024-10-28-x86_64-unknown-linux-gnu/lib/rustlib/x86_64-unknown-linux-gnu/lib/liblibc-799d520624f8b2e0.rlib" "/opt/rustwide/rustup-home/toolchains/nightly-2024-10-28-x86_64-unknown-linux-gnu/lib/rustlib/x86_64-unknown-linux-gnu/lib/liballoc-fcf93d4842acd9a9.rlib" "/opt/rustwide/rustup-home/toolchains/nightly-2024-10-28-x86_64-unknown-linux-gnu/lib/rustlib/x86_64-unknown-linux-gnu/lib/librustc_std_workspace_core-395a38b8e0851c9b.rlib" "/opt/rustwide/rustup-home/toolchains/nightly-2024-10-28-x86_64-unknown-linux-gnu/lib/rustlib/x86_64-unknown-linux-gnu/lib/libcore-d453bab70303062c.rlib" "/opt/rustwide/rustup-home/toolchains/nightly-2024-10-28-x86_64-unknown-linux-gnu/lib/rustlib/x86_64-unknown-linux-gnu/lib/libcompiler_builtins-0e6386368b0a24e8.rlib" "-Wl,-Bdynamic" "-lssl" "-lcrypto" "-lz" "-lgcc_s" "-lutil" "-lrt" "-lpthread" "-lm" "-ldl" "-lc" "-B/opt/rustwide/rustup-home/toolchains/nightly-2024-10-28-x86_64-unknown-linux-gnu/lib/rustlib/x86_64-unknown-linux-gnu/bin/gcc-ld" "-fuse-ld=lld" "-Wl,--eh-frame-hdr" "-Wl,-z,noexecstack" "-L" "/opt/rustwide/target/debug/build/libgit2-sys-b01eccb6b5bc8518/out/build" "-L" "/opt/rustwide/target/debug/build/libssh2-sys-d5a462bb9198d8e8/out/build" "-L" "/opt/rustwide/target/debug/build/zstd-sys-ac1dbaa08e5d52a7/out" "-L" "/opt/rustwide/rustup-home/toolchains/nightly-2024-10-28-x86_64-unknown-linux-gnu/lib/rustlib/x86_64-unknown-linux-gnu/lib" "-o" "/opt/rustwide/target/debug/deps/test_merge_trees-3dd8e3137f2652be" "-Wl,--gc-sections" "-pie" "-Wl,-z,relro,-z,now" "-nodefaultlibs"
[INFO] [stdout]   = note: collect2: fatal error: ld terminated with signal 9 [Killed]
[INFO] [stdout]           compilation terminated.
[INFO] [stdout]           
[INFO] [stdout] 
[INFO] [stdout] 
[INFO] [stdout] error: linking with `cc` failed: exit status: 1
[INFO] [stdout]   |
[INFO] [stdout]   = note: LC_ALL="C" PATH="/opt/rustwide/rustup-home/toolchains/nightly-2024-10-28-x86_64-unknown-linux-gnu/lib/rustlib/x86_64-unknown-linux-gnu/bin:/opt/rustwide/rustup-home/toolchains/nightly-2024-10-28-x86_64-unknown-linux-gnu/lib/rustlib/x86_64-unknown-linux-gnu/bin/self-contained:/opt/rustwide/cargo-home/bin:/usr/local/sbin:/usr/local/bin:/usr/sbin:/usr/bin:/sbin:/bin" VSLANG="1033" "cc" "-m64" "/tmp/rustc3yARuz/symbols.o" "/opt/rustwide/target/debug/deps/test_diff_summary-5673aad10921bb8b.test_diff_summary.be94d4d2c347308e-cgu.0.rcgu.o" "/opt/rustwide/target/debug/deps/test_diff_summary-5673aad10921bb8b.08qctahm7fuci20qttpx849ou.rcgu.o" "-Wl,--as-needed" "-Wl,-Bstatic" "/opt/rustwide/rustup-home/toolchains/nightly-2024-10-28-x86_64-unknown-linux-gnu/lib/rustlib/x86_64-unknown-linux-gnu/lib/libtest-a09fad3b5321e7d6.rlib" "/opt/rustwide/rustup-home/toolchains/nightly-2024-10-28-x86_64-unknown-linux-gnu/lib/rustlib/x86_64-unknown-linux-gnu/lib/libgetopts-f9c3dff41ad42661.rlib" "/opt/rustwide/rustup-home/toolchains/nightly-2024-10-28-x86_64-unknown-linux-gnu/lib/rustlib/x86_64-unknown-linux-gnu/lib/libunicode_width-ad2aef31af6addd3.rlib" "/opt/rustwide/rustup-home/toolchains/nightly-2024-10-28-x86_64-unknown-linux-gnu/lib/rustlib/x86_64-unknown-linux-gnu/lib/librustc_std_workspace_std-e3f907dc03deb913.rlib" "/opt/rustwide/target/debug/deps/libjujube_lib-a077e79e7dfd18d3.rlib" "/opt/rustwide/target/debug/deps/librand-f52b05239bf147a9.rlib" "/opt/rustwide/target/debug/deps/librand_chacha-44e5c89cb0978049.rlib" "/opt/rustwide/target/debug/deps/librand_core-cba305c51097e260.rlib" "/opt/rustwide/target/debug/deps/libchrono-7c6e33e73f5f2f00.rlib" "/opt/rustwide/target/debug/deps/libiana_time_zone-b5af8e0c24ee252c.rlib" "/opt/rustwide/target/debug/deps/libdirs-3995ddba671ddf7a.rlib" "/opt/rustwide/target/debug/deps/libdirs_sys-195b7eb4761e38ba.rlib" "/opt/rustwide/target/debug/deps/libconfig-f2b71f5582e01b17.rlib" "/opt/rustwide/target/debug/deps/libini-1425421c68499781.rlib" "/opt/rustwide/target/debug/deps/libserde_hjson-ae8d2486a916ad8d.rlib" "/opt/rustwide/target/debug/deps/libregex-917a53b4ab89e2c5.rlib" "/opt/rustwide/target/debug/deps/libregex_automata-97b9ad51bc233aa2.rlib" "/opt/rustwide/target/debug/deps/libaho_corasick-61c420fa79d2ec15.rlib" "/opt/rustwide/target/debug/deps/libregex_syntax-eddb13b0f2ea78f9.rlib" "/opt/rustwide/target/debug/deps/libnum_traits-e88fae394f6bc013.rlib" "/opt/rustwide/target/debug/deps/libnum_traits-e35ec60fee4843d4.rlib" "/opt/rustwide/target/debug/deps/liblinked_hash_map-ea061f151ebf34a5.rlib" "/opt/rustwide/target/debug/deps/libserde-765fc176eb0ca414.rlib" "/opt/rustwide/target/debug/deps/libyaml_rust-6d60ab237de14ae0.rlib" "/opt/rustwide/target/debug/deps/liblinked_hash_map-4155900399b65b23.rlib" "/opt/rustwide/target/debug/deps/libtoml-f08a2eb6625c58df.rlib" "/opt/rustwide/target/debug/deps/liblazy_static-7af2f34f8b124b26.rlib" "/opt/rustwide/target/debug/deps/libnom-65fadcc9546fa32a.rlib" "/opt/rustwide/target/debug/deps/liblexical_core-83d8e79e25ed4621.rlib" "/opt/rustwide/target/debug/deps/libstatic_assertions-14a197ae77f98fdb.rlib" "/opt/rustwide/target/debug/deps/libarrayvec-7e724bf3ee7987ce.rlib" "/opt/rustwide/target/debug/deps/libwhoami-3eca19f9b6a521fa.rlib" "/opt/rustwide/target/debug/deps/libzstd-b16caed771585dfb.rlib" "/opt/rustwide/target/debug/deps/libzstd_safe-b1835d3a3e63e002.rlib" "/opt/rustwide/target/debug/deps/libzstd_sys-ef9832b2137e2861.rlib" "/opt/rustwide/target/debug/deps/libhex-718b4f18bb2e7953.rlib" "/opt/rustwide/target/debug/deps/libserde_json-85e06ef8315c41a5.rlib" "/opt/rustwide/target/debug/deps/libmemchr-19f803c071aa8496.rlib" "/opt/rustwide/target/debug/deps/libitoa-add5260810035b6e.rlib" "/opt/rustwide/target/debug/deps/libryu-2ae7af5af0bb88e0.rlib" "/opt/rustwide/target/debug/deps/libserde-228eb9d983fcf8ca.rlib" "/opt/rustwide/target/debug/deps/libtempfile-a2481f100a4f273c.rlib" "/opt/rustwide/target/debug/deps/libfastrand-f623a11bfaa18180.rlib" "/opt/rustwide/target/debug/deps/librustix-cc87727a98b7ffc5.rlib" "/opt/rustwide/target/debug/deps/libbitflags-2a54fc7d8f815a15.rlib" "/opt/rustwide/target/debug/deps/liblinux_raw_sys-b77fbec2cd3ef233.rlib" "/opt/rustwide/target/debug/deps/libonce_cell-6dc575c335e8f5a1.rlib" "/opt/rustwide/target/debug/deps/libblake2-a92a662c0c931ba4.rlib" "/opt/rustwide/target/debug/deps/libopaque_debug-f459251d9ab59279.rlib" "/opt/rustwide/target/debug/deps/libcrypto_mac-a36f60aff90e581d.rlib" "/opt/rustwide/target/debug/deps/libsubtle-102a9c13202caeed.rlib" "/opt/rustwide/target/debug/deps/libdigest-820b5602911a625a.rlib" "/opt/rustwide/target/debug/deps/libgeneric_array-8adeeff807b8220e.rlib" "/opt/rustwide/target/debug/deps/libtypenum-5326f72807cfe834.rlib" "/opt/rustwide/target/debug/deps/libbackoff-d9beb4c86748d42d.rlib" "/opt/rustwide/target/debug/deps/librand-2dea8f54902472d9.rlib" "/opt/rustwide/target/debug/deps/librand_chacha-fdd6c64e31c8a863.rlib" "/opt/rustwide/target/debug/deps/libppv_lite86-20bb1f1325624f6e.rlib" "/opt/rustwide/target/debug/deps/libzerocopy-5f3f61f627e67b42.rlib" "/opt/rustwide/target/debug/deps/librand_core-d6cacd0fecab38eb.rlib" "/opt/rustwide/target/debug/deps/libgetrandom-99628b2e963a0709.rlib" "/opt/rustwide/target/debug/deps/libinstant-969d032a10606262.rlib" "/opt/rustwide/target/debug/deps/libprotobuf-f6a5d5f181080a08.rlib" "/opt/rustwide/target/debug/deps/libbytes-6a4c7ea0a880895d.rlib" "/opt/rustwide/target/debug/deps/libgit2-44e7e51a6d08bd6c.rlib" "/opt/rustwide/target/debug/deps/libopenssl_probe-7a88c39453af999d.rlib" "/opt/rustwide/target/debug/deps/liburl-3ecc82cacc8bd093.rlib" "/opt/rustwide/target/debug/deps/libidna-077fbd60ed77fff8.rlib" "/opt/rustwide/target/debug/deps/libunicode_normalization-9ddc68976d8cc053.rlib" "/opt/rustwide/target/debug/deps/libtinyvec-51759a03d8e7a380.rlib" "/opt/rustwide/target/debug/deps/libtinyvec_macros-66661c55905090ec.rlib" "/opt/rustwide/target/debug/deps/libunicode_bidi-7cad909d6a4c23f7.rlib" "/opt/rustwide/target/debug/deps/libform_urlencoded-07a2dedb236e9598.rlib" "/opt/rustwide/target/debug/deps/libpercent_encoding-a400589552762a21.rlib" "/opt/rustwide/target/debug/deps/liblog-b6b1a89bf87ced53.rlib" "/opt/rustwide/target/debug/deps/liblibgit2_sys-bb138297e4fc6cf4.rlib" "/opt/rustwide/target/debug/deps/liblibssh2_sys-8587996b1f31931a.rlib" "/opt/rustwide/target/debug/deps/libopenssl_sys-33efa626b77543a9.rlib" "/opt/rustwide/target/debug/deps/liblibz_sys-de06d6874fdd16c6.rlib" "/opt/rustwide/target/debug/deps/libbitflags-560efdb99b117eef.rlib" "/opt/rustwide/target/debug/deps/libthiserror-f6397f184a4c3395.rlib" "/opt/rustwide/target/debug/deps/libdiff-1ad714bf5767b22f.rlib" "/opt/rustwide/target/debug/deps/libuuid-e5b12414e6806faa.rlib" "/opt/rustwide/target/debug/deps/libgetrandom-9a17fb66a373cb5d.rlib" "/opt/rustwide/target/debug/deps/liblibc-cf06f29c0a4f6ede.rlib" "/opt/rustwide/target/debug/deps/libcfg_if-57bf25c23e31efdb.rlib" "/opt/rustwide/target/debug/deps/libbyteorder-921e9eb05e03d6ac.rlib" "/opt/rustwide/rustup-home/toolchains/nightly-2024-10-28-x86_64-unknown-linux-gnu/lib/rustlib/x86_64-unknown-linux-gnu/lib/libstd-fb8c387236db3c10.rlib" "/opt/rustwide/rustup-home/toolchains/nightly-2024-10-28-x86_64-unknown-linux-gnu/lib/rustlib/x86_64-unknown-linux-gnu/lib/libpanic_unwind-b251837809b2f64b.rlib" "/opt/rustwide/rustup-home/toolchains/nightly-2024-10-28-x86_64-unknown-linux-gnu/lib/rustlib/x86_64-unknown-linux-gnu/lib/libobject-cbef83eaa4e01f04.rlib" "/opt/rustwide/rustup-home/toolchains/nightly-2024-10-28-x86_64-unknown-linux-gnu/lib/rustlib/x86_64-unknown-linux-gnu/lib/libmemchr-12a772286de2fca7.rlib" "/opt/rustwide/rustup-home/toolchains/nightly-2024-10-28-x86_64-unknown-linux-gnu/lib/rustlib/x86_64-unknown-linux-gnu/lib/libaddr2line-023bbe5ada7abfc3.rlib" "/opt/rustwide/rustup-home/toolchains/nightly-2024-10-28-x86_64-unknown-linux-gnu/lib/rustlib/x86_64-unknown-linux-gnu/lib/libgimli-de2bcdf10ec69c2b.rlib" "/opt/rustwide/rustup-home/toolchains/nightly-2024-10-28-x86_64-unknown-linux-gnu/lib/rustlib/x86_64-unknown-linux-gnu/lib/librustc_demangle-8e1754df350800fd.rlib" "/opt/rustwide/rustup-home/toolchains/nightly-2024-10-28-x86_64-unknown-linux-gnu/lib/rustlib/x86_64-unknown-linux-gnu/lib/libstd_detect-06c2ab7b9c32e037.rlib" "/opt/rustwide/rustup-home/toolchains/nightly-2024-10-28-x86_64-unknown-linux-gnu/lib/rustlib/x86_64-unknown-linux-gnu/lib/libhashbrown-51d2621fc57a281b.rlib" "/opt/rustwide/rustup-home/toolchains/nightly-2024-10-28-x86_64-unknown-linux-gnu/lib/rustlib/x86_64-unknown-linux-gnu/lib/librustc_std_workspace_alloc-54a930408793772f.rlib" "/opt/rustwide/rustup-home/toolchains/nightly-2024-10-28-x86_64-unknown-linux-gnu/lib/rustlib/x86_64-unknown-linux-gnu/lib/libminiz_oxide-0c7d01cba400dcb2.rlib" "/opt/rustwide/rustup-home/toolchains/nightly-2024-10-28-x86_64-unknown-linux-gnu/lib/rustlib/x86_64-unknown-linux-gnu/lib/libadler-b9f84d69e331b75b.rlib" "/opt/rustwide/rustup-home/toolchains/nightly-2024-10-28-x86_64-unknown-linux-gnu/lib/rustlib/x86_64-unknown-linux-gnu/lib/libunwind-eec95493246aae39.rlib" "/opt/rustwide/rustup-home/toolchains/nightly-2024-10-28-x86_64-unknown-linux-gnu/lib/rustlib/x86_64-unknown-linux-gnu/lib/libcfg_if-6f6676c475e08ab0.rlib" "/opt/rustwide/rustup-home/toolchains/nightly-2024-10-28-x86_64-unknown-linux-gnu/lib/rustlib/x86_64-unknown-linux-gnu/lib/liblibc-799d520624f8b2e0.rlib" "/opt/rustwide/rustup-home/toolchains/nightly-2024-10-28-x86_64-unknown-linux-gnu/lib/rustlib/x86_64-unknown-linux-gnu/lib/liballoc-fcf93d4842acd9a9.rlib" "/opt/rustwide/rustup-home/toolchains/nightly-2024-10-28-x86_64-unknown-linux-gnu/lib/rustlib/x86_64-unknown-linux-gnu/lib/librustc_std_workspace_core-395a38b8e0851c9b.rlib" "/opt/rustwide/rustup-home/toolchains/nightly-2024-10-28-x86_64-unknown-linux-gnu/lib/rustlib/x86_64-unknown-linux-gnu/lib/libcore-d453bab70303062c.rlib" "/opt/rustwide/rustup-home/toolchains/nightly-2024-10-28-x86_64-unknown-linux-gnu/lib/rustlib/x86_64-unknown-linux-gnu/lib/libcompiler_builtins-0e6386368b0a24e8.rlib" "-Wl,-Bdynamic" "-lssl" "-lcrypto" "-lz" "-lgcc_s" "-lutil" "-lrt" "-lpthread" "-lm" "-ldl" "-lc" "-B/opt/rustwide/rustup-home/toolchains/nightly-2024-10-28-x86_64-unknown-linux-gnu/lib/rustlib/x86_64-unknown-linux-gnu/bin/gcc-ld" "-fuse-ld=lld" "-Wl,--eh-frame-hdr" "-Wl,-z,noexecstack" "-L" "/opt/rustwide/target/debug/build/libgit2-sys-b01eccb6b5bc8518/out/build" "-L" "/opt/rustwide/target/debug/build/libssh2-sys-d5a462bb9198d8e8/out/build" "-L" "/opt/rustwide/target/debug/build/zstd-sys-ac1dbaa08e5d52a7/out" "-L" "/opt/rustwide/rustup-home/toolchains/nightly-2024-10-28-x86_64-unknown-linux-gnu/lib/rustlib/x86_64-unknown-linux-gnu/lib" "-o" "/opt/rustwide/target/debug/deps/test_diff_summary-5673aad10921bb8b" "-Wl,--gc-sections" "-pie" "-Wl,-z,relro,-z,now" "-nodefaultlibs"
[INFO] [stdout]   = note: collect2: fatal error: ld terminated with signal 9 [Killed]
[INFO] [stdout]           compilation terminated.
[INFO] [stdout]           
[INFO] [stdout] 
[INFO] [stdout] 
[INFO] [stderr] error: could not compile `jujube-lib` (test "test_merge_trees") due to 1 previous error
[INFO] [stderr] warning: build failed, waiting for other jobs to finish...
[INFO] [stderr] error: could not compile `jujube-lib` (test "test_diff_summary") due to 1 previous error
[INFO] [stdout] warning: variable does not need to be mutable
[INFO] [stdout]    --> src/repo.rs:232:13
[INFO] [stdout]     |
[INFO] [stdout] 232 |         let mut repo_ref_mut = Arc::get_mut(&mut repo).unwrap();
[INFO] [stdout]     |             ----^^^^^^^^^^^^
[INFO] [stdout]     |             |
[INFO] [stdout]     |             help: remove this `mut`
[INFO] [stdout]     |
[INFO] [stdout]     = note: `#[warn(unused_mut)]` on by default
[INFO] [stdout] 
[INFO] [stdout] 
[INFO] [stdout] error: linking with `cc` failed: exit status: 1
[INFO] [stdout]   |
[INFO] [stdout]   = note: LC_ALL="C" PATH="/opt/rustwide/rustup-home/toolchains/nightly-2024-10-28-x86_64-unknown-linux-gnu/lib/rustlib/x86_64-unknown-linux-gnu/bin:/opt/rustwide/rustup-home/toolchains/nightly-2024-10-28-x86_64-unknown-linux-gnu/lib/rustlib/x86_64-unknown-linux-gnu/bin/self-contained:/opt/rustwide/cargo-home/bin:/usr/local/sbin:/usr/local/bin:/usr/sbin:/usr/bin:/sbin:/bin" VSLANG="1033" "cc" "-m64" "/tmp/rustcbtFbGf/symbols.o" "/opt/rustwide/target/debug/deps/test_transaction-cb282404bc3649d3.test_transaction.2e3efdc521635ea9-cgu.0.rcgu.o" "/opt/rustwide/target/debug/deps/test_transaction-cb282404bc3649d3.51ihh7qj149ktw8qhu71lp1sa.rcgu.o" "-Wl,--as-needed" "-Wl,-Bstatic" "/opt/rustwide/rustup-home/toolchains/nightly-2024-10-28-x86_64-unknown-linux-gnu/lib/rustlib/x86_64-unknown-linux-gnu/lib/libtest-a09fad3b5321e7d6.rlib" "/opt/rustwide/rustup-home/toolchains/nightly-2024-10-28-x86_64-unknown-linux-gnu/lib/rustlib/x86_64-unknown-linux-gnu/lib/libgetopts-f9c3dff41ad42661.rlib" "/opt/rustwide/rustup-home/toolchains/nightly-2024-10-28-x86_64-unknown-linux-gnu/lib/rustlib/x86_64-unknown-linux-gnu/lib/libunicode_width-ad2aef31af6addd3.rlib" "/opt/rustwide/rustup-home/toolchains/nightly-2024-10-28-x86_64-unknown-linux-gnu/lib/rustlib/x86_64-unknown-linux-gnu/lib/librustc_std_workspace_std-e3f907dc03deb913.rlib" "/opt/rustwide/target/debug/deps/libjujube_lib-a077e79e7dfd18d3.rlib" "/opt/rustwide/target/debug/deps/librand-f52b05239bf147a9.rlib" "/opt/rustwide/target/debug/deps/librand_chacha-44e5c89cb0978049.rlib" "/opt/rustwide/target/debug/deps/librand_core-cba305c51097e260.rlib" "/opt/rustwide/target/debug/deps/libchrono-7c6e33e73f5f2f00.rlib" "/opt/rustwide/target/debug/deps/libiana_time_zone-b5af8e0c24ee252c.rlib" "/opt/rustwide/target/debug/deps/libdirs-3995ddba671ddf7a.rlib" "/opt/rustwide/target/debug/deps/libdirs_sys-195b7eb4761e38ba.rlib" "/opt/rustwide/target/debug/deps/libconfig-f2b71f5582e01b17.rlib" "/opt/rustwide/target/debug/deps/libini-1425421c68499781.rlib" "/opt/rustwide/target/debug/deps/libserde_hjson-ae8d2486a916ad8d.rlib" "/opt/rustwide/target/debug/deps/libregex-917a53b4ab89e2c5.rlib" "/opt/rustwide/target/debug/deps/libregex_automata-97b9ad51bc233aa2.rlib" "/opt/rustwide/target/debug/deps/libaho_corasick-61c420fa79d2ec15.rlib" "/opt/rustwide/target/debug/deps/libregex_syntax-eddb13b0f2ea78f9.rlib" "/opt/rustwide/target/debug/deps/libnum_traits-e88fae394f6bc013.rlib" "/opt/rustwide/target/debug/deps/libnum_traits-e35ec60fee4843d4.rlib" "/opt/rustwide/target/debug/deps/liblinked_hash_map-ea061f151ebf34a5.rlib" "/opt/rustwide/target/debug/deps/libserde-765fc176eb0ca414.rlib" "/opt/rustwide/target/debug/deps/libyaml_rust-6d60ab237de14ae0.rlib" "/opt/rustwide/target/debug/deps/liblinked_hash_map-4155900399b65b23.rlib" "/opt/rustwide/target/debug/deps/libtoml-f08a2eb6625c58df.rlib" "/opt/rustwide/target/debug/deps/liblazy_static-7af2f34f8b124b26.rlib" "/opt/rustwide/target/debug/deps/libnom-65fadcc9546fa32a.rlib" "/opt/rustwide/target/debug/deps/liblexical_core-83d8e79e25ed4621.rlib" "/opt/rustwide/target/debug/deps/libstatic_assertions-14a197ae77f98fdb.rlib" "/opt/rustwide/target/debug/deps/libarrayvec-7e724bf3ee7987ce.rlib" "/opt/rustwide/target/debug/deps/libwhoami-3eca19f9b6a521fa.rlib" "/opt/rustwide/target/debug/deps/libzstd-b16caed771585dfb.rlib" "/opt/rustwide/target/debug/deps/libzstd_safe-b1835d3a3e63e002.rlib" "/opt/rustwide/target/debug/deps/libzstd_sys-ef9832b2137e2861.rlib" "/opt/rustwide/target/debug/deps/libhex-718b4f18bb2e7953.rlib" "/opt/rustwide/target/debug/deps/libserde_json-85e06ef8315c41a5.rlib" "/opt/rustwide/target/debug/deps/libmemchr-19f803c071aa8496.rlib" "/opt/rustwide/target/debug/deps/libitoa-add5260810035b6e.rlib" "/opt/rustwide/target/debug/deps/libryu-2ae7af5af0bb88e0.rlib" "/opt/rustwide/target/debug/deps/libserde-228eb9d983fcf8ca.rlib" "/opt/rustwide/target/debug/deps/libtempfile-a2481f100a4f273c.rlib" "/opt/rustwide/target/debug/deps/libfastrand-f623a11bfaa18180.rlib" "/opt/rustwide/target/debug/deps/librustix-cc87727a98b7ffc5.rlib" "/opt/rustwide/target/debug/deps/libbitflags-2a54fc7d8f815a15.rlib" "/opt/rustwide/target/debug/deps/liblinux_raw_sys-b77fbec2cd3ef233.rlib" "/opt/rustwide/target/debug/deps/libonce_cell-6dc575c335e8f5a1.rlib" "/opt/rustwide/target/debug/deps/libblake2-a92a662c0c931ba4.rlib" "/opt/rustwide/target/debug/deps/libopaque_debug-f459251d9ab59279.rlib" "/opt/rustwide/target/debug/deps/libcrypto_mac-a36f60aff90e581d.rlib" "/opt/rustwide/target/debug/deps/libsubtle-102a9c13202caeed.rlib" "/opt/rustwide/target/debug/deps/libdigest-820b5602911a625a.rlib" "/opt/rustwide/target/debug/deps/libgeneric_array-8adeeff807b8220e.rlib" "/opt/rustwide/target/debug/deps/libtypenum-5326f72807cfe834.rlib" "/opt/rustwide/target/debug/deps/libbackoff-d9beb4c86748d42d.rlib" "/opt/rustwide/target/debug/deps/librand-2dea8f54902472d9.rlib" "/opt/rustwide/target/debug/deps/librand_chacha-fdd6c64e31c8a863.rlib" "/opt/rustwide/target/debug/deps/libppv_lite86-20bb1f1325624f6e.rlib" "/opt/rustwide/target/debug/deps/libzerocopy-5f3f61f627e67b42.rlib" "/opt/rustwide/target/debug/deps/librand_core-d6cacd0fecab38eb.rlib" "/opt/rustwide/target/debug/deps/libgetrandom-99628b2e963a0709.rlib" "/opt/rustwide/target/debug/deps/libinstant-969d032a10606262.rlib" "/opt/rustwide/target/debug/deps/libprotobuf-f6a5d5f181080a08.rlib" "/opt/rustwide/target/debug/deps/libbytes-6a4c7ea0a880895d.rlib" "/opt/rustwide/target/debug/deps/libgit2-44e7e51a6d08bd6c.rlib" "/opt/rustwide/target/debug/deps/libopenssl_probe-7a88c39453af999d.rlib" "/opt/rustwide/target/debug/deps/liburl-3ecc82cacc8bd093.rlib" "/opt/rustwide/target/debug/deps/libidna-077fbd60ed77fff8.rlib" "/opt/rustwide/target/debug/deps/libunicode_normalization-9ddc68976d8cc053.rlib" "/opt/rustwide/target/debug/deps/libtinyvec-51759a03d8e7a380.rlib" "/opt/rustwide/target/debug/deps/libtinyvec_macros-66661c55905090ec.rlib" "/opt/rustwide/target/debug/deps/libunicode_bidi-7cad909d6a4c23f7.rlib" "/opt/rustwide/target/debug/deps/libform_urlencoded-07a2dedb236e9598.rlib" "/opt/rustwide/target/debug/deps/libpercent_encoding-a400589552762a21.rlib" "/opt/rustwide/target/debug/deps/liblog-b6b1a89bf87ced53.rlib" "/opt/rustwide/target/debug/deps/liblibgit2_sys-bb138297e4fc6cf4.rlib" "/opt/rustwide/target/debug/deps/liblibssh2_sys-8587996b1f31931a.rlib" "/opt/rustwide/target/debug/deps/libopenssl_sys-33efa626b77543a9.rlib" "/opt/rustwide/target/debug/deps/liblibz_sys-de06d6874fdd16c6.rlib" "/opt/rustwide/target/debug/deps/libbitflags-560efdb99b117eef.rlib" "/opt/rustwide/target/debug/deps/libthiserror-f6397f184a4c3395.rlib" "/opt/rustwide/target/debug/deps/libdiff-1ad714bf5767b22f.rlib" "/opt/rustwide/target/debug/deps/libuuid-e5b12414e6806faa.rlib" "/opt/rustwide/target/debug/deps/libgetrandom-9a17fb66a373cb5d.rlib" "/opt/rustwide/target/debug/deps/liblibc-cf06f29c0a4f6ede.rlib" "/opt/rustwide/target/debug/deps/libcfg_if-57bf25c23e31efdb.rlib" "/opt/rustwide/target/debug/deps/libbyteorder-921e9eb05e03d6ac.rlib" "/opt/rustwide/rustup-home/toolchains/nightly-2024-10-28-x86_64-unknown-linux-gnu/lib/rustlib/x86_64-unknown-linux-gnu/lib/libstd-fb8c387236db3c10.rlib" "/opt/rustwide/rustup-home/toolchains/nightly-2024-10-28-x86_64-unknown-linux-gnu/lib/rustlib/x86_64-unknown-linux-gnu/lib/libpanic_unwind-b251837809b2f64b.rlib" "/opt/rustwide/rustup-home/toolchains/nightly-2024-10-28-x86_64-unknown-linux-gnu/lib/rustlib/x86_64-unknown-linux-gnu/lib/libobject-cbef83eaa4e01f04.rlib" "/opt/rustwide/rustup-home/toolchains/nightly-2024-10-28-x86_64-unknown-linux-gnu/lib/rustlib/x86_64-unknown-linux-gnu/lib/libmemchr-12a772286de2fca7.rlib" "/opt/rustwide/rustup-home/toolchains/nightly-2024-10-28-x86_64-unknown-linux-gnu/lib/rustlib/x86_64-unknown-linux-gnu/lib/libaddr2line-023bbe5ada7abfc3.rlib" "/opt/rustwide/rustup-home/toolchains/nightly-2024-10-28-x86_64-unknown-linux-gnu/lib/rustlib/x86_64-unknown-linux-gnu/lib/libgimli-de2bcdf10ec69c2b.rlib" "/opt/rustwide/rustup-home/toolchains/nightly-2024-10-28-x86_64-unknown-linux-gnu/lib/rustlib/x86_64-unknown-linux-gnu/lib/librustc_demangle-8e1754df350800fd.rlib" "/opt/rustwide/rustup-home/toolchains/nightly-2024-10-28-x86_64-unknown-linux-gnu/lib/rustlib/x86_64-unknown-linux-gnu/lib/libstd_detect-06c2ab7b9c32e037.rlib" "/opt/rustwide/rustup-home/toolchains/nightly-2024-10-28-x86_64-unknown-linux-gnu/lib/rustlib/x86_64-unknown-linux-gnu/lib/libhashbrown-51d2621fc57a281b.rlib" "/opt/rustwide/rustup-home/toolchains/nightly-2024-10-28-x86_64-unknown-linux-gnu/lib/rustlib/x86_64-unknown-linux-gnu/lib/librustc_std_workspace_alloc-54a930408793772f.rlib" "/opt/rustwide/rustup-home/toolchains/nightly-2024-10-28-x86_64-unknown-linux-gnu/lib/rustlib/x86_64-unknown-linux-gnu/lib/libminiz_oxide-0c7d01cba400dcb2.rlib" "/opt/rustwide/rustup-home/toolchains/nightly-2024-10-28-x86_64-unknown-linux-gnu/lib/rustlib/x86_64-unknown-linux-gnu/lib/libadler-b9f84d69e331b75b.rlib" "/opt/rustwide/rustup-home/toolchains/nightly-2024-10-28-x86_64-unknown-linux-gnu/lib/rustlib/x86_64-unknown-linux-gnu/lib/libunwind-eec95493246aae39.rlib" "/opt/rustwide/rustup-home/toolchains/nightly-2024-10-28-x86_64-unknown-linux-gnu/lib/rustlib/x86_64-unknown-linux-gnu/lib/libcfg_if-6f6676c475e08ab0.rlib" "/opt/rustwide/rustup-home/toolchains/nightly-2024-10-28-x86_64-unknown-linux-gnu/lib/rustlib/x86_64-unknown-linux-gnu/lib/liblibc-799d520624f8b2e0.rlib" "/opt/rustwide/rustup-home/toolchains/nightly-2024-10-28-x86_64-unknown-linux-gnu/lib/rustlib/x86_64-unknown-linux-gnu/lib/liballoc-fcf93d4842acd9a9.rlib" "/opt/rustwide/rustup-home/toolchains/nightly-2024-10-28-x86_64-unknown-linux-gnu/lib/rustlib/x86_64-unknown-linux-gnu/lib/librustc_std_workspace_core-395a38b8e0851c9b.rlib" "/opt/rustwide/rustup-home/toolchains/nightly-2024-10-28-x86_64-unknown-linux-gnu/lib/rustlib/x86_64-unknown-linux-gnu/lib/libcore-d453bab70303062c.rlib" "/opt/rustwide/rustup-home/toolchains/nightly-2024-10-28-x86_64-unknown-linux-gnu/lib/rustlib/x86_64-unknown-linux-gnu/lib/libcompiler_builtins-0e6386368b0a24e8.rlib" "-Wl,-Bdynamic" "-lssl" "-lcrypto" "-lz" "-lgcc_s" "-lutil" "-lrt" "-lpthread" "-lm" "-ldl" "-lc" "-B/opt/rustwide/rustup-home/toolchains/nightly-2024-10-28-x86_64-unknown-linux-gnu/lib/rustlib/x86_64-unknown-linux-gnu/bin/gcc-ld" "-fuse-ld=lld" "-Wl,--eh-frame-hdr" "-Wl,-z,noexecstack" "-L" "/opt/rustwide/target/debug/build/libgit2-sys-b01eccb6b5bc8518/out/build" "-L" "/opt/rustwide/target/debug/build/libssh2-sys-d5a462bb9198d8e8/out/build" "-L" "/opt/rustwide/target/debug/build/zstd-sys-ac1dbaa08e5d52a7/out" "-L" "/opt/rustwide/rustup-home/toolchains/nightly-2024-10-28-x86_64-unknown-linux-gnu/lib/rustlib/x86_64-unknown-linux-gnu/lib" "-o" "/opt/rustwide/target/debug/deps/test_transaction-cb282404bc3649d3" "-Wl,--gc-sections" "-pie" "-Wl,-z,relro,-z,now" "-nodefaultlibs"
[INFO] [stdout]   = note: collect2: fatal error: ld terminated with signal 9 [Killed]
[INFO] [stdout]           compilation terminated.
[INFO] [stdout]           
[INFO] [stdout] 
[INFO] [stdout] 
[INFO] [stderr] error: could not compile `jujube-lib` (test "test_transaction") due to 1 previous error
[INFO] [stdout] warning: variable does not need to be mutable
[INFO] [stdout]   --> src/store_wrapper.rs:53:13
[INFO] [stdout]    |
[INFO] [stdout] 53 |         let mut ref_mut = unsafe { Arc::get_mut_unchecked(&mut wrapper) };
[INFO] [stdout]    |             ----^^^^^^^
[INFO] [stdout]    |             |
[INFO] [stdout]    |             help: remove this `mut`
[INFO] [stdout] 
[INFO] [stdout] 
[INFO] [stdout] warning: field `config` is never read
[INFO] [stdout]   --> src/settings.rs:24:5
[INFO] [stdout]    |
[INFO] [stdout] 23 | pub struct RepoSettings {
[INFO] [stdout]    |            ------------ field in this struct
[INFO] [stdout] 24 |     config: config::Config,
[INFO] [stdout]    |     ^^^^^^
[INFO] [stdout]    |
[INFO] [stdout]    = note: `RepoSettings` has derived impls for the traits `Clone` and `Debug`, but these are intentionally ignored during dead code analysis
[INFO] [stdout]    = note: `#[warn(dead_code)]` on by default
[INFO] [stdout] 
[INFO] [stdout] 
[INFO] [stdout] warning: call to `.clone()` on a reference in this situation does nothing
[INFO] [stdout]    --> src/git_store.rs:493:60
[INFO] [stdout]     |
[INFO] [stdout] 493 |         let git_repo = git2::Repository::init(git_repo_path.clone()).unwrap();
[INFO] [stdout]     |                                                            ^^^^^^^^
[INFO] [stdout]     |
[INFO] [stdout]     = note: the type `Path` does not implement `Clone`, so calling `clone` on `&Path` copies the reference, which does not do anything and can be removed
[INFO] [stdout]     = note: `#[warn(noop_method_call)]` on by default
[INFO] [stdout] help: remove this redundant call
[INFO] [stdout]     |
[INFO] [stdout] 493 -         let git_repo = git2::Repository::init(git_repo_path.clone()).unwrap();
[INFO] [stdout] 493 +         let git_repo = git2::Repository::init(git_repo_path).unwrap();
[INFO] [stdout]     |
[INFO] [stdout] 
[INFO] [stdout] 
[INFO] [stdout] warning: call to `.clone()` on a reference in this situation does nothing
[INFO] [stdout]    --> src/git_store.rs:603:45
[INFO] [stdout]     |
[INFO] [stdout] 603 |         git2::Repository::init(git_repo_path.clone()).unwrap();
[INFO] [stdout]     |                                             ^^^^^^^^
[INFO] [stdout]     |
[INFO] [stdout]     = note: the type `Path` does not implement `Clone`, so calling `clone` on `&Path` copies the reference, which does not do anything and can be removed
[INFO] [stdout] help: remove this redundant call
[INFO] [stdout]     |
[INFO] [stdout] 603 -         git2::Repository::init(git_repo_path.clone()).unwrap();
[INFO] [stdout] 603 +         git2::Repository::init(git_repo_path).unwrap();
[INFO] [stdout]     |
[INFO] [stdout] 
[INFO] [stdout] 
[INFO] [stdout] error: linking with `cc` failed: exit status: 1
[INFO] [stdout]   |
[INFO] [stdout]   = note: LC_ALL="C" PATH="/opt/rustwide/rustup-home/toolchains/nightly-2024-10-28-x86_64-unknown-linux-gnu/lib/rustlib/x86_64-unknown-linux-gnu/bin:/opt/rustwide/rustup-home/toolchains/nightly-2024-10-28-x86_64-unknown-linux-gnu/lib/rustlib/x86_64-unknown-linux-gnu/bin/self-contained:/opt/rustwide/cargo-home/bin:/usr/local/sbin:/usr/local/bin:/usr/sbin:/usr/bin:/sbin:/bin" VSLANG="1033" "cc" "-m64" "/tmp/rustcKM7otk/symbols.o" "/opt/rustwide/target/debug/deps/test_init-cf4423ddb0598898.test_init.53ca92ad9c172b43-cgu.0.rcgu.o" "/opt/rustwide/target/debug/deps/test_init-cf4423ddb0598898.0fanjwar9gy89dduzhhdzymdw.rcgu.o" "-Wl,--as-needed" "-Wl,-Bstatic" "/opt/rustwide/rustup-home/toolchains/nightly-2024-10-28-x86_64-unknown-linux-gnu/lib/rustlib/x86_64-unknown-linux-gnu/lib/libtest-a09fad3b5321e7d6.rlib" "/opt/rustwide/rustup-home/toolchains/nightly-2024-10-28-x86_64-unknown-linux-gnu/lib/rustlib/x86_64-unknown-linux-gnu/lib/libgetopts-f9c3dff41ad42661.rlib" "/opt/rustwide/rustup-home/toolchains/nightly-2024-10-28-x86_64-unknown-linux-gnu/lib/rustlib/x86_64-unknown-linux-gnu/lib/libunicode_width-ad2aef31af6addd3.rlib" "/opt/rustwide/rustup-home/toolchains/nightly-2024-10-28-x86_64-unknown-linux-gnu/lib/rustlib/x86_64-unknown-linux-gnu/lib/librustc_std_workspace_std-e3f907dc03deb913.rlib" "/opt/rustwide/target/debug/deps/libjujube_lib-a077e79e7dfd18d3.rlib" "/opt/rustwide/target/debug/deps/librand-f52b05239bf147a9.rlib" "/opt/rustwide/target/debug/deps/librand_chacha-44e5c89cb0978049.rlib" "/opt/rustwide/target/debug/deps/librand_core-cba305c51097e260.rlib" "/opt/rustwide/target/debug/deps/libchrono-7c6e33e73f5f2f00.rlib" "/opt/rustwide/target/debug/deps/libiana_time_zone-b5af8e0c24ee252c.rlib" "/opt/rustwide/target/debug/deps/libdirs-3995ddba671ddf7a.rlib" "/opt/rustwide/target/debug/deps/libdirs_sys-195b7eb4761e38ba.rlib" "/opt/rustwide/target/debug/deps/libconfig-f2b71f5582e01b17.rlib" "/opt/rustwide/target/debug/deps/libini-1425421c68499781.rlib" "/opt/rustwide/target/debug/deps/libserde_hjson-ae8d2486a916ad8d.rlib" "/opt/rustwide/target/debug/deps/libregex-917a53b4ab89e2c5.rlib" "/opt/rustwide/target/debug/deps/libregex_automata-97b9ad51bc233aa2.rlib" "/opt/rustwide/target/debug/deps/libaho_corasick-61c420fa79d2ec15.rlib" "/opt/rustwide/target/debug/deps/libregex_syntax-eddb13b0f2ea78f9.rlib" "/opt/rustwide/target/debug/deps/libnum_traits-e88fae394f6bc013.rlib" "/opt/rustwide/target/debug/deps/libnum_traits-e35ec60fee4843d4.rlib" "/opt/rustwide/target/debug/deps/liblinked_hash_map-ea061f151ebf34a5.rlib" "/opt/rustwide/target/debug/deps/libserde-765fc176eb0ca414.rlib" "/opt/rustwide/target/debug/deps/libyaml_rust-6d60ab237de14ae0.rlib" "/opt/rustwide/target/debug/deps/liblinked_hash_map-4155900399b65b23.rlib" "/opt/rustwide/target/debug/deps/libtoml-f08a2eb6625c58df.rlib" "/opt/rustwide/target/debug/deps/liblazy_static-7af2f34f8b124b26.rlib" "/opt/rustwide/target/debug/deps/libnom-65fadcc9546fa32a.rlib" "/opt/rustwide/target/debug/deps/liblexical_core-83d8e79e25ed4621.rlib" "/opt/rustwide/target/debug/deps/libstatic_assertions-14a197ae77f98fdb.rlib" "/opt/rustwide/target/debug/deps/libarrayvec-7e724bf3ee7987ce.rlib" "/opt/rustwide/target/debug/deps/libwhoami-3eca19f9b6a521fa.rlib" "/opt/rustwide/target/debug/deps/libzstd-b16caed771585dfb.rlib" "/opt/rustwide/target/debug/deps/libzstd_safe-b1835d3a3e63e002.rlib" "/opt/rustwide/target/debug/deps/libzstd_sys-ef9832b2137e2861.rlib" "/opt/rustwide/target/debug/deps/libhex-718b4f18bb2e7953.rlib" "/opt/rustwide/target/debug/deps/libserde_json-85e06ef8315c41a5.rlib" "/opt/rustwide/target/debug/deps/libmemchr-19f803c071aa8496.rlib" "/opt/rustwide/target/debug/deps/libitoa-add5260810035b6e.rlib" "/opt/rustwide/target/debug/deps/libryu-2ae7af5af0bb88e0.rlib" "/opt/rustwide/target/debug/deps/libserde-228eb9d983fcf8ca.rlib" "/opt/rustwide/target/debug/deps/libtempfile-a2481f100a4f273c.rlib" "/opt/rustwide/target/debug/deps/libfastrand-f623a11bfaa18180.rlib" "/opt/rustwide/target/debug/deps/librustix-cc87727a98b7ffc5.rlib" "/opt/rustwide/target/debug/deps/libbitflags-2a54fc7d8f815a15.rlib" "/opt/rustwide/target/debug/deps/liblinux_raw_sys-b77fbec2cd3ef233.rlib" "/opt/rustwide/target/debug/deps/libonce_cell-6dc575c335e8f5a1.rlib" "/opt/rustwide/target/debug/deps/libblake2-a92a662c0c931ba4.rlib" "/opt/rustwide/target/debug/deps/libopaque_debug-f459251d9ab59279.rlib" "/opt/rustwide/target/debug/deps/libcrypto_mac-a36f60aff90e581d.rlib" "/opt/rustwide/target/debug/deps/libsubtle-102a9c13202caeed.rlib" "/opt/rustwide/target/debug/deps/libdigest-820b5602911a625a.rlib" "/opt/rustwide/target/debug/deps/libgeneric_array-8adeeff807b8220e.rlib" "/opt/rustwide/target/debug/deps/libtypenum-5326f72807cfe834.rlib" "/opt/rustwide/target/debug/deps/libbackoff-d9beb4c86748d42d.rlib" "/opt/rustwide/target/debug/deps/librand-2dea8f54902472d9.rlib" "/opt/rustwide/target/debug/deps/librand_chacha-fdd6c64e31c8a863.rlib" "/opt/rustwide/target/debug/deps/libppv_lite86-20bb1f1325624f6e.rlib" "/opt/rustwide/target/debug/deps/libzerocopy-5f3f61f627e67b42.rlib" "/opt/rustwide/target/debug/deps/librand_core-d6cacd0fecab38eb.rlib" "/opt/rustwide/target/debug/deps/libgetrandom-99628b2e963a0709.rlib" "/opt/rustwide/target/debug/deps/libinstant-969d032a10606262.rlib" "/opt/rustwide/target/debug/deps/libprotobuf-f6a5d5f181080a08.rlib" "/opt/rustwide/target/debug/deps/libbytes-6a4c7ea0a880895d.rlib" "/opt/rustwide/target/debug/deps/libgit2-44e7e51a6d08bd6c.rlib" "/opt/rustwide/target/debug/deps/libopenssl_probe-7a88c39453af999d.rlib" "/opt/rustwide/target/debug/deps/liburl-3ecc82cacc8bd093.rlib" "/opt/rustwide/target/debug/deps/libidna-077fbd60ed77fff8.rlib" "/opt/rustwide/target/debug/deps/libunicode_normalization-9ddc68976d8cc053.rlib" "/opt/rustwide/target/debug/deps/libtinyvec-51759a03d8e7a380.rlib" "/opt/rustwide/target/debug/deps/libtinyvec_macros-66661c55905090ec.rlib" "/opt/rustwide/target/debug/deps/libunicode_bidi-7cad909d6a4c23f7.rlib" "/opt/rustwide/target/debug/deps/libform_urlencoded-07a2dedb236e9598.rlib" "/opt/rustwide/target/debug/deps/libpercent_encoding-a400589552762a21.rlib" "/opt/rustwide/target/debug/deps/liblog-b6b1a89bf87ced53.rlib" "/opt/rustwide/target/debug/deps/liblibgit2_sys-bb138297e4fc6cf4.rlib" "/opt/rustwide/target/debug/deps/liblibssh2_sys-8587996b1f31931a.rlib" "/opt/rustwide/target/debug/deps/libopenssl_sys-33efa626b77543a9.rlib" "/opt/rustwide/target/debug/deps/liblibz_sys-de06d6874fdd16c6.rlib" "/opt/rustwide/target/debug/deps/libbitflags-560efdb99b117eef.rlib" "/opt/rustwide/target/debug/deps/libthiserror-f6397f184a4c3395.rlib" "/opt/rustwide/target/debug/deps/libdiff-1ad714bf5767b22f.rlib" "/opt/rustwide/target/debug/deps/libuuid-e5b12414e6806faa.rlib" "/opt/rustwide/target/debug/deps/libgetrandom-9a17fb66a373cb5d.rlib" "/opt/rustwide/target/debug/deps/liblibc-cf06f29c0a4f6ede.rlib" "/opt/rustwide/target/debug/deps/libcfg_if-57bf25c23e31efdb.rlib" "/opt/rustwide/target/debug/deps/libbyteorder-921e9eb05e03d6ac.rlib" "/opt/rustwide/rustup-home/toolchains/nightly-2024-10-28-x86_64-unknown-linux-gnu/lib/rustlib/x86_64-unknown-linux-gnu/lib/libstd-fb8c387236db3c10.rlib" "/opt/rustwide/rustup-home/toolchains/nightly-2024-10-28-x86_64-unknown-linux-gnu/lib/rustlib/x86_64-unknown-linux-gnu/lib/libpanic_unwind-b251837809b2f64b.rlib" "/opt/rustwide/rustup-home/toolchains/nightly-2024-10-28-x86_64-unknown-linux-gnu/lib/rustlib/x86_64-unknown-linux-gnu/lib/libobject-cbef83eaa4e01f04.rlib" "/opt/rustwide/rustup-home/toolchains/nightly-2024-10-28-x86_64-unknown-linux-gnu/lib/rustlib/x86_64-unknown-linux-gnu/lib/libmemchr-12a772286de2fca7.rlib" "/opt/rustwide/rustup-home/toolchains/nightly-2024-10-28-x86_64-unknown-linux-gnu/lib/rustlib/x86_64-unknown-linux-gnu/lib/libaddr2line-023bbe5ada7abfc3.rlib" "/opt/rustwide/rustup-home/toolchains/nightly-2024-10-28-x86_64-unknown-linux-gnu/lib/rustlib/x86_64-unknown-linux-gnu/lib/libgimli-de2bcdf10ec69c2b.rlib" "/opt/rustwide/rustup-home/toolchains/nightly-2024-10-28-x86_64-unknown-linux-gnu/lib/rustlib/x86_64-unknown-linux-gnu/lib/librustc_demangle-8e1754df350800fd.rlib" "/opt/rustwide/rustup-home/toolchains/nightly-2024-10-28-x86_64-unknown-linux-gnu/lib/rustlib/x86_64-unknown-linux-gnu/lib/libstd_detect-06c2ab7b9c32e037.rlib" "/opt/rustwide/rustup-home/toolchains/nightly-2024-10-28-x86_64-unknown-linux-gnu/lib/rustlib/x86_64-unknown-linux-gnu/lib/libhashbrown-51d2621fc57a281b.rlib" "/opt/rustwide/rustup-home/toolchains/nightly-2024-10-28-x86_64-unknown-linux-gnu/lib/rustlib/x86_64-unknown-linux-gnu/lib/librustc_std_workspace_alloc-54a930408793772f.rlib" "/opt/rustwide/rustup-home/toolchains/nightly-2024-10-28-x86_64-unknown-linux-gnu/lib/rustlib/x86_64-unknown-linux-gnu/lib/libminiz_oxide-0c7d01cba400dcb2.rlib" "/opt/rustwide/rustup-home/toolchains/nightly-2024-10-28-x86_64-unknown-linux-gnu/lib/rustlib/x86_64-unknown-linux-gnu/lib/libadler-b9f84d69e331b75b.rlib" "/opt/rustwide/rustup-home/toolchains/nightly-2024-10-28-x86_64-unknown-linux-gnu/lib/rustlib/x86_64-unknown-linux-gnu/lib/libunwind-eec95493246aae39.rlib" "/opt/rustwide/rustup-home/toolchains/nightly-2024-10-28-x86_64-unknown-linux-gnu/lib/rustlib/x86_64-unknown-linux-gnu/lib/libcfg_if-6f6676c475e08ab0.rlib" "/opt/rustwide/rustup-home/toolchains/nightly-2024-10-28-x86_64-unknown-linux-gnu/lib/rustlib/x86_64-unknown-linux-gnu/lib/liblibc-799d520624f8b2e0.rlib" "/opt/rustwide/rustup-home/toolchains/nightly-2024-10-28-x86_64-unknown-linux-gnu/lib/rustlib/x86_64-unknown-linux-gnu/lib/liballoc-fcf93d4842acd9a9.rlib" "/opt/rustwide/rustup-home/toolchains/nightly-2024-10-28-x86_64-unknown-linux-gnu/lib/rustlib/x86_64-unknown-linux-gnu/lib/librustc_std_workspace_core-395a38b8e0851c9b.rlib" "/opt/rustwide/rustup-home/toolchains/nightly-2024-10-28-x86_64-unknown-linux-gnu/lib/rustlib/x86_64-unknown-linux-gnu/lib/libcore-d453bab70303062c.rlib" "/opt/rustwide/rustup-home/toolchains/nightly-2024-10-28-x86_64-unknown-linux-gnu/lib/rustlib/x86_64-unknown-linux-gnu/lib/libcompiler_builtins-0e6386368b0a24e8.rlib" "-Wl,-Bdynamic" "-lssl" "-lcrypto" "-lz" "-lgcc_s" "-lutil" "-lrt" "-lpthread" "-lm" "-ldl" "-lc" "-B/opt/rustwide/rustup-home/toolchains/nightly-2024-10-28-x86_64-unknown-linux-gnu/lib/rustlib/x86_64-unknown-linux-gnu/bin/gcc-ld" "-fuse-ld=lld" "-Wl,--eh-frame-hdr" "-Wl,-z,noexecstack" "-L" "/opt/rustwide/target/debug/build/libgit2-sys-b01eccb6b5bc8518/out/build" "-L" "/opt/rustwide/target/debug/build/libssh2-sys-d5a462bb9198d8e8/out/build" "-L" "/opt/rustwide/target/debug/build/zstd-sys-ac1dbaa08e5d52a7/out" "-L" "/opt/rustwide/rustup-home/toolchains/nightly-2024-10-28-x86_64-unknown-linux-gnu/lib/rustlib/x86_64-unknown-linux-gnu/lib" "-o" "/opt/rustwide/target/debug/deps/test_init-cf4423ddb0598898" "-Wl,--gc-sections" "-pie" "-Wl,-z,relro,-z,now" "-nodefaultlibs"
[INFO] [stdout]   = note: collect2: fatal error: ld terminated with signal 9 [Killed]
[INFO] [stdout]           compilation terminated.
[INFO] [stdout]           
[INFO] [stdout] 
[INFO] [stdout] 
[INFO] [stderr] error: could not compile `jujube-lib` (test "test_init") due to 1 previous error
[INFO] running `Command { std: "docker" "inspect" "4ce85ea89c30f211aaea2cb64704b2619d77be10a26f3205b9889d029dc3ce65", kill_on_drop: false }`
[INFO] running `Command { std: "docker" "rm" "-f" "4ce85ea89c30f211aaea2cb64704b2619d77be10a26f3205b9889d029dc3ce65", kill_on_drop: false }`
[INFO] [stdout] 4ce85ea89c30f211aaea2cb64704b2619d77be10a26f3205b9889d029dc3ce65
