[INFO] fetching crate jubjub-plus 0.10.7...
[INFO] testing jubjub-plus-0.10.7 against nightly-2024-10-28 for randomize-layout
[INFO] extracting crate jubjub-plus 0.10.7 into /workspace/builds/worker-1-tc1/source
[INFO] validating manifest of crates.io crate jubjub-plus 0.10.7 on toolchain nightly-2024-10-28
[INFO] running `Command { std: CARGO_HOME="/workspace/cargo-home" RUSTUP_HOME="/workspace/rustup-home" "/workspace/cargo-home/bin/cargo" "+nightly-2024-10-28" "metadata" "--manifest-path" "Cargo.toml" "--no-deps", kill_on_drop: false }`
[INFO] removed /workspace/builds/worker-1-tc1/source/rust-toolchain.toml
[INFO] started tweaking crates.io crate jubjub-plus 0.10.7
[INFO] removed 0 missing tests
[INFO] finished tweaking crates.io crate jubjub-plus 0.10.7
[INFO] tweaked toml for crates.io crate jubjub-plus 0.10.7 written to /workspace/builds/worker-1-tc1/source/Cargo.toml
[INFO] running `Command { std: CARGO_HOME="/workspace/cargo-home" RUSTUP_HOME="/workspace/rustup-home" "/workspace/cargo-home/bin/cargo" "+nightly-2024-10-28" "generate-lockfile" "--manifest-path" "Cargo.toml", kill_on_drop: false }`
[INFO] [stderr]     Updating crates.io index
[INFO] [stderr]      Locking 146 packages to latest compatible versions
[INFO] [stderr]       Adding csv v1.1.6 (available: v1.3.0)
[INFO] running `Command { std: CARGO_HOME="/workspace/cargo-home" RUSTUP_HOME="/workspace/rustup-home" "/workspace/cargo-home/bin/cargo" "+nightly-2024-10-28" "fetch" "--manifest-path" "Cargo.toml", kill_on_drop: false }`
[INFO] [stderr]  Downloading crates ...
[INFO] [stderr]   Downloaded vsss-rs v5.0.0-rc1
[INFO] [stderr]   Downloaded std-shims v0.1.1
[INFO] [stderr]   Downloaded thiserror-no-std v2.0.2
[INFO] [stderr]   Downloaded thiserror-impl-no-std v2.0.2
[INFO] [stderr]   Downloaded multiexp v0.4.0
[INFO] [stderr]   Downloaded serde_bare v0.5.0
[INFO] [stderr]   Downloaded elliptic-curve-tools v0.1.2
[INFO] [stderr]   Downloaded bls12_381_plus v0.8.18
[INFO] running `Command { std: "docker" "create" "-v" "/var/lib/crater-agent-workspace/builds/worker-1-tc1/target:/opt/rustwide/target:rw,Z" "-v" "/var/lib/crater-agent-workspace/builds/worker-1-tc1/source:/opt/rustwide/workdir:ro,Z" "-v" "/var/lib/crater-agent-workspace/cargo-home:/opt/rustwide/cargo-home:ro,Z" "-v" "/var/lib/crater-agent-workspace/rustup-home:/opt/rustwide/rustup-home:ro,Z" "-e" "SOURCE_DIR=/opt/rustwide/workdir" "-e" "CARGO_TARGET_DIR=/opt/rustwide/target" "-e" "CARGO_HOME=/opt/rustwide/cargo-home" "-e" "RUSTUP_HOME=/opt/rustwide/rustup-home" "-w" "/opt/rustwide/workdir" "-m" "1610612736" "--user" "0:0" "--network" "none" "ghcr.io/rust-lang/crates-build-env/linux@sha256:4a844ea9eb2546a2d2c7022eacef16ef2e8229c7fbb2c7d4d55a9ceca922f72d" "/opt/rustwide/cargo-home/bin/cargo" "+nightly-2024-10-28" "metadata" "--no-deps" "--format-version=1", kill_on_drop: false }`
[INFO] [stdout] 4369b6a0a0cfd94aee6140e76a83ec03b167287525e02f5b08909bec85de2e5e
[INFO] running `Command { std: "docker" "start" "-a" "4369b6a0a0cfd94aee6140e76a83ec03b167287525e02f5b08909bec85de2e5e", kill_on_drop: false }`
[INFO] running `Command { std: "docker" "inspect" "4369b6a0a0cfd94aee6140e76a83ec03b167287525e02f5b08909bec85de2e5e", kill_on_drop: false }`
[INFO] running `Command { std: "docker" "rm" "-f" "4369b6a0a0cfd94aee6140e76a83ec03b167287525e02f5b08909bec85de2e5e", kill_on_drop: false }`
[INFO] [stdout] 4369b6a0a0cfd94aee6140e76a83ec03b167287525e02f5b08909bec85de2e5e
[INFO] running `Command { std: "docker" "create" "-v" "/var/lib/crater-agent-workspace/builds/worker-1-tc1/target:/opt/rustwide/target:rw,Z" "-v" "/var/lib/crater-agent-workspace/builds/worker-1-tc1/source:/opt/rustwide/workdir:ro,Z" "-v" "/var/lib/crater-agent-workspace/cargo-home:/opt/rustwide/cargo-home:ro,Z" "-v" "/var/lib/crater-agent-workspace/rustup-home:/opt/rustwide/rustup-home:ro,Z" "-e" "SOURCE_DIR=/opt/rustwide/workdir" "-e" "CARGO_TARGET_DIR=/opt/rustwide/target" "-e" "CARGO_INCREMENTAL=0" "-e" "RUST_BACKTRACE=full" "-e" "RUSTFLAGS=--cap-lints=forbid" "-e" "RUSTDOCFLAGS=--cap-lints=forbid" "-e" "CARGO_HOME=/opt/rustwide/cargo-home" "-e" "RUSTUP_HOME=/opt/rustwide/rustup-home" "-w" "/opt/rustwide/workdir" "-m" "1610612736" "--user" "0:0" "--network" "none" "ghcr.io/rust-lang/crates-build-env/linux@sha256:4a844ea9eb2546a2d2c7022eacef16ef2e8229c7fbb2c7d4d55a9ceca922f72d" "/opt/rustwide/cargo-home/bin/cargo" "+nightly-2024-10-28" "build" "--frozen" "--message-format=json", kill_on_drop: false }`
[INFO] [stdout] d58f6da4ad4bc28e5c2fb2585a58585fd8d731fabebdfe0d844056ce98f5ef06
[INFO] running `Command { std: "docker" "start" "-a" "d58f6da4ad4bc28e5c2fb2585a58585fd8d731fabebdfe0d844056ce98f5ef06", kill_on_drop: false }`
[INFO] [stderr]    Compiling version_check v0.9.5
[INFO] [stderr]    Compiling typenum v1.17.0
[INFO] [stderr]    Compiling zeroize v1.8.1
[INFO] [stderr]    Compiling radium v0.7.0
[INFO] [stderr]    Compiling rand_core v0.6.4
[INFO] [stderr]    Compiling tap v1.0.1
[INFO] [stderr]    Compiling subtle v2.6.1
[INFO] [stderr]    Compiling funty v2.0.0
[INFO] [stderr]    Compiling wyz v0.5.1
[INFO] [stderr]    Compiling zerocopy-derive v0.7.35
[INFO] [stderr]    Compiling serde v1.0.214
[INFO] [stderr]    Compiling byteorder v1.5.0
[INFO] [stderr]    Compiling cpufeatures v0.2.14
[INFO] [stderr]    Compiling base16ct v0.2.0
[INFO] [stderr]    Compiling arrayref v0.3.9
[INFO] [stderr]    Compiling generic-array v0.14.7
[INFO] [stderr]    Compiling hex v0.4.3
[INFO] [stderr]    Compiling bitvec v1.0.1
[INFO] [stderr]    Compiling zerocopy v0.7.35
[INFO] [stderr]    Compiling ppv-lite86 v0.2.20
[INFO] [stderr]    Compiling rand_chacha v0.3.1
[INFO] [stderr]    Compiling crypto-common v0.1.6
[INFO] [stderr]    Compiling block-buffer v0.10.4
[INFO] [stderr]    Compiling crypto-bigint v0.5.5
[INFO] [stderr]    Compiling digest v0.10.7
[INFO] [stderr]    Compiling sha2 v0.10.8
[INFO] [stderr]    Compiling ff v0.13.0
[INFO] [stderr]    Compiling group v0.13.0
[INFO] [stderr]    Compiling pairing v0.23.0
[INFO] [stderr]    Compiling elliptic-curve v0.13.8
[INFO] [stderr]    Compiling bls12_381_plus v0.8.18
[INFO] [stderr]    Compiling jubjub-plus v0.10.7 (/opt/rustwide/workdir)
[INFO] [stdout] warning: unused import: `crate::SubgroupPoint`
[INFO] [stdout]   --> src/fr.rs:22:5
[INFO] [stdout]    |
[INFO] [stdout] 22 | use crate::SubgroupPoint;
[INFO] [stdout]    |     ^^^^^^^^^^^^^^^^^^^^
[INFO] [stdout]    |
[INFO] [stdout]    = note: `#[warn(unused_imports)]` on by default
[INFO] [stdout] 
[INFO] [stdout] 
[INFO] [stderr]     Finished `dev` profile [unoptimized + debuginfo] target(s) in 3.67s
[INFO] running `Command { std: "docker" "inspect" "d58f6da4ad4bc28e5c2fb2585a58585fd8d731fabebdfe0d844056ce98f5ef06", kill_on_drop: false }`
[INFO] running `Command { std: "docker" "rm" "-f" "d58f6da4ad4bc28e5c2fb2585a58585fd8d731fabebdfe0d844056ce98f5ef06", kill_on_drop: false }`
[INFO] [stdout] d58f6da4ad4bc28e5c2fb2585a58585fd8d731fabebdfe0d844056ce98f5ef06
[INFO] running `Command { std: "docker" "create" "-v" "/var/lib/crater-agent-workspace/builds/worker-1-tc1/target:/opt/rustwide/target:rw,Z" "-v" "/var/lib/crater-agent-workspace/builds/worker-1-tc1/source:/opt/rustwide/workdir:ro,Z" "-v" "/var/lib/crater-agent-workspace/cargo-home:/opt/rustwide/cargo-home:ro,Z" "-v" "/var/lib/crater-agent-workspace/rustup-home:/opt/rustwide/rustup-home:ro,Z" "-e" "SOURCE_DIR=/opt/rustwide/workdir" "-e" "CARGO_TARGET_DIR=/opt/rustwide/target" "-e" "CARGO_INCREMENTAL=0" "-e" "RUST_BACKTRACE=full" "-e" "RUSTFLAGS=--cap-lints=forbid" "-e" "RUSTDOCFLAGS=--cap-lints=forbid" "-e" "CARGO_HOME=/opt/rustwide/cargo-home" "-e" "RUSTUP_HOME=/opt/rustwide/rustup-home" "-w" "/opt/rustwide/workdir" "-m" "1610612736" "--user" "0:0" "--network" "none" "ghcr.io/rust-lang/crates-build-env/linux@sha256:4a844ea9eb2546a2d2c7022eacef16ef2e8229c7fbb2c7d4d55a9ceca922f72d" "/opt/rustwide/cargo-home/bin/cargo" "+nightly-2024-10-28" "test" "--frozen" "--no-run" "--message-format=json", kill_on_drop: false }`
[INFO] [stdout] 426493adfcb9e478fe93138b0bbfc716d2fb793fb4cee5fe83fc0ae0143996c9
[INFO] running `Command { std: "docker" "start" "-a" "426493adfcb9e478fe93138b0bbfc716d2fb793fb4cee5fe83fc0ae0143996c9", kill_on_drop: false }`
[INFO] [stderr]    Compiling typenum v1.17.0
[INFO] [stderr]    Compiling subtle v2.6.1
[INFO] [stderr]    Compiling num-traits v0.2.19
[INFO] [stderr]    Compiling syn v2.0.86
[INFO] [stderr]    Compiling getrandom v0.2.15
[INFO] [stderr]    Compiling ahash v0.8.11
[INFO] [stderr]    Compiling lock_api v0.4.12
[INFO] [stderr]    Compiling base16ct v0.2.0
[INFO] [stderr]    Compiling rand_core v0.6.4
[INFO] [stderr]    Compiling scopeguard v1.2.0
[INFO] [stderr]    Compiling allocator-api2 v0.2.18
[INFO] [stderr]    Compiling rustversion v1.0.18
[INFO] [stderr]    Compiling syn v1.0.109
[INFO] [stderr]    Compiling ff v0.13.0
[INFO] [stderr]    Compiling group v0.13.0
[INFO] [stderr]    Compiling rand v0.8.5
[INFO] [stderr]    Compiling spin v0.9.8
[INFO] [stderr]    Compiling serde_json v1.0.132
[INFO] [stderr]    Compiling heapless v0.8.0
[INFO] [stderr]    Compiling hex v0.4.3
[INFO] [stderr]    Compiling hash32 v0.3.1
[INFO] [stderr]    Compiling stable_deref_trait v1.2.0
[INFO] [stderr]    Compiling pairing v0.23.0
[INFO] [stderr]    Compiling lazy_static v1.5.0
[INFO] [stderr]    Compiling keccak v0.1.5
[INFO] [stderr]    Compiling regex-automata v0.1.10
[INFO] [stderr]    Compiling num-integer v0.1.46
[INFO] [stderr]    Compiling plotters v0.3.7
[INFO] [stderr]    Compiling csv-core v0.1.11
[INFO] [stderr]    Compiling itoa v0.4.8
[INFO] [stderr]    Compiling num-iter v0.1.45
[INFO] [stderr]    Compiling rand_xorshift v0.3.0
[INFO] [stderr]    Compiling thiserror-impl-no-std v2.0.2
[INFO] [stderr]    Compiling thiserror-no-std v2.0.2
[INFO] [stderr]    Compiling serde_derive v1.0.214
[INFO] [stderr]    Compiling zeroize_derive v1.4.2
[INFO] [stderr]    Compiling zerocopy-derive v0.7.35
[INFO] [stderr]    Compiling zeroize v1.8.1
[INFO] [stderr]    Compiling generic-array v0.14.7
[INFO] [stderr]    Compiling zerocopy v0.7.35
[INFO] [stderr]    Compiling block-buffer v0.10.4
[INFO] [stderr]    Compiling crypto-common v0.1.6
[INFO] [stderr]    Compiling ppv-lite86 v0.2.20
[INFO] [stderr]    Compiling digest v0.10.7
[INFO] [stderr]    Compiling hashbrown v0.14.5
[INFO] [stderr]    Compiling hmac v0.12.1
[INFO] [stderr]    Compiling sha2 v0.10.8
[INFO] [stderr]    Compiling sha3 v0.10.8
[INFO] [stderr]    Compiling hkdf v0.12.4
[INFO] [stderr]    Compiling rand_chacha v0.3.1
[INFO] [stderr]    Compiling std-shims v0.1.1
[INFO] [stderr]    Compiling multiexp v0.4.0
[INFO] [stderr]    Compiling serde v1.0.214
[INFO] [stderr]    Compiling serdect v0.2.0
[INFO] [stderr]    Compiling num-bigint v0.4.6
[INFO] [stderr]    Compiling num-complex v0.4.6
[INFO] [stderr]    Compiling generic-array v1.1.0
[INFO] [stderr]    Compiling ciborium v0.2.2
[INFO] [stderr]    Compiling bstr v0.2.17
[INFO] [stderr]    Compiling crypto-bigint v0.5.5
[INFO] [stderr]    Compiling serde_bare v0.5.0
[INFO] [stderr]    Compiling csv v1.1.6
[INFO] [stderr]    Compiling tinytemplate v1.2.1
[INFO] [stderr]    Compiling criterion v0.5.1
[INFO] [stderr]    Compiling num-rational v0.4.2
[INFO] [stderr]    Compiling elliptic-curve v0.13.8
[INFO] [stderr]    Compiling num v0.4.3
[INFO] [stderr]    Compiling elliptic-curve-tools v0.1.2
[INFO] [stderr]    Compiling bls12_381_plus v0.8.18
[INFO] [stderr]    Compiling vsss-rs v5.0.0-rc1
[INFO] [stderr]    Compiling jubjub-plus v0.10.7 (/opt/rustwide/workdir)
[INFO] [stdout] warning: unused import: `crate::SubgroupPoint`
[INFO] [stdout]   --> src/fr.rs:22:5
[INFO] [stdout]    |
[INFO] [stdout] 22 | use crate::SubgroupPoint;
[INFO] [stdout]    |     ^^^^^^^^^^^^^^^^^^^^
[INFO] [stdout]    |
[INFO] [stdout]    = note: `#[warn(unused_imports)]` on by default
[INFO] [stdout] 
[INFO] [stdout] 
[INFO] [stdout] error[E0432]: unresolved import `jubjub`
[INFO] [stdout]  --> tests/common.rs:1:5
[INFO] [stdout]   |
[INFO] [stdout] 1 | use jubjub::*;
[INFO] [stdout]   |     ^^^^^^ use of undeclared crate or module `jubjub`
[INFO] [stdout] 
[INFO] [stdout] 
[INFO] [stdout] error[E0432]: unresolved import `jubjub`
[INFO] [stdout]  --> tests/common.rs:1:5
[INFO] [stdout]   |
[INFO] [stdout] 1 | use jubjub::*;
[INFO] [stdout]   |     ^^^^^^ use of undeclared crate or module `jubjub`
[INFO] [stdout] 
[INFO] [stdout] 
[INFO] [stdout] error[E0432]: unresolved import `jubjub`
[INFO] [stdout]  --> tests/fq_blackbox.rs:4:5
[INFO] [stdout]   |
[INFO] [stdout] 4 | use jubjub::*;
[INFO] [stdout]   |     ^^^^^^ use of undeclared crate or module `jubjub`
[INFO] [stdout] 
[INFO] [stdout] 
[INFO] [stdout] error[E0432]: unresolved import `jubjub`
[INFO] [stdout]  --> tests/fr_blackbox.rs:4:5
[INFO] [stdout]   |
[INFO] [stdout] 4 | use jubjub::*;
[INFO] [stdout]   |     ^^^^^^ use of undeclared crate or module `jubjub`
[INFO] [stdout] 
[INFO] [stdout] 
[INFO] [stdout] error[E0432]: unresolved import `jubjub`
[INFO] [stdout]  --> tests/common.rs:1:5
[INFO] [stdout]   |
[INFO] [stdout] 1 | use jubjub::*;
[INFO] [stdout]   |     ^^^^^^ use of undeclared crate or module `jubjub`
[INFO] [stdout] 
[INFO] [stdout] 
[INFO] [stdout] For more information about this error, try `rustc --explain E0432`.
[INFO] [stdout] 
[INFO] [stderr] error: could not compile `jubjub-plus` (test "common") due to 1 previous error
[INFO] [stderr] warning: build failed, waiting for other jobs to finish...
[INFO] [stdout] error[E0433]: failed to resolve: use of undeclared crate or module `jubjub`
[INFO] [stdout]   --> tests/shamir.rs:38:22
[INFO] [stdout]    |
[INFO] [stdout] 38 |     let secret_key = jubjub::Scalar::random(&mut rng);
[INFO] [stdout]    |                      ^^^^^^ use of undeclared crate or module `jubjub`
[INFO] [stdout]    |
[INFO] [stdout] help: consider importing one of these items
[INFO] [stdout]    |
[INFO] [stdout] 1  + use bls12_381_plus::Scalar;
[INFO] [stdout]    |
[INFO] [stdout] 1  + use elliptic_curve::Scalar;
[INFO] [stdout]    |
[INFO] [stdout] 1  + use jubjub_plus::Scalar;
[INFO] [stdout]    |
[INFO] [stdout] help: if you import `Scalar`, refer to it directly
[INFO] [stdout]    |
[INFO] [stdout] 38 -     let secret_key = jubjub::Scalar::random(&mut rng);
[INFO] [stdout] 38 +     let secret_key = Scalar::random(&mut rng);
[INFO] [stdout]    |
[INFO] [stdout] 
[INFO] [stdout] 
[INFO] [stdout] warning: unused import: `ff::Field`
[INFO] [stdout]  --> tests/shamir.rs:1:5
[INFO] [stdout]   |
[INFO] [stdout] 1 | use ff::Field;
[INFO] [stdout]   |     ^^^^^^^^^
[INFO] [stdout]   |
[INFO] [stdout]   = note: `#[warn(unused_imports)]` on by default
[INFO] [stdout] 
[INFO] [stdout] 
[INFO] [stdout] warning: unused import: `MyRandom`
[INFO] [stdout]  --> tests/fr_blackbox.rs:3:23
[INFO] [stdout]   |
[INFO] [stdout] 3 | use common::{new_rng, MyRandom, NUM_BLACK_BOX_CHECKS};
[INFO] [stdout]   |                       ^^^^^^^^
[INFO] [stdout]   |
[INFO] [stdout]   = note: `#[warn(unused_imports)]` on by default
[INFO] [stdout] 
[INFO] [stdout] 
[INFO] [stdout] warning: unused import: `MyRandom`
[INFO] [stdout]  --> tests/fq_blackbox.rs:3:23
[INFO] [stdout]   |
[INFO] [stdout] 3 | use common::{new_rng, MyRandom, NUM_BLACK_BOX_CHECKS};
[INFO] [stdout]   |                       ^^^^^^^^
[INFO] [stdout]   |
[INFO] [stdout]   = note: `#[warn(unused_imports)]` on by default
[INFO] [stdout] 
[INFO] [stdout] 
[INFO] [stdout] error[E0107]: function takes 2 generic arguments but 3 generic arguments were supplied
[INFO] [stdout]    --> tests/shamir.rs:39:49
[INFO] [stdout]     |
[INFO] [stdout] 39  |     let (shares, verifiers) = vsss_rs::feldman::split_secret::<jubjub::SubgroupPoint, u8, Vec<u8>>(
[INFO] [stdout]     |                                                 ^^^^^^^^^^^^                            --------- help: remove the unnecessary generic argument
[INFO] [stdout]     |                                                 |
[INFO] [stdout]     |                                                 expected 2 generic arguments
[INFO] [stdout]     |
[INFO] [stdout] note: function defined here, with 2 generic parameters: `S`, `V`
[INFO] [stdout]    --> /opt/rustwide/cargo-home/registry/src/index.crates.io-6f17d22bba15001f/vsss-rs-5.0.0-rc1/src/feldman.rs:135:8
[INFO] [stdout]     |
[INFO] [stdout] 135 | pub fn split_secret<S, V>(
[INFO] [stdout]     |        ^^^^^^^^^^^^ -  -
[INFO] [stdout]     = note: `impl Trait` cannot be explicitly specified as a generic argument
[INFO] [stdout] 
[INFO] [stdout] 
[INFO] [stdout] error[E0433]: failed to resolve: use of undeclared crate or module `jubjub`
[INFO] [stdout]   --> tests/shamir.rs:39:64
[INFO] [stdout]    |
[INFO] [stdout] 39 |     let (shares, verifiers) = vsss_rs::feldman::split_secret::<jubjub::SubgroupPoint, u8, Vec<u8>>(
[INFO] [stdout]    |                                                                ^^^^^^ use of undeclared crate or module `jubjub`
[INFO] [stdout] 
[INFO] [stdout] 
[INFO] [stdout] Some errors have detailed explanations: E0107, E0433.
[INFO] [stdout] 
[INFO] [stdout] For more information about an error, try `rustc --explain E0107`.
[INFO] [stdout] 
[INFO] [stdout] For more information about this error, try `rustc --explain E0432`.
[INFO] [stdout] 
[INFO] [stderr] error: could not compile `jubjub-plus` (test "fq_blackbox") due to 2 previous errors; 1 warning emitted
[INFO] [stderr] error: could not compile `jubjub-plus` (test "shamir") due to 3 previous errors; 1 warning emitted
[INFO] [stdout] For more information about this error, try `rustc --explain E0432`.
[INFO] [stdout] 
[INFO] [stderr] error: could not compile `jubjub-plus` (test "fr_blackbox") due to 2 previous errors; 1 warning emitted
[INFO] running `Command { std: "docker" "inspect" "426493adfcb9e478fe93138b0bbfc716d2fb793fb4cee5fe83fc0ae0143996c9", kill_on_drop: false }`
[INFO] running `Command { std: "docker" "rm" "-f" "426493adfcb9e478fe93138b0bbfc716d2fb793fb4cee5fe83fc0ae0143996c9", kill_on_drop: false }`
[INFO] [stdout] 426493adfcb9e478fe93138b0bbfc716d2fb793fb4cee5fe83fc0ae0143996c9
