[INFO] fetching crate jsondata 0.8.1...
[INFO] testing jsondata-0.8.1 against nightly-2024-10-28+rustflags=-Zrandomize-layout for randomize-layout
[INFO] extracting crate jsondata 0.8.1 into /workspace/builds/worker-1-tc2/source
[INFO] validating manifest of crates.io crate jsondata 0.8.1 on toolchain nightly-2024-10-28
[INFO] running `Command { std: CARGO_HOME="/workspace/cargo-home" RUSTUP_HOME="/workspace/rustup-home" "/workspace/cargo-home/bin/cargo" "+nightly-2024-10-28" "metadata" "--manifest-path" "Cargo.toml" "--no-deps", kill_on_drop: false }`
[INFO] started tweaking crates.io crate jsondata 0.8.1
[INFO] removed 0 missing examples
[INFO] finished tweaking crates.io crate jsondata 0.8.1
[INFO] tweaked toml for crates.io crate jsondata 0.8.1 written to /workspace/builds/worker-1-tc2/source/Cargo.toml
[INFO] crate crates.io crate jsondata 0.8.1 already has a lockfile, it will not be regenerated
[INFO] running `Command { std: CARGO_HOME="/workspace/cargo-home" RUSTUP_HOME="/workspace/rustup-home" "/workspace/cargo-home/bin/cargo" "+nightly-2024-10-28" "fetch" "--manifest-path" "Cargo.toml", kill_on_drop: false }`
[INFO] running `Command { std: "docker" "create" "-v" "/var/lib/crater-agent-workspace/builds/worker-1-tc2/target:/opt/rustwide/target:rw,Z" "-v" "/var/lib/crater-agent-workspace/builds/worker-1-tc2/source:/opt/rustwide/workdir:ro,Z" "-v" "/var/lib/crater-agent-workspace/cargo-home:/opt/rustwide/cargo-home:ro,Z" "-v" "/var/lib/crater-agent-workspace/rustup-home:/opt/rustwide/rustup-home:ro,Z" "-e" "SOURCE_DIR=/opt/rustwide/workdir" "-e" "CARGO_TARGET_DIR=/opt/rustwide/target" "-e" "CARGO_HOME=/opt/rustwide/cargo-home" "-e" "RUSTUP_HOME=/opt/rustwide/rustup-home" "-w" "/opt/rustwide/workdir" "-m" "1610612736" "--user" "0:0" "--network" "none" "ghcr.io/rust-lang/crates-build-env/linux@sha256:4a844ea9eb2546a2d2c7022eacef16ef2e8229c7fbb2c7d4d55a9ceca922f72d" "/opt/rustwide/cargo-home/bin/cargo" "+nightly-2024-10-28" "metadata" "--no-deps" "--format-version=1", kill_on_drop: false }`
[INFO] [stdout] 084def773d3a139391a95c739b7bff8a1cd6299b10b436d2794742963077dc8d
[INFO] running `Command { std: "docker" "start" "-a" "084def773d3a139391a95c739b7bff8a1cd6299b10b436d2794742963077dc8d", kill_on_drop: false }`
[INFO] running `Command { std: "docker" "inspect" "084def773d3a139391a95c739b7bff8a1cd6299b10b436d2794742963077dc8d", kill_on_drop: false }`
[INFO] running `Command { std: "docker" "rm" "-f" "084def773d3a139391a95c739b7bff8a1cd6299b10b436d2794742963077dc8d", kill_on_drop: false }`
[INFO] [stdout] 084def773d3a139391a95c739b7bff8a1cd6299b10b436d2794742963077dc8d
[INFO] running `Command { std: "docker" "create" "-v" "/var/lib/crater-agent-workspace/builds/worker-1-tc2/target:/opt/rustwide/target:rw,Z" "-v" "/var/lib/crater-agent-workspace/builds/worker-1-tc2/source:/opt/rustwide/workdir:ro,Z" "-v" "/var/lib/crater-agent-workspace/cargo-home:/opt/rustwide/cargo-home:ro,Z" "-v" "/var/lib/crater-agent-workspace/rustup-home:/opt/rustwide/rustup-home:ro,Z" "-e" "SOURCE_DIR=/opt/rustwide/workdir" "-e" "CARGO_TARGET_DIR=/opt/rustwide/target" "-e" "CARGO_INCREMENTAL=0" "-e" "RUST_BACKTRACE=full" "-e" "RUSTFLAGS=--cap-lints=forbid -Zrandomize-layout" "-e" "RUSTDOCFLAGS=--cap-lints=forbid" "-e" "CARGO_HOME=/opt/rustwide/cargo-home" "-e" "RUSTUP_HOME=/opt/rustwide/rustup-home" "-w" "/opt/rustwide/workdir" "-m" "1610612736" "--user" "0:0" "--network" "none" "ghcr.io/rust-lang/crates-build-env/linux@sha256:4a844ea9eb2546a2d2c7022eacef16ef2e8229c7fbb2c7d4d55a9ceca922f72d" "/opt/rustwide/cargo-home/bin/cargo" "+nightly-2024-10-28" "build" "--frozen" "--message-format=json", kill_on_drop: false }`
[INFO] [stdout] 177f680ec2e51c5b8913d359264bf8b8703d48eafa5a6df364db6f3ccf13a7bc
[INFO] running `Command { std: "docker" "start" "-a" "177f680ec2e51c5b8913d359264bf8b8703d48eafa5a6df364db6f3ccf13a7bc", kill_on_drop: false }`
[INFO] [stderr]    Compiling proc-macro2 v1.0.36
[INFO] [stderr]    Compiling version_check v0.9.4
[INFO] [stderr]    Compiling unicode-xid v0.2.2
[INFO] [stderr]    Compiling syn v1.0.86
[INFO] [stderr]    Compiling unicode-segmentation v1.9.0
[INFO] [stderr]    Compiling lazy_static v1.4.0
[INFO] [stderr]    Compiling proc-macro-error-attr v0.4.12
[INFO] [stderr]    Compiling proc-macro-error v0.4.12
[INFO] [stderr]    Compiling heck v0.3.3
[INFO] [stderr]    Compiling unicode_reader v0.1.1
[INFO] [stderr]    Compiling quote v1.0.15
[INFO] [stderr]    Compiling syn-mid v0.5.3
[INFO] [stderr]    Compiling jsondata-derive v0.1.0
[INFO] [stderr]    Compiling jsondata v0.8.1 (/opt/rustwide/workdir)
[INFO] [stderr]     Finished `dev` profile [unoptimized + debuginfo] target(s) in 3.01s
[INFO] running `Command { std: "docker" "inspect" "177f680ec2e51c5b8913d359264bf8b8703d48eafa5a6df364db6f3ccf13a7bc", kill_on_drop: false }`
[INFO] running `Command { std: "docker" "rm" "-f" "177f680ec2e51c5b8913d359264bf8b8703d48eafa5a6df364db6f3ccf13a7bc", kill_on_drop: false }`
[INFO] [stdout] 177f680ec2e51c5b8913d359264bf8b8703d48eafa5a6df364db6f3ccf13a7bc
[INFO] running `Command { std: "docker" "create" "-v" "/var/lib/crater-agent-workspace/builds/worker-1-tc2/target:/opt/rustwide/target:rw,Z" "-v" "/var/lib/crater-agent-workspace/builds/worker-1-tc2/source:/opt/rustwide/workdir:ro,Z" "-v" "/var/lib/crater-agent-workspace/cargo-home:/opt/rustwide/cargo-home:ro,Z" "-v" "/var/lib/crater-agent-workspace/rustup-home:/opt/rustwide/rustup-home:ro,Z" "-e" "SOURCE_DIR=/opt/rustwide/workdir" "-e" "CARGO_TARGET_DIR=/opt/rustwide/target" "-e" "CARGO_INCREMENTAL=0" "-e" "RUST_BACKTRACE=full" "-e" "RUSTFLAGS=--cap-lints=forbid -Zrandomize-layout" "-e" "RUSTDOCFLAGS=--cap-lints=forbid" "-e" "CARGO_HOME=/opt/rustwide/cargo-home" "-e" "RUSTUP_HOME=/opt/rustwide/rustup-home" "-w" "/opt/rustwide/workdir" "-m" "1610612736" "--user" "0:0" "--network" "none" "ghcr.io/rust-lang/crates-build-env/linux@sha256:4a844ea9eb2546a2d2c7022eacef16ef2e8229c7fbb2c7d4d55a9ceca922f72d" "/opt/rustwide/cargo-home/bin/cargo" "+nightly-2024-10-28" "test" "--frozen" "--no-run" "--message-format=json", kill_on_drop: false }`
[INFO] [stdout] f8a50321ab4faf9bb334c08875a8a2a02beb69dd762cc94ac906dd168c04e7e4
[INFO] running `Command { std: "docker" "start" "-a" "f8a50321ab4faf9bb334c08875a8a2a02beb69dd762cc94ac906dd168c04e7e4", kill_on_drop: false }`
[INFO] [stderr]    Compiling memchr v2.4.1
[INFO] [stderr]    Compiling libc v0.2.117
[INFO] [stderr]    Compiling log v0.4.14
[INFO] [stderr]    Compiling regex-syntax v0.6.25
[INFO] [stderr]    Compiling aho-corasick v0.7.18
[INFO] [stderr]    Compiling getrandom v0.2.4
[INFO] [stderr]    Compiling rand_core v0.6.3
[INFO] [stderr]    Compiling rand v0.8.4
[INFO] [stderr]    Compiling regex v1.5.4
[INFO] [stderr]    Compiling env_logger v0.8.4
[INFO] [stderr]    Compiling quickcheck v1.0.3
[INFO] [stderr]    Compiling jsondata v0.8.1 (/opt/rustwide/workdir)
[INFO] [stdout] error[E0061]: this enum variant takes 2 arguments but 1 argument was supplied
[INFO] [stdout]   --> examples/mixed_integer.rs:5:24
[INFO] [stdout]    |
[INFO] [stdout] 5  | #[derive(Debug, Clone, JsonSerialize)]
[INFO] [stdout]    |                        ^^^^^^^^^^^^^ argument #2 of type `std::string::String` is missing
[INFO] [stdout]    |
[INFO] [stdout] note: tuple variant defined here
[INFO] [stdout]   --> /opt/rustwide/workdir/src/error.rs:86:5
[INFO] [stdout]    |
[INFO] [stdout] 86 |     InvalidType(String, String),
[INFO] [stdout]    |     ^^^^^^^^^^^
[INFO] [stdout]    = note: this error originates in the derive macro `JsonSerialize` (in Nightly builds, run with -Z macro-backtrace for more info)
[INFO] [stdout] 
[INFO] [stdout] 
[INFO] [stdout] error[E0061]: this enum variant takes 2 arguments but 1 argument was supplied
[INFO] [stdout]   --> examples/mixed_integer.rs:10:24
[INFO] [stdout]    |
[INFO] [stdout] 10 | #[derive(Debug, Clone, JsonSerialize)]
[INFO] [stdout]    |                        ^^^^^^^^^^^^^ argument #2 of type `std::string::String` is missing
[INFO] [stdout]    |
[INFO] [stdout] note: tuple variant defined here
[INFO] [stdout]   --> /opt/rustwide/workdir/src/error.rs:86:5
[INFO] [stdout]    |
[INFO] [stdout] 86 |     InvalidType(String, String),
[INFO] [stdout]    |     ^^^^^^^^^^^
[INFO] [stdout]    = note: this error originates in the derive macro `JsonSerialize` (in Nightly builds, run with -Z macro-backtrace for more info)
[INFO] [stdout] 
[INFO] [stdout] 
[INFO] [stdout] error[E0061]: this enum variant takes 2 arguments but 1 argument was supplied
[INFO] [stdout]   --> examples/mixed_integer.rs:15:24
[INFO] [stdout]    |
[INFO] [stdout] 15 | #[derive(Debug, Clone, JsonSerialize)]
[INFO] [stdout]    |                        ^^^^^^^^^^^^^ argument #2 of type `std::string::String` is missing
[INFO] [stdout]    |
[INFO] [stdout] note: tuple variant defined here
[INFO] [stdout]   --> /opt/rustwide/workdir/src/error.rs:86:5
[INFO] [stdout]    |
[INFO] [stdout] 86 |     InvalidType(String, String),
[INFO] [stdout]    |     ^^^^^^^^^^^
[INFO] [stdout]    = note: this error originates in the derive macro `JsonSerialize` (in Nightly builds, run with -Z macro-backtrace for more info)
[INFO] [stdout] 
[INFO] [stdout] 
[INFO] [stdout] error[E0061]: this enum variant takes 2 arguments but 1 argument was supplied
[INFO] [stdout]   --> examples/mixed_integer.rs:20:24
[INFO] [stdout]    |
[INFO] [stdout] 20 | #[derive(Debug, Clone, JsonSerialize)]
[INFO] [stdout]    |                        ^^^^^^^^^^^^^ argument #2 of type `std::string::String` is missing
[INFO] [stdout]    |
[INFO] [stdout] note: tuple variant defined here
[INFO] [stdout]   --> /opt/rustwide/workdir/src/error.rs:86:5
[INFO] [stdout]    |
[INFO] [stdout] 86 |     InvalidType(String, String),
[INFO] [stdout]    |     ^^^^^^^^^^^
[INFO] [stdout]    = note: this error originates in the derive macro `JsonSerialize` (in Nightly builds, run with -Z macro-backtrace for more info)
[INFO] [stdout] 
[INFO] [stdout] 
[INFO] [stdout] error[E0061]: this enum variant takes 2 arguments but 1 argument was supplied
[INFO] [stdout]   --> examples/macro.rs:7:10
[INFO] [stdout]    |
[INFO] [stdout] 7  | #[derive(JsonSerialize, Default, Clone, Debug, PartialEq, Eq, PartialOrd, Ord)]
[INFO] [stdout]    |          ^^^^^^^^^^^^^ argument #2 of type `std::string::String` is missing
[INFO] [stdout]    |
[INFO] [stdout] note: tuple variant defined here
[INFO] [stdout]   --> /opt/rustwide/workdir/src/error.rs:86:5
[INFO] [stdout]    |
[INFO] [stdout] 86 |     InvalidType(String, String),
[INFO] [stdout]    |     ^^^^^^^^^^^
[INFO] [stdout]    = note: this error originates in the derive macro `JsonSerialize` (in Nightly builds, run with -Z macro-backtrace for more info)
[INFO] [stdout] 
[INFO] [stdout] 
[INFO] [stdout] error[E0061]: this enum variant takes 2 arguments but 1 argument was supplied
[INFO] [stdout]   --> examples/macro.rs:31:10
[INFO] [stdout]    |
[INFO] [stdout] 31 | #[derive(JsonSerialize, Default, Clone, Debug, PartialEq, Eq, PartialOrd, Ord)]
[INFO] [stdout]    |          ^^^^^^^^^^^^^ argument #2 of type `std::string::String` is missing
[INFO] [stdout]    |
[INFO] [stdout] note: tuple variant defined here
[INFO] [stdout]   --> /opt/rustwide/workdir/src/error.rs:86:5
[INFO] [stdout]    |
[INFO] [stdout] 86 |     InvalidType(String, String),
[INFO] [stdout]    |     ^^^^^^^^^^^
[INFO] [stdout]    = note: this error originates in the derive macro `JsonSerialize` (in Nightly builds, run with -Z macro-backtrace for more info)
[INFO] [stdout] 
[INFO] [stdout] 
[INFO] [stdout] For more information about this error, try `rustc --explain E0061`.
[INFO] [stdout] 
[INFO] [stdout] error[E0061]: this enum variant takes 2 arguments but 1 argument was supplied
[INFO] [stdout]   --> examples/macro.rs:38:10
[INFO] [stdout]    |
[INFO] [stdout] 38 | #[derive(JsonSerialize, Default, Clone, Debug)]
[INFO] [stdout]    |          ^^^^^^^^^^^^^ argument #2 of type `std::string::String` is missing
[INFO] [stdout]    |
[INFO] [stdout] note: tuple variant defined here
[INFO] [stdout]   --> /opt/rustwide/workdir/src/error.rs:86:5
[INFO] [stdout]    |
[INFO] [stdout] 86 |     InvalidType(String, String),
[INFO] [stdout]    |     ^^^^^^^^^^^
[INFO] [stdout]    = note: this error originates in the derive macro `JsonSerialize` (in Nightly builds, run with -Z macro-backtrace for more info)
[INFO] [stdout] 
[INFO] [stdout] 
[INFO] [stderr] error: could not compile `jsondata` (example "mixed_integer") due to 4 previous errors
[INFO] [stderr] warning: build failed, waiting for other jobs to finish...
[INFO] [stdout] For more information about this error, try `rustc --explain E0061`.
[INFO] [stdout] 
[INFO] [stderr] error: could not compile `jsondata` (example "macro") due to 3 previous errors
[INFO] running `Command { std: "docker" "inspect" "f8a50321ab4faf9bb334c08875a8a2a02beb69dd762cc94ac906dd168c04e7e4", kill_on_drop: false }`
[INFO] running `Command { std: "docker" "rm" "-f" "f8a50321ab4faf9bb334c08875a8a2a02beb69dd762cc94ac906dd168c04e7e4", kill_on_drop: false }`
[INFO] [stdout] f8a50321ab4faf9bb334c08875a8a2a02beb69dd762cc94ac906dd168c04e7e4
