[INFO] fetching crate json-predicate 0.1.16...
[INFO] testing json-predicate-0.1.16 against nightly-2024-10-28+rustflags=-Zrandomize-layout for randomize-layout
[INFO] extracting crate json-predicate 0.1.16 into /workspace/builds/worker-0-tc2/source
[INFO] validating manifest of crates.io crate json-predicate 0.1.16 on toolchain nightly-2024-10-28
[INFO] running `Command { std: CARGO_HOME="/workspace/cargo-home" RUSTUP_HOME="/workspace/rustup-home" "/workspace/cargo-home/bin/cargo" "+nightly-2024-10-28" "metadata" "--manifest-path" "Cargo.toml" "--no-deps", kill_on_drop: false }`
[INFO] started tweaking crates.io crate json-predicate 0.1.16
[INFO] finished tweaking crates.io crate json-predicate 0.1.16
[INFO] tweaked toml for crates.io crate json-predicate 0.1.16 written to /workspace/builds/worker-0-tc2/source/Cargo.toml
[INFO] running `Command { std: CARGO_HOME="/workspace/cargo-home" RUSTUP_HOME="/workspace/rustup-home" "/workspace/cargo-home/bin/cargo" "+nightly-2024-10-28" "generate-lockfile" "--manifest-path" "Cargo.toml", kill_on_drop: false }`
[INFO] [stderr]     Updating crates.io index
[INFO] [stderr]      Locking 84 packages to latest compatible versions
[INFO] [stderr]       Adding chrono-tz v0.8.6 (available: v0.10.0)
[INFO] [stderr]       Adding langtag v0.3.4 (available: v0.4.0)
[INFO] running `Command { std: CARGO_HOME="/workspace/cargo-home" RUSTUP_HOME="/workspace/rustup-home" "/workspace/cargo-home/bin/cargo" "+nightly-2024-10-28" "fetch" "--manifest-path" "Cargo.toml", kill_on_drop: false }`
[INFO] running `Command { std: "docker" "create" "-v" "/var/lib/crater-agent-workspace/builds/worker-0-tc2/target:/opt/rustwide/target:rw,Z" "-v" "/var/lib/crater-agent-workspace/builds/worker-0-tc2/source:/opt/rustwide/workdir:ro,Z" "-v" "/var/lib/crater-agent-workspace/cargo-home:/opt/rustwide/cargo-home:ro,Z" "-v" "/var/lib/crater-agent-workspace/rustup-home:/opt/rustwide/rustup-home:ro,Z" "-e" "SOURCE_DIR=/opt/rustwide/workdir" "-e" "CARGO_TARGET_DIR=/opt/rustwide/target" "-e" "CARGO_HOME=/opt/rustwide/cargo-home" "-e" "RUSTUP_HOME=/opt/rustwide/rustup-home" "-w" "/opt/rustwide/workdir" "-m" "1610612736" "--user" "0:0" "--network" "none" "ghcr.io/rust-lang/crates-build-env/linux@sha256:4a844ea9eb2546a2d2c7022eacef16ef2e8229c7fbb2c7d4d55a9ceca922f72d" "/opt/rustwide/cargo-home/bin/cargo" "+nightly-2024-10-28" "metadata" "--no-deps" "--format-version=1", kill_on_drop: false }`
[INFO] [stdout] 04105fef88a71fd7fc39e3a2cb1da96928a0b02395e1892a5ad3c231dc296b7e
[INFO] running `Command { std: "docker" "start" "-a" "04105fef88a71fd7fc39e3a2cb1da96928a0b02395e1892a5ad3c231dc296b7e", kill_on_drop: false }`
[INFO] running `Command { std: "docker" "inspect" "04105fef88a71fd7fc39e3a2cb1da96928a0b02395e1892a5ad3c231dc296b7e", kill_on_drop: false }`
[INFO] running `Command { std: "docker" "rm" "-f" "04105fef88a71fd7fc39e3a2cb1da96928a0b02395e1892a5ad3c231dc296b7e", kill_on_drop: false }`
[INFO] [stdout] 04105fef88a71fd7fc39e3a2cb1da96928a0b02395e1892a5ad3c231dc296b7e
[INFO] running `Command { std: "docker" "create" "-v" "/var/lib/crater-agent-workspace/builds/worker-0-tc2/target:/opt/rustwide/target:rw,Z" "-v" "/var/lib/crater-agent-workspace/builds/worker-0-tc2/source:/opt/rustwide/workdir:ro,Z" "-v" "/var/lib/crater-agent-workspace/cargo-home:/opt/rustwide/cargo-home:ro,Z" "-v" "/var/lib/crater-agent-workspace/rustup-home:/opt/rustwide/rustup-home:ro,Z" "-e" "SOURCE_DIR=/opt/rustwide/workdir" "-e" "CARGO_TARGET_DIR=/opt/rustwide/target" "-e" "CARGO_INCREMENTAL=0" "-e" "RUST_BACKTRACE=full" "-e" "RUSTFLAGS=--cap-lints=forbid -Zrandomize-layout" "-e" "RUSTDOCFLAGS=--cap-lints=forbid" "-e" "CARGO_HOME=/opt/rustwide/cargo-home" "-e" "RUSTUP_HOME=/opt/rustwide/rustup-home" "-w" "/opt/rustwide/workdir" "-m" "1610612736" "--user" "0:0" "--network" "none" "ghcr.io/rust-lang/crates-build-env/linux@sha256:4a844ea9eb2546a2d2c7022eacef16ef2e8229c7fbb2c7d4d55a9ceca922f72d" "/opt/rustwide/cargo-home/bin/cargo" "+nightly-2024-10-28" "build" "--frozen" "--message-format=json", kill_on_drop: false }`
[INFO] [stdout] a2911b79c601c5de0a26658e88e0490377c7e13cd3de48249470ef9794f48a3b
[INFO] running `Command { std: "docker" "start" "-a" "a2911b79c601c5de0a26658e88e0490377c7e13cd3de48249470ef9794f48a3b", kill_on_drop: false }`
[INFO] [stderr]    Compiling siphasher v0.3.11
[INFO] [stderr]    Compiling regex-syntax v0.8.5
[INFO] [stderr]    Compiling rand_core v0.6.4
[INFO] [stderr]    Compiling strsim v0.11.1
[INFO] [stderr]    Compiling ident_case v1.0.1
[INFO] [stderr]    Compiling fnv v1.0.7
[INFO] [stderr]    Compiling autocfg v1.4.0
[INFO] [stderr]    Compiling syn v2.0.86
[INFO] [stderr]    Compiling serde v1.0.214
[INFO] [stderr]    Compiling aho-corasick v1.1.3
[INFO] [stderr]    Compiling rand v0.8.5
[INFO] [stderr]    Compiling phf_shared v0.11.2
[INFO] [stderr]    Compiling phf v0.11.2
[INFO] [stderr]    Compiling writeable v0.5.5
[INFO] [stderr]    Compiling num-traits v0.2.19
[INFO] [stderr]    Compiling iana-time-zone v0.1.61
[INFO] [stderr]    Compiling litemap v0.7.3
[INFO] [stderr]    Compiling minimal-lexical v0.2.1
[INFO] [stderr]    Compiling thiserror v1.0.66
[INFO] [stderr]    Compiling phf_generator v0.11.2
[INFO] [stderr]    Compiling nom v7.1.3
[INFO] [stderr]    Compiling phf_codegen v0.11.2
[INFO] [stderr]    Compiling langtag v0.3.4
[INFO] [stderr]    Compiling regex-automata v0.4.8
[INFO] [stderr]    Compiling chrono v0.4.38
[INFO] [stderr]    Compiling regex v1.11.1
[INFO] [stderr]    Compiling iso8601 v0.6.1
[INFO] [stderr]    Compiling parse-zoneinfo v0.3.1
[INFO] [stderr]    Compiling darling_core v0.20.10
[INFO] [stderr]    Compiling chrono-tz-build v0.2.1
[INFO] [stderr]    Compiling chrono-tz v0.8.6
[INFO] [stderr]    Compiling displaydoc v0.2.5
[INFO] [stderr]    Compiling serde_derive v1.0.214
[INFO] [stderr]    Compiling thiserror-impl v1.0.66
[INFO] [stderr]    Compiling tinystr v0.7.6
[INFO] [stderr]    Compiling icu_locid v1.5.0
[INFO] [stderr]    Compiling fluent-langneg v0.14.1
[INFO] [stderr]    Compiling darling_macro v0.20.10
[INFO] [stderr]    Compiling darling v0.20.10
[INFO] [stderr]    Compiling derive_builder_core v0.20.2
[INFO] [stderr]    Compiling derive_builder_macro v0.20.2
[INFO] [stderr]    Compiling derive_builder v0.20.2
[INFO] [stderr]    Compiling serde_json v1.0.132
[INFO] [stderr]    Compiling json-pointer v0.3.4
[INFO] [stderr]    Compiling json-predicate v0.1.16 (/opt/rustwide/workdir)
[INFO] [stderr]     Finished `dev` profile [unoptimized + debuginfo] target(s) in 9.12s
[INFO] running `Command { std: "docker" "inspect" "a2911b79c601c5de0a26658e88e0490377c7e13cd3de48249470ef9794f48a3b", kill_on_drop: false }`
[INFO] running `Command { std: "docker" "rm" "-f" "a2911b79c601c5de0a26658e88e0490377c7e13cd3de48249470ef9794f48a3b", kill_on_drop: false }`
[INFO] [stdout] a2911b79c601c5de0a26658e88e0490377c7e13cd3de48249470ef9794f48a3b
[INFO] running `Command { std: "docker" "create" "-v" "/var/lib/crater-agent-workspace/builds/worker-0-tc2/target:/opt/rustwide/target:rw,Z" "-v" "/var/lib/crater-agent-workspace/builds/worker-0-tc2/source:/opt/rustwide/workdir:ro,Z" "-v" "/var/lib/crater-agent-workspace/cargo-home:/opt/rustwide/cargo-home:ro,Z" "-v" "/var/lib/crater-agent-workspace/rustup-home:/opt/rustwide/rustup-home:ro,Z" "-e" "SOURCE_DIR=/opt/rustwide/workdir" "-e" "CARGO_TARGET_DIR=/opt/rustwide/target" "-e" "CARGO_INCREMENTAL=0" "-e" "RUST_BACKTRACE=full" "-e" "RUSTFLAGS=--cap-lints=forbid -Zrandomize-layout" "-e" "RUSTDOCFLAGS=--cap-lints=forbid" "-e" "CARGO_HOME=/opt/rustwide/cargo-home" "-e" "RUSTUP_HOME=/opt/rustwide/rustup-home" "-w" "/opt/rustwide/workdir" "-m" "1610612736" "--user" "0:0" "--network" "none" "ghcr.io/rust-lang/crates-build-env/linux@sha256:4a844ea9eb2546a2d2c7022eacef16ef2e8229c7fbb2c7d4d55a9ceca922f72d" "/opt/rustwide/cargo-home/bin/cargo" "+nightly-2024-10-28" "test" "--frozen" "--no-run" "--message-format=json", kill_on_drop: false }`
[INFO] [stdout] fc087715f9aec983156ba0f15706f387f28b0785da3fb031ff64a27c37923631
[INFO] running `Command { std: "docker" "start" "-a" "fc087715f9aec983156ba0f15706f387f28b0785da3fb031ff64a27c37923631", kill_on_drop: false }`
[INFO] [stderr]    Compiling libc v0.2.161
[INFO] [stderr]    Compiling linked-hash-map v0.5.6
[INFO] [stderr]    Compiling similar v2.6.0
[INFO] [stderr]    Compiling console v0.15.8
[INFO] [stderr]    Compiling insta v1.41.1
[INFO] [stderr]    Compiling json-predicate v0.1.16 (/opt/rustwide/workdir)
[INFO] [stdout] error[E0433]: failed to resolve: could not find `assert_json_snapshot` in `insta`
[INFO] [stdout]   --> tests/end.rs:23:12
[INFO] [stdout]    |
[INFO] [stdout] 23 |     insta::assert_json_snapshot!(predicate);
[INFO] [stdout]    |            ^^^^^^^^^^^^^^^^^^^^ could not find `assert_json_snapshot` in `insta`
[INFO] [stdout] 
[INFO] [stdout] 
[INFO] [stdout] error[E0433]: failed to resolve: could not find `assert_json_snapshot` in `insta`
[INFO] [stdout]   --> tests/less.rs:23:12
[INFO] [stdout]    |
[INFO] [stdout] 23 |     insta::assert_json_snapshot!(predicate);
[INFO] [stdout]    |            ^^^^^^^^^^^^^^^^^^^^ could not find `assert_json_snapshot` in `insta`
[INFO] [stdout] 
[INFO] [stdout] 
[INFO] [stdout] error[E0433]: failed to resolve: could not find `assert_json_snapshot` in `insta`
[INFO] [stdout]   --> tests/and.rs:17:12
[INFO] [stdout]    |
[INFO] [stdout] 17 |     insta::assert_json_snapshot!(predicate);
[INFO] [stdout]    |            ^^^^^^^^^^^^^^^^^^^^ could not find `assert_json_snapshot` in `insta`
[INFO] [stdout] 
[INFO] [stdout] 
[INFO] [stdout] error[E0433]: failed to resolve: could not find `assert_json_snapshot` in `insta`
[INFO] [stdout]   --> tests/start.rs:23:12
[INFO] [stdout]    |
[INFO] [stdout] 23 |     insta::assert_json_snapshot!(predicate);
[INFO] [stdout]    |            ^^^^^^^^^^^^^^^^^^^^ could not find `assert_json_snapshot` in `insta`
[INFO] [stdout] 
[INFO] [stdout] 
[INFO] [stdout] error[E0433]: failed to resolve: could not find `assert_json_snapshot` in `insta`
[INFO] [stdout]   --> tests/not.rs:16:12
[INFO] [stdout]    |
[INFO] [stdout] 16 |     insta::assert_json_snapshot!(predicate);
[INFO] [stdout]    |            ^^^^^^^^^^^^^^^^^^^^ could not find `assert_json_snapshot` in `insta`
[INFO] [stdout] 
[INFO] [stdout] 
[INFO] [stdout] error[E0433]: failed to resolve: could not find `assert_json_snapshot` in `insta`
[INFO] [stdout]   --> tests/type.rs:22:12
[INFO] [stdout]    |
[INFO] [stdout] 22 |     insta::assert_json_snapshot!(predicate);
[INFO] [stdout]    |            ^^^^^^^^^^^^^^^^^^^^ could not find `assert_json_snapshot` in `insta`
[INFO] [stdout] 
[INFO] [stdout] 
[INFO] [stdout] error[E0433]: failed to resolve: could not find `assert_json_snapshot` in `insta`
[INFO] [stdout]   --> tests/contains.rs:23:12
[INFO] [stdout]    |
[INFO] [stdout] 23 |     insta::assert_json_snapshot!(predicate);
[INFO] [stdout]    |            ^^^^^^^^^^^^^^^^^^^^ could not find `assert_json_snapshot` in `insta`
[INFO] [stdout] 
[INFO] [stdout] 
[INFO] [stdout] warning: use of deprecated macro `insta::assert_display_snapshot`: use assert_snapshot!() instead
[INFO] [stdout]    --> tests/contains.rs:125:5
[INFO] [stdout]     |
[INFO] [stdout] 125 |     insta::assert_display_snapshot!(result.unwrap_err(), @"The pointer pointed to a nonexistent key, pointed key: objZZZ");
[INFO] [stdout]     |     ^^^^^^^^^^^^^^^^^^^^^^^^^^^^^^
[INFO] [stdout]     |
[INFO] [stdout]     = note: `#[warn(deprecated)]` on by default
[INFO] [stdout] 
[INFO] [stdout] 
[INFO] [stdout] warning: use of deprecated macro `insta::assert_display_snapshot`: use assert_snapshot!() instead
[INFO] [stdout]    --> tests/contains.rs:142:5
[INFO] [stdout]     |
[INFO] [stdout] 142 |     insta::assert_display_snapshot!(result.unwrap_err(), @"The pointer pointed to a nonexistent key, pointed key: objZZZ");
[INFO] [stdout]     |     ^^^^^^^^^^^^^^^^^^^^^^^^^^^^^^
[INFO] [stdout] 
[INFO] [stdout] 
[INFO] [stdout] For more information about this error, try `rustc --explain E0433`.
[INFO] [stdout] 
[INFO] [stderr] error: could not compile `json-predicate` (test "end") due to 1 previous error
[INFO] [stderr] warning: build failed, waiting for other jobs to finish...
[INFO] [stdout] For more information about this error, try `rustc --explain E0433`.
[INFO] [stdout] 
[INFO] [stdout] For more information about this error, try `rustc --explain E0433`.
[INFO] [stdout] 
[INFO] [stdout] For more information about this error, try `rustc --explain E0433`.
[INFO] [stdout] 
[INFO] [stderr] error: could not compile `json-predicate` (test "less") due to 1 previous error
[INFO] [stderr] error: could not compile `json-predicate` (test "and") due to 1 previous error
[INFO] [stdout] For more information about this error, try `rustc --explain E0433`.
[INFO] [stdout] 
[INFO] [stderr] error: could not compile `json-predicate` (test "start") due to 1 previous error
[INFO] [stderr] error: could not compile `json-predicate` (test "contains") due to 1 previous error; 2 warnings emitted
[INFO] [stdout] For more information about this error, try `rustc --explain E0433`.
[INFO] [stdout] 
[INFO] [stdout] error[E0433]: failed to resolve: could not find `assert_json_snapshot` in `insta`
[INFO] [stdout]    --> src/predicate/second_order/and.rs:203:16
[INFO] [stdout]     |
[INFO] [stdout] 203 |         insta::assert_json_snapshot!(deser);
[INFO] [stdout]     |                ^^^^^^^^^^^^^^^^^^^^ could not find `assert_json_snapshot` in `insta`
[INFO] [stdout] 
[INFO] [stdout] 
[INFO] [stdout] error[E0433]: failed to resolve: could not find `assert_json_snapshot` in `insta`
[INFO] [stdout]    --> src/predicate/second_order/not.rs:204:16
[INFO] [stdout]     |
[INFO] [stdout] 204 |         insta::assert_json_snapshot!(deser);
[INFO] [stdout]     |                ^^^^^^^^^^^^^^^^^^^^ could not find `assert_json_snapshot` in `insta`
[INFO] [stdout] 
[INFO] [stdout] 
[INFO] [stdout] error[E0433]: failed to resolve: could not find `assert_json_snapshot` in `insta`
[INFO] [stdout]    --> src/predicate/second_order/or.rs:205:16
[INFO] [stdout]     |
[INFO] [stdout] 205 |         insta::assert_json_snapshot!(deser);
[INFO] [stdout]     |                ^^^^^^^^^^^^^^^^^^^^ could not find `assert_json_snapshot` in `insta`
[INFO] [stdout] 
[INFO] [stdout] 
[INFO] [stderr] error: could not compile `json-predicate` (test "not") due to 1 previous error
[INFO] [stdout] For more information about this error, try `rustc --explain E0433`.
[INFO] [stdout] 
[INFO] [stderr] error: could not compile `json-predicate` (test "type") due to 1 previous error
[INFO] [stdout] For more information about this error, try `rustc --explain E0433`.
[INFO] [stdout] 
[INFO] [stderr] error: could not compile `json-predicate` (lib test) due to 3 previous errors
[INFO] running `Command { std: "docker" "inspect" "fc087715f9aec983156ba0f15706f387f28b0785da3fb031ff64a27c37923631", kill_on_drop: false }`
[INFO] running `Command { std: "docker" "rm" "-f" "fc087715f9aec983156ba0f15706f387f28b0785da3fb031ff64a27c37923631", kill_on_drop: false }`
[INFO] [stdout] fc087715f9aec983156ba0f15706f387f28b0785da3fb031ff64a27c37923631
