[INFO] fetching crate json-ld 0.21.1...
[INFO] testing json-ld-0.21.1 against nightly-2024-10-28+rustflags=-Zrandomize-layout for randomize-layout
[INFO] extracting crate json-ld 0.21.1 into /workspace/builds/worker-1-tc2/source
[INFO] validating manifest of crates.io crate json-ld 0.21.1 on toolchain nightly-2024-10-28
[INFO] running `Command { std: CARGO_HOME="/workspace/cargo-home" RUSTUP_HOME="/workspace/rustup-home" "/workspace/cargo-home/bin/cargo" "+nightly-2024-10-28" "metadata" "--manifest-path" "Cargo.toml" "--no-deps", kill_on_drop: false }`
[INFO] started tweaking crates.io crate json-ld 0.21.1
[INFO] finished tweaking crates.io crate json-ld 0.21.1
[INFO] tweaked toml for crates.io crate json-ld 0.21.1 written to /workspace/builds/worker-1-tc2/source/Cargo.toml
[INFO] running `Command { std: CARGO_HOME="/workspace/cargo-home" RUSTUP_HOME="/workspace/rustup-home" "/workspace/cargo-home/bin/cargo" "+nightly-2024-10-28" "generate-lockfile" "--manifest-path" "Cargo.toml", kill_on_drop: false }`
[INFO] [stderr]     Updating crates.io index
[INFO] [stderr]     Blocking waiting for file lock on package cache
[INFO] [stderr]      Locking 262 packages to latest compatible versions
[INFO] running `Command { std: CARGO_HOME="/workspace/cargo-home" RUSTUP_HOME="/workspace/rustup-home" "/workspace/cargo-home/bin/cargo" "+nightly-2024-10-28" "fetch" "--manifest-path" "Cargo.toml", kill_on_drop: false }`
[INFO] [stderr]     Blocking waiting for file lock on package cache
[INFO] running `Command { std: "docker" "create" "-v" "/var/lib/crater-agent-workspace/builds/worker-1-tc2/target:/opt/rustwide/target:rw,Z" "-v" "/var/lib/crater-agent-workspace/builds/worker-1-tc2/source:/opt/rustwide/workdir:ro,Z" "-v" "/var/lib/crater-agent-workspace/cargo-home:/opt/rustwide/cargo-home:ro,Z" "-v" "/var/lib/crater-agent-workspace/rustup-home:/opt/rustwide/rustup-home:ro,Z" "-e" "SOURCE_DIR=/opt/rustwide/workdir" "-e" "CARGO_TARGET_DIR=/opt/rustwide/target" "-e" "CARGO_HOME=/opt/rustwide/cargo-home" "-e" "RUSTUP_HOME=/opt/rustwide/rustup-home" "-w" "/opt/rustwide/workdir" "-m" "1610612736" "--user" "0:0" "--network" "none" "ghcr.io/rust-lang/crates-build-env/linux@sha256:4a844ea9eb2546a2d2c7022eacef16ef2e8229c7fbb2c7d4d55a9ceca922f72d" "/opt/rustwide/cargo-home/bin/cargo" "+nightly-2024-10-28" "metadata" "--no-deps" "--format-version=1", kill_on_drop: false }`
[INFO] [stdout] 09ddc56c01b9d121d939775b8695dae370847ad4b536e3199e0a12a102172eed
[INFO] running `Command { std: "docker" "start" "-a" "09ddc56c01b9d121d939775b8695dae370847ad4b536e3199e0a12a102172eed", kill_on_drop: false }`
[INFO] running `Command { std: "docker" "inspect" "09ddc56c01b9d121d939775b8695dae370847ad4b536e3199e0a12a102172eed", kill_on_drop: false }`
[INFO] running `Command { std: "docker" "rm" "-f" "09ddc56c01b9d121d939775b8695dae370847ad4b536e3199e0a12a102172eed", kill_on_drop: false }`
[INFO] [stdout] 09ddc56c01b9d121d939775b8695dae370847ad4b536e3199e0a12a102172eed
[INFO] running `Command { std: "docker" "create" "-v" "/var/lib/crater-agent-workspace/builds/worker-1-tc2/target:/opt/rustwide/target:rw,Z" "-v" "/var/lib/crater-agent-workspace/builds/worker-1-tc2/source:/opt/rustwide/workdir:ro,Z" "-v" "/var/lib/crater-agent-workspace/cargo-home:/opt/rustwide/cargo-home:ro,Z" "-v" "/var/lib/crater-agent-workspace/rustup-home:/opt/rustwide/rustup-home:ro,Z" "-e" "SOURCE_DIR=/opt/rustwide/workdir" "-e" "CARGO_TARGET_DIR=/opt/rustwide/target" "-e" "CARGO_INCREMENTAL=0" "-e" "RUST_BACKTRACE=full" "-e" "RUSTFLAGS=--cap-lints=forbid -Zrandomize-layout" "-e" "RUSTDOCFLAGS=--cap-lints=forbid" "-e" "CARGO_HOME=/opt/rustwide/cargo-home" "-e" "RUSTUP_HOME=/opt/rustwide/rustup-home" "-w" "/opt/rustwide/workdir" "-m" "1610612736" "--user" "0:0" "--network" "none" "ghcr.io/rust-lang/crates-build-env/linux@sha256:4a844ea9eb2546a2d2c7022eacef16ef2e8229c7fbb2c7d4d55a9ceca922f72d" "/opt/rustwide/cargo-home/bin/cargo" "+nightly-2024-10-28" "build" "--frozen" "--message-format=json", kill_on_drop: false }`
[INFO] [stdout] 8eafccc74f59f4c8c8da764a85bb2a4582726863e4a1597a10627ea87a082d80
[INFO] running `Command { std: "docker" "start" "-a" "8eafccc74f59f4c8c8da764a85bb2a4582726863e4a1597a10627ea87a082d80", kill_on_drop: false }`
[INFO] [stderr]    Compiling proc-macro-error-attr v1.0.4
[INFO] [stderr]    Compiling generic-array v0.14.7
[INFO] [stderr]    Compiling proc-macro-error v1.0.4
[INFO] [stderr]    Compiling serde v1.0.214
[INFO] [stderr]    Compiling minimal-lexical v0.2.1
[INFO] [stderr]    Compiling syn v2.0.86
[INFO] [stderr]    Compiling syn v1.0.109
[INFO] [stderr]    Compiling cc-traits v2.0.0
[INFO] [stderr]    Compiling half v2.4.1
[INFO] [stderr]    Compiling nom v7.1.3
[INFO] [stderr]    Compiling ciborium-io v0.2.2
[INFO] [stderr]    Compiling btree-slab v0.6.1
[INFO] [stderr]    Compiling cpufeatures v0.2.14
[INFO] [stderr]    Compiling range-traits v0.3.2
[INFO] [stderr]    Compiling ciborium-ll v0.2.2
[INFO] [stderr]    Compiling static_assertions v1.1.0
[INFO] [stderr]    Compiling lexical-util v1.0.3
[INFO] [stderr]    Compiling indoc v2.0.5
[INFO] [stderr]    Compiling hex_fmt v0.3.0
[INFO] [stderr]    Compiling crypto-common v0.1.6
[INFO] [stderr]    Compiling block-buffer v0.10.4
[INFO] [stderr]    Compiling utf8-decode v1.0.1
[INFO] [stderr]    Compiling libc v0.2.161
[INFO] [stderr]    Compiling digest v0.10.7
[INFO] [stderr]    Compiling ahash v0.7.8
[INFO] [stderr]    Compiling sha2 v0.10.8
[INFO] [stderr]    Compiling num-bigint v0.4.6
[INFO] [stderr]    Compiling indexmap v1.9.3
[INFO] [stderr]    Compiling ryu_floating_decimal v0.1.0
[INFO] [stderr]    Compiling ahash v0.8.11
[INFO] [stderr]    Compiling contextual v0.1.6
[INFO] [stderr]    Compiling futures-sink v0.3.31
[INFO] [stderr]    Compiling lexical-parse-integer v1.0.2
[INFO] [stderr]    Compiling lexical-write-integer v1.0.2
[INFO] [stderr]    Compiling ryu-js v0.2.2
[INFO] [stderr]    Compiling lexical-parse-float v1.0.2
[INFO] [stderr]    Compiling lexical-write-float v1.0.2
[INFO] [stderr]    Compiling getrandom v0.2.15
[INFO] [stderr]    Compiling abnf-core v0.5.0
[INFO] [stderr]    Compiling abnf v0.13.0
[INFO] [stderr]    Compiling futures-channel v0.3.31
[INFO] [stderr]    Compiling hashbrown v0.12.3
[INFO] [stderr]    Compiling lexical-core v1.0.2
[INFO] [stderr]    Compiling bitmaps v2.1.0
[INFO] [stderr]    Compiling lexical v7.0.2
[INFO] [stderr]    Compiling json-number v0.4.9
[INFO] [stderr]    Compiling smallstr v0.3.0
[INFO] [stderr]    Compiling im v15.1.0
[INFO] [stderr]    Compiling locspan v0.8.2
[INFO] [stderr]    Compiling replace_with v0.1.7
[INFO] [stderr]    Compiling rand_core v0.6.4
[INFO] [stderr]    Compiling decoded-char v0.1.1
[INFO] [stderr]    Compiling raw-btree v0.2.0
[INFO] [stderr]    Compiling iana-time-zone v0.1.61
[INFO] [stderr]    Compiling zerocopy v0.7.35
[INFO] [stderr]    Compiling rand_xoshiro v0.6.0
[INFO] [stderr]    Compiling chrono v0.4.38
[INFO] [stderr]    Compiling sized-chunks v0.6.5
[INFO] [stderr]    Compiling pretty_dtoa v0.3.0
[INFO] [stderr]    Compiling num-rational v0.4.2
[INFO] [stderr]    Compiling ordered-float v3.9.2
[INFO] [stderr]    Compiling hashbrown v0.13.2
[INFO] [stderr]    Compiling log v0.4.22
[INFO] [stderr]    Compiling mime v0.3.17
[INFO] [stderr]    Compiling permutohedron v0.2.4
[INFO] [stderr]    Compiling stable_deref_trait v1.2.0
[INFO] [stderr]    Compiling owning_ref v0.4.1
[INFO] [stderr]    Compiling mown v0.2.2
[INFO] [stderr]    Compiling serde_derive v1.0.214
[INFO] [stderr]    Compiling thiserror-impl v1.0.66
[INFO] [stderr]    Compiling enum-ordinalize-derive v4.3.1
[INFO] [stderr]    Compiling futures-macro v0.3.31
[INFO] [stderr]    Compiling enum-ordinalize v3.1.15
[INFO] [stderr]    Compiling locspan-derive v0.6.0
[INFO] [stderr]    Compiling educe v0.4.23
[INFO] [stderr]    Compiling enum-ordinalize v4.3.0
[INFO] [stderr]    Compiling educe v0.5.11
[INFO] [stderr]    Compiling futures-util v0.3.31
[INFO] [stderr]    Compiling json-syntax v0.12.5
[INFO] [stderr]    Compiling thiserror v1.0.66
[INFO] [stderr]    Compiling pct-str v2.0.0
[INFO] [stderr]    Compiling futures-executor v0.3.31
[INFO] [stderr]    Compiling futures v0.3.31
[INFO] [stderr]    Compiling ciborium v0.2.2
[INFO] [stderr]    Compiling btree-range-map v0.7.2
[INFO] [stderr]    Compiling static-regular-grammar v2.0.2
[INFO] [stderr]    Compiling iref-core v3.2.2
[INFO] [stderr]    Compiling langtag v0.4.0
[INFO] [stderr]    Compiling iref v3.2.2
[INFO] [stderr]    Compiling static-iref v3.0.0
[INFO] [stderr]    Compiling rdf-types v0.22.4
[INFO] [stderr]    Compiling linked-data-derive v0.1.0
[INFO] [stderr]    Compiling xsd-types v0.9.6
[INFO] [stderr]    Compiling json-ld-syntax v0.21.1
[INFO] [stderr]    Compiling linked-data v0.1.2
[INFO] [stderr]    Compiling json-ld-core v0.21.1
[INFO] [stderr]    Compiling json-ld-context-processing v0.21.1
[INFO] [stderr]    Compiling json-ld-serialization v0.21.1
[INFO] [stderr]    Compiling json-ld-expansion v0.21.1
[INFO] [stderr]    Compiling json-ld-compaction v0.21.1
[INFO] [stderr]    Compiling json-ld v0.21.1 (/opt/rustwide/workdir)
[INFO] [stderr]     Finished `dev` profile [unoptimized + debuginfo] target(s) in 17.55s
[INFO] running `Command { std: "docker" "inspect" "8eafccc74f59f4c8c8da764a85bb2a4582726863e4a1597a10627ea87a082d80", kill_on_drop: false }`
[INFO] running `Command { std: "docker" "rm" "-f" "8eafccc74f59f4c8c8da764a85bb2a4582726863e4a1597a10627ea87a082d80", kill_on_drop: false }`
[INFO] [stdout] 8eafccc74f59f4c8c8da764a85bb2a4582726863e4a1597a10627ea87a082d80
[INFO] running `Command { std: "docker" "create" "-v" "/var/lib/crater-agent-workspace/builds/worker-1-tc2/target:/opt/rustwide/target:rw,Z" "-v" "/var/lib/crater-agent-workspace/builds/worker-1-tc2/source:/opt/rustwide/workdir:ro,Z" "-v" "/var/lib/crater-agent-workspace/cargo-home:/opt/rustwide/cargo-home:ro,Z" "-v" "/var/lib/crater-agent-workspace/rustup-home:/opt/rustwide/rustup-home:ro,Z" "-e" "SOURCE_DIR=/opt/rustwide/workdir" "-e" "CARGO_TARGET_DIR=/opt/rustwide/target" "-e" "CARGO_INCREMENTAL=0" "-e" "RUST_BACKTRACE=full" "-e" "RUSTFLAGS=--cap-lints=forbid -Zrandomize-layout" "-e" "RUSTDOCFLAGS=--cap-lints=forbid" "-e" "CARGO_HOME=/opt/rustwide/cargo-home" "-e" "RUSTUP_HOME=/opt/rustwide/rustup-home" "-w" "/opt/rustwide/workdir" "-m" "1610612736" "--user" "0:0" "--network" "none" "ghcr.io/rust-lang/crates-build-env/linux@sha256:4a844ea9eb2546a2d2c7022eacef16ef2e8229c7fbb2c7d4d55a9ceca922f72d" "/opt/rustwide/cargo-home/bin/cargo" "+nightly-2024-10-28" "test" "--frozen" "--no-run" "--message-format=json", kill_on_drop: false }`
[INFO] [stdout] 4ddc67ec6dc7beed08625b6e79c034edb2bd52baedc22d5c89bce2594b60ac81
[INFO] running `Command { std: "docker" "start" "-a" "4ddc67ec6dc7beed08625b6e79c034edb2bd52baedc22d5c89bce2594b60ac81", kill_on_drop: false }`
[INFO] [stderr]    Compiling getrandom v0.2.15
[INFO] [stderr]    Compiling concurrent-queue v2.5.0
[INFO] [stderr]    Compiling futures-channel v0.3.31
[INFO] [stderr]    Compiling value-bag v1.10.0
[INFO] [stderr]    Compiling rustix v0.38.38
[INFO] [stderr]    Compiling futures-lite v2.4.0
[INFO] [stderr]    Compiling bitflags v2.6.0
[INFO] [stderr]    Compiling tracing-core v0.1.32
[INFO] [stderr]    Compiling ahash v0.7.8
[INFO] [stderr]    Compiling futures-util v0.3.31
[INFO] [stderr]    Compiling event-listener v5.3.1
[INFO] [stderr]    Compiling linux-raw-sys v0.4.14
[INFO] [stderr]    Compiling log v0.4.22
[INFO] [stderr]    Compiling atomic-waker v1.1.2
[INFO] [stderr]    Compiling hashbrown v0.12.3
[INFO] [stderr]    Compiling event-listener-strategy v0.5.2
[INFO] [stderr]    Compiling tracing v0.1.40
[INFO] [stderr]    Compiling async-channel v2.3.1
[INFO] [stderr]    Compiling async-lock v3.4.0
[INFO] [stderr]    Compiling piper v0.2.4
[INFO] [stderr]    Compiling async-channel v1.9.0
[INFO] [stderr]    Compiling kv-log-macro v1.0.7
[INFO] [stderr]    Compiling async-attributes v1.1.2
[INFO] [stderr]    Compiling nquads-syntax v0.19.0
[INFO] [stderr]    Compiling async-executor v1.13.1
[INFO] [stderr]    Compiling blocking v1.6.1
[INFO] [stderr]    Compiling indexmap v1.9.3
[INFO] [stderr]    Compiling json-syntax v0.12.5
[INFO] [stderr]    Compiling json-ld-syntax v0.21.1
[INFO] [stderr]    Compiling linked-data v0.1.2
[INFO] [stderr]    Compiling futures-executor v0.3.31
[INFO] [stderr]    Compiling futures v0.3.31
[INFO] [stderr]    Compiling json-ld-core v0.21.1
[INFO] [stderr]    Compiling json-ld-context-processing v0.21.1
[INFO] [stderr]    Compiling json-ld-serialization v0.21.1
[INFO] [stderr]    Compiling polling v3.7.3
[INFO] [stderr]    Compiling json-ld-expansion v0.21.1
[INFO] [stderr]    Compiling async-io v2.3.4
[INFO] [stderr]    Compiling json-ld-compaction v0.21.1
[INFO] [stderr]    Compiling async-global-executor v2.4.1
[INFO] [stderr]    Compiling async-std v1.13.0
[INFO] [stderr]    Compiling json-ld v0.21.1 (/opt/rustwide/workdir)
[INFO] [stdout] error[E0433]: failed to resolve: use of undeclared crate or module `json_ld_testing`
[INFO] [stdout]  --> tests/flatten.rs:6:3
[INFO] [stdout]   |
[INFO] [stdout] 6 | #[json_ld_testing::test_suite("https://w3c.github.io/json-ld-api/tests/flatten-manifest.jsonld")]
[INFO] [stdout]   |   ^^^^^^^^^^^^^^^ use of undeclared crate or module `json_ld_testing`
[INFO] [stdout] 
[INFO] [stdout] 
[INFO] [stdout] error[E0433]: failed to resolve: use of undeclared crate or module `json_ld_testing`
[INFO] [stdout]  --> tests/expand.rs:6:3
[INFO] [stdout]   |
[INFO] [stdout] 6 | #[json_ld_testing::test_suite("https://w3c.github.io/json-ld-api/tests/expand-manifest.jsonld")]
[INFO] [stdout]   |   ^^^^^^^^^^^^^^^ use of undeclared crate or module `json_ld_testing`
[INFO] [stdout] 
[INFO] [stdout] 
[INFO] [stdout] error[E0433]: failed to resolve: use of undeclared crate or module `json_ld_testing`
[INFO] [stdout]  --> tests/compact.rs:6:3
[INFO] [stdout]   |
[INFO] [stdout] 6 | #[json_ld_testing::test_suite("https://w3c.github.io/json-ld-api/tests/compact-manifest.jsonld")]
[INFO] [stdout]   |   ^^^^^^^^^^^^^^^ use of undeclared crate or module `json_ld_testing`
[INFO] [stdout] 
[INFO] [stdout] 
[INFO] [stdout] error[E0433]: failed to resolve: use of undeclared crate or module `json_ld_testing`
[INFO] [stdout]   --> tests/to_rdf.rs:16:3
[INFO] [stdout]    |
[INFO] [stdout] 16 | #[json_ld_testing::test_suite("https://w3c.github.io/json-ld-api/tests/toRdf-manifest.jsonld")]
[INFO] [stdout]    |   ^^^^^^^^^^^^^^^ use of undeclared crate or module `json_ld_testing`
[INFO] [stdout] 
[INFO] [stdout] 
[INFO] [stdout] error: cannot find attribute `mount` in this scope
[INFO] [stdout]  --> tests/compact.rs:7:3
[INFO] [stdout]   |
[INFO] [stdout] 7 | #[mount("https://w3c.github.io/json-ld-api", "tests/json-ld-api")]
[INFO] [stdout]   |   ^^^^^
[INFO] [stdout] 
[INFO] [stdout] 
[INFO] [stdout] error: cannot find attribute `iri_prefix` in this scope
[INFO] [stdout]  --> tests/compact.rs:8:3
[INFO] [stdout]   |
[INFO] [stdout] 8 | #[iri_prefix("rdf" = "http://www.w3.org/1999/02/22-rdf-syntax-ns#")]
[INFO] [stdout]   |   ^^^^^^^^^^
[INFO] [stdout] 
[INFO] [stdout] 
[INFO] [stdout] error: cannot find attribute `iri_prefix` in this scope
[INFO] [stdout]  --> tests/compact.rs:9:3
[INFO] [stdout]   |
[INFO] [stdout] 9 | #[iri_prefix("rdfs" = "http://www.w3.org/2000/01/rdf-schema#")]
[INFO] [stdout]   |   ^^^^^^^^^^
[INFO] [stdout] 
[INFO] [stdout] 
[INFO] [stdout] error: cannot find attribute `mount` in this scope
[INFO] [stdout]  --> tests/flatten.rs:7:3
[INFO] [stdout]   |
[INFO] [stdout] 7 | #[mount("https://w3c.github.io/json-ld-api", "tests/json-ld-api")]
[INFO] [stdout]   |   ^^^^^
[INFO] [stdout] 
[INFO] [stdout] 
[INFO] [stdout] error: cannot find attribute `mount` in this scope
[INFO] [stdout]   --> tests/to_rdf.rs:17:3
[INFO] [stdout]    |
[INFO] [stdout] 17 | #[mount("https://w3c.github.io/json-ld-api", "tests/json-ld-api")]
[INFO] [stdout]    |   ^^^^^
[INFO] [stdout] 
[INFO] [stdout] 
[INFO] [stdout] error: cannot find attribute `iri_prefix` in this scope
[INFO] [stdout]   --> tests/compact.rs:10:3
[INFO] [stdout]    |
[INFO] [stdout] 10 | #[iri_prefix("manifest" = "http://www.w3.org/2001/sw/DataAccess/tests/test-manifest#")]
[INFO] [stdout]    |   ^^^^^^^^^^
[INFO] [stdout] 
[INFO] [stdout] 
[INFO] [stdout] error: cannot find attribute `mount` in this scope
[INFO] [stdout]  --> tests/expand.rs:7:3
[INFO] [stdout]   |
[INFO] [stdout] 7 | #[mount("https://w3c.github.io/json-ld-api", "tests/json-ld-api")]
[INFO] [stdout]   |   ^^^^^
[INFO] [stdout] 
[INFO] [stdout] 
[INFO] [stdout] error: cannot find attribute `iri_prefix` in this scope
[INFO] [stdout]  --> tests/flatten.rs:8:3
[INFO] [stdout]   |
[INFO] [stdout] 8 | #[iri_prefix("rdf" = "http://www.w3.org/1999/02/22-rdf-syntax-ns#")]
[INFO] [stdout]   |   ^^^^^^^^^^
[INFO] [stdout] 
[INFO] [stdout] 
[INFO] [stdout] error: cannot find attribute `iri_prefix` in this scope
[INFO] [stdout]   --> tests/compact.rs:11:3
[INFO] [stdout]    |
[INFO] [stdout] 11 | #[iri_prefix("test" = "https://w3c.github.io/json-ld-api/tests/vocab#")]
[INFO] [stdout]    |   ^^^^^^^^^^
[INFO] [stdout] 
[INFO] [stdout] 
[INFO] [stdout] error: cannot find attribute `iri_prefix` in this scope
[INFO] [stdout]   --> tests/to_rdf.rs:18:3
[INFO] [stdout]    |
[INFO] [stdout] 18 | #[iri_prefix("rdf" = "http://www.w3.org/1999/02/22-rdf-syntax-ns#")]
[INFO] [stdout]    |   ^^^^^^^^^^
[INFO] [stdout] 
[INFO] [stdout] 
[INFO] [stdout] error: cannot find attribute `iri_prefix` in this scope
[INFO] [stdout]  --> tests/flatten.rs:9:3
[INFO] [stdout]   |
[INFO] [stdout] 9 | #[iri_prefix("rdfs" = "http://www.w3.org/2000/01/rdf-schema#")]
[INFO] [stdout]   |   ^^^^^^^^^^
[INFO] [stdout] 
[INFO] [stdout] 
[INFO] [stdout] error: cannot find attribute `iri_prefix` in this scope
[INFO] [stdout]  --> tests/expand.rs:8:3
[INFO] [stdout]   |
[INFO] [stdout] 8 | #[iri_prefix("rdf" = "http://www.w3.org/1999/02/22-rdf-syntax-ns#")]
[INFO] [stdout]   |   ^^^^^^^^^^
[INFO] [stdout] 
[INFO] [stdout] 
[INFO] [stdout] error: cannot find attribute `ignore_test` in this scope
[INFO] [stdout]   --> tests/compact.rs:12:3
[INFO] [stdout]    |
[INFO] [stdout] 12 | #[ignore_test("#tp004", see = "https://github.com/w3c/json-ld-api/issues/517")]
[INFO] [stdout]    |   ^^^^^^^^^^^
[INFO] [stdout] 
[INFO] [stdout] 
[INFO] [stdout] error: cannot find attribute `iri_prefix` in this scope
[INFO] [stdout]   --> tests/to_rdf.rs:19:3
[INFO] [stdout]    |
[INFO] [stdout] 19 | #[iri_prefix("rdfs" = "http://www.w3.org/2000/01/rdf-schema#")]
[INFO] [stdout]    |   ^^^^^^^^^^
[INFO] [stdout] 
[INFO] [stdout] 
[INFO] [stdout] error: cannot find attribute `iri_prefix` in this scope
[INFO] [stdout]   --> tests/flatten.rs:10:3
[INFO] [stdout]    |
[INFO] [stdout] 10 | #[iri_prefix("manifest" = "http://www.w3.org/2001/sw/DataAccess/tests/test-manifest#")]
[INFO] [stdout]    |   ^^^^^^^^^^
[INFO] [stdout] 
[INFO] [stdout] 
[INFO] [stdout] error: cannot find attribute `iri_prefix` in this scope
[INFO] [stdout]  --> tests/expand.rs:9:3
[INFO] [stdout]   |
[INFO] [stdout] 9 | #[iri_prefix("rdfs" = "http://www.w3.org/2000/01/rdf-schema#")]
[INFO] [stdout]   |   ^^^^^^^^^^
[INFO] [stdout] 
[INFO] [stdout] 
[INFO] [stdout] error: cannot find attribute `iri` in this scope
[INFO] [stdout]   --> tests/compact.rs:16:4
[INFO] [stdout]    |
[INFO] [stdout] 16 |     #[iri("test:CompactTest")]
[INFO] [stdout]    |       ^^^
[INFO] [stdout] 
[INFO] [stdout] 
[INFO] [stdout] error: cannot find attribute `iri_prefix` in this scope
[INFO] [stdout]   --> tests/to_rdf.rs:20:3
[INFO] [stdout]    |
[INFO] [stdout] 20 | #[iri_prefix("manifest" = "http://www.w3.org/2001/sw/DataAccess/tests/test-manifest#")]
[INFO] [stdout]    |   ^^^^^^^^^^
[INFO] [stdout] 
[INFO] [stdout] 
[INFO] [stdout] error: cannot find attribute `iri_prefix` in this scope
[INFO] [stdout]   --> tests/flatten.rs:11:3
[INFO] [stdout]    |
[INFO] [stdout] 11 | #[iri_prefix("test" = "https://w3c.github.io/json-ld-api/tests/vocab#")]
[INFO] [stdout]    |   ^^^^^^^^^^
[INFO] [stdout] 
[INFO] [stdout] 
[INFO] [stdout] error: cannot find attribute `iri` in this scope
[INFO] [stdout]   --> tests/compact.rs:18:5
[INFO] [stdout]    |
[INFO] [stdout] 18 |         #[iri("rdfs:comment")]
[INFO] [stdout]    |           ^^^
[INFO] [stdout] 
[INFO] [stdout] 
[INFO] [stdout] error: cannot find attribute `iri_prefix` in this scope
[INFO] [stdout]   --> tests/to_rdf.rs:21:3
[INFO] [stdout]    |
[INFO] [stdout] 21 | #[iri_prefix("jld" = "https://w3c.github.io/json-ld-api/tests/vocab#")]
[INFO] [stdout]    |   ^^^^^^^^^^
[INFO] [stdout] 
[INFO] [stdout] 
[INFO] [stdout] error: cannot find attribute `iri` in this scope
[INFO] [stdout]   --> tests/compact.rs:21:5
[INFO] [stdout]    |
[INFO] [stdout] 21 |         #[iri("manifest:action")]
[INFO] [stdout]    |           ^^^
[INFO] [stdout] 
[INFO] [stdout] 
[INFO] [stdout] error: cannot find attribute `iri` in this scope
[INFO] [stdout]   --> tests/flatten.rs:15:4
[INFO] [stdout]    |
[INFO] [stdout] 15 |     #[iri("test:FlattenTest")]
[INFO] [stdout]    |       ^^^
[INFO] [stdout] 
[INFO] [stdout] 
[INFO] [stdout] error: cannot find attribute `ignore_test` in this scope
[INFO] [stdout]   --> tests/to_rdf.rs:22:3
[INFO] [stdout]    |
[INFO] [stdout] 22 | #[ignore_test("#te122", see = "https://github.com/w3c/json-ld-api/issues/480")]
[INFO] [stdout]    |   ^^^^^^^^^^^
[INFO] [stdout] 
[INFO] [stdout] 
[INFO] [stdout] error: cannot find attribute `iri` in this scope
[INFO] [stdout]   --> tests/compact.rs:24:5
[INFO] [stdout]    |
[INFO] [stdout] 24 |         #[iri("manifest:name")]
[INFO] [stdout]    |           ^^^
[INFO] [stdout] 
[INFO] [stdout] 
[INFO] [stdout] error: cannot find attribute `iri_prefix` in this scope
[INFO] [stdout]   --> tests/expand.rs:10:3
[INFO] [stdout]    |
[INFO] [stdout] 10 | #[iri_prefix("manifest" = "http://www.w3.org/2001/sw/DataAccess/tests/test-manifest#")]
[INFO] [stdout]    |   ^^^^^^^^^^
[INFO] [stdout] 
[INFO] [stdout] 
[INFO] [stdout] error: cannot find attribute `iri_prefix` in this scope
[INFO] [stdout]   --> tests/expand.rs:11:3
[INFO] [stdout]    |
[INFO] [stdout] 11 | #[iri_prefix("test" = "https://w3c.github.io/json-ld-api/tests/vocab#")]
[INFO] [stdout]    |   ^^^^^^^^^^
[INFO] [stdout] 
[INFO] [stdout] 
[INFO] [stdout] error: cannot find attribute `iri` in this scope
[INFO] [stdout]   --> tests/flatten.rs:17:5
[INFO] [stdout]    |
[INFO] [stdout] 17 |         #[iri("rdfs:comment")]
[INFO] [stdout]    |           ^^^
[INFO] [stdout] 
[INFO] [stdout] 
[INFO] [stdout] error: cannot find attribute `iri` in this scope
[INFO] [stdout]   --> tests/expand.rs:15:4
[INFO] [stdout]    |
[INFO] [stdout] 15 |     #[iri("test:ExpandTest")]
[INFO] [stdout]    |       ^^^
[INFO] [stdout] 
[INFO] [stdout] 
[INFO] [stdout] error: cannot find attribute `iri` in this scope
[INFO] [stdout]   --> tests/compact.rs:27:5
[INFO] [stdout]    |
[INFO] [stdout] 27 |         #[iri("test:option")]
[INFO] [stdout]    |           ^^^
[INFO] [stdout] 
[INFO] [stdout] 
[INFO] [stdout] error: cannot find attribute `iri` in this scope
[INFO] [stdout]   --> tests/flatten.rs:20:5
[INFO] [stdout]    |
[INFO] [stdout] 20 |         #[iri("manifest:action")]
[INFO] [stdout]    |           ^^^
[INFO] [stdout] 
[INFO] [stdout] 
[INFO] [stdout] error: cannot find attribute `ignore_test` in this scope
[INFO] [stdout]   --> tests/to_rdf.rs:23:3
[INFO] [stdout]    |
[INFO] [stdout] 23 | #[ignore_test("#tli12", see = "https://github.com/w3c/json-ld-api/issues/533")]
[INFO] [stdout]    |   ^^^^^^^^^^^
[INFO] [stdout] 
[INFO] [stdout] 
[INFO] [stdout] error: cannot find attribute `iri` in this scope
[INFO] [stdout]   --> tests/expand.rs:17:5
[INFO] [stdout]    |
[INFO] [stdout] 17 |         #[iri("rdfs:comment")]
[INFO] [stdout]    |           ^^^
[INFO] [stdout] 
[INFO] [stdout] 
[INFO] [stdout] error: cannot find attribute `iri` in this scope
[INFO] [stdout]   --> tests/compact.rs:30:5
[INFO] [stdout]    |
[INFO] [stdout] 30 |         #[iri("test:context")]
[INFO] [stdout]    |           ^^^
[INFO] [stdout] 
[INFO] [stdout] 
[INFO] [stdout] error: cannot find attribute `iri` in this scope
[INFO] [stdout]   --> tests/to_rdf.rs:28:4
[INFO] [stdout]    |
[INFO] [stdout] 28 |     #[iri("jld:ToRDFTest")]
[INFO] [stdout]    |       ^^^
[INFO] [stdout] 
[INFO] [stdout] 
[INFO] [stdout] error: cannot find attribute `iri` in this scope
[INFO] [stdout]   --> tests/flatten.rs:23:5
[INFO] [stdout]    |
[INFO] [stdout] 23 |         #[iri("manifest:name")]
[INFO] [stdout]    |           ^^^
[INFO] [stdout] 
[INFO] [stdout] 
[INFO] [stdout] error: cannot find attribute `iri` in this scope
[INFO] [stdout]   --> tests/compact.rs:33:5
[INFO] [stdout]    |
[INFO] [stdout] 33 |         #[iri("rdf:type")]
[INFO] [stdout]    |           ^^^
[INFO] [stdout] 
[INFO] [stdout] 
[INFO] [stdout] error: cannot find attribute `iri` in this scope
[INFO] [stdout]   --> tests/expand.rs:20:5
[INFO] [stdout]    |
[INFO] [stdout] 20 |         #[iri("manifest:action")]
[INFO] [stdout]    |           ^^^
[INFO] [stdout] 
[INFO] [stdout] 
[INFO] [stdout] error: cannot find attribute `iri` in this scope
[INFO] [stdout]   --> tests/compact.rs:38:5
[INFO] [stdout]    |
[INFO] [stdout] 38 |         #[iri("test:PositiveEvaluationTest")]
[INFO] [stdout]    |           ^^^
[INFO] [stdout] 
[INFO] [stdout] 
[INFO] [stdout] error: cannot find attribute `iri` in this scope
[INFO] [stdout]   --> tests/to_rdf.rs:30:5
[INFO] [stdout]    |
[INFO] [stdout] 30 |         #[iri("rdfs:comment")]
[INFO] [stdout]    |           ^^^
[INFO] [stdout] 
[INFO] [stdout] 
[INFO] [stdout] error: cannot find attribute `iri` in this scope
[INFO] [stdout]   --> tests/expand.rs:23:5
[INFO] [stdout]    |
[INFO] [stdout] 23 |         #[iri("manifest:name")]
[INFO] [stdout]    |           ^^^
[INFO] [stdout] 
[INFO] [stdout] 
[INFO] [stdout] error: cannot find attribute `iri` in this scope
[INFO] [stdout]   --> tests/flatten.rs:26:5
[INFO] [stdout]    |
[INFO] [stdout] 26 |         #[iri("test:option")]
[INFO] [stdout]    |           ^^^
[INFO] [stdout] 
[INFO] [stdout] 
[INFO] [stdout] error: cannot find attribute `iri` in this scope
[INFO] [stdout]   --> tests/flatten.rs:29:5
[INFO] [stdout]    |
[INFO] [stdout] 29 |         #[iri("test:context")]
[INFO] [stdout]    |           ^^^
[INFO] [stdout] 
[INFO] [stdout] 
[INFO] [stdout] error: cannot find attribute `iri` in this scope
[INFO] [stdout]   --> tests/compact.rs:40:6
[INFO] [stdout]    |
[INFO] [stdout] 40 |             #[iri("manifest:result")]
[INFO] [stdout]    |               ^^^
[INFO] [stdout] 
[INFO] [stdout] 
[INFO] [stdout] error: cannot find attribute `iri` in this scope
[INFO] [stdout]   --> tests/expand.rs:26:5
[INFO] [stdout]    |
[INFO] [stdout] 26 |         #[iri("test:option")]
[INFO] [stdout]    |           ^^^
[INFO] [stdout] 
[INFO] [stdout] 
[INFO] [stdout] error: cannot find attribute `iri` in this scope
[INFO] [stdout]   --> tests/compact.rs:43:5
[INFO] [stdout]    |
[INFO] [stdout] 43 |         #[iri("test:NegativeEvaluationTest")]
[INFO] [stdout]    |           ^^^
[INFO] [stdout] 
[INFO] [stdout] 
[INFO] [stdout] error: cannot find attribute `iri` in this scope
[INFO] [stdout]   --> tests/to_rdf.rs:33:5
[INFO] [stdout]    |
[INFO] [stdout] 33 |         #[iri("manifest:action")]
[INFO] [stdout]    |           ^^^
[INFO] [stdout] 
[INFO] [stdout] 
[INFO] [stdout] error: cannot find attribute `iri` in this scope
[INFO] [stdout]   --> tests/to_rdf.rs:36:5
[INFO] [stdout]    |
[INFO] [stdout] 36 |         #[iri("manifest:name")]
[INFO] [stdout]    |           ^^^
[INFO] [stdout] 
[INFO] [stdout] 
[INFO] [stdout] error: cannot find attribute `iri` in this scope
[INFO] [stdout]   --> tests/flatten.rs:32:5
[INFO] [stdout]    |
[INFO] [stdout] 32 |         #[iri("rdf:type")]
[INFO] [stdout]    |           ^^^
[INFO] [stdout] 
[INFO] [stdout] 
[INFO] [stdout] error: cannot find attribute `iri` in this scope
[INFO] [stdout]   --> tests/to_rdf.rs:39:5
[INFO] [stdout]    |
[INFO] [stdout] 39 |         #[iri("jld:option")]
[INFO] [stdout]    |           ^^^
[INFO] [stdout] 
[INFO] [stdout] 
[INFO] [stdout] error: cannot find attribute `iri` in this scope
[INFO] [stdout]   --> tests/expand.rs:29:5
[INFO] [stdout]    |
[INFO] [stdout] 29 |         #[iri("rdf:type")]
[INFO] [stdout]    |           ^^^
[INFO] [stdout] 
[INFO] [stdout] 
[INFO] [stdout] error: cannot find attribute `iri` in this scope
[INFO] [stdout]   --> tests/compact.rs:45:6
[INFO] [stdout]    |
[INFO] [stdout] 45 |             #[iri("manifest:result")]
[INFO] [stdout]    |               ^^^
[INFO] [stdout] 
[INFO] [stdout] 
[INFO] [stdout] error: cannot find attribute `iri` in this scope
[INFO] [stdout]   --> tests/to_rdf.rs:42:5
[INFO] [stdout]    |
[INFO] [stdout] 42 |         #[iri("rdf:type")]
[INFO] [stdout]    |           ^^^
[INFO] [stdout] 
[INFO] [stdout] 
[INFO] [stdout] error: cannot find attribute `iri` in this scope
[INFO] [stdout]   --> tests/expand.rs:34:5
[INFO] [stdout]    |
[INFO] [stdout] 34 |         #[iri("test:PositiveEvaluationTest")]
[INFO] [stdout]    |           ^^^
[INFO] [stdout] 
[INFO] [stdout] 
[INFO] [stdout] error: cannot find attribute `iri` in this scope
[INFO] [stdout]   --> tests/compact.rs:52:5
[INFO] [stdout]    |
[INFO] [stdout] 52 |         #[iri("test:base")]
[INFO] [stdout]    |           ^^^
[INFO] [stdout] 
[INFO] [stdout] 
[INFO] [stdout] error: cannot find attribute `iri` in this scope
[INFO] [stdout]   --> tests/flatten.rs:37:5
[INFO] [stdout]    |
[INFO] [stdout] 37 |         #[iri("test:PositiveEvaluationTest")]
[INFO] [stdout]    |           ^^^
[INFO] [stdout] 
[INFO] [stdout] 
[INFO] [stdout] error: cannot find attribute `iri` in this scope
[INFO] [stdout]   --> tests/flatten.rs:39:6
[INFO] [stdout]    |
[INFO] [stdout] 39 |             #[iri("manifest:result")]
[INFO] [stdout]    |               ^^^
[INFO] [stdout] 
[INFO] [stdout] 
[INFO] [stdout] error: cannot find attribute `iri` in this scope
[INFO] [stdout]   --> tests/compact.rs:55:5
[INFO] [stdout]    |
[INFO] [stdout] 55 |         #[iri("test:expandContext")]
[INFO] [stdout]    |           ^^^
[INFO] [stdout] 
[INFO] [stdout] 
[INFO] [stdout] error: cannot find attribute `iri` in this scope
[INFO] [stdout]   --> tests/flatten.rs:42:5
[INFO] [stdout]    |
[INFO] [stdout] 42 |         #[iri("test:NegativeEvaluationTest")]
[INFO] [stdout]    |           ^^^
[INFO] [stdout] 
[INFO] [stdout] 
[INFO] [stdout] error: cannot find attribute `iri` in this scope
[INFO] [stdout]   --> tests/expand.rs:36:6
[INFO] [stdout]    |
[INFO] [stdout] 36 |             #[iri("manifest:result")]
[INFO] [stdout]    |               ^^^
[INFO] [stdout] 
[INFO] [stdout] 
[INFO] [stdout] error: cannot find attribute `iri` in this scope
[INFO] [stdout]   --> tests/to_rdf.rs:47:5
[INFO] [stdout]    |
[INFO] [stdout] 47 |         #[iri("jld:PositiveEvaluationTest")]
[INFO] [stdout]    |           ^^^
[INFO] [stdout] 
[INFO] [stdout] 
[INFO] [stdout] error: cannot find attribute `iri` in this scope
[INFO] [stdout]   --> tests/expand.rs:39:5
[INFO] [stdout]    |
[INFO] [stdout] 39 |         #[iri("test:NegativeEvaluationTest")]
[INFO] [stdout]    |           ^^^
[INFO] [stdout] 
[INFO] [stdout] 
[INFO] [stdout] error: cannot find attribute `iri` in this scope
[INFO] [stdout]   --> tests/compact.rs:58:5
[INFO] [stdout]    |
[INFO] [stdout] 58 |         #[iri("test:processingMode")]
[INFO] [stdout]    |           ^^^
[INFO] [stdout] 
[INFO] [stdout] 
[INFO] [stdout] error: cannot find attribute `iri` in this scope
[INFO] [stdout]   --> tests/flatten.rs:44:6
[INFO] [stdout]    |
[INFO] [stdout] 44 |             #[iri("manifest:result")]
[INFO] [stdout]    |               ^^^
[INFO] [stdout] 
[INFO] [stdout] 
[INFO] [stdout] error: cannot find attribute `iri` in this scope
[INFO] [stdout]   --> tests/compact.rs:61:5
[INFO] [stdout]    |
[INFO] [stdout] 61 |         #[iri("test:specVersion")]
[INFO] [stdout]    |           ^^^
[INFO] [stdout] 
[INFO] [stdout] 
[INFO] [stdout] error: cannot find attribute `iri` in this scope
[INFO] [stdout]   --> tests/to_rdf.rs:49:6
[INFO] [stdout]    |
[INFO] [stdout] 49 |             #[iri("manifest:result")]
[INFO] [stdout]    |               ^^^
[INFO] [stdout] 
[INFO] [stdout] 
[INFO] [stdout] error: cannot find attribute `iri` in this scope
[INFO] [stdout]   --> tests/expand.rs:41:6
[INFO] [stdout]    |
[INFO] [stdout] 41 |             #[iri("manifest:result")]
[INFO] [stdout]    |               ^^^
[INFO] [stdout] 
[INFO] [stdout] 
[INFO] [stdout] error: cannot find attribute `iri` in this scope
[INFO] [stdout]   --> tests/flatten.rs:51:5
[INFO] [stdout]    |
[INFO] [stdout] 51 |         #[iri("test:base")]
[INFO] [stdout]    |           ^^^
[INFO] [stdout] 
[INFO] [stdout] 
[INFO] [stdout] error: cannot find attribute `iri` in this scope
[INFO] [stdout]   --> tests/compact.rs:64:5
[INFO] [stdout]    |
[INFO] [stdout] 64 |         #[iri("test:normative")]
[INFO] [stdout]    |           ^^^
[INFO] [stdout] 
[INFO] [stdout] 
[INFO] [stdout] error: cannot find attribute `iri` in this scope
[INFO] [stdout]   --> tests/expand.rs:48:5
[INFO] [stdout]    |
[INFO] [stdout] 48 |         #[iri("test:base")]
[INFO] [stdout]    |           ^^^
[INFO] [stdout] 
[INFO] [stdout] 
[INFO] [stdout] error: cannot find attribute `iri` in this scope
[INFO] [stdout]   --> tests/to_rdf.rs:52:5
[INFO] [stdout]    |
[INFO] [stdout] 52 |         #[iri("jld:NegativeEvaluationTest")]
[INFO] [stdout]    |           ^^^
[INFO] [stdout] 
[INFO] [stdout] 
[INFO] [stdout] error: cannot find attribute `iri` in this scope
[INFO] [stdout]   --> tests/flatten.rs:54:5
[INFO] [stdout]    |
[INFO] [stdout] 54 |         #[iri("test:expandContext")]
[INFO] [stdout]    |           ^^^
[INFO] [stdout] 
[INFO] [stdout] 
[INFO] [stdout] error: cannot find attribute `iri` in this scope
[INFO] [stdout]   --> tests/compact.rs:67:5
[INFO] [stdout]    |
[INFO] [stdout] 67 |         #[iri("test:compactToRelative")]
[INFO] [stdout]    |           ^^^
[INFO] [stdout] 
[INFO] [stdout] 
[INFO] [stdout] error: cannot find attribute `iri` in this scope
[INFO] [stdout]   --> tests/expand.rs:51:5
[INFO] [stdout]    |
[INFO] [stdout] 51 |         #[iri("test:expandContext")]
[INFO] [stdout]    |           ^^^
[INFO] [stdout] 
[INFO] [stdout] 
[INFO] [stdout] error: cannot find attribute `iri` in this scope
[INFO] [stdout]   --> tests/flatten.rs:57:5
[INFO] [stdout]    |
[INFO] [stdout] 57 |         #[iri("test:processingMode")]
[INFO] [stdout]    |           ^^^
[INFO] [stdout] 
[INFO] [stdout] 
[INFO] [stdout] error: cannot find attribute `iri` in this scope
[INFO] [stdout]   --> tests/compact.rs:70:5
[INFO] [stdout]    |
[INFO] [stdout] 70 |         #[iri("test:compactArrays")]
[INFO] [stdout]    |           ^^^
[INFO] [stdout] 
[INFO] [stdout] 
[INFO] [stdout] error: cannot find attribute `iri` in this scope
[INFO] [stdout]   --> tests/to_rdf.rs:54:6
[INFO] [stdout]    |
[INFO] [stdout] 54 |             #[iri("manifest:result")]
[INFO] [stdout]    |               ^^^
[INFO] [stdout] 
[INFO] [stdout] 
[INFO] [stdout] error: cannot find attribute `iri` in this scope
[INFO] [stdout]   --> tests/expand.rs:54:5
[INFO] [stdout]    |
[INFO] [stdout] 54 |         #[iri("test:processingMode")]
[INFO] [stdout]    |           ^^^
[INFO] [stdout] 
[INFO] [stdout] 
[INFO] [stdout] error: cannot find attribute `iri` in this scope
[INFO] [stdout]   --> tests/flatten.rs:60:5
[INFO] [stdout]    |
[INFO] [stdout] 60 |         #[iri("test:specVersion")]
[INFO] [stdout]    |           ^^^
[INFO] [stdout] 
[INFO] [stdout] 
[INFO] [stdout] error: cannot find attribute `iri` in this scope
[INFO] [stdout]   --> tests/to_rdf.rs:57:5
[INFO] [stdout]    |
[INFO] [stdout] 57 |         #[iri("jld:PositiveSyntaxTest")]
[INFO] [stdout]    |           ^^^
[INFO] [stdout] 
[INFO] [stdout] 
[INFO] [stdout] error: cannot find attribute `iri` in this scope
[INFO] [stdout]   --> tests/expand.rs:57:5
[INFO] [stdout]    |
[INFO] [stdout] 57 |         #[iri("test:specVersion")]
[INFO] [stdout]    |           ^^^
[INFO] [stdout] 
[INFO] [stdout] 
[INFO] [stdout] error: cannot find attribute `iri` in this scope
[INFO] [stdout]   --> tests/flatten.rs:63:5
[INFO] [stdout]    |
[INFO] [stdout] 63 |         #[iri("test:normative")]
[INFO] [stdout]    |           ^^^
[INFO] [stdout] 
[INFO] [stdout] 
[INFO] [stdout] error: cannot find attribute `iri` in this scope
[INFO] [stdout]   --> tests/expand.rs:60:5
[INFO] [stdout]    |
[INFO] [stdout] 60 |         #[iri("test:normative")]
[INFO] [stdout]    |           ^^^
[INFO] [stdout] 
[INFO] [stdout] 
[INFO] [stdout] error: cannot find attribute `iri` in this scope
[INFO] [stdout]   --> tests/to_rdf.rs:65:5
[INFO] [stdout]    |
[INFO] [stdout] 65 |         #[iri("jld:base")]
[INFO] [stdout]    |           ^^^
[INFO] [stdout] 
[INFO] [stdout] 
[INFO] [stdout] error: cannot find attribute `iri` in this scope
[INFO] [stdout]   --> tests/flatten.rs:66:5
[INFO] [stdout]    |
[INFO] [stdout] 66 |         #[iri("test:compactToRelative")]
[INFO] [stdout]    |           ^^^
[INFO] [stdout] 
[INFO] [stdout] 
[INFO] [stdout] error: cannot find attribute `iri` in this scope
[INFO] [stdout]   --> tests/to_rdf.rs:68:5
[INFO] [stdout]    |
[INFO] [stdout] 68 |         #[iri("jld:processingMode")]
[INFO] [stdout]    |           ^^^
[INFO] [stdout] 
[INFO] [stdout] 
[INFO] [stdout] error: cannot find attribute `iri` in this scope
[INFO] [stdout]   --> tests/flatten.rs:69:5
[INFO] [stdout]    |
[INFO] [stdout] 69 |         #[iri("test:compactArrays")]
[INFO] [stdout]    |           ^^^
[INFO] [stdout] 
[INFO] [stdout] 
[INFO] [stdout] error: cannot find attribute `iri` in this scope
[INFO] [stdout]   --> tests/to_rdf.rs:71:5
[INFO] [stdout]    |
[INFO] [stdout] 71 |         #[iri("jld:specVersion")]
[INFO] [stdout]    |           ^^^
[INFO] [stdout] 
[INFO] [stdout] 
[INFO] [stdout] error: cannot find attribute `iri` in this scope
[INFO] [stdout]   --> tests/to_rdf.rs:74:5
[INFO] [stdout]    |
[INFO] [stdout] 74 |         #[iri("jld:normative")]
[INFO] [stdout]    |           ^^^
[INFO] [stdout] 
[INFO] [stdout] 
[INFO] [stdout] error: cannot find attribute `iri` in this scope
[INFO] [stdout]   --> tests/to_rdf.rs:77:5
[INFO] [stdout]    |
[INFO] [stdout] 77 |         #[iri("jld:expandContext")]
[INFO] [stdout]    |           ^^^
[INFO] [stdout] 
[INFO] [stdout] 
[INFO] [stdout] error: cannot find attribute `iri` in this scope
[INFO] [stdout]   --> tests/to_rdf.rs:80:5
[INFO] [stdout]    |
[INFO] [stdout] 80 |         #[iri("jld:produceGeneralizedRdf")]
[INFO] [stdout]    |           ^^^
[INFO] [stdout] 
[INFO] [stdout] 
[INFO] [stdout] error: cannot find attribute `iri` in this scope
[INFO] [stdout]   --> tests/to_rdf.rs:83:5
[INFO] [stdout]    |
[INFO] [stdout] 83 |         #[iri("jld:rdfDirection")]
[INFO] [stdout]    |           ^^^
[INFO] [stdout] 
[INFO] [stdout] 
[INFO] [stdout] For more information about this error, try `rustc --explain E0433`.
[INFO] [stdout] 
[INFO] [stderr] error: could not compile `json-ld` (test "compact") due to 25 previous errors
[INFO] [stderr] warning: build failed, waiting for other jobs to finish...
[INFO] [stdout] For more information about this error, try `rustc --explain E0433`.
[INFO] [stdout] 
[INFO] [stderr] error: could not compile `json-ld` (test "expand") due to 21 previous errors
[INFO] [stdout] For more information about this error, try `rustc --explain E0433`.
[INFO] [stdout] 
[INFO] [stderr] error: could not compile `json-ld` (test "flatten") due to 24 previous errors
[INFO] [stdout] For more information about this error, try `rustc --explain E0433`.
[INFO] [stdout] 
[INFO] [stderr] error: could not compile `json-ld` (test "to_rdf") due to 26 previous errors
[INFO] running `Command { std: "docker" "inspect" "4ddc67ec6dc7beed08625b6e79c034edb2bd52baedc22d5c89bce2594b60ac81", kill_on_drop: false }`
[INFO] running `Command { std: "docker" "rm" "-f" "4ddc67ec6dc7beed08625b6e79c034edb2bd52baedc22d5c89bce2594b60ac81", kill_on_drop: false }`
[INFO] [stdout] 4ddc67ec6dc7beed08625b6e79c034edb2bd52baedc22d5c89bce2594b60ac81
