[INFO] fetching crate js-promises 0.1.0...
[INFO] testing js-promises-0.1.0 against nightly-2024-10-28 for randomize-layout
[INFO] extracting crate js-promises 0.1.0 into /workspace/builds/worker-7-tc1/source
[INFO] validating manifest of crates.io crate js-promises 0.1.0 on toolchain nightly-2024-10-28
[INFO] running `Command { std: CARGO_HOME="/workspace/cargo-home" RUSTUP_HOME="/workspace/rustup-home" "/workspace/cargo-home/bin/cargo" "+nightly-2024-10-28" "metadata" "--manifest-path" "Cargo.toml" "--no-deps", kill_on_drop: false }`
[INFO] started tweaking crates.io crate js-promises 0.1.0
[INFO] finished tweaking crates.io crate js-promises 0.1.0
[INFO] tweaked toml for crates.io crate js-promises 0.1.0 written to /workspace/builds/worker-7-tc1/source/Cargo.toml
[INFO] crate crates.io crate js-promises 0.1.0 already has a lockfile, it will not be regenerated
[INFO] running `Command { std: CARGO_HOME="/workspace/cargo-home" RUSTUP_HOME="/workspace/rustup-home" "/workspace/cargo-home/bin/cargo" "+nightly-2024-10-28" "fetch" "--manifest-path" "Cargo.toml", kill_on_drop: false }`
[INFO] [stderr]  Downloading crates ...
[INFO] [stderr]   Downloaded wasm-bindgen-macro-support v0.2.51
[INFO] [stderr]   Downloaded wasm-bindgen-backend v0.2.51
[INFO] [stderr]   Downloaded wasm-bindgen-shared v0.2.51
[INFO] [stderr]   Downloaded base-x v0.2.5
[INFO] [stderr]   Downloaded wasm-bindgen-macro v0.2.51
[INFO] [stderr]   Downloaded wasm-bindgen v0.2.51
[INFO] running `Command { std: "docker" "create" "-v" "/var/lib/crater-agent-workspace/builds/worker-7-tc1/target:/opt/rustwide/target:rw,Z" "-v" "/var/lib/crater-agent-workspace/builds/worker-7-tc1/source:/opt/rustwide/workdir:ro,Z" "-v" "/var/lib/crater-agent-workspace/cargo-home:/opt/rustwide/cargo-home:ro,Z" "-v" "/var/lib/crater-agent-workspace/rustup-home:/opt/rustwide/rustup-home:ro,Z" "-e" "SOURCE_DIR=/opt/rustwide/workdir" "-e" "CARGO_TARGET_DIR=/opt/rustwide/target" "-e" "CARGO_HOME=/opt/rustwide/cargo-home" "-e" "RUSTUP_HOME=/opt/rustwide/rustup-home" "-w" "/opt/rustwide/workdir" "-m" "1610612736" "--user" "0:0" "--network" "none" "ghcr.io/rust-lang/crates-build-env/linux@sha256:4a844ea9eb2546a2d2c7022eacef16ef2e8229c7fbb2c7d4d55a9ceca922f72d" "/opt/rustwide/cargo-home/bin/cargo" "+nightly-2024-10-28" "metadata" "--no-deps" "--format-version=1", kill_on_drop: false }`
[INFO] [stdout] d8bf0ab35e1ff9af293b4e6ae5bcd122e8e8b7f38902b5a7d724013e555d128a
[INFO] running `Command { std: "docker" "start" "-a" "d8bf0ab35e1ff9af293b4e6ae5bcd122e8e8b7f38902b5a7d724013e555d128a", kill_on_drop: false }`
[INFO] running `Command { std: "docker" "inspect" "d8bf0ab35e1ff9af293b4e6ae5bcd122e8e8b7f38902b5a7d724013e555d128a", kill_on_drop: false }`
[INFO] running `Command { std: "docker" "rm" "-f" "d8bf0ab35e1ff9af293b4e6ae5bcd122e8e8b7f38902b5a7d724013e555d128a", kill_on_drop: false }`
[INFO] [stdout] d8bf0ab35e1ff9af293b4e6ae5bcd122e8e8b7f38902b5a7d724013e555d128a
[INFO] running `Command { std: "docker" "create" "-v" "/var/lib/crater-agent-workspace/builds/worker-7-tc1/target:/opt/rustwide/target:rw,Z" "-v" "/var/lib/crater-agent-workspace/builds/worker-7-tc1/source:/opt/rustwide/workdir:ro,Z" "-v" "/var/lib/crater-agent-workspace/cargo-home:/opt/rustwide/cargo-home:ro,Z" "-v" "/var/lib/crater-agent-workspace/rustup-home:/opt/rustwide/rustup-home:ro,Z" "-e" "SOURCE_DIR=/opt/rustwide/workdir" "-e" "CARGO_TARGET_DIR=/opt/rustwide/target" "-e" "CARGO_INCREMENTAL=0" "-e" "RUST_BACKTRACE=full" "-e" "RUSTFLAGS=--cap-lints=forbid" "-e" "RUSTDOCFLAGS=--cap-lints=forbid" "-e" "CARGO_HOME=/opt/rustwide/cargo-home" "-e" "RUSTUP_HOME=/opt/rustwide/rustup-home" "-w" "/opt/rustwide/workdir" "-m" "1610612736" "--user" "0:0" "--network" "none" "ghcr.io/rust-lang/crates-build-env/linux@sha256:4a844ea9eb2546a2d2c7022eacef16ef2e8229c7fbb2c7d4d55a9ceca922f72d" "/opt/rustwide/cargo-home/bin/cargo" "+nightly-2024-10-28" "build" "--frozen" "--message-format=json", kill_on_drop: false }`
[INFO] [stdout] 6eced03d2d21530608a3b853e71c6f2e35ced140832bc6c748f8f063307280c1
[INFO] running `Command { std: "docker" "start" "-a" "6eced03d2d21530608a3b853e71c6f2e35ced140832bc6c748f8f063307280c1", kill_on_drop: false }`
[INFO] [stderr]    Compiling proc-macro2 v1.0.5
[INFO] [stderr]    Compiling unicode-xid v0.2.0
[INFO] [stderr]    Compiling syn v1.0.5
[INFO] [stderr]    Compiling serde v1.0.101
[INFO] [stderr]    Compiling semver-parser v0.7.0
[INFO] [stderr]    Compiling ryu v1.0.0
[INFO] [stderr]    Compiling stdweb-internal-runtime v0.1.5
[INFO] [stderr]    Compiling itoa v0.4.4
[INFO] [stderr]    Compiling base-x v0.2.5
[INFO] [stderr]    Compiling sha1 v0.6.0
[INFO] [stderr]    Compiling discard v1.0.4
[INFO] [stderr]    Compiling semver v0.9.0
[INFO] [stderr]    Compiling rustc_version v0.2.3
[INFO] [stderr]    Compiling stdweb v0.4.20
[INFO] [stderr]    Compiling quote v1.0.2
[INFO] [stderr]    Compiling serde_json v1.0.41
[INFO] [stderr]    Compiling serde_derive v1.0.101
[INFO] [stderr]    Compiling stdweb-derive v0.5.3
[INFO] [stderr]    Compiling stdweb-internal-macros v0.2.9
[INFO] [stderr]    Compiling js-promises v0.1.0 (/opt/rustwide/workdir)
[INFO] [stderr]     Finished `dev` profile [unoptimized + debuginfo] target(s) in 10.17s
[INFO] [stderr] warning: the following packages contain code that will be rejected by a future version of Rust: stdweb v0.4.20
[INFO] [stderr] note: to see what the problems were, use the option `--future-incompat-report`, or run `cargo report future-incompatibilities --id 1`
[INFO] running `Command { std: "docker" "inspect" "6eced03d2d21530608a3b853e71c6f2e35ced140832bc6c748f8f063307280c1", kill_on_drop: false }`
[INFO] running `Command { std: "docker" "rm" "-f" "6eced03d2d21530608a3b853e71c6f2e35ced140832bc6c748f8f063307280c1", kill_on_drop: false }`
[INFO] [stdout] 6eced03d2d21530608a3b853e71c6f2e35ced140832bc6c748f8f063307280c1
[INFO] running `Command { std: "docker" "create" "-v" "/var/lib/crater-agent-workspace/builds/worker-7-tc1/target:/opt/rustwide/target:rw,Z" "-v" "/var/lib/crater-agent-workspace/builds/worker-7-tc1/source:/opt/rustwide/workdir:ro,Z" "-v" "/var/lib/crater-agent-workspace/cargo-home:/opt/rustwide/cargo-home:ro,Z" "-v" "/var/lib/crater-agent-workspace/rustup-home:/opt/rustwide/rustup-home:ro,Z" "-e" "SOURCE_DIR=/opt/rustwide/workdir" "-e" "CARGO_TARGET_DIR=/opt/rustwide/target" "-e" "CARGO_INCREMENTAL=0" "-e" "RUST_BACKTRACE=full" "-e" "RUSTFLAGS=--cap-lints=forbid" "-e" "RUSTDOCFLAGS=--cap-lints=forbid" "-e" "CARGO_HOME=/opt/rustwide/cargo-home" "-e" "RUSTUP_HOME=/opt/rustwide/rustup-home" "-w" "/opt/rustwide/workdir" "-m" "1610612736" "--user" "0:0" "--network" "none" "ghcr.io/rust-lang/crates-build-env/linux@sha256:4a844ea9eb2546a2d2c7022eacef16ef2e8229c7fbb2c7d4d55a9ceca922f72d" "/opt/rustwide/cargo-home/bin/cargo" "+nightly-2024-10-28" "test" "--frozen" "--no-run" "--message-format=json", kill_on_drop: false }`
[INFO] [stdout] d5d900cda7c81e6d1229eca810db59f5b43e639f6ab9334acaddbf44654d89c9
[INFO] running `Command { std: "docker" "start" "-a" "d5d900cda7c81e6d1229eca810db59f5b43e639f6ab9334acaddbf44654d89c9", kill_on_drop: false }`
[INFO] [stderr]    Compiling js-promises v0.1.0 (/opt/rustwide/workdir)
[INFO] [stdout] warning: use of deprecated type alias `std::panic::PanicInfo`: use `PanicHookInfo` instead
[INFO] [stdout]  --> examples/basic_http.rs:7:29
[INFO] [stdout]   |
[INFO] [stdout] 7 | fn panic_hook(info: &panic::PanicInfo) {
[INFO] [stdout]   |                             ^^^^^^^^^
[INFO] [stdout]   |
[INFO] [stdout]   = note: `#[warn(deprecated)]` on by default
[INFO] [stdout] 
[INFO] [stdout] 
[INFO] [stdout] error: linking with `cc` failed: exit status: 1
[INFO] [stdout]   |
[INFO] [stdout]   = note: LC_ALL="C" PATH="/opt/rustwide/rustup-home/toolchains/nightly-2024-10-28-x86_64-unknown-linux-gnu/lib/rustlib/x86_64-unknown-linux-gnu/bin:/opt/rustwide/rustup-home/toolchains/nightly-2024-10-28-x86_64-unknown-linux-gnu/lib/rustlib/x86_64-unknown-linux-gnu/bin/self-contained:/opt/rustwide/cargo-home/bin:/usr/local/sbin:/usr/local/bin:/usr/sbin:/usr/bin:/sbin:/bin" VSLANG="1033" "cc" "-m64" "/tmp/rustcta3kBK/symbols.o" "/opt/rustwide/target/debug/examples/panicking-335f5a81e2bcca6e.panicking.f298103b58086074-cgu.0.rcgu.o" "/opt/rustwide/target/debug/examples/panicking-335f5a81e2bcca6e.panicking.f298103b58086074-cgu.1.rcgu.o" "/opt/rustwide/target/debug/examples/panicking-335f5a81e2bcca6e.2dhifmzc4ai4owhmq8dm7umy8.rcgu.o" "-Wl,--as-needed" "-Wl,-Bstatic" "/opt/rustwide/target/debug/deps/libjs_promises-d3bbe51e840f853b.rlib" "/opt/rustwide/target/debug/deps/libstdweb-b5a3a1ed43839cc1.rlib" "/opt/rustwide/target/debug/deps/libdiscard-98975c93c4127ce9.rlib" "/opt/rustwide/target/debug/deps/libstdweb_internal_runtime-a39d04929a1564a1.rlib" "/opt/rustwide/target/debug/deps/libserde_json-79ec10c1a79f4f2b.rlib" "/opt/rustwide/target/debug/deps/libryu-3de811efc2d64db2.rlib" "/opt/rustwide/target/debug/deps/libitoa-49876a9142f55064.rlib" "/opt/rustwide/target/debug/deps/libserde-7e0328e67f38a3c2.rlib" "/opt/rustwide/rustup-home/toolchains/nightly-2024-10-28-x86_64-unknown-linux-gnu/lib/rustlib/x86_64-unknown-linux-gnu/lib/libstd-fb8c387236db3c10.rlib" "/opt/rustwide/rustup-home/toolchains/nightly-2024-10-28-x86_64-unknown-linux-gnu/lib/rustlib/x86_64-unknown-linux-gnu/lib/libpanic_unwind-b251837809b2f64b.rlib" "/opt/rustwide/rustup-home/toolchains/nightly-2024-10-28-x86_64-unknown-linux-gnu/lib/rustlib/x86_64-unknown-linux-gnu/lib/libobject-cbef83eaa4e01f04.rlib" "/opt/rustwide/rustup-home/toolchains/nightly-2024-10-28-x86_64-unknown-linux-gnu/lib/rustlib/x86_64-unknown-linux-gnu/lib/libmemchr-12a772286de2fca7.rlib" "/opt/rustwide/rustup-home/toolchains/nightly-2024-10-28-x86_64-unknown-linux-gnu/lib/rustlib/x86_64-unknown-linux-gnu/lib/libaddr2line-023bbe5ada7abfc3.rlib" "/opt/rustwide/rustup-home/toolchains/nightly-2024-10-28-x86_64-unknown-linux-gnu/lib/rustlib/x86_64-unknown-linux-gnu/lib/libgimli-de2bcdf10ec69c2b.rlib" "/opt/rustwide/rustup-home/toolchains/nightly-2024-10-28-x86_64-unknown-linux-gnu/lib/rustlib/x86_64-unknown-linux-gnu/lib/librustc_demangle-8e1754df350800fd.rlib" "/opt/rustwide/rustup-home/toolchains/nightly-2024-10-28-x86_64-unknown-linux-gnu/lib/rustlib/x86_64-unknown-linux-gnu/lib/libstd_detect-06c2ab7b9c32e037.rlib" "/opt/rustwide/rustup-home/toolchains/nightly-2024-10-28-x86_64-unknown-linux-gnu/lib/rustlib/x86_64-unknown-linux-gnu/lib/libhashbrown-51d2621fc57a281b.rlib" "/opt/rustwide/rustup-home/toolchains/nightly-2024-10-28-x86_64-unknown-linux-gnu/lib/rustlib/x86_64-unknown-linux-gnu/lib/librustc_std_workspace_alloc-54a930408793772f.rlib" "/opt/rustwide/rustup-home/toolchains/nightly-2024-10-28-x86_64-unknown-linux-gnu/lib/rustlib/x86_64-unknown-linux-gnu/lib/libminiz_oxide-0c7d01cba400dcb2.rlib" "/opt/rustwide/rustup-home/toolchains/nightly-2024-10-28-x86_64-unknown-linux-gnu/lib/rustlib/x86_64-unknown-linux-gnu/lib/libadler-b9f84d69e331b75b.rlib" "/opt/rustwide/rustup-home/toolchains/nightly-2024-10-28-x86_64-unknown-linux-gnu/lib/rustlib/x86_64-unknown-linux-gnu/lib/libunwind-eec95493246aae39.rlib" "/opt/rustwide/rustup-home/toolchains/nightly-2024-10-28-x86_64-unknown-linux-gnu/lib/rustlib/x86_64-unknown-linux-gnu/lib/libcfg_if-6f6676c475e08ab0.rlib" "/opt/rustwide/rustup-home/toolchains/nightly-2024-10-28-x86_64-unknown-linux-gnu/lib/rustlib/x86_64-unknown-linux-gnu/lib/liblibc-799d520624f8b2e0.rlib" "/opt/rustwide/rustup-home/toolchains/nightly-2024-10-28-x86_64-unknown-linux-gnu/lib/rustlib/x86_64-unknown-linux-gnu/lib/liballoc-fcf93d4842acd9a9.rlib" "/opt/rustwide/rustup-home/toolchains/nightly-2024-10-28-x86_64-unknown-linux-gnu/lib/rustlib/x86_64-unknown-linux-gnu/lib/librustc_std_workspace_core-395a38b8e0851c9b.rlib" "/opt/rustwide/rustup-home/toolchains/nightly-2024-10-28-x86_64-unknown-linux-gnu/lib/rustlib/x86_64-unknown-linux-gnu/lib/libcore-d453bab70303062c.rlib" "/opt/rustwide/rustup-home/toolchains/nightly-2024-10-28-x86_64-unknown-linux-gnu/lib/rustlib/x86_64-unknown-linux-gnu/lib/libcompiler_builtins-0e6386368b0a24e8.rlib" "-Wl,-Bdynamic" "-lgcc_s" "-lutil" "-lrt" "-lpthread" "-lm" "-ldl" "-lc" "-B/opt/rustwide/rustup-home/toolchains/nightly-2024-10-28-x86_64-unknown-linux-gnu/lib/rustlib/x86_64-unknown-linux-gnu/bin/gcc-ld" "-fuse-ld=lld" "-Wl,--eh-frame-hdr" "-Wl,-z,noexecstack" "-L" "/opt/rustwide/rustup-home/toolchains/nightly-2024-10-28-x86_64-unknown-linux-gnu/lib/rustlib/x86_64-unknown-linux-gnu/lib" "-o" "/opt/rustwide/target/debug/examples/panicking-335f5a81e2bcca6e" "-Wl,--gc-sections" "-pie" "-Wl,-z,relro,-z,now" "-nodefaultlibs"
[INFO] [stdout]   = note: rust-lld: error: undefined symbol: emscripten_asm_const_int
[INFO] [stdout]           >>> referenced by macros.rs:149 (/opt/rustwide/cargo-home/registry/src/index.crates.io-6f17d22bba15001f/stdweb-0.4.20/src/webcore/macros.rs:149)
[INFO] [stdout]           >>>               js_promises-d3bbe51e840f853b.js_promises.d77b9c4093e8e296-cgu.0.rcgu.o:(js_promises::jsbox::js_box::snippet::__cargo_web_snippet_9ba4c09833cf8490e1a8fcd1cce62277ea9e718e::h148ebdb6e872fb74) in archive /opt/rustwide/target/debug/deps/libjs_promises-d3bbe51e840f853b.rlib
[INFO] [stdout]           >>> referenced by macros.rs:149 (/opt/rustwide/cargo-home/registry/src/index.crates.io-6f17d22bba15001f/stdweb-0.4.20/src/webcore/macros.rs:149)
[INFO] [stdout]           >>>               js_promises-d3bbe51e840f853b.js_promises.d77b9c4093e8e296-cgu.0.rcgu.o:(js_promises::RawPromise::new_resolved::snippet::__cargo_web_snippet_3459c0f8c119aa7f0a25a70979355197fc6c3cac::h2762cb787d7ce183) in archive /opt/rustwide/target/debug/deps/libjs_promises-d3bbe51e840f853b.rlib
[INFO] [stdout]           >>> referenced by macros.rs:149 (/opt/rustwide/cargo-home/registry/src/index.crates.io-6f17d22bba15001f/stdweb-0.4.20/src/webcore/macros.rs:149)
[INFO] [stdout]           >>>               js_promises-d3bbe51e840f853b.js_promises.d77b9c4093e8e296-cgu.0.rcgu.o:(js_promises::RawPromise::then::snippet::__cargo_web_snippet_51faf64d4f7e170333820b51419b417d65c7bb69::hb844cb5555750159) in archive /opt/rustwide/target/debug/deps/libjs_promises-d3bbe51e840f853b.rlib
[INFO] [stdout]           >>> referenced 15 more times
[INFO] [stdout]           collect2: error: ld returned 1 exit status
[INFO] [stdout]           
[INFO] [stdout] 
[INFO] [stdout] 
[INFO] [stderr] error: could not compile `js-promises` (example "panicking") due to 1 previous error
[INFO] [stderr] warning: build failed, waiting for other jobs to finish...
[INFO] [stdout] error: linking with `cc` failed: exit status: 1
[INFO] [stdout]   |
[INFO] [stdout]   = note: LC_ALL="C" PATH="/opt/rustwide/rustup-home/toolchains/nightly-2024-10-28-x86_64-unknown-linux-gnu/lib/rustlib/x86_64-unknown-linux-gnu/bin:/opt/rustwide/rustup-home/toolchains/nightly-2024-10-28-x86_64-unknown-linux-gnu/lib/rustlib/x86_64-unknown-linux-gnu/bin/self-contained:/opt/rustwide/cargo-home/bin:/usr/local/sbin:/usr/local/bin:/usr/sbin:/usr/bin:/sbin:/bin" VSLANG="1033" "cc" "-m64" "/tmp/rustcGwNKOS/symbols.o" "/opt/rustwide/target/debug/examples/basic_http-260acb15333c211c.basic_http.19928b9a324e9fff-cgu.0.rcgu.o" "/opt/rustwide/target/debug/examples/basic_http-260acb15333c211c.basic_http.19928b9a324e9fff-cgu.1.rcgu.o" "/opt/rustwide/target/debug/examples/basic_http-260acb15333c211c.basic_http.19928b9a324e9fff-cgu.2.rcgu.o" "/opt/rustwide/target/debug/examples/basic_http-260acb15333c211c.basic_http.19928b9a324e9fff-cgu.3.rcgu.o" "/opt/rustwide/target/debug/examples/basic_http-260acb15333c211c.basic_http.19928b9a324e9fff-cgu.4.rcgu.o" "/opt/rustwide/target/debug/examples/basic_http-260acb15333c211c.c6iuekr2jmvemk4l96qwqjl1f.rcgu.o" "-Wl,--as-needed" "-Wl,-Bstatic" "/opt/rustwide/target/debug/deps/libjs_promises-d3bbe51e840f853b.rlib" "/opt/rustwide/target/debug/deps/libstdweb-b5a3a1ed43839cc1.rlib" "/opt/rustwide/target/debug/deps/libdiscard-98975c93c4127ce9.rlib" "/opt/rustwide/target/debug/deps/libstdweb_internal_runtime-a39d04929a1564a1.rlib" "/opt/rustwide/target/debug/deps/libserde_json-79ec10c1a79f4f2b.rlib" "/opt/rustwide/target/debug/deps/libryu-3de811efc2d64db2.rlib" "/opt/rustwide/target/debug/deps/libitoa-49876a9142f55064.rlib" "/opt/rustwide/target/debug/deps/libserde-7e0328e67f38a3c2.rlib" "/opt/rustwide/rustup-home/toolchains/nightly-2024-10-28-x86_64-unknown-linux-gnu/lib/rustlib/x86_64-unknown-linux-gnu/lib/libstd-fb8c387236db3c10.rlib" "/opt/rustwide/rustup-home/toolchains/nightly-2024-10-28-x86_64-unknown-linux-gnu/lib/rustlib/x86_64-unknown-linux-gnu/lib/libpanic_unwind-b251837809b2f64b.rlib" "/opt/rustwide/rustup-home/toolchains/nightly-2024-10-28-x86_64-unknown-linux-gnu/lib/rustlib/x86_64-unknown-linux-gnu/lib/libobject-cbef83eaa4e01f04.rlib" "/opt/rustwide/rustup-home/toolchains/nightly-2024-10-28-x86_64-unknown-linux-gnu/lib/rustlib/x86_64-unknown-linux-gnu/lib/libmemchr-12a772286de2fca7.rlib" "/opt/rustwide/rustup-home/toolchains/nightly-2024-10-28-x86_64-unknown-linux-gnu/lib/rustlib/x86_64-unknown-linux-gnu/lib/libaddr2line-023bbe5ada7abfc3.rlib" "/opt/rustwide/rustup-home/toolchains/nightly-2024-10-28-x86_64-unknown-linux-gnu/lib/rustlib/x86_64-unknown-linux-gnu/lib/libgimli-de2bcdf10ec69c2b.rlib" "/opt/rustwide/rustup-home/toolchains/nightly-2024-10-28-x86_64-unknown-linux-gnu/lib/rustlib/x86_64-unknown-linux-gnu/lib/librustc_demangle-8e1754df350800fd.rlib" "/opt/rustwide/rustup-home/toolchains/nightly-2024-10-28-x86_64-unknown-linux-gnu/lib/rustlib/x86_64-unknown-linux-gnu/lib/libstd_detect-06c2ab7b9c32e037.rlib" "/opt/rustwide/rustup-home/toolchains/nightly-2024-10-28-x86_64-unknown-linux-gnu/lib/rustlib/x86_64-unknown-linux-gnu/lib/libhashbrown-51d2621fc57a281b.rlib" "/opt/rustwide/rustup-home/toolchains/nightly-2024-10-28-x86_64-unknown-linux-gnu/lib/rustlib/x86_64-unknown-linux-gnu/lib/librustc_std_workspace_alloc-54a930408793772f.rlib" "/opt/rustwide/rustup-home/toolchains/nightly-2024-10-28-x86_64-unknown-linux-gnu/lib/rustlib/x86_64-unknown-linux-gnu/lib/libminiz_oxide-0c7d01cba400dcb2.rlib" "/opt/rustwide/rustup-home/toolchains/nightly-2024-10-28-x86_64-unknown-linux-gnu/lib/rustlib/x86_64-unknown-linux-gnu/lib/libadler-b9f84d69e331b75b.rlib" "/opt/rustwide/rustup-home/toolchains/nightly-2024-10-28-x86_64-unknown-linux-gnu/lib/rustlib/x86_64-unknown-linux-gnu/lib/libunwind-eec95493246aae39.rlib" "/opt/rustwide/rustup-home/toolchains/nightly-2024-10-28-x86_64-unknown-linux-gnu/lib/rustlib/x86_64-unknown-linux-gnu/lib/libcfg_if-6f6676c475e08ab0.rlib" "/opt/rustwide/rustup-home/toolchains/nightly-2024-10-28-x86_64-unknown-linux-gnu/lib/rustlib/x86_64-unknown-linux-gnu/lib/liblibc-799d520624f8b2e0.rlib" "/opt/rustwide/rustup-home/toolchains/nightly-2024-10-28-x86_64-unknown-linux-gnu/lib/rustlib/x86_64-unknown-linux-gnu/lib/liballoc-fcf93d4842acd9a9.rlib" "/opt/rustwide/rustup-home/toolchains/nightly-2024-10-28-x86_64-unknown-linux-gnu/lib/rustlib/x86_64-unknown-linux-gnu/lib/librustc_std_workspace_core-395a38b8e0851c9b.rlib" "/opt/rustwide/rustup-home/toolchains/nightly-2024-10-28-x86_64-unknown-linux-gnu/lib/rustlib/x86_64-unknown-linux-gnu/lib/libcore-d453bab70303062c.rlib" "/opt/rustwide/rustup-home/toolchains/nightly-2024-10-28-x86_64-unknown-linux-gnu/lib/rustlib/x86_64-unknown-linux-gnu/lib/libcompiler_builtins-0e6386368b0a24e8.rlib" "-Wl,-Bdynamic" "-lgcc_s" "-lutil" "-lrt" "-lpthread" "-lm" "-ldl" "-lc" "-B/opt/rustwide/rustup-home/toolchains/nightly-2024-10-28-x86_64-unknown-linux-gnu/lib/rustlib/x86_64-unknown-linux-gnu/bin/gcc-ld" "-fuse-ld=lld" "-Wl,--eh-frame-hdr" "-Wl,-z,noexecstack" "-L" "/opt/rustwide/rustup-home/toolchains/nightly-2024-10-28-x86_64-unknown-linux-gnu/lib/rustlib/x86_64-unknown-linux-gnu/lib" "-o" "/opt/rustwide/target/debug/examples/basic_http-260acb15333c211c" "-Wl,--gc-sections" "-pie" "-Wl,-z,relro,-z,now" "-nodefaultlibs"
[INFO] [stdout]   = note: rust-lld: error: undefined symbol: emscripten_asm_const_int
[INFO] [stdout]           >>> referenced by macros.rs:149 (/opt/rustwide/cargo-home/registry/src/index.crates.io-6f17d22bba15001f/stdweb-0.4.20/src/webcore/macros.rs:149)
[INFO] [stdout]           >>>               js_promises-d3bbe51e840f853b.js_promises.d77b9c4093e8e296-cgu.0.rcgu.o:(js_promises::jsbox::js_box::snippet::__cargo_web_snippet_9ba4c09833cf8490e1a8fcd1cce62277ea9e718e::h148ebdb6e872fb74) in archive /opt/rustwide/target/debug/deps/libjs_promises-d3bbe51e840f853b.rlib
[INFO] [stdout]           >>> referenced by macros.rs:149 (/opt/rustwide/cargo-home/registry/src/index.crates.io-6f17d22bba15001f/stdweb-0.4.20/src/webcore/macros.rs:149)
[INFO] [stdout]           >>>               js_promises-d3bbe51e840f853b.js_promises.d77b9c4093e8e296-cgu.0.rcgu.o:(js_promises::RawPromise::new_resolved::snippet::__cargo_web_snippet_3459c0f8c119aa7f0a25a70979355197fc6c3cac::h2762cb787d7ce183) in archive /opt/rustwide/target/debug/deps/libjs_promises-d3bbe51e840f853b.rlib
[INFO] [stdout]           >>> referenced by macros.rs:149 (/opt/rustwide/cargo-home/registry/src/index.crates.io-6f17d22bba15001f/stdweb-0.4.20/src/webcore/macros.rs:149)
[INFO] [stdout]           >>>               js_promises-d3bbe51e840f853b.js_promises.d77b9c4093e8e296-cgu.0.rcgu.o:(js_promises::RawPromise::then::snippet::__cargo_web_snippet_51faf64d4f7e170333820b51419b417d65c7bb69::hb844cb5555750159) in archive /opt/rustwide/target/debug/deps/libjs_promises-d3bbe51e840f853b.rlib
[INFO] [stdout]           >>> referenced 29 more times
[INFO] [stdout]           collect2: error: ld returned 1 exit status
[INFO] [stdout]           
[INFO] [stdout] 
[INFO] [stdout] 
[INFO] [stderr] error: could not compile `js-promises` (example "basic_http") due to 1 previous error; 1 warning emitted
[INFO] running `Command { std: "docker" "inspect" "d5d900cda7c81e6d1229eca810db59f5b43e639f6ab9334acaddbf44654d89c9", kill_on_drop: false }`
[INFO] running `Command { std: "docker" "rm" "-f" "d5d900cda7c81e6d1229eca810db59f5b43e639f6ab9334acaddbf44654d89c9", kill_on_drop: false }`
[INFO] [stdout] d5d900cda7c81e6d1229eca810db59f5b43e639f6ab9334acaddbf44654d89c9
