[INFO] fetching crate jitsi-meet-signalling 0.1.3...
[INFO] testing jitsi-meet-signalling-0.1.3 against nightly-2024-10-28 for randomize-layout
[INFO] extracting crate jitsi-meet-signalling 0.1.3 into /workspace/builds/worker-2-tc1/source
[INFO] validating manifest of crates.io crate jitsi-meet-signalling 0.1.3 on toolchain nightly-2024-10-28
[INFO] running `Command { std: CARGO_HOME="/workspace/cargo-home" RUSTUP_HOME="/workspace/rustup-home" "/workspace/cargo-home/bin/cargo" "+nightly-2024-10-28" "metadata" "--manifest-path" "Cargo.toml" "--no-deps", kill_on_drop: false }`
[INFO] started tweaking crates.io crate jitsi-meet-signalling 0.1.3
[INFO] finished tweaking crates.io crate jitsi-meet-signalling 0.1.3
[INFO] tweaked toml for crates.io crate jitsi-meet-signalling 0.1.3 written to /workspace/builds/worker-2-tc1/source/Cargo.toml
[INFO] running `Command { std: CARGO_HOME="/workspace/cargo-home" RUSTUP_HOME="/workspace/rustup-home" "/workspace/cargo-home/bin/cargo" "+nightly-2024-10-28" "generate-lockfile" "--manifest-path" "Cargo.toml", kill_on_drop: false }`
[INFO] [stderr]     Blocking waiting for file lock on package cache
[INFO] [stderr]     Updating crates.io index
[INFO] [stderr]      Locking 193 packages to latest compatible versions
[INFO] [stderr]       Adding base64 v0.13.1 (available: v0.22.1)
[INFO] [stderr]       Adding colibri v0.1.11 (available: v0.2.0)
[INFO] [stderr]       Adding itertools v0.10.5 (available: v0.13.0)
[INFO] [stderr]       Adding jitsi-xmpp-parsers v0.1.4 (available: v0.2.0)
[INFO] [stderr]       Adding pem v1.1.1 (available: v3.0.4)
[INFO] [stderr]       Adding rcgen v0.9.3 (available: v0.13.1)
[INFO] [stderr]       Adding ring v0.16.20 (available: v0.17.8)
[INFO] [stderr]       Adding rustls v0.20.9 (available: v0.23.16)
[INFO] [stderr]       Adding rustls-native-certs v0.6.3 (available: v0.8.0)
[INFO] [stderr]       Adding tokio-tungstenite v0.17.2 (available: v0.24.0)
[INFO] [stderr]       Adding uuid v0.8.2 (available: v1.11.0)
[INFO] [stderr]       Adding webpki-roots v0.22.6 (available: v0.26.6)
[INFO] [stderr]       Adding xmpp-parsers v0.19.2 (available: v0.21.0)
[INFO] running `Command { std: CARGO_HOME="/workspace/cargo-home" RUSTUP_HOME="/workspace/rustup-home" "/workspace/cargo-home/bin/cargo" "+nightly-2024-10-28" "fetch" "--manifest-path" "Cargo.toml", kill_on_drop: false }`
[INFO] [stderr]  Downloading crates ...
[INFO] [stderr]   Downloaded rxml_validation v0.9.1
[INFO] [stderr]   Downloaded colibri v0.1.11
[INFO] [stderr]   Downloaded jitsi-jingle-sdp v0.2.0
[INFO] [stderr]   Downloaded jitsi-xmpp-parsers v0.1.4
[INFO] [stderr]   Downloaded jid v0.9.4
[INFO] [stderr]   Downloaded rxml v0.9.1
[INFO] [stderr]   Downloaded minidom v0.15.2
[INFO] [stderr]   Downloaded xmpp-parsers v0.19.2
[INFO] running `Command { std: "docker" "create" "-v" "/var/lib/crater-agent-workspace/builds/worker-2-tc1/target:/opt/rustwide/target:rw,Z" "-v" "/var/lib/crater-agent-workspace/builds/worker-2-tc1/source:/opt/rustwide/workdir:ro,Z" "-v" "/var/lib/crater-agent-workspace/cargo-home:/opt/rustwide/cargo-home:ro,Z" "-v" "/var/lib/crater-agent-workspace/rustup-home:/opt/rustwide/rustup-home:ro,Z" "-e" "SOURCE_DIR=/opt/rustwide/workdir" "-e" "CARGO_TARGET_DIR=/opt/rustwide/target" "-e" "CARGO_HOME=/opt/rustwide/cargo-home" "-e" "RUSTUP_HOME=/opt/rustwide/rustup-home" "-w" "/opt/rustwide/workdir" "-m" "1610612736" "--user" "0:0" "--network" "none" "ghcr.io/rust-lang/crates-build-env/linux@sha256:4a844ea9eb2546a2d2c7022eacef16ef2e8229c7fbb2c7d4d55a9ceca922f72d" "/opt/rustwide/cargo-home/bin/cargo" "+nightly-2024-10-28" "metadata" "--no-deps" "--format-version=1", kill_on_drop: false }`
[INFO] [stdout] 5968a26be07365876a3d039c8ce9b036d2410c051592cbe59ddb239c5aedf4f6
[INFO] running `Command { std: "docker" "start" "-a" "5968a26be07365876a3d039c8ce9b036d2410c051592cbe59ddb239c5aedf4f6", kill_on_drop: false }`
[INFO] running `Command { std: "docker" "inspect" "5968a26be07365876a3d039c8ce9b036d2410c051592cbe59ddb239c5aedf4f6", kill_on_drop: false }`
[INFO] running `Command { std: "docker" "rm" "-f" "5968a26be07365876a3d039c8ce9b036d2410c051592cbe59ddb239c5aedf4f6", kill_on_drop: false }`
[INFO] [stdout] 5968a26be07365876a3d039c8ce9b036d2410c051592cbe59ddb239c5aedf4f6
[INFO] running `Command { std: "docker" "create" "-v" "/var/lib/crater-agent-workspace/builds/worker-2-tc1/target:/opt/rustwide/target:rw,Z" "-v" "/var/lib/crater-agent-workspace/builds/worker-2-tc1/source:/opt/rustwide/workdir:ro,Z" "-v" "/var/lib/crater-agent-workspace/cargo-home:/opt/rustwide/cargo-home:ro,Z" "-v" "/var/lib/crater-agent-workspace/rustup-home:/opt/rustwide/rustup-home:ro,Z" "-e" "SOURCE_DIR=/opt/rustwide/workdir" "-e" "CARGO_TARGET_DIR=/opt/rustwide/target" "-e" "CARGO_INCREMENTAL=0" "-e" "RUST_BACKTRACE=full" "-e" "RUSTFLAGS=--cap-lints=forbid" "-e" "RUSTDOCFLAGS=--cap-lints=forbid" "-e" "CARGO_HOME=/opt/rustwide/cargo-home" "-e" "RUSTUP_HOME=/opt/rustwide/rustup-home" "-w" "/opt/rustwide/workdir" "-m" "1610612736" "--user" "0:0" "--network" "none" "ghcr.io/rust-lang/crates-build-env/linux@sha256:4a844ea9eb2546a2d2c7022eacef16ef2e8229c7fbb2c7d4d55a9ceca922f72d" "/opt/rustwide/cargo-home/bin/cargo" "+nightly-2024-10-28" "build" "--frozen" "--message-format=json", kill_on_drop: false }`
[INFO] [stdout] 0f313f35c90ab0666f55986a08a1f0ee7668f9b6a914926e0b1cc06040ef1d35
[INFO] running `Command { std: "docker" "start" "-a" "0f313f35c90ab0666f55986a08a1f0ee7668f9b6a914926e0b1cc06040ef1d35", kill_on_drop: false }`
[INFO] [stderr]    Compiling ring v0.17.8
[INFO] [stderr]    Compiling smartstring v1.0.1
[INFO] [stderr]    Compiling syn v2.0.86
[INFO] [stderr]    Compiling untrusted v0.9.0
[INFO] [stderr]    Compiling byteorder v1.5.0
[INFO] [stderr]    Compiling syn v1.0.109
[INFO] [stderr]    Compiling unicode-normalization v0.1.24
[INFO] [stderr]    Compiling num-traits v0.2.19
[INFO] [stderr]    Compiling strsim v0.10.0
[INFO] [stderr]    Compiling rxml_validation v0.9.1
[INFO] [stderr]    Compiling unicode-bidi v0.3.17
[INFO] [stderr]    Compiling ident_case v1.0.1
[INFO] [stderr]    Compiling sha-1 v0.10.1
[INFO] [stderr]    Compiling rxml v0.9.1
[INFO] [stderr]    Compiling serde v1.0.214
[INFO] [stderr]    Compiling rustls v0.20.9
[INFO] [stderr]    Compiling idna v0.5.0
[INFO] [stderr]    Compiling substring v1.4.5
[INFO] [stderr]    Compiling futures-sink v0.3.31
[INFO] [stderr]    Compiling keccak v0.1.5
[INFO] [stderr]    Compiling minidom v0.15.2
[INFO] [stderr]    Compiling url v2.5.2
[INFO] [stderr]    Compiling powerfmt v0.2.0
[INFO] [stderr]    Compiling chrono v0.4.38
[INFO] [stderr]    Compiling jid v0.9.4
[INFO] [stderr]    Compiling deranged v0.3.11
[INFO] [stderr]    Compiling sha3 v0.10.8
[INFO] [stderr]    Compiling sha2 v0.10.8
[INFO] [stderr]    Compiling num-conv v0.1.0
[INFO] [stderr]    Compiling serde_json v1.0.132
[INFO] [stderr]    Compiling time-core v0.1.2
[INFO] [stderr]    Compiling futures-util v0.3.31
[INFO] [stderr]    Compiling utf-8 v0.7.6
[INFO] [stderr]    Compiling time v0.3.36
[INFO] [stderr]    Compiling anyhow v1.0.92
[INFO] [stderr]    Compiling itertools v0.10.5
[INFO] [stderr]    Compiling xmpp-parsers v0.19.2
[INFO] [stderr]    Compiling darling_core v0.13.4
[INFO] [stderr]    Compiling yasna v0.5.2
[INFO] [stderr]    Compiling webpki v0.22.4
[INFO] [stderr]    Compiling sct v0.7.1
[INFO] [stderr]    Compiling webpki-roots v0.22.6
[INFO] [stderr]    Compiling futures-channel v0.3.31
[INFO] [stderr]    Compiling futures-io v0.3.31
[INFO] [stderr]    Compiling futures v0.3.31
[INFO] [stderr]    Compiling rcgen v0.9.3
[INFO] [stderr]    Compiling pem v1.1.1
[INFO] [stderr]    Compiling jitsi-xmpp-parsers v0.1.4
[INFO] [stderr]    Compiling uuid v0.8.2
[INFO] [stderr]    Compiling maplit v1.0.2
[INFO] [stderr]    Compiling hex v0.4.3
[INFO] [stderr]    Compiling darling_macro v0.13.4
[INFO] [stderr]    Compiling darling v0.13.4
[INFO] [stderr]    Compiling serde_with_macros v1.5.2
[INFO] [stderr]    Compiling zerocopy-derive v0.7.35
[INFO] [stderr]    Compiling thiserror-impl v1.0.66
[INFO] [stderr]    Compiling serde_derive v1.0.214
[INFO] [stderr]    Compiling tokio-macros v2.4.0
[INFO] [stderr]    Compiling tracing-attributes v0.1.27
[INFO] [stderr]    Compiling zerocopy v0.7.35
[INFO] [stderr]    Compiling tokio v1.41.0
[INFO] [stderr]    Compiling async-stream-impl v0.3.6
[INFO] [stderr]    Compiling ppv-lite86 v0.2.20
[INFO] [stderr]    Compiling async-trait v0.1.83
[INFO] [stderr]    Compiling thiserror v1.0.66
[INFO] [stderr]    Compiling async-stream v0.3.6
[INFO] [stderr]    Compiling rand_chacha v0.3.1
[INFO] [stderr]    Compiling tracing v0.1.40
[INFO] [stderr]    Compiling rand v0.8.5
[INFO] [stderr]    Compiling tungstenite v0.17.3
[INFO] [stderr]    Compiling sdp v0.5.3
[INFO] [stderr]    Compiling jitsi-jingle-sdp v0.2.0
[INFO] [stderr]    Compiling tokio-rustls v0.23.4
[INFO] [stderr]    Compiling tokio-stream v0.1.16
[INFO] [stderr]    Compiling tokio-tungstenite v0.17.2
[INFO] [stderr]    Compiling serde_with v1.14.0
[INFO] [stderr]    Compiling colibri v0.1.11
[INFO] [stderr]    Compiling jitsi-meet-signalling v0.1.3 (/opt/rustwide/workdir)
[INFO] [stdout] warning: unused import: `Context`
[INFO] [stdout]  --> src/tls.rs:9:14
[INFO] [stdout]   |
[INFO] [stdout] 9 | use anyhow::{Context, Result};
[INFO] [stdout]   |              ^^^^^^^
[INFO] [stdout]   |
[INFO] [stdout]   = note: `#[warn(unused_imports)]` on by default
[INFO] [stdout] 
[INFO] [stdout] 
[INFO] [stdout] warning: constant `SEND_STATS_INTERVAL` is never used
[INFO] [stdout]   --> src/conference.rs:41:7
[INFO] [stdout]    |
[INFO] [stdout] 41 | const SEND_STATS_INTERVAL: Duration = Duration::from_secs(10);
[INFO] [stdout]    |       ^^^^^^^^^^^^^^^^^^^
[INFO] [stdout]    |
[INFO] [stdout]    = note: `#[warn(dead_code)]` on by default
[INFO] [stdout] 
[INFO] [stdout] 
[INFO] [stdout] warning: field `external_services` is never read
[INFO] [stdout]   --> src/conference.rs:90:14
[INFO] [stdout]    |
[INFO] [stdout] 86 | pub struct Conference {
[INFO] [stdout]    |            ---------- field in this struct
[INFO] [stdout] ...
[INFO] [stdout] 90 |   pub(crate) external_services: Vec<xmpp::extdisco::Service>,
[INFO] [stdout]    |              ^^^^^^^^^^^^^^^^^
[INFO] [stdout]    |
[INFO] [stdout]    = note: `Conference` has a derived impl for the trait `Clone`, but this is intentionally ignored during dead code analysis
[INFO] [stdout] 
[INFO] [stdout] 
[INFO] [stdout] warning: field `ping_task` is never read
[INFO] [stdout]   --> src/pinger.rs:17:14
[INFO] [stdout]    |
[INFO] [stdout] 14 | pub(crate) struct Pinger {
[INFO] [stdout]    |                   ------ field in this struct
[INFO] [stdout] ...
[INFO] [stdout] 17 |   pub(crate) ping_task: JoinHandle<()>,
[INFO] [stdout]    |              ^^^^^^^^^
[INFO] [stdout]    |
[INFO] [stdout]    = note: `Pinger` has a derived impl for the trait `Debug`, but this is intentionally ignored during dead code analysis
[INFO] [stdout] 
[INFO] [stdout] 
[INFO] [stdout] warning: struct `Source` is never constructed
[INFO] [stdout]  --> src/source.rs:2:19
[INFO] [stdout]   |
[INFO] [stdout] 2 | pub(crate) struct Source {
[INFO] [stdout]   |                   ^^^^^^
[INFO] [stdout] 
[INFO] [stdout] 
[INFO] [stdout] warning: trait `FallibleEntry` is never used
[INFO] [stdout]  --> src/util.rs:9:18
[INFO] [stdout]   |
[INFO] [stdout] 9 | pub(crate) trait FallibleEntry<'a, V> {
[INFO] [stdout]   |                  ^^^^^^^^^^^^^
[INFO] [stdout] 
[INFO] [stdout] 
[INFO] [stdout] warning: multiple fields are never read
[INFO] [stdout]   --> src/xmpp/extdisco.rs:30:14
[INFO] [stdout]    |
[INFO] [stdout] 29 | pub struct Service {
[INFO] [stdout]    |            ------- fields in this struct
[INFO] [stdout] 30 |   pub(crate) r#type: String,
[INFO] [stdout]    |              ^^^^^^
[INFO] [stdout] 31 |   pub(crate) name: Option<String>,
[INFO] [stdout]    |              ^^^^
[INFO] [stdout] 32 |   pub(crate) host: String,
[INFO] [stdout]    |              ^^^^
[INFO] [stdout] 33 |   pub(crate) port: Option<u16>,
[INFO] [stdout]    |              ^^^^
[INFO] [stdout] 34 |   pub(crate) transport: Option<String>,
[INFO] [stdout]    |              ^^^^^^^^^
[INFO] [stdout] 35 |   pub(crate) restricted: Option<bool>,
[INFO] [stdout]    |              ^^^^^^^^^^
[INFO] [stdout] 36 |   pub(crate) username: Option<String>,
[INFO] [stdout]    |              ^^^^^^^^
[INFO] [stdout] 37 |   pub(crate) password: Option<String>,
[INFO] [stdout]    |              ^^^^^^^^
[INFO] [stdout] 38 |   pub(crate) expires: Option<String>,
[INFO] [stdout]    |              ^^^^^^^
[INFO] [stdout]    |
[INFO] [stdout]    = note: `Service` has derived impls for the traits `Clone` and `Debug`, but these are intentionally ignored during dead code analysis
[INFO] [stdout] 
[INFO] [stdout] 
[INFO] [stderr]     Finished `dev` profile [unoptimized + debuginfo] target(s) in 44.19s
[INFO] running `Command { std: "docker" "inspect" "0f313f35c90ab0666f55986a08a1f0ee7668f9b6a914926e0b1cc06040ef1d35", kill_on_drop: false }`
[INFO] running `Command { std: "docker" "rm" "-f" "0f313f35c90ab0666f55986a08a1f0ee7668f9b6a914926e0b1cc06040ef1d35", kill_on_drop: false }`
[INFO] [stdout] 0f313f35c90ab0666f55986a08a1f0ee7668f9b6a914926e0b1cc06040ef1d35
[INFO] running `Command { std: "docker" "create" "-v" "/var/lib/crater-agent-workspace/builds/worker-2-tc1/target:/opt/rustwide/target:rw,Z" "-v" "/var/lib/crater-agent-workspace/builds/worker-2-tc1/source:/opt/rustwide/workdir:ro,Z" "-v" "/var/lib/crater-agent-workspace/cargo-home:/opt/rustwide/cargo-home:ro,Z" "-v" "/var/lib/crater-agent-workspace/rustup-home:/opt/rustwide/rustup-home:ro,Z" "-e" "SOURCE_DIR=/opt/rustwide/workdir" "-e" "CARGO_TARGET_DIR=/opt/rustwide/target" "-e" "CARGO_INCREMENTAL=0" "-e" "RUST_BACKTRACE=full" "-e" "RUSTFLAGS=--cap-lints=forbid" "-e" "RUSTDOCFLAGS=--cap-lints=forbid" "-e" "CARGO_HOME=/opt/rustwide/cargo-home" "-e" "RUSTUP_HOME=/opt/rustwide/rustup-home" "-w" "/opt/rustwide/workdir" "-m" "1610612736" "--user" "0:0" "--network" "none" "ghcr.io/rust-lang/crates-build-env/linux@sha256:4a844ea9eb2546a2d2c7022eacef16ef2e8229c7fbb2c7d4d55a9ceca922f72d" "/opt/rustwide/cargo-home/bin/cargo" "+nightly-2024-10-28" "test" "--frozen" "--no-run" "--message-format=json", kill_on_drop: false }`
[INFO] [stdout] 3d067e21cf346ca4bd53e5bb4ccc1dfd847b2ba424094393ebe0ff6297d7ab53
[INFO] running `Command { std: "docker" "start" "-a" "3d067e21cf346ca4bd53e5bb4ccc1dfd847b2ba424094393ebe0ff6297d7ab53", kill_on_drop: false }`
[INFO] [stderr]    Compiling log v0.4.22
[INFO] [stderr]    Compiling tokio v1.41.0
[INFO] [stderr]    Compiling tracing-core v0.1.32
[INFO] [stderr]    Compiling sharded-slab v0.1.7
[INFO] [stderr]    Compiling thread_local v1.1.8
[INFO] [stderr]    Compiling rustls v0.20.9
[INFO] [stderr]    Compiling tracing v0.1.40
[INFO] [stderr]    Compiling tracing-log v0.2.0
[INFO] [stderr]    Compiling tracing-subscriber v0.3.18
[INFO] [stderr]    Compiling tungstenite v0.17.3
[INFO] [stderr]    Compiling tokio-rustls v0.23.4
[INFO] [stderr]    Compiling tokio-stream v0.1.16
[INFO] [stderr]    Compiling tokio-tungstenite v0.17.2
[INFO] [stderr]    Compiling jitsi-meet-signalling v0.1.3 (/opt/rustwide/workdir)
[INFO] [stdout] warning: unused import: `Context`
[INFO] [stdout]  --> src/tls.rs:9:14
[INFO] [stdout]   |
[INFO] [stdout] 9 | use anyhow::{Context, Result};
[INFO] [stdout]   |              ^^^^^^^
[INFO] [stdout]   |
[INFO] [stdout]   = note: `#[warn(unused_imports)]` on by default
[INFO] [stdout] 
[INFO] [stdout] 
[INFO] [stdout] warning: unused import: `Context`
[INFO] [stdout]  --> src/tls.rs:9:14
[INFO] [stdout]   |
[INFO] [stdout] 9 | use anyhow::{Context, Result};
[INFO] [stdout]   |              ^^^^^^^
[INFO] [stdout]   |
[INFO] [stdout]   = note: `#[warn(unused_imports)]` on by default
[INFO] [stdout] 
[INFO] [stdout] 
[INFO] [stdout] warning: constant `SEND_STATS_INTERVAL` is never used
[INFO] [stdout]   --> src/conference.rs:41:7
[INFO] [stdout]    |
[INFO] [stdout] 41 | const SEND_STATS_INTERVAL: Duration = Duration::from_secs(10);
[INFO] [stdout]    |       ^^^^^^^^^^^^^^^^^^^
[INFO] [stdout]    |
[INFO] [stdout]    = note: `#[warn(dead_code)]` on by default
[INFO] [stdout] 
[INFO] [stdout] 
[INFO] [stdout] warning: field `external_services` is never read
[INFO] [stdout]   --> src/conference.rs:90:14
[INFO] [stdout]    |
[INFO] [stdout] 86 | pub struct Conference {
[INFO] [stdout]    |            ---------- field in this struct
[INFO] [stdout] ...
[INFO] [stdout] 90 |   pub(crate) external_services: Vec<xmpp::extdisco::Service>,
[INFO] [stdout]    |              ^^^^^^^^^^^^^^^^^
[INFO] [stdout]    |
[INFO] [stdout]    = note: `Conference` has a derived impl for the trait `Clone`, but this is intentionally ignored during dead code analysis
[INFO] [stdout] 
[INFO] [stdout] 
[INFO] [stdout] warning: field `ping_task` is never read
[INFO] [stdout]   --> src/pinger.rs:17:14
[INFO] [stdout]    |
[INFO] [stdout] 14 | pub(crate) struct Pinger {
[INFO] [stdout]    |                   ------ field in this struct
[INFO] [stdout] ...
[INFO] [stdout] 17 |   pub(crate) ping_task: JoinHandle<()>,
[INFO] [stdout]    |              ^^^^^^^^^
[INFO] [stdout]    |
[INFO] [stdout]    = note: `Pinger` has a derived impl for the trait `Debug`, but this is intentionally ignored during dead code analysis
[INFO] [stdout] 
[INFO] [stdout] 
[INFO] [stdout] warning: struct `Source` is never constructed
[INFO] [stdout]  --> src/source.rs:2:19
[INFO] [stdout]   |
[INFO] [stdout] 2 | pub(crate) struct Source {
[INFO] [stdout]   |                   ^^^^^^
[INFO] [stdout] 
[INFO] [stdout] 
[INFO] [stdout] warning: trait `FallibleEntry` is never used
[INFO] [stdout]  --> src/util.rs:9:18
[INFO] [stdout]   |
[INFO] [stdout] 9 | pub(crate) trait FallibleEntry<'a, V> {
[INFO] [stdout]   |                  ^^^^^^^^^^^^^
[INFO] [stdout] 
[INFO] [stdout] 
[INFO] [stdout] warning: multiple fields are never read
[INFO] [stdout]   --> src/xmpp/extdisco.rs:30:14
[INFO] [stdout]    |
[INFO] [stdout] 29 | pub struct Service {
[INFO] [stdout]    |            ------- fields in this struct
[INFO] [stdout] 30 |   pub(crate) r#type: String,
[INFO] [stdout]    |              ^^^^^^
[INFO] [stdout] 31 |   pub(crate) name: Option<String>,
[INFO] [stdout]    |              ^^^^
[INFO] [stdout] 32 |   pub(crate) host: String,
[INFO] [stdout]    |              ^^^^
[INFO] [stdout] 33 |   pub(crate) port: Option<u16>,
[INFO] [stdout]    |              ^^^^
[INFO] [stdout] 34 |   pub(crate) transport: Option<String>,
[INFO] [stdout]    |              ^^^^^^^^^
[INFO] [stdout] 35 |   pub(crate) restricted: Option<bool>,
[INFO] [stdout]    |              ^^^^^^^^^^
[INFO] [stdout] 36 |   pub(crate) username: Option<String>,
[INFO] [stdout]    |              ^^^^^^^^
[INFO] [stdout] 37 |   pub(crate) password: Option<String>,
[INFO] [stdout]    |              ^^^^^^^^
[INFO] [stdout] 38 |   pub(crate) expires: Option<String>,
[INFO] [stdout]    |              ^^^^^^^
[INFO] [stdout]    |
[INFO] [stdout]    = note: `Service` has derived impls for the traits `Clone` and `Debug`, but these are intentionally ignored during dead code analysis
[INFO] [stdout] 
[INFO] [stdout] 
[INFO] [stdout] warning: constant `SEND_STATS_INTERVAL` is never used
[INFO] [stdout]   --> src/conference.rs:41:7
[INFO] [stdout]    |
[INFO] [stdout] 41 | const SEND_STATS_INTERVAL: Duration = Duration::from_secs(10);
[INFO] [stdout]    |       ^^^^^^^^^^^^^^^^^^^
[INFO] [stdout]    |
[INFO] [stdout]    = note: `#[warn(dead_code)]` on by default
[INFO] [stdout] 
[INFO] [stdout] 
[INFO] [stdout] warning: field `external_services` is never read
[INFO] [stdout]   --> src/conference.rs:90:14
[INFO] [stdout]    |
[INFO] [stdout] 86 | pub struct Conference {
[INFO] [stdout]    |            ---------- field in this struct
[INFO] [stdout] ...
[INFO] [stdout] 90 |   pub(crate) external_services: Vec<xmpp::extdisco::Service>,
[INFO] [stdout]    |              ^^^^^^^^^^^^^^^^^
[INFO] [stdout]    |
[INFO] [stdout]    = note: `Conference` has a derived impl for the trait `Clone`, but this is intentionally ignored during dead code analysis
[INFO] [stdout] 
[INFO] [stdout] 
[INFO] [stdout] warning: field `ping_task` is never read
[INFO] [stdout]   --> src/pinger.rs:17:14
[INFO] [stdout]    |
[INFO] [stdout] 14 | pub(crate) struct Pinger {
[INFO] [stdout]    |                   ------ field in this struct
[INFO] [stdout] ...
[INFO] [stdout] 17 |   pub(crate) ping_task: JoinHandle<()>,
[INFO] [stdout]    |              ^^^^^^^^^
[INFO] [stdout]    |
[INFO] [stdout]    = note: `Pinger` has a derived impl for the trait `Debug`, but this is intentionally ignored during dead code analysis
[INFO] [stdout] 
[INFO] [stdout] 
[INFO] [stdout] warning: struct `Source` is never constructed
[INFO] [stdout]  --> src/source.rs:2:19
[INFO] [stdout]   |
[INFO] [stdout] 2 | pub(crate) struct Source {
[INFO] [stdout]   |                   ^^^^^^
[INFO] [stdout] 
[INFO] [stdout] 
[INFO] [stdout] warning: trait `FallibleEntry` is never used
[INFO] [stdout]  --> src/util.rs:9:18
[INFO] [stdout]   |
[INFO] [stdout] 9 | pub(crate) trait FallibleEntry<'a, V> {
[INFO] [stdout]   |                  ^^^^^^^^^^^^^
[INFO] [stdout] 
[INFO] [stdout] 
[INFO] [stdout] warning: multiple fields are never read
[INFO] [stdout]   --> src/xmpp/extdisco.rs:30:14
[INFO] [stdout]    |
[INFO] [stdout] 29 | pub struct Service {
[INFO] [stdout]    |            ------- fields in this struct
[INFO] [stdout] 30 |   pub(crate) r#type: String,
[INFO] [stdout]    |              ^^^^^^
[INFO] [stdout] 31 |   pub(crate) name: Option<String>,
[INFO] [stdout]    |              ^^^^
[INFO] [stdout] 32 |   pub(crate) host: String,
[INFO] [stdout]    |              ^^^^
[INFO] [stdout] 33 |   pub(crate) port: Option<u16>,
[INFO] [stdout]    |              ^^^^
[INFO] [stdout] 34 |   pub(crate) transport: Option<String>,
[INFO] [stdout]    |              ^^^^^^^^^
[INFO] [stdout] 35 |   pub(crate) restricted: Option<bool>,
[INFO] [stdout]    |              ^^^^^^^^^^
[INFO] [stdout] 36 |   pub(crate) username: Option<String>,
[INFO] [stdout]    |              ^^^^^^^^
[INFO] [stdout] 37 |   pub(crate) password: Option<String>,
[INFO] [stdout]    |              ^^^^^^^^
[INFO] [stdout] 38 |   pub(crate) expires: Option<String>,
[INFO] [stdout]    |              ^^^^^^^
[INFO] [stdout]    |
[INFO] [stdout]    = note: `Service` has derived impls for the traits `Clone` and `Debug`, but these are intentionally ignored during dead code analysis
[INFO] [stdout] 
[INFO] [stdout] 
[INFO] [stdout] error[E0407]: method `source_added` is not a member of trait `Agent`
[INFO] [stdout]   --> tests/two_participants.rs:59:3
[INFO] [stdout]    |
[INFO] [stdout] 59 | /   async fn source_added(&self, _conference: Conference, offer: SessionDescription) -> Result<()> {
[INFO] [stdout] 60 | |     info!("source added: {:?}", offer);
[INFO] [stdout] 61 | |     Ok(())
[INFO] [stdout] 62 | |   }
[INFO] [stdout]    | |___^ not a member of trait `Agent`
[INFO] [stdout] 
[INFO] [stdout] 
[INFO] [stdout] error[E0050]: method `offer_received` has 3 parameters but the declaration in trait `offer_received` has 4
[INFO] [stdout]   --> tests/two_participants.rs:51:27
[INFO] [stdout]    |
[INFO] [stdout] 51 |   async fn offer_received(&self, _conference: Conference, offer: SessionDescription) -> Result<()> {
[INFO] [stdout]    |                           ^^^^^^^^^^^^^^^^^^^^^^^^^^^^^^^^^^^^^^^^^^^^^^^^^^^^^^^^^ expected 4 parameters, found 3
[INFO] [stdout]    |
[INFO] [stdout]    = note: `offer_received` from trait: `fn(&'life0 Self, Conference, SessionDescription, bool) -> Pin<Box<(dyn Future<Output = Result<(), anyhow::Error>> + Send + 'async_trait)>>`
[INFO] [stdout] 
[INFO] [stdout] 
[INFO] [stdout] error[E0046]: not all trait items implemented, missing: `session_terminate`
[INFO] [stdout]   --> tests/two_participants.rs:23:1
[INFO] [stdout]    |
[INFO] [stdout] 23 | impl Agent for TestAgent {
[INFO] [stdout]    | ^^^^^^^^^^^^^^^^^^^^^^^^ missing `session_terminate` in implementation
[INFO] [stdout]    |
[INFO] [stdout]    = help: implement the missing item: `fn session_terminate(&'life0 self, _: Conference) -> Pin<Box<(dyn Future<Output = Result<(), anyhow::Error>> + Send + 'async_trait)>> { todo!() }`
[INFO] [stdout] 
[INFO] [stdout] 
[INFO] [stdout] Some errors have detailed explanations: E0046, E0050, E0407.
[INFO] [stdout] 
[INFO] [stdout] For more information about an error, try `rustc --explain E0046`.
[INFO] [stdout] 
[INFO] [stderr] error: could not compile `jitsi-meet-signalling` (test "two_participants") due to 3 previous errors
[INFO] running `Command { std: "docker" "inspect" "3d067e21cf346ca4bd53e5bb4ccc1dfd847b2ba424094393ebe0ff6297d7ab53", kill_on_drop: false }`
[INFO] running `Command { std: "docker" "rm" "-f" "3d067e21cf346ca4bd53e5bb4ccc1dfd847b2ba424094393ebe0ff6297d7ab53", kill_on_drop: false }`
[INFO] [stdout] 3d067e21cf346ca4bd53e5bb4ccc1dfd847b2ba424094393ebe0ff6297d7ab53
