[INFO] fetching crate jit-allocator 0.2.8...
[INFO] testing jit-allocator-0.2.8 against nightly-2024-10-28 for randomize-layout
[INFO] extracting crate jit-allocator 0.2.8 into /workspace/builds/worker-6-tc1/source
[INFO] validating manifest of crates.io crate jit-allocator 0.2.8 on toolchain nightly-2024-10-28
[INFO] running `Command { std: CARGO_HOME="/workspace/cargo-home" RUSTUP_HOME="/workspace/rustup-home" "/workspace/cargo-home/bin/cargo" "+nightly-2024-10-28" "metadata" "--manifest-path" "Cargo.toml" "--no-deps", kill_on_drop: false }`
[INFO] started tweaking crates.io crate jit-allocator 0.2.8
[INFO] finished tweaking crates.io crate jit-allocator 0.2.8
[INFO] tweaked toml for crates.io crate jit-allocator 0.2.8 written to /workspace/builds/worker-6-tc1/source/Cargo.toml
[INFO] crate crates.io crate jit-allocator 0.2.8 already has a lockfile, it will not be regenerated
[INFO] running `Command { std: CARGO_HOME="/workspace/cargo-home" RUSTUP_HOME="/workspace/rustup-home" "/workspace/cargo-home/bin/cargo" "+nightly-2024-10-28" "fetch" "--manifest-path" "Cargo.toml", kill_on_drop: false }`
[INFO] [stderr]     Updating crates.io index
[INFO] [stderr]  Downloading crates ...
[INFO] [stderr]   Downloaded wasmtime-jit-icache-coherence v10.0.1
[INFO] [stderr]   Downloaded cfgenius v0.1.0
[INFO] running `Command { std: "docker" "create" "-v" "/var/lib/crater-agent-workspace/builds/worker-6-tc1/target:/opt/rustwide/target:rw,Z" "-v" "/var/lib/crater-agent-workspace/builds/worker-6-tc1/source:/opt/rustwide/workdir:ro,Z" "-v" "/var/lib/crater-agent-workspace/cargo-home:/opt/rustwide/cargo-home:ro,Z" "-v" "/var/lib/crater-agent-workspace/rustup-home:/opt/rustwide/rustup-home:ro,Z" "-e" "SOURCE_DIR=/opt/rustwide/workdir" "-e" "CARGO_TARGET_DIR=/opt/rustwide/target" "-e" "CARGO_HOME=/opt/rustwide/cargo-home" "-e" "RUSTUP_HOME=/opt/rustwide/rustup-home" "-w" "/opt/rustwide/workdir" "-m" "1610612736" "--user" "0:0" "--network" "none" "ghcr.io/rust-lang/crates-build-env/linux@sha256:4a844ea9eb2546a2d2c7022eacef16ef2e8229c7fbb2c7d4d55a9ceca922f72d" "/opt/rustwide/cargo-home/bin/cargo" "+nightly-2024-10-28" "metadata" "--no-deps" "--format-version=1", kill_on_drop: false }`
[INFO] [stdout] 7d4679c91945c6e7ac3d49901910d338117188530f2ff23003489311e3bdc84f
[INFO] running `Command { std: "docker" "start" "-a" "7d4679c91945c6e7ac3d49901910d338117188530f2ff23003489311e3bdc84f", kill_on_drop: false }`
[INFO] running `Command { std: "docker" "inspect" "7d4679c91945c6e7ac3d49901910d338117188530f2ff23003489311e3bdc84f", kill_on_drop: false }`
[INFO] running `Command { std: "docker" "rm" "-f" "7d4679c91945c6e7ac3d49901910d338117188530f2ff23003489311e3bdc84f", kill_on_drop: false }`
[INFO] [stdout] 7d4679c91945c6e7ac3d49901910d338117188530f2ff23003489311e3bdc84f
[INFO] running `Command { std: "docker" "create" "-v" "/var/lib/crater-agent-workspace/builds/worker-6-tc1/target:/opt/rustwide/target:rw,Z" "-v" "/var/lib/crater-agent-workspace/builds/worker-6-tc1/source:/opt/rustwide/workdir:ro,Z" "-v" "/var/lib/crater-agent-workspace/cargo-home:/opt/rustwide/cargo-home:ro,Z" "-v" "/var/lib/crater-agent-workspace/rustup-home:/opt/rustwide/rustup-home:ro,Z" "-e" "SOURCE_DIR=/opt/rustwide/workdir" "-e" "CARGO_TARGET_DIR=/opt/rustwide/target" "-e" "CARGO_INCREMENTAL=0" "-e" "RUST_BACKTRACE=full" "-e" "RUSTFLAGS=--cap-lints=forbid" "-e" "RUSTDOCFLAGS=--cap-lints=forbid" "-e" "CARGO_HOME=/opt/rustwide/cargo-home" "-e" "RUSTUP_HOME=/opt/rustwide/rustup-home" "-w" "/opt/rustwide/workdir" "-m" "1610612736" "--user" "0:0" "--network" "none" "ghcr.io/rust-lang/crates-build-env/linux@sha256:4a844ea9eb2546a2d2c7022eacef16ef2e8229c7fbb2c7d4d55a9ceca922f72d" "/opt/rustwide/cargo-home/bin/cargo" "+nightly-2024-10-28" "build" "--frozen" "--message-format=json", kill_on_drop: false }`
[INFO] [stdout] c52e89c448196be9e0fbc5b5db897068be26f791b5c800e1643a1cb53cde513c
[INFO] running `Command { std: "docker" "start" "-a" "c52e89c448196be9e0fbc5b5db897068be26f791b5c800e1643a1cb53cde513c", kill_on_drop: false }`
[INFO] [stderr]    Compiling autocfg v1.1.0
[INFO] [stderr]    Compiling libc v0.2.146
[INFO] [stderr]    Compiling parking_lot_core v0.9.8
[INFO] [stderr]    Compiling smallvec v1.10.0
[INFO] [stderr]    Compiling scopeguard v1.1.0
[INFO] [stderr]    Compiling once_cell v1.18.0
[INFO] [stderr]    Compiling cfgenius v0.1.0
[INFO] [stderr]    Compiling lock_api v0.4.10
[INFO] [stderr]    Compiling memoffset v0.8.0
[INFO] [stderr]    Compiling intrusive-collections v0.9.5
[INFO] [stderr]    Compiling errno v0.3.1
[INFO] [stderr]    Compiling parking_lot v0.12.1
[INFO] [stderr]    Compiling jit-allocator v0.2.8 (/opt/rustwide/workdir)
[INFO] [stderr]     Finished `dev` profile [unoptimized + debuginfo] target(s) in 0.96s
[INFO] running `Command { std: "docker" "inspect" "c52e89c448196be9e0fbc5b5db897068be26f791b5c800e1643a1cb53cde513c", kill_on_drop: false }`
[INFO] running `Command { std: "docker" "rm" "-f" "c52e89c448196be9e0fbc5b5db897068be26f791b5c800e1643a1cb53cde513c", kill_on_drop: false }`
[INFO] [stdout] c52e89c448196be9e0fbc5b5db897068be26f791b5c800e1643a1cb53cde513c
[INFO] running `Command { std: "docker" "create" "-v" "/var/lib/crater-agent-workspace/builds/worker-6-tc1/target:/opt/rustwide/target:rw,Z" "-v" "/var/lib/crater-agent-workspace/builds/worker-6-tc1/source:/opt/rustwide/workdir:ro,Z" "-v" "/var/lib/crater-agent-workspace/cargo-home:/opt/rustwide/cargo-home:ro,Z" "-v" "/var/lib/crater-agent-workspace/rustup-home:/opt/rustwide/rustup-home:ro,Z" "-e" "SOURCE_DIR=/opt/rustwide/workdir" "-e" "CARGO_TARGET_DIR=/opt/rustwide/target" "-e" "CARGO_INCREMENTAL=0" "-e" "RUST_BACKTRACE=full" "-e" "RUSTFLAGS=--cap-lints=forbid" "-e" "RUSTDOCFLAGS=--cap-lints=forbid" "-e" "CARGO_HOME=/opt/rustwide/cargo-home" "-e" "RUSTUP_HOME=/opt/rustwide/rustup-home" "-w" "/opt/rustwide/workdir" "-m" "1610612736" "--user" "0:0" "--network" "none" "ghcr.io/rust-lang/crates-build-env/linux@sha256:4a844ea9eb2546a2d2c7022eacef16ef2e8229c7fbb2c7d4d55a9ceca922f72d" "/opt/rustwide/cargo-home/bin/cargo" "+nightly-2024-10-28" "test" "--frozen" "--no-run" "--message-format=json", kill_on_drop: false }`
[INFO] [stdout] fa9e1449a837b466bcfd398dd054947af4bd57db943662eb4840411eff747d18
[INFO] running `Command { std: "docker" "start" "-a" "fa9e1449a837b466bcfd398dd054947af4bd57db943662eb4840411eff747d18", kill_on_drop: false }`
[INFO] [stderr]    Compiling jit-allocator v0.2.8 (/opt/rustwide/workdir)
[INFO] [stdout] error[E0433]: failed to resolve: use of undeclared crate or module `macroassembler`
[INFO] [stdout]  --> examples/simple.rs:4:5
[INFO] [stdout]   |
[INFO] [stdout] 4 | use macroassembler::{assembler::*, jit::gpr_info::{ARGUMENT_GPR1, ARGUMENT_GPR0, RETURN_VALUE_GPR}};
[INFO] [stdout]   |     ^^^^^^^^^^^^^^ use of undeclared crate or module `macroassembler`
[INFO] [stdout] 
[INFO] [stdout] 
[INFO] [stdout] error[E0432]: unresolved imports `macroassembler::jit::gpr_info::ARGUMENT_GPR1`, `macroassembler::jit::gpr_info::ARGUMENT_GPR0`, `macroassembler::jit::gpr_info::RETURN_VALUE_GPR`
[INFO] [stdout]  --> examples/simple.rs:4:52
[INFO] [stdout]   |
[INFO] [stdout] 4 | use macroassembler::{assembler::*, jit::gpr_info::{ARGUMENT_GPR1, ARGUMENT_GPR0, RETURN_VALUE_GPR}};
[INFO] [stdout]   |                                                    ^^^^^^^^^^^^^  ^^^^^^^^^^^^^  ^^^^^^^^^^^^^^^^
[INFO] [stdout] 
[INFO] [stdout] 
[INFO] [stdout] error[E0433]: failed to resolve: use of undeclared type `TargetAssembler`
[INFO] [stdout]  --> examples/simple.rs:7:19
[INFO] [stdout]   |
[INFO] [stdout] 7 |     let mut asm = TargetAssembler::new();
[INFO] [stdout]   |                   ^^^^^^^^^^^^^^^ use of undeclared type `TargetAssembler`
[INFO] [stdout] 
[INFO] [stdout] 
[INFO] [stdout] error[E0433]: failed to resolve: use of undeclared type `TargetMacroAssembler`
[INFO] [stdout]  --> examples/simple.rs:9:16
[INFO] [stdout]   |
[INFO] [stdout] 9 |     asm.push_r(TargetMacroAssembler::FRAME_POINTER_REGISTER);
[INFO] [stdout]   |                ^^^^^^^^^^^^^^^^^^^^ use of undeclared type `TargetMacroAssembler`
[INFO] [stdout] 
[INFO] [stdout] 
[INFO] [stdout] error[E0433]: failed to resolve: use of undeclared type `TargetMacroAssembler`
[INFO] [stdout]   --> examples/simple.rs:10:17
[INFO] [stdout]    |
[INFO] [stdout] 10 |     asm.movq_rr(TargetMacroAssembler::STACK_POINTER_REGISTER, TargetMacroAssembler::FRAME_POINTER_REGISTER);
[INFO] [stdout]    |                 ^^^^^^^^^^^^^^^^^^^^ use of undeclared type `TargetMacroAssembler`
[INFO] [stdout] 
[INFO] [stdout] 
[INFO] [stdout] error[E0433]: failed to resolve: use of undeclared type `TargetMacroAssembler`
[INFO] [stdout]   --> examples/simple.rs:10:63
[INFO] [stdout]    |
[INFO] [stdout] 10 |     asm.movq_rr(TargetMacroAssembler::STACK_POINTER_REGISTER, TargetMacroAssembler::FRAME_POINTER_REGISTER);
[INFO] [stdout]    |                                                               ^^^^^^^^^^^^^^^^^^^^ use of undeclared type `TargetMacroAssembler`
[INFO] [stdout] 
[INFO] [stdout] 
[INFO] [stdout] error[E0433]: failed to resolve: use of undeclared type `TargetMacroAssembler`
[INFO] [stdout]   --> examples/simple.rs:15:15
[INFO] [stdout]    |
[INFO] [stdout] 15 |     asm.pop_r(TargetMacroAssembler::FRAME_POINTER_REGISTER);
[INFO] [stdout]    |               ^^^^^^^^^^^^^^^^^^^^ use of undeclared type `TargetMacroAssembler`
[INFO] [stdout] 
[INFO] [stdout] 
[INFO] [stdout] Some errors have detailed explanations: E0432, E0433.
[INFO] [stdout] 
[INFO] [stdout] For more information about an error, try `rustc --explain E0432`.
[INFO] [stdout] 
[INFO] [stderr] error: could not compile `jit-allocator` (example "simple") due to 7 previous errors
[INFO] [stderr] warning: build failed, waiting for other jobs to finish...
[INFO] running `Command { std: "docker" "inspect" "fa9e1449a837b466bcfd398dd054947af4bd57db943662eb4840411eff747d18", kill_on_drop: false }`
[INFO] running `Command { std: "docker" "rm" "-f" "fa9e1449a837b466bcfd398dd054947af4bd57db943662eb4840411eff747d18", kill_on_drop: false }`
[INFO] [stdout] fa9e1449a837b466bcfd398dd054947af4bd57db943662eb4840411eff747d18
