[INFO] fetching crate jay-compositor 1.7.0...
[INFO] testing jay-compositor-1.7.0 against nightly-2024-10-28 for randomize-layout
[INFO] extracting crate jay-compositor 1.7.0 into /workspace/builds/worker-2-tc1/source
[INFO] validating manifest of crates.io crate jay-compositor 1.7.0 on toolchain nightly-2024-10-28
[INFO] running `Command { std: CARGO_HOME="/workspace/cargo-home" RUSTUP_HOME="/workspace/rustup-home" "/workspace/cargo-home/bin/cargo" "+nightly-2024-10-28" "metadata" "--manifest-path" "Cargo.toml" "--no-deps", kill_on_drop: false }`
[INFO] started tweaking crates.io crate jay-compositor 1.7.0
[INFO] finished tweaking crates.io crate jay-compositor 1.7.0
[INFO] tweaked toml for crates.io crate jay-compositor 1.7.0 written to /workspace/builds/worker-2-tc1/source/Cargo.toml
[INFO] crate crates.io crate jay-compositor 1.7.0 already has a lockfile, it will not be regenerated
[INFO] running `Command { std: CARGO_HOME="/workspace/cargo-home" RUSTUP_HOME="/workspace/rustup-home" "/workspace/cargo-home/bin/cargo" "+nightly-2024-10-28" "fetch" "--manifest-path" "Cargo.toml", kill_on_drop: false }`
[INFO] [stderr]     Updating crates.io index
[INFO] [stderr]  Downloading crates ...
[INFO] [stderr]   Downloaded uapi-proc v0.0.5
[INFO] [stderr]   Downloaded repc-impl v0.1.1
[INFO] [stderr]   Downloaded repc v0.1.1
[INFO] [stderr]   Downloaded jay-algorithms v0.3.0
[INFO] [stderr]   Downloaded shaderc v0.8.3
[INFO] [stderr]   Downloaded isnt v0.1.0
[INFO] [stderr]   Downloaded error_reporter v1.0.0
[INFO] [stderr]   Downloaded clap_complete v4.4.10
[INFO] [stderr]   Downloaded jay-config v1.6.0
[INFO] [stderr]   Downloaded jay-toml-config v0.8.0
[INFO] [stderr]   Downloaded uapi v0.2.13
[INFO] [stderr]   Downloaded num-derive v0.4.1
[INFO] [stderr]   Downloaded shaderc-sys v0.8.3
[INFO] running `Command { std: "docker" "create" "-v" "/var/lib/crater-agent-workspace/builds/worker-2-tc1/target:/opt/rustwide/target:rw,Z" "-v" "/var/lib/crater-agent-workspace/builds/worker-2-tc1/source:/opt/rustwide/workdir:ro,Z" "-v" "/var/lib/crater-agent-workspace/cargo-home:/opt/rustwide/cargo-home:ro,Z" "-v" "/var/lib/crater-agent-workspace/rustup-home:/opt/rustwide/rustup-home:ro,Z" "-e" "SOURCE_DIR=/opt/rustwide/workdir" "-e" "CARGO_TARGET_DIR=/opt/rustwide/target" "-e" "CARGO_HOME=/opt/rustwide/cargo-home" "-e" "RUSTUP_HOME=/opt/rustwide/rustup-home" "-w" "/opt/rustwide/workdir" "-m" "1610612736" "--user" "0:0" "--network" "none" "ghcr.io/rust-lang/crates-build-env/linux@sha256:4a844ea9eb2546a2d2c7022eacef16ef2e8229c7fbb2c7d4d55a9ceca922f72d" "/opt/rustwide/cargo-home/bin/cargo" "+nightly-2024-10-28" "metadata" "--no-deps" "--format-version=1", kill_on_drop: false }`
[INFO] [stdout] 2af79a3d1f255e5bc14f8006e348012f148c5091d4037059ee790c0ff251cd85
[INFO] running `Command { std: "docker" "start" "-a" "2af79a3d1f255e5bc14f8006e348012f148c5091d4037059ee790c0ff251cd85", kill_on_drop: false }`
[INFO] running `Command { std: "docker" "inspect" "2af79a3d1f255e5bc14f8006e348012f148c5091d4037059ee790c0ff251cd85", kill_on_drop: false }`
[INFO] running `Command { std: "docker" "rm" "-f" "2af79a3d1f255e5bc14f8006e348012f148c5091d4037059ee790c0ff251cd85", kill_on_drop: false }`
[INFO] [stdout] 2af79a3d1f255e5bc14f8006e348012f148c5091d4037059ee790c0ff251cd85
[INFO] running `Command { std: "docker" "create" "-v" "/var/lib/crater-agent-workspace/builds/worker-2-tc1/target:/opt/rustwide/target:rw,Z" "-v" "/var/lib/crater-agent-workspace/builds/worker-2-tc1/source:/opt/rustwide/workdir:ro,Z" "-v" "/var/lib/crater-agent-workspace/cargo-home:/opt/rustwide/cargo-home:ro,Z" "-v" "/var/lib/crater-agent-workspace/rustup-home:/opt/rustwide/rustup-home:ro,Z" "-e" "SOURCE_DIR=/opt/rustwide/workdir" "-e" "CARGO_TARGET_DIR=/opt/rustwide/target" "-e" "CARGO_INCREMENTAL=0" "-e" "RUST_BACKTRACE=full" "-e" "RUSTFLAGS=--cap-lints=forbid" "-e" "RUSTDOCFLAGS=--cap-lints=forbid" "-e" "CARGO_HOME=/opt/rustwide/cargo-home" "-e" "RUSTUP_HOME=/opt/rustwide/rustup-home" "-w" "/opt/rustwide/workdir" "-m" "1610612736" "--user" "0:0" "--network" "none" "ghcr.io/rust-lang/crates-build-env/linux@sha256:4a844ea9eb2546a2d2c7022eacef16ef2e8229c7fbb2c7d4d55a9ceca922f72d" "/opt/rustwide/cargo-home/bin/cargo" "+nightly-2024-10-28" "build" "--frozen" "--message-format=json", kill_on_drop: false }`
[INFO] [stdout] 23034cac2822502f9f5d1bace578f7741cd9f86ae61f97abbbaa94772b8ae2d7
[INFO] running `Command { std: "docker" "start" "-a" "23034cac2822502f9f5d1bace578f7741cd9f86ae61f97abbbaa94772b8ae2d7", kill_on_drop: false }`
[INFO] [stderr]    Compiling proc-macro2 v1.0.78
[INFO] [stderr]    Compiling unicode-ident v1.0.12
[INFO] [stderr]    Compiling libc v0.2.153
[INFO] [stderr]    Compiling cfg-if v1.0.0
[INFO] [stderr]    Compiling cc v1.0.86
[INFO] [stderr]    Compiling autocfg v1.1.0
[INFO] [stderr]    Compiling bitflags v2.4.2
[INFO] [stderr]    Compiling xmlparser v0.13.6
[INFO] [stderr]    Compiling simd-adler32 v0.3.7
[INFO] [stderr]    Compiling memchr v2.7.1
[INFO] [stderr]    Compiling rustix v0.38.31
[INFO] [stderr]    Compiling roxmltree v0.14.1
[INFO] [stderr]    Compiling syn v1.0.109
[INFO] [stderr]    Compiling adler v1.0.2
[INFO] [stderr]    Compiling regex-syntax v0.8.2
[INFO] [stderr]    Compiling serde v1.0.197
[INFO] [stderr]    Compiling quote v1.0.35
[INFO] [stderr]    Compiling cmake v0.1.50
[INFO] [stderr]    Compiling syn v2.0.48
[INFO] [stderr]    Compiling miniz_oxide v0.7.2
[INFO] [stderr]    Compiling slab v0.4.9
[INFO] [stderr]    Compiling getrandom v0.2.12
[INFO] [stderr]    Compiling utf8parse v0.2.1
[INFO] [stderr]    Compiling repc-impl v0.1.1
[INFO] [stderr]    Compiling rand_core v0.6.4
[INFO] [stderr]    Compiling linux-raw-sys v0.4.13
[INFO] [stderr]    Compiling siphasher v0.3.11
[INFO] [stderr]    Compiling rand v0.8.5
[INFO] [stderr]    Compiling shaderc-sys v0.8.3
[INFO] [stderr]    Compiling phf_shared v0.11.2
[INFO] [stderr]    Compiling uapi v0.2.13
[INFO] [stderr]    Compiling backtrace v0.3.69
[INFO] [stderr]    Compiling anstyle-parse v0.2.3
[INFO] [stderr]    Compiling regex-automata v0.4.5
[INFO] [stderr]    Compiling anyhow v1.0.81
[INFO] [stderr]    Compiling lazy_static v1.4.0
[INFO] [stderr]    Compiling thiserror v1.0.57
[INFO] [stderr]    Compiling version_check v0.9.4
[INFO] [stderr]    Compiling serde_json v1.0.128
[INFO] [stderr]    Compiling anstyle v1.0.6
[INFO] [stderr]    Compiling gimli v0.28.1
[INFO] [stderr]    Compiling crc32fast v1.4.0
[INFO] [stderr]    Compiling anstyle-query v1.0.2
[INFO] [stderr]    Compiling colorchoice v1.0.0
[INFO] [stderr]    Compiling anstream v0.6.11
[INFO] [stderr]    Compiling ahash v0.8.11
[INFO] [stderr]    Compiling terminal_size v0.3.0
[INFO] [stderr]    Compiling phf_generator v0.11.2
[INFO] [stderr]    Compiling object v0.32.2
[INFO] [stderr]    Compiling num-traits v0.2.17
[INFO] [stderr]    Compiling lock_api v0.4.11
[INFO] [stderr]    Compiling heck v0.4.1
[INFO] [stderr]    Compiling regex v1.10.3
[INFO] [stderr]    Compiling smallvec v1.13.1
[INFO] [stderr]    Compiling clap_lex v0.6.0
[INFO] [stderr]    Compiling parking_lot_core v0.9.9
[INFO] [stderr]    Compiling ash v0.38.0+1.3.281
[INFO] [stderr]    Compiling rustc-demangle v0.1.24
[INFO] [stderr]    Compiling ryu v1.0.17
[INFO] [stderr]    Compiling uapi-proc v0.0.5
[INFO] [stderr]    Compiling addr2line v0.21.0
[INFO] [stderr]    Compiling futures-io v0.3.30
[INFO] [stderr]    Compiling itoa v1.0.10
[INFO] [stderr]    Compiling pin-utils v0.1.0
[INFO] [stderr]    Compiling strsim v0.10.0
[INFO] [stderr]    Compiling pin-project-lite v0.2.13
[INFO] [stderr]    Compiling futures-core v0.3.30
[INFO] [stderr]    Compiling futures-task v0.3.30
[INFO] [stderr]    Compiling clap_builder v4.4.18
[INFO] [stderr]    Compiling bstr v1.9.1
[INFO] [stderr]    Compiling repc v0.1.1
[INFO] [stderr]    Compiling gpu-alloc-types v0.3.0
[INFO] [stderr]    Compiling libloading v0.8.1
[INFO] [stderr]    Compiling serde_derive v1.0.197
[INFO] [stderr]    Compiling futures-macro v0.3.30
[INFO] [stderr]    Compiling thiserror-impl v1.0.57
[INFO] [stderr]    Compiling phf_macros v0.11.2
[INFO] [stderr]    Compiling clap_derive v4.4.7
[INFO] [stderr]    Compiling once_cell v1.19.0
[INFO] [stderr]    Compiling futures-util v0.3.30
[INFO] [stderr]    Compiling option-ext v0.2.0
[INFO] [stderr]    Compiling tinyvec_macros v0.1.1
[INFO] [stderr]    Compiling equivalent v1.0.1
[INFO] [stderr]    Compiling scopeguard v1.2.0
[INFO] [stderr]    Compiling error_reporter v1.0.0
[INFO] [stderr]    Compiling zerocopy v0.7.32
[INFO] [stderr]    Compiling log v0.4.21
[INFO] [stderr]    Compiling hashbrown v0.14.3
[INFO] [stderr]    Compiling ppv-lite86 v0.2.17
[INFO] [stderr] error: could not compile `clap_builder` (lib)
[INFO] [stderr] 
[INFO] [stderr] Caused by:
[INFO] [stderr]   process didn't exit successfully: `/opt/rustwide/rustup-home/toolchains/nightly-2024-10-28-x86_64-unknown-linux-gnu/bin/rustc --crate-name clap_builder --edition=2021 /opt/rustwide/cargo-home/registry/src/index.crates.io-6f17d22bba15001f/clap_builder-4.4.18/src/lib.rs --error-format=json --json=diagnostic-rendered-ansi,artifacts,future-incompat --crate-type lib --emit=dep-info,metadata,link -C panic=abort -C embed-bitcode=no -C debuginfo=2 --cfg 'feature="color"' --cfg 'feature="error-context"' --cfg 'feature="help"' --cfg 'feature="std"' --cfg 'feature="suggestions"' --cfg 'feature="usage"' --cfg 'feature="wrap_help"' --check-cfg 'cfg(docsrs)' --check-cfg 'cfg(feature, values("cargo", "color", "debug", "default", "deprecated", "env", "error-context", "help", "std", "string", "suggestions", "unicode", "unstable-doc", "unstable-styles", "unstable-v5", "usage", "wrap_help"))' -C metadata=15cd964b64242cdd -C extra-filename=-15cd964b64242cdd --out-dir /opt/rustwide/target/debug/deps -L dependency=/opt/rustwide/target/debug/deps --extern anstream=/opt/rustwide/target/debug/deps/libanstream-62939c3734ba980c.rmeta --extern anstyle=/opt/rustwide/target/debug/deps/libanstyle-11a612cc187831d5.rmeta --extern clap_lex=/opt/rustwide/target/debug/deps/libclap_lex-c46003df9c680e44.rmeta --extern strsim=/opt/rustwide/target/debug/deps/libstrsim-7aa183bd41c78e5e.rmeta --extern terminal_size=/opt/rustwide/target/debug/deps/libterminal_size-1a21e7581c821dda.rmeta --cap-lints allow --cap-lints=forbid` (signal: 9, SIGKILL: kill)
[INFO] [stderr] warning: build failed, waiting for other jobs to finish...
[ERROR] error running command: no output for 300 seconds
[INFO] running `Command { std: "docker" "inspect" "23034cac2822502f9f5d1bace578f7741cd9f86ae61f97abbbaa94772b8ae2d7", kill_on_drop: false }`
[INFO] running `Command { std: "docker" "rm" "-f" "23034cac2822502f9f5d1bace578f7741cd9f86ae61f97abbbaa94772b8ae2d7", kill_on_drop: false }`
[INFO] [stderr] Error response from daemon: Could not kill running container 23034cac2822502f9f5d1bace578f7741cd9f86ae61f97abbbaa94772b8ae2d7, cannot remove - container 23034cac2822 PID 2352785 is zombie and can not be killed. Use the --init option when creating containers to run an init inside the container that forwards signals and reaps processes
[ERROR] failed to delete container 23034cac2822502f9f5d1bace578f7741cd9f86ae61f97abbbaa94772b8ae2d7
[ERROR] caused by: command failed: exit status: 1
