[INFO] fetching crate janus_core 0.7.39...
[INFO] testing janus_core-0.7.39 against nightly-2024-10-28+rustflags=-Zrandomize-layout for randomize-layout
[INFO] extracting crate janus_core 0.7.39 into /workspace/builds/worker-0-tc2/source
[INFO] validating manifest of crates.io crate janus_core 0.7.39 on toolchain nightly-2024-10-28
[INFO] running `Command { std: CARGO_HOME="/workspace/cargo-home" RUSTUP_HOME="/workspace/rustup-home" "/workspace/cargo-home/bin/cargo" "+nightly-2024-10-28" "metadata" "--manifest-path" "Cargo.toml" "--no-deps", kill_on_drop: false }`
[INFO] started tweaking crates.io crate janus_core 0.7.39
[INFO] finished tweaking crates.io crate janus_core 0.7.39
[INFO] tweaked toml for crates.io crate janus_core 0.7.39 written to /workspace/builds/worker-0-tc2/source/Cargo.toml
[INFO] running `Command { std: CARGO_HOME="/workspace/cargo-home" RUSTUP_HOME="/workspace/rustup-home" "/workspace/cargo-home/bin/cargo" "+nightly-2024-10-28" "generate-lockfile" "--manifest-path" "Cargo.toml", kill_on_drop: false }`
[INFO] [stderr]     Updating crates.io index
[INFO] [stderr]      Locking 395 packages to latest compatible versions
[INFO] [stderr]       Adding k8s-openapi v0.22.0 (available: v0.23.0)
[INFO] [stderr]       Adding kube v0.94.2 (available: v0.96.0)
[INFO] [stderr]       Adding rstest v0.22.0 (available: v0.23.0)
[INFO] [stderr]       Adding testcontainers v0.22.0 (available: v0.23.1)
[INFO] running `Command { std: CARGO_HOME="/workspace/cargo-home" RUSTUP_HOME="/workspace/rustup-home" "/workspace/cargo-home/bin/cargo" "+nightly-2024-10-28" "fetch" "--manifest-path" "Cargo.toml", kill_on_drop: false }`
[INFO] running `Command { std: "docker" "create" "-v" "/var/lib/crater-agent-workspace/builds/worker-0-tc2/target:/opt/rustwide/target:rw,Z" "-v" "/var/lib/crater-agent-workspace/builds/worker-0-tc2/source:/opt/rustwide/workdir:ro,Z" "-v" "/var/lib/crater-agent-workspace/cargo-home:/opt/rustwide/cargo-home:ro,Z" "-v" "/var/lib/crater-agent-workspace/rustup-home:/opt/rustwide/rustup-home:ro,Z" "-e" "SOURCE_DIR=/opt/rustwide/workdir" "-e" "CARGO_TARGET_DIR=/opt/rustwide/target" "-e" "CARGO_HOME=/opt/rustwide/cargo-home" "-e" "RUSTUP_HOME=/opt/rustwide/rustup-home" "-w" "/opt/rustwide/workdir" "-m" "1610612736" "--user" "0:0" "--network" "none" "ghcr.io/rust-lang/crates-build-env/linux@sha256:4a844ea9eb2546a2d2c7022eacef16ef2e8229c7fbb2c7d4d55a9ceca922f72d" "/opt/rustwide/cargo-home/bin/cargo" "+nightly-2024-10-28" "metadata" "--no-deps" "--format-version=1", kill_on_drop: false }`
[INFO] [stdout] ebbc2c2fccbcd5e0e6139c41fca140a8e709a3681ff3ce3567b9b08eaf1e2340
[INFO] running `Command { std: "docker" "start" "-a" "ebbc2c2fccbcd5e0e6139c41fca140a8e709a3681ff3ce3567b9b08eaf1e2340", kill_on_drop: false }`
[INFO] running `Command { std: "docker" "inspect" "ebbc2c2fccbcd5e0e6139c41fca140a8e709a3681ff3ce3567b9b08eaf1e2340", kill_on_drop: false }`
[INFO] running `Command { std: "docker" "rm" "-f" "ebbc2c2fccbcd5e0e6139c41fca140a8e709a3681ff3ce3567b9b08eaf1e2340", kill_on_drop: false }`
[INFO] [stdout] ebbc2c2fccbcd5e0e6139c41fca140a8e709a3681ff3ce3567b9b08eaf1e2340
[INFO] running `Command { std: "docker" "create" "-v" "/var/lib/crater-agent-workspace/builds/worker-0-tc2/target:/opt/rustwide/target:rw,Z" "-v" "/var/lib/crater-agent-workspace/builds/worker-0-tc2/source:/opt/rustwide/workdir:ro,Z" "-v" "/var/lib/crater-agent-workspace/cargo-home:/opt/rustwide/cargo-home:ro,Z" "-v" "/var/lib/crater-agent-workspace/rustup-home:/opt/rustwide/rustup-home:ro,Z" "-e" "SOURCE_DIR=/opt/rustwide/workdir" "-e" "CARGO_TARGET_DIR=/opt/rustwide/target" "-e" "CARGO_INCREMENTAL=0" "-e" "RUST_BACKTRACE=full" "-e" "RUSTFLAGS=--cap-lints=forbid -Zrandomize-layout" "-e" "RUSTDOCFLAGS=--cap-lints=forbid" "-e" "CARGO_HOME=/opt/rustwide/cargo-home" "-e" "RUSTUP_HOME=/opt/rustwide/rustup-home" "-w" "/opt/rustwide/workdir" "-m" "1610612736" "--user" "0:0" "--network" "none" "ghcr.io/rust-lang/crates-build-env/linux@sha256:4a844ea9eb2546a2d2c7022eacef16ef2e8229c7fbb2c7d4d55a9ceca922f72d" "/opt/rustwide/cargo-home/bin/cargo" "+nightly-2024-10-28" "build" "--frozen" "--message-format=json", kill_on_drop: false }`
[INFO] [stdout] 39e926046f5e7a8f612cd075f7d531daab194740cf92072162d4f4f35a92d750
[INFO] running `Command { std: "docker" "start" "-a" "39e926046f5e7a8f612cd075f7d531daab194740cf92072162d4f4f35a92d750", kill_on_drop: false }`
[INFO] [stderr]    Compiling proc-macro2 v1.0.89
[INFO] [stderr]    Compiling unicode-ident v1.0.13
[INFO] [stderr]    Compiling cfg-if v1.0.0
[INFO] [stderr]    Compiling libc v0.2.161
[INFO] [stderr]    Compiling version_check v0.9.5
[INFO] [stderr]    Compiling typenum v1.17.0
[INFO] [stderr]    Compiling autocfg v1.4.0
[INFO] [stderr]    Compiling subtle v2.6.1
[INFO] [stderr]    Compiling pin-project-lite v0.2.15
[INFO] [stderr]    Compiling futures-core v0.3.31
[INFO] [stderr]    Compiling memchr v2.7.4
[INFO] [stderr]    Compiling cpufeatures v0.2.14
[INFO] [stderr]    Compiling byteorder v1.5.0
[INFO] [stderr]    Compiling serde v1.0.214
[INFO] [stderr]    Compiling generic-array v0.14.7
[INFO] [stderr]    Compiling futures-io v0.3.31
[INFO] [stderr]    Compiling smallvec v1.13.2
[INFO] [stderr]    Compiling once_cell v1.20.2
[INFO] [stderr]    Compiling itoa v1.0.11
[INFO] [stderr]    Compiling bytes v1.8.0
[INFO] [stderr]    Compiling slab v0.4.9
[INFO] [stderr]    Compiling lock_api v0.4.12
[INFO] [stderr]    Compiling shlex v1.3.0
[INFO] [stderr]    Compiling parking_lot_core v0.9.10
[INFO] [stderr]    Compiling quote v1.0.37
[INFO] [stderr]    Compiling cc v1.1.31
[INFO] [stderr]    Compiling syn v2.0.86
[INFO] [stderr]    Compiling num-traits v0.2.19
[INFO] [stderr]    Compiling futures-sink v0.3.31
[INFO] [stderr]    Compiling semver v1.0.23
[INFO] [stderr]    Compiling const-oid v0.9.6
[INFO] [stderr]    Compiling scopeguard v1.2.0
[INFO] [stderr]    Compiling getrandom v0.2.15
[INFO] [stderr]    Compiling futures-channel v0.3.31
[INFO] [stderr]    Compiling base16ct v0.2.0
[INFO] [stderr]    Compiling rand_core v0.6.4
[INFO] [stderr]    Compiling pin-utils v0.1.0
[INFO] [stderr]    Compiling httparse v1.9.5
[INFO] [stderr]    Compiling fnv v1.0.7
[INFO] [stderr]    Compiling futures-task v0.3.31
[INFO] [stderr]    Compiling equivalent v1.0.1
[INFO] [stderr]    Compiling hashbrown v0.15.0
[INFO] [stderr]    Compiling http v1.1.0
[INFO] [stderr]    Compiling ff v0.13.0
[INFO] [stderr]    Compiling parking_lot v0.12.3
[INFO] [stderr]    Compiling group v0.13.0
[INFO] [stderr]    Compiling socket2 v0.5.7
[INFO] [stderr]    Compiling signal-hook-registry v1.4.2
[INFO] [stderr]    Compiling indexmap v2.6.0
[INFO] [stderr]    Compiling mio v1.0.2
[INFO] [stderr]    Compiling ring v0.17.8
[INFO] [stderr]    Compiling crossbeam-utils v0.8.20
[INFO] [stderr]    Compiling opaque-debug v0.3.1
[INFO] [stderr]    Compiling rustls-pki-types v1.10.0
[INFO] [stderr]    Compiling rustc_version v0.4.1
[INFO] [stderr]    Compiling tinyvec_macros v0.1.1
[INFO] [stderr]    Compiling untrusted v0.9.0
[INFO] [stderr]    Compiling spin v0.9.8
[INFO] [stderr]    Compiling winnow v0.6.20
[INFO] [stderr]    Compiling thiserror v1.0.66
[INFO] [stderr]    Compiling toml_datetime v0.6.8
[INFO] [stderr]    Compiling curve25519-dalek v4.1.3
[INFO] [stderr]    Compiling tinyvec v1.8.0
[INFO] [stderr]    Compiling num-integer v0.1.46
[INFO] [stderr]    Compiling http-body v1.0.1
[INFO] [stderr]    Compiling smartstring v1.0.1
[INFO] [stderr]    Compiling ahash v0.8.11
[INFO] [stderr]    Compiling percent-encoding v2.3.1
[INFO] [stderr]    Compiling parking v2.2.1
[INFO] [stderr]    Compiling az v1.2.1
[INFO] [stderr]    Compiling rustls v0.23.16
[INFO] [stderr]    Compiling try-lock v0.2.5
[INFO] [stderr]    Compiling radium v0.7.0
[INFO] [stderr]    Compiling ryu v1.0.18
[INFO] [stderr]    Compiling want v0.3.1
[INFO] [stderr]    Compiling form_urlencoded v1.2.1
[INFO] [stderr]    Compiling concurrent-queue v2.5.0
[INFO] [stderr]    Compiling tracing-core v0.1.32
[INFO] [stderr]    Compiling fastrand v2.1.1
[INFO] [stderr]    Compiling unicode-bidi v0.3.17
[INFO] [stderr]    Compiling unicode-normalization v0.1.24
[INFO] [stderr]    Compiling fixed v1.28.0
[INFO] [stderr]    Compiling syn v1.0.109
[INFO] [stderr]    Compiling static_assertions v1.1.0
[INFO] [stderr]    Compiling serde_json v1.0.132
[INFO] [stderr]    Compiling tap v1.0.1
[INFO] [stderr]    Compiling utf8parse v0.2.2
[INFO] [stderr]    Compiling anstyle-parse v0.2.6
[INFO] [stderr]    Compiling wyz v0.5.1
[INFO] [stderr]    Compiling idna v0.5.0
[INFO] [stderr]    Compiling futures-lite v2.4.0
[INFO] [stderr]    Compiling event-listener v5.3.1
[INFO] [stderr]    Compiling toml_edit v0.22.22
[INFO] [stderr]    Compiling half v2.4.1
[INFO] [stderr]    Compiling funty v2.0.0
[INFO] [stderr]    Compiling colorchoice v1.0.3
[INFO] [stderr]    Compiling allocator-api2 v0.2.18
[INFO] [stderr]    Compiling mime v0.3.17
[INFO] [stderr]    Compiling anstyle v1.0.9
[INFO] [stderr]    Compiling bytemuck v1.19.0
[INFO] [stderr]    Compiling log v0.4.22
[INFO] [stderr]    Compiling tower-service v0.3.3
[INFO] [stderr]    Compiling is_terminal_polyfill v1.70.1
[INFO] [stderr]    Compiling anstyle-query v1.1.2
[INFO] [stderr]    Compiling anyhow v1.0.92
[INFO] [stderr]    Compiling keccak v0.1.5
[INFO] [stderr]    Compiling anstream v0.6.17
[INFO] [stderr]    Compiling bitvec v1.0.1
[INFO] [stderr]    Compiling stopper v0.2.8
[INFO] [stderr]    Compiling smartcow v0.2.1
[INFO] [stderr]    Compiling num-iter v0.1.45
[INFO] [stderr]    Compiling webpki-roots v0.26.6
[INFO] [stderr]    Compiling aho-corasick v1.1.3
[INFO] [stderr]    Compiling encoding_rs v0.8.35
[INFO] [stderr]    Compiling zeroize_derive v1.4.2
[INFO] [stderr]    Compiling zeroize v1.8.1
[INFO] [stderr]    Compiling zerocopy-derive v0.7.35
[INFO] [stderr]    Compiling serde_derive v1.0.214
[INFO] [stderr]    Compiling crypto-common v0.1.6
[INFO] [stderr]    Compiling block-buffer v0.10.4
[INFO] [stderr]    Compiling zerocopy v0.7.35
[INFO] [stderr]    Compiling inout v0.1.3
[INFO] [stderr]    Compiling digest v0.10.7
[INFO] [stderr]    Compiling cipher v0.4.4
[INFO] [stderr]    Compiling hmac v0.12.1
[INFO] [stderr]    Compiling der v0.7.9
[INFO] [stderr]    Compiling futures-macro v0.3.31
[INFO] [stderr]    Compiling hkdf v0.12.4
[INFO] [stderr]    Compiling universal-hash v0.5.1
[INFO] [stderr]    Compiling crypto-bigint v0.5.5
[INFO] [stderr]    Compiling tokio-macros v2.4.0
[INFO] [stderr]    Compiling ppv-lite86 v0.2.20
[INFO] [stderr]    Compiling aes v0.8.4
[INFO] [stderr]    Compiling rand_chacha v0.3.1
[INFO] [stderr]    Compiling futures-util v0.3.31
[INFO] [stderr]    Compiling sec1 v0.7.3
[INFO] [stderr]    Compiling rand v0.8.5
[INFO] [stderr]    Compiling tokio v1.41.0
[INFO] [stderr]    Compiling ctr v0.9.2
[INFO] [stderr]    Compiling thiserror-impl v1.0.66
[INFO] [stderr]    Compiling polyval v0.6.2
[INFO] [stderr]    Compiling sha2 v0.10.8
[INFO] [stderr]    Compiling aead v0.5.2
[INFO] [stderr]    Compiling curve25519-dalek-derive v0.1.1
[INFO] [stderr]    Compiling elliptic-curve v0.13.8
[INFO] [stderr]    Compiling primeorder v0.13.6
[INFO] [stderr]    Compiling tracing-attributes v0.1.27
[INFO] [stderr]    Compiling rustls-webpki v0.102.8
[INFO] [stderr]    Compiling proc-macro-crate v3.2.0
[INFO] [stderr]    Compiling num_enum_derive v0.7.3
[INFO] [stderr]    Compiling ghash v0.5.1
[INFO] [stderr]    Compiling tracing v0.1.40
[INFO] [stderr]    Compiling poly1305 v0.8.0
[INFO] [stderr]    Compiling chacha20 v0.9.1
[INFO] [stderr]    Compiling num_enum v0.7.3
[INFO] [stderr]    Compiling hashbrown v0.14.5
[INFO] [stderr]    Compiling aes-gcm v0.10.3
[INFO] [stderr]    Compiling x25519-dalek v2.0.1
[INFO] [stderr]    Compiling chacha20poly1305 v0.10.1
[INFO] [stderr]    Compiling p256 v0.13.2
[INFO] [stderr]    Compiling p521 v0.13.3
[INFO] [stderr]    Compiling p384 v0.13.0
[INFO] [stderr]    Compiling sha3 v0.10.8
[INFO] [stderr]    Compiling trillium-macros v0.0.6
[INFO] [stderr]    Compiling fiat-crypto v0.2.9
[INFO] [stderr]    Compiling num-bigint v0.4.6
[INFO] [stderr]    Compiling hyper v1.5.0
[INFO] [stderr]    Compiling url v2.5.2
[INFO] [stderr]    Compiling clap_lex v0.7.2
[INFO] [stderr]    Compiling hyper-util v0.1.10
[INFO] [stderr]    Compiling num-rational v0.4.2
[INFO] [stderr]    Compiling tokio-rustls v0.26.0
[INFO] [stderr]    Compiling base64 v0.22.1
[INFO] [stderr]    Compiling heck v0.5.0
[INFO] [stderr]    Compiling regex-syntax v0.8.5
[INFO] [stderr]    Compiling strsim v0.11.1
[INFO] [stderr]    Compiling httpdate v1.0.3
[INFO] [stderr]    Compiling clap_derive v4.5.18
[INFO] [stderr]    Compiling trillium-http v0.3.17
[INFO] [stderr]    Compiling clap_builder v4.5.20
[INFO] [stderr]    Compiling hyper-rustls v0.27.3
[INFO] [stderr]    Compiling serde_urlencoded v0.7.1
[INFO] [stderr]    Compiling hpke v0.12.0
[INFO] [stderr]    Compiling regex-automata v0.4.8
[INFO] [stderr]    Compiling futures-executor v0.3.31
[INFO] [stderr]    Compiling http-body-util v0.1.2
[INFO] [stderr]    Compiling derivative v2.2.0
[INFO] [stderr]    Compiling async-trait v0.1.83
[INFO] [stderr]    Compiling rustls-pemfile v2.2.0
[INFO] [stderr]    Compiling sync_wrapper v1.0.1
[INFO] [stderr]    Compiling prio v0.16.7
[INFO] [stderr]    Compiling instant v0.1.13
[INFO] [stderr]    Compiling hex v0.4.3
[INFO] [stderr]    Compiling unsafe-libyaml v0.2.11
[INFO] [stderr]    Compiling iana-time-zone v0.1.61
[INFO] [stderr]    Compiling ipnet v2.10.1
[INFO] [stderr]    Compiling chrono v0.4.38
[INFO] [stderr]    Compiling trillium v0.2.20
[INFO] [stderr]    Compiling regex v1.11.1
[INFO] [stderr]    Compiling serde_yaml v0.9.34+deprecated
[INFO] [stderr]    Compiling reqwest v0.12.9
[INFO] [stderr]    Compiling backoff v0.4.0
[INFO] [stderr]    Compiling clap v4.5.20
[INFO] [stderr]    Compiling hpke-dispatch v0.7.0
[INFO] [stderr]    Compiling futures v0.3.31
[INFO] [stderr]    Compiling janus_messages v0.7.40
[INFO] [stderr]    Compiling http-api-problem v0.58.0
[INFO] [stderr]    Compiling janus_core v0.7.39 (/opt/rustwide/workdir)
[INFO] [stderr]     Finished `dev` profile [unoptimized + debuginfo] target(s) in 22.92s
[INFO] running `Command { std: "docker" "inspect" "39e926046f5e7a8f612cd075f7d531daab194740cf92072162d4f4f35a92d750", kill_on_drop: false }`
[INFO] running `Command { std: "docker" "rm" "-f" "39e926046f5e7a8f612cd075f7d531daab194740cf92072162d4f4f35a92d750", kill_on_drop: false }`
[INFO] [stdout] 39e926046f5e7a8f612cd075f7d531daab194740cf92072162d4f4f35a92d750
[INFO] running `Command { std: "docker" "create" "-v" "/var/lib/crater-agent-workspace/builds/worker-0-tc2/target:/opt/rustwide/target:rw,Z" "-v" "/var/lib/crater-agent-workspace/builds/worker-0-tc2/source:/opt/rustwide/workdir:ro,Z" "-v" "/var/lib/crater-agent-workspace/cargo-home:/opt/rustwide/cargo-home:ro,Z" "-v" "/var/lib/crater-agent-workspace/rustup-home:/opt/rustwide/rustup-home:ro,Z" "-e" "SOURCE_DIR=/opt/rustwide/workdir" "-e" "CARGO_TARGET_DIR=/opt/rustwide/target" "-e" "CARGO_INCREMENTAL=0" "-e" "RUST_BACKTRACE=full" "-e" "RUSTFLAGS=--cap-lints=forbid -Zrandomize-layout" "-e" "RUSTDOCFLAGS=--cap-lints=forbid" "-e" "CARGO_HOME=/opt/rustwide/cargo-home" "-e" "RUSTUP_HOME=/opt/rustwide/rustup-home" "-w" "/opt/rustwide/workdir" "-m" "1610612736" "--user" "0:0" "--network" "none" "ghcr.io/rust-lang/crates-build-env/linux@sha256:4a844ea9eb2546a2d2c7022eacef16ef2e8229c7fbb2c7d4d55a9ceca922f72d" "/opt/rustwide/cargo-home/bin/cargo" "+nightly-2024-10-28" "test" "--frozen" "--no-run" "--message-format=json", kill_on_drop: false }`
[INFO] [stdout] e8287dd433403da8bd2183dc0b6bfe007fed409520c8d67ca183fdf8f8ec43d6
[INFO] running `Command { std: "docker" "start" "-a" "e8287dd433403da8bd2183dc0b6bfe007fed409520c8d67ca183fdf8f8ec43d6", kill_on_drop: false }`
[INFO] [stderr]    Compiling futures-core v0.3.31
[INFO] [stderr]    Compiling jobserver v0.1.32
[INFO] [stderr]    Compiling futures-sink v0.3.31
[INFO] [stderr]    Compiling dunce v1.0.5
[INFO] [stderr]    Compiling fs_extra v1.3.0
[INFO] [stderr]    Compiling paste v1.0.15
[INFO] [stderr]    Compiling aws-lc-rs v1.10.0
[INFO] [stderr]    Compiling mirai-annotations v1.12.0
[INFO] [stderr]    Compiling fastrand v2.1.1
[INFO] [stderr]    Compiling futures-channel v0.3.31
[INFO] [stderr]    Compiling tokio-util v0.7.12
[INFO] [stderr]    Compiling atomic-waker v1.1.2
[INFO] [stderr]    Compiling rustls v0.23.16
[INFO] [stderr]    Compiling cc v1.1.31
[INFO] [stderr]    Compiling futures-util v0.3.31
[INFO] [stderr]    Compiling futures-lite v2.4.0
[INFO] [stderr]    Compiling memchr v2.7.4
[INFO] [stderr]    Compiling event-listener-strategy v0.5.2
[INFO] [stderr]    Compiling rlimit v0.10.2
[INFO] [stderr]    Compiling rstest_macros v0.22.0
[INFO] [stderr]    Compiling h2 v0.4.6
[INFO] [stderr]    Compiling async-lock v3.4.0
[INFO] [stderr]    Compiling sync_wrapper v1.0.1
[INFO] [stderr]    Compiling aho-corasick v1.1.3
[INFO] [stderr]    Compiling event-listener v4.0.3
[INFO] [stderr]    Compiling cmake v0.1.51
[INFO] [stderr]    Compiling stopper v0.2.8
[INFO] [stderr]    Compiling hex v0.4.3
[INFO] [stderr]    Compiling trillium-http v0.3.17
[INFO] [stderr]    Compiling lazy_static v1.5.0
[INFO] [stderr]    Compiling glob v0.3.1
[INFO] [stderr]    Compiling relative-path v1.9.3
[INFO] [stderr]    Compiling async_cell v0.2.2
[INFO] [stderr]    Compiling janus_messages v0.7.40
[INFO] [stderr]    Compiling colored v2.1.0
[INFO] [stderr]    Compiling backoff v0.4.0
[INFO] [stderr]    Compiling async-dup v1.2.4
[INFO] [stderr]    Compiling aws-lc-sys v0.22.0
[INFO] [stderr]    Compiling ring v0.17.8
[INFO] [stderr]    Compiling regex-automata v0.4.8
[INFO] [stderr]    Compiling trillium v0.2.20
[INFO] [stderr]    Compiling async-channel v2.3.1
[INFO] [stderr]    Compiling assert-json-diff v2.0.2
[INFO] [stderr]    Compiling hyper v1.5.0
[INFO] [stderr]    Compiling http-body-util v0.1.2
[INFO] [stderr]    Compiling futures-executor v0.3.31
[INFO] [stderr]    Compiling dashmap v5.5.3
[INFO] [stderr]    Compiling regex v1.11.1
[INFO] [stderr]    Compiling futures v0.3.31
[INFO] [stderr]    Compiling portpicker v0.1.1
[INFO] [stderr]    Compiling trillium-server-common v0.5.2
[INFO] [stderr]    Compiling hyper-util v0.1.10
[INFO] [stderr]    Compiling similar v2.6.0
[INFO] [stderr]    Compiling futures-timer v3.0.3
[INFO] [stderr]    Compiling trillium-testing v0.7.0
[INFO] [stderr]    Compiling serde_test v1.0.177
[INFO] [stderr]    Compiling mockito v1.5.0
[INFO] [stderr]    Compiling rstest v0.22.0
[INFO] [stderr]    Compiling rustls-webpki v0.102.8
[INFO] [stderr]    Compiling tokio-rustls v0.26.0
[INFO] [stderr]    Compiling hyper-rustls v0.27.3
[INFO] [stderr]    Compiling reqwest v0.12.9
[INFO] [stderr]    Compiling janus_core v0.7.39 (/opt/rustwide/workdir)
[INFO] [stdout] error[E0432]: unresolved import `crate::test_util`
[INFO] [stdout]    --> src/retries.rs:267:9
[INFO] [stdout]     |
[INFO] [stdout] 267 |         test_util::install_test_trace_subscriber,
[INFO] [stdout]     |         ^^^^^^^^^ could not find `test_util` in the crate root
[INFO] [stdout]     |
[INFO] [stdout] note: found an item that was configured out
[INFO] [stdout]    --> src/lib.rs:16:9
[INFO] [stdout]     |
[INFO] [stdout] 16  | pub mod test_util;
[INFO] [stdout]     |         ^^^^^^^^^
[INFO] [stdout] note: the item is gated behind the `test-util` feature
[INFO] [stdout]    --> src/lib.rs:14:7
[INFO] [stdout]     |
[INFO] [stdout] 14  | #[cfg(feature = "test-util")]
[INFO] [stdout]     |       ^^^^^^^^^^^^^^^^^^^^^
[INFO] [stdout] 
[INFO] [stdout] 
[INFO] [stdout] error[E0432]: unresolved import `assert_matches`
[INFO] [stdout]    --> src/http.rs:134:9
[INFO] [stdout]     |
[INFO] [stdout] 134 |     use assert_matches::assert_matches;
[INFO] [stdout]     |         ^^^^^^^^^^^^^^ help: a similar path exists: `std::assert_matches`
[INFO] [stdout] 
[INFO] [stdout] 
[INFO] [stdout] error[E0432]: unresolved import `crate::retries::test_util`
[INFO] [stdout]    --> src/retries.rs:266:66
[INFO] [stdout]     |
[INFO] [stdout] 266 |         retries::{retry_http_request, retry_http_request_notify, test_util::LimitedRetryer},
[INFO] [stdout]     |                                                                  ^^^^^^^^^ could not find `test_util` in `retries`
[INFO] [stdout]     |
[INFO] [stdout] note: found an item that was configured out
[INFO] [stdout]    --> src/retries.rs:216:9
[INFO] [stdout]     |
[INFO] [stdout] 216 | pub mod test_util {
[INFO] [stdout]     |         ^^^^^^^^^
[INFO] [stdout] note: the item is gated behind the `test-util` feature
[INFO] [stdout]    --> src/retries.rs:214:7
[INFO] [stdout]     |
[INFO] [stdout] 214 | #[cfg(feature = "test-util")]
[INFO] [stdout]     |       ^^^^^^^^^^^^^^^^^^^^^
[INFO] [stdout] 
[INFO] [stdout] 
[INFO] [stdout] error[E0432]: unresolved import `assert_matches`
[INFO] [stdout]    --> src/vdaf.rs:622:9
[INFO] [stdout]     |
[INFO] [stdout] 622 |     use assert_matches::assert_matches;
[INFO] [stdout]     |         ^^^^^^^^^^^^^^ help: a similar path exists: `std::assert_matches`
[INFO] [stdout] 
[INFO] [stdout] 
[INFO] [stdout] error[E0599]: no function or associated item named `test` found for struct `HpkeKeypair` in the current scope
[INFO] [stdout]    --> src/hpke.rs:372:41
[INFO] [stdout]     |
[INFO] [stdout] 215 | pub struct HpkeKeypair {
[INFO] [stdout]     | ---------------------- function or associated item `test` not found for this struct
[INFO] [stdout] ...
[INFO] [stdout] 372 |         let hpke_keypair = HpkeKeypair::test();
[INFO] [stdout]     |                                         ^^^^ function or associated item not found in `HpkeKeypair`
[INFO] [stdout]     |
[INFO] [stdout] note: if you're trying to build a new `HpkeKeypair` consider using one of the following associated functions:
[INFO] [stdout]       HpkeKeypair::new
[INFO] [stdout]       HpkeKeypair::generate
[INFO] [stdout]    --> src/hpke.rs:222:5
[INFO] [stdout]     |
[INFO] [stdout] 222 |       pub fn new(config: HpkeConfig, private_key: HpkePrivateKey) -> HpkeKeypair {
[INFO] [stdout]     |       ^^^^^^^^^^^^^^^^^^^^^^^^^^^^^^^^^^^^^^^^^^^^^^^^^^^^^^^^^^^^^^^^^^^^^^^^^^
[INFO] [stdout] ...
[INFO] [stdout] 231 | /     pub fn generate(
[INFO] [stdout] 232 | |         hpke_config_id: HpkeConfigId,
[INFO] [stdout] 233 | |         kem_id: HpkeKemId,
[INFO] [stdout] 234 | |         kdf_id: HpkeKdfId,
[INFO] [stdout] 235 | |         aead_id: HpkeAeadId,
[INFO] [stdout] 236 | |     ) -> Result<Self, Error> {
[INFO] [stdout]     | |____________________________^
[INFO] [stdout] 
[INFO] [stdout] 
[INFO] [stdout] error[E0599]: no function or associated item named `test` found for struct `HpkeKeypair` in the current scope
[INFO] [stdout]    --> src/hpke.rs:399:41
[INFO] [stdout]     |
[INFO] [stdout] 215 | pub struct HpkeKeypair {
[INFO] [stdout]     | ---------------------- function or associated item `test` not found for this struct
[INFO] [stdout] ...
[INFO] [stdout] 399 |         let hpke_keypair = HpkeKeypair::test();
[INFO] [stdout]     |                                         ^^^^ function or associated item not found in `HpkeKeypair`
[INFO] [stdout]     |
[INFO] [stdout] note: if you're trying to build a new `HpkeKeypair` consider using one of the following associated functions:
[INFO] [stdout]       HpkeKeypair::new
[INFO] [stdout]       HpkeKeypair::generate
[INFO] [stdout]    --> src/hpke.rs:222:5
[INFO] [stdout]     |
[INFO] [stdout] 222 |       pub fn new(config: HpkeConfig, private_key: HpkePrivateKey) -> HpkeKeypair {
[INFO] [stdout]     |       ^^^^^^^^^^^^^^^^^^^^^^^^^^^^^^^^^^^^^^^^^^^^^^^^^^^^^^^^^^^^^^^^^^^^^^^^^^
[INFO] [stdout] ...
[INFO] [stdout] 231 | /     pub fn generate(
[INFO] [stdout] 232 | |         hpke_config_id: HpkeConfigId,
[INFO] [stdout] 233 | |         kem_id: HpkeKemId,
[INFO] [stdout] 234 | |         kdf_id: HpkeKdfId,
[INFO] [stdout] 235 | |         aead_id: HpkeAeadId,
[INFO] [stdout] 236 | |     ) -> Result<Self, Error> {
[INFO] [stdout]     | |____________________________^
[INFO] [stdout] 
[INFO] [stdout] 
[INFO] [stdout] error[E0599]: no function or associated item named `test` found for struct `HpkeKeypair` in the current scope
[INFO] [stdout]    --> src/hpke.rs:414:47
[INFO] [stdout]     |
[INFO] [stdout] 215 | pub struct HpkeKeypair {
[INFO] [stdout]     | ---------------------- function or associated item `test` not found for this struct
[INFO] [stdout] ...
[INFO] [stdout] 414 |         let wrong_hpke_keypair = HpkeKeypair::test();
[INFO] [stdout]     |                                               ^^^^ function or associated item not found in `HpkeKeypair`
[INFO] [stdout]     |
[INFO] [stdout] note: if you're trying to build a new `HpkeKeypair` consider using one of the following associated functions:
[INFO] [stdout]       HpkeKeypair::new
[INFO] [stdout]       HpkeKeypair::generate
[INFO] [stdout]    --> src/hpke.rs:222:5
[INFO] [stdout]     |
[INFO] [stdout] 222 |       pub fn new(config: HpkeConfig, private_key: HpkePrivateKey) -> HpkeKeypair {
[INFO] [stdout]     |       ^^^^^^^^^^^^^^^^^^^^^^^^^^^^^^^^^^^^^^^^^^^^^^^^^^^^^^^^^^^^^^^^^^^^^^^^^^
[INFO] [stdout] ...
[INFO] [stdout] 231 | /     pub fn generate(
[INFO] [stdout] 232 | |         hpke_config_id: HpkeConfigId,
[INFO] [stdout] 233 | |         kem_id: HpkeKemId,
[INFO] [stdout] 234 | |         kdf_id: HpkeKdfId,
[INFO] [stdout] 235 | |         aead_id: HpkeAeadId,
[INFO] [stdout] 236 | |     ) -> Result<Self, Error> {
[INFO] [stdout]     | |____________________________^
[INFO] [stdout] 
[INFO] [stdout] 
[INFO] [stdout] error[E0599]: no function or associated item named `test` found for struct `HpkeKeypair` in the current scope
[INFO] [stdout]    --> src/hpke.rs:426:41
[INFO] [stdout]     |
[INFO] [stdout] 215 | pub struct HpkeKeypair {
[INFO] [stdout]     | ---------------------- function or associated item `test` not found for this struct
[INFO] [stdout] ...
[INFO] [stdout] 426 |         let hpke_keypair = HpkeKeypair::test();
[INFO] [stdout]     |                                         ^^^^ function or associated item not found in `HpkeKeypair`
[INFO] [stdout]     |
[INFO] [stdout] note: if you're trying to build a new `HpkeKeypair` consider using one of the following associated functions:
[INFO] [stdout]       HpkeKeypair::new
[INFO] [stdout]       HpkeKeypair::generate
[INFO] [stdout]    --> src/hpke.rs:222:5
[INFO] [stdout]     |
[INFO] [stdout] 222 |       pub fn new(config: HpkeConfig, private_key: HpkePrivateKey) -> HpkeKeypair {
[INFO] [stdout]     |       ^^^^^^^^^^^^^^^^^^^^^^^^^^^^^^^^^^^^^^^^^^^^^^^^^^^^^^^^^^^^^^^^^^^^^^^^^^
[INFO] [stdout] ...
[INFO] [stdout] 231 | /     pub fn generate(
[INFO] [stdout] 232 | |         hpke_config_id: HpkeConfigId,
[INFO] [stdout] 233 | |         kem_id: HpkeKemId,
[INFO] [stdout] 234 | |         kdf_id: HpkeKdfId,
[INFO] [stdout] 235 | |         aead_id: HpkeAeadId,
[INFO] [stdout] 236 | |     ) -> Result<Self, Error> {
[INFO] [stdout]     | |____________________________^
[INFO] [stdout] 
[INFO] [stdout] 
[INFO] [stdout] error[E0599]: no function or associated item named `test` found for struct `HpkeKeypair` in the current scope
[INFO] [stdout]    --> src/hpke.rs:453:41
[INFO] [stdout]     |
[INFO] [stdout] 215 | pub struct HpkeKeypair {
[INFO] [stdout]     | ---------------------- function or associated item `test` not found for this struct
[INFO] [stdout] ...
[INFO] [stdout] 453 |         let hpke_keypair = HpkeKeypair::test();
[INFO] [stdout]     |                                         ^^^^ function or associated item not found in `HpkeKeypair`
[INFO] [stdout]     |
[INFO] [stdout] note: if you're trying to build a new `HpkeKeypair` consider using one of the following associated functions:
[INFO] [stdout]       HpkeKeypair::new
[INFO] [stdout]       HpkeKeypair::generate
[INFO] [stdout]    --> src/hpke.rs:222:5
[INFO] [stdout]     |
[INFO] [stdout] 222 |       pub fn new(config: HpkeConfig, private_key: HpkePrivateKey) -> HpkeKeypair {
[INFO] [stdout]     |       ^^^^^^^^^^^^^^^^^^^^^^^^^^^^^^^^^^^^^^^^^^^^^^^^^^^^^^^^^^^^^^^^^^^^^^^^^^
[INFO] [stdout] ...
[INFO] [stdout] 231 | /     pub fn generate(
[INFO] [stdout] 232 | |         hpke_config_id: HpkeConfigId,
[INFO] [stdout] 233 | |         kem_id: HpkeKemId,
[INFO] [stdout] 234 | |         kdf_id: HpkeKdfId,
[INFO] [stdout] 235 | |         aead_id: HpkeAeadId,
[INFO] [stdout] 236 | |     ) -> Result<Self, Error> {
[INFO] [stdout]     | |____________________________^
[INFO] [stdout] 
[INFO] [stdout] 
[INFO] [stdout] error[E0433]: failed to resolve: use of undeclared crate or module `serde_json`
[INFO] [stdout]    --> src/hpke.rs:577:13
[INFO] [stdout]     |
[INFO] [stdout] 577 |             serde_json::from_str(include_str!("test-vectors.json")).unwrap();
[INFO] [stdout]     |             ^^^^^^^^^^ use of undeclared crate or module `serde_json`
[INFO] [stdout] 
[INFO] [stdout] 
[INFO] [stdout] error[E0599]: no variant named `Fake` found for enum `VdafInstance`
[INFO] [stdout]    --> src/vdaf.rs:808:28
[INFO] [stdout]     |
[INFO] [stdout] 97  | pub enum VdafInstance {
[INFO] [stdout]     | --------------------- variant `Fake` not found here
[INFO] [stdout] ...
[INFO] [stdout] 808 |             &VdafInstance::Fake { rounds: 17 },
[INFO] [stdout]     |                            ^^^^ variant not found in `VdafInstance`
[INFO] [stdout] 
[INFO] [stdout] 
[INFO] [stdout] error[E0599]: no variant or associated item named `FakeFailsPrepInit` found for enum `VdafInstance` in the current scope
[INFO] [stdout]    --> src/vdaf.rs:821:28
[INFO] [stdout]     |
[INFO] [stdout] 97  | pub enum VdafInstance {
[INFO] [stdout]     | --------------------- variant or associated item `FakeFailsPrepInit` not found for this enum
[INFO] [stdout] ...
[INFO] [stdout] 821 |             &VdafInstance::FakeFailsPrepInit,
[INFO] [stdout]     |                            ^^^^^^^^^^^^^^^^^ variant or associated item not found in `VdafInstance`
[INFO] [stdout] 
[INFO] [stdout] 
[INFO] [stdout] error[E0599]: no variant or associated item named `FakeFailsPrepStep` found for enum `VdafInstance` in the current scope
[INFO] [stdout]    --> src/vdaf.rs:828:28
[INFO] [stdout]     |
[INFO] [stdout] 97  | pub enum VdafInstance {
[INFO] [stdout]     | --------------------- variant or associated item `FakeFailsPrepStep` not found for this enum
[INFO] [stdout] ...
[INFO] [stdout] 828 |             &VdafInstance::FakeFailsPrepStep,
[INFO] [stdout]     |                            ^^^^^^^^^^^^^^^^^ variant or associated item not found in `VdafInstance`
[INFO] [stdout] 
[INFO] [stdout] 
[INFO] [stdout] Some errors have detailed explanations: E0432, E0433, E0599.
[INFO] [stdout] 
[INFO] [stdout] For more information about an error, try `rustc --explain E0432`.
[INFO] [stdout] 
[INFO] [stderr] error: could not compile `janus_core` (lib test) due to 13 previous errors
[INFO] running `Command { std: "docker" "inspect" "e8287dd433403da8bd2183dc0b6bfe007fed409520c8d67ca183fdf8f8ec43d6", kill_on_drop: false }`
[INFO] running `Command { std: "docker" "rm" "-f" "e8287dd433403da8bd2183dc0b6bfe007fed409520c8d67ca183fdf8f8ec43d6", kill_on_drop: false }`
[INFO] [stdout] e8287dd433403da8bd2183dc0b6bfe007fed409520c8d67ca183fdf8f8ec43d6
