[INFO] fetching crate iterextd 0.7.0...
[INFO] testing iterextd-0.7.0 against nightly-2024-10-28 for randomize-layout
[INFO] extracting crate iterextd 0.7.0 into /workspace/builds/worker-0-tc1/source
[INFO] validating manifest of crates.io crate iterextd 0.7.0 on toolchain nightly-2024-10-28
[INFO] running `Command { std: CARGO_HOME="/workspace/cargo-home" RUSTUP_HOME="/workspace/rustup-home" "/workspace/cargo-home/bin/cargo" "+nightly-2024-10-28" "metadata" "--manifest-path" "Cargo.toml" "--no-deps", kill_on_drop: false }`
[INFO] started tweaking crates.io crate iterextd 0.7.0
[INFO] removed 0 missing tests
[INFO] finished tweaking crates.io crate iterextd 0.7.0
[INFO] tweaked toml for crates.io crate iterextd 0.7.0 written to /workspace/builds/worker-0-tc1/source/Cargo.toml
[INFO] running `Command { std: CARGO_HOME="/workspace/cargo-home" RUSTUP_HOME="/workspace/rustup-home" "/workspace/cargo-home/bin/cargo" "+nightly-2024-10-28" "generate-lockfile" "--manifest-path" "Cargo.toml", kill_on_drop: false }`
[INFO] [stderr]     Updating crates.io index
[INFO] [stderr]      Locking 94 packages to latest compatible versions
[INFO] [stderr]       Adding itertools v0.12.1 (available: v0.13.0)
[INFO] running `Command { std: CARGO_HOME="/workspace/cargo-home" RUSTUP_HOME="/workspace/rustup-home" "/workspace/cargo-home/bin/cargo" "+nightly-2024-10-28" "fetch" "--manifest-path" "Cargo.toml", kill_on_drop: false }`
[INFO] [stderr]  Downloading crates ...
[INFO] [stderr]   Downloaded from_tup_macro v0.1.0
[INFO] [stderr]   Downloaded try_tup_to_arr_macro v0.1.0
[INFO] [stderr]   Downloaded num_convert v0.7.2
[INFO] running `Command { std: "docker" "create" "-v" "/var/lib/crater-agent-workspace/builds/worker-0-tc1/target:/opt/rustwide/target:rw,Z" "-v" "/var/lib/crater-agent-workspace/builds/worker-0-tc1/source:/opt/rustwide/workdir:ro,Z" "-v" "/var/lib/crater-agent-workspace/cargo-home:/opt/rustwide/cargo-home:ro,Z" "-v" "/var/lib/crater-agent-workspace/rustup-home:/opt/rustwide/rustup-home:ro,Z" "-e" "SOURCE_DIR=/opt/rustwide/workdir" "-e" "CARGO_TARGET_DIR=/opt/rustwide/target" "-e" "CARGO_HOME=/opt/rustwide/cargo-home" "-e" "RUSTUP_HOME=/opt/rustwide/rustup-home" "-w" "/opt/rustwide/workdir" "-m" "1610612736" "--user" "0:0" "--network" "none" "ghcr.io/rust-lang/crates-build-env/linux@sha256:4a844ea9eb2546a2d2c7022eacef16ef2e8229c7fbb2c7d4d55a9ceca922f72d" "/opt/rustwide/cargo-home/bin/cargo" "+nightly-2024-10-28" "metadata" "--no-deps" "--format-version=1", kill_on_drop: false }`
[INFO] [stdout] 15310da81ec88d8b44befb0c3e3ed916c5a740c71574ce2e7a748d94795de35a
[INFO] running `Command { std: "docker" "start" "-a" "15310da81ec88d8b44befb0c3e3ed916c5a740c71574ce2e7a748d94795de35a", kill_on_drop: false }`
[INFO] running `Command { std: "docker" "inspect" "15310da81ec88d8b44befb0c3e3ed916c5a740c71574ce2e7a748d94795de35a", kill_on_drop: false }`
[INFO] running `Command { std: "docker" "rm" "-f" "15310da81ec88d8b44befb0c3e3ed916c5a740c71574ce2e7a748d94795de35a", kill_on_drop: false }`
[INFO] [stdout] 15310da81ec88d8b44befb0c3e3ed916c5a740c71574ce2e7a748d94795de35a
[INFO] running `Command { std: "docker" "create" "-v" "/var/lib/crater-agent-workspace/builds/worker-0-tc1/target:/opt/rustwide/target:rw,Z" "-v" "/var/lib/crater-agent-workspace/builds/worker-0-tc1/source:/opt/rustwide/workdir:ro,Z" "-v" "/var/lib/crater-agent-workspace/cargo-home:/opt/rustwide/cargo-home:ro,Z" "-v" "/var/lib/crater-agent-workspace/rustup-home:/opt/rustwide/rustup-home:ro,Z" "-e" "SOURCE_DIR=/opt/rustwide/workdir" "-e" "CARGO_TARGET_DIR=/opt/rustwide/target" "-e" "CARGO_INCREMENTAL=0" "-e" "RUST_BACKTRACE=full" "-e" "RUSTFLAGS=--cap-lints=forbid" "-e" "RUSTDOCFLAGS=--cap-lints=forbid" "-e" "CARGO_HOME=/opt/rustwide/cargo-home" "-e" "RUSTUP_HOME=/opt/rustwide/rustup-home" "-w" "/opt/rustwide/workdir" "-m" "1610612736" "--user" "0:0" "--network" "none" "ghcr.io/rust-lang/crates-build-env/linux@sha256:4a844ea9eb2546a2d2c7022eacef16ef2e8229c7fbb2c7d4d55a9ceca922f72d" "/opt/rustwide/cargo-home/bin/cargo" "+nightly-2024-10-28" "build" "--frozen" "--message-format=json", kill_on_drop: false }`
[INFO] [stdout] 97624a019a9e0e52ddcade2286a1702d7a9d1f432317a062972ea6a725b07112
[INFO] running `Command { std: "docker" "start" "-a" "97624a019a9e0e52ddcade2286a1702d7a9d1f432317a062972ea6a725b07112", kill_on_drop: false }`
[INFO] [stderr]    Compiling num-traits v0.2.19
[INFO] [stderr]    Compiling try_tup_to_arr_macro v0.1.0
[INFO] [stderr]    Compiling from_tup_macro v0.1.0
[INFO] [stderr]    Compiling either v1.13.0
[INFO] [stderr]    Compiling fixedbitset v0.5.7
[INFO] [stderr]    Compiling num_convert v0.7.2
[INFO] [stderr]    Compiling itertools v0.12.1
[INFO] [stderr]    Compiling num-integer v0.1.46
[INFO] [stderr]    Compiling num-complex v0.4.6
[INFO] [stderr]    Compiling num-bigint v0.4.6
[INFO] [stderr]    Compiling num-iter v0.1.45
[INFO] [stderr]    Compiling num-rational v0.4.2
[INFO] [stderr]    Compiling num v0.4.3
[INFO] [stderr]    Compiling iterextd v0.7.0 (/opt/rustwide/workdir)
[INFO] [stderr]     Finished `dev` profile [unoptimized + debuginfo] target(s) in 3.49s
[INFO] running `Command { std: "docker" "inspect" "97624a019a9e0e52ddcade2286a1702d7a9d1f432317a062972ea6a725b07112", kill_on_drop: false }`
[INFO] running `Command { std: "docker" "rm" "-f" "97624a019a9e0e52ddcade2286a1702d7a9d1f432317a062972ea6a725b07112", kill_on_drop: false }`
[INFO] [stdout] 97624a019a9e0e52ddcade2286a1702d7a9d1f432317a062972ea6a725b07112
[INFO] running `Command { std: "docker" "create" "-v" "/var/lib/crater-agent-workspace/builds/worker-0-tc1/target:/opt/rustwide/target:rw,Z" "-v" "/var/lib/crater-agent-workspace/builds/worker-0-tc1/source:/opt/rustwide/workdir:ro,Z" "-v" "/var/lib/crater-agent-workspace/cargo-home:/opt/rustwide/cargo-home:ro,Z" "-v" "/var/lib/crater-agent-workspace/rustup-home:/opt/rustwide/rustup-home:ro,Z" "-e" "SOURCE_DIR=/opt/rustwide/workdir" "-e" "CARGO_TARGET_DIR=/opt/rustwide/target" "-e" "CARGO_INCREMENTAL=0" "-e" "RUST_BACKTRACE=full" "-e" "RUSTFLAGS=--cap-lints=forbid" "-e" "RUSTDOCFLAGS=--cap-lints=forbid" "-e" "CARGO_HOME=/opt/rustwide/cargo-home" "-e" "RUSTUP_HOME=/opt/rustwide/rustup-home" "-w" "/opt/rustwide/workdir" "-m" "1610612736" "--user" "0:0" "--network" "none" "ghcr.io/rust-lang/crates-build-env/linux@sha256:4a844ea9eb2546a2d2c7022eacef16ef2e8229c7fbb2c7d4d55a9ceca922f72d" "/opt/rustwide/cargo-home/bin/cargo" "+nightly-2024-10-28" "test" "--frozen" "--no-run" "--message-format=json", kill_on_drop: false }`
[INFO] [stdout] 2350f80cb0eb1e18fa12bac3c809186dbd6ad42e73ed06fd54f28dbf9aaf28c0
[INFO] running `Command { std: "docker" "start" "-a" "2350f80cb0eb1e18fa12bac3c809186dbd6ad42e73ed06fd54f28dbf9aaf28c0", kill_on_drop: false }`
[INFO] [stderr]    Compiling serde v1.0.214
[INFO] [stderr]    Compiling num-traits v0.2.19
[INFO] [stderr]    Compiling half v2.4.1
[INFO] [stderr]    Compiling plotters-backend v0.3.7
[INFO] [stderr]    Compiling target-triple v0.1.3
[INFO] [stderr]    Compiling ciborium-io v0.2.2
[INFO] [stderr]    Compiling anstyle v1.0.9
[INFO] [stderr]    Compiling regex-syntax v0.8.5
[INFO] [stderr]    Compiling clap_lex v0.7.2
[INFO] [stderr]    Compiling clap_builder v4.5.20
[INFO] [stderr]    Compiling itertools v0.10.5
[INFO] [stderr]    Compiling plotters-svg v0.3.7
[INFO] [stderr]    Compiling ciborium-ll v0.2.2
[INFO] [stderr]    Compiling same-file v1.0.6
[INFO] [stderr]    Compiling cast v0.3.0
[INFO] [stderr]    Compiling walkdir v2.5.0
[INFO] [stderr]    Compiling is-terminal v0.4.13
[INFO] [stderr]    Compiling rayon v1.10.0
[INFO] [stderr]    Compiling anes v0.1.6
[INFO] [stderr]    Compiling oorandom v11.1.4
[INFO] [stderr]    Compiling termcolor v1.4.1
[INFO] [stderr]    Compiling num-integer v0.1.46
[INFO] [stderr]    Compiling num-complex v0.4.6
[INFO] [stderr]    Compiling num-bigint v0.4.6
[INFO] [stderr]    Compiling regex-automata v0.4.8
[INFO] [stderr]    Compiling num-iter v0.1.45
[INFO] [stderr]    Compiling plotters v0.3.7
[INFO] [stderr]    Compiling criterion-plot v0.5.0
[INFO] [stderr]    Compiling clap v4.5.20
[INFO] [stderr]    Compiling glob v0.3.1
[INFO] [stderr]    Compiling approx v0.5.1
[INFO] [stderr]    Compiling num-rational v0.4.2
[INFO] [stderr]    Compiling regex v1.11.1
[INFO] [stderr]    Compiling num v0.4.3
[INFO] [stderr]    Compiling iterextd v0.7.0 (/opt/rustwide/workdir)
[INFO] [stderr]    Compiling serde_spanned v0.6.8
[INFO] [stderr]    Compiling toml_datetime v0.6.8
[INFO] [stderr]    Compiling serde_json v1.0.132
[INFO] [stderr]    Compiling ciborium v0.2.2
[INFO] [stderr]    Compiling toml_edit v0.22.22
[INFO] [stderr]    Compiling tinytemplate v1.2.1
[INFO] [stderr]    Compiling criterion v0.5.1
[INFO] [stderr]    Compiling toml v0.8.19
[INFO] [stderr]    Compiling trybuild v1.0.101
[INFO] [stdout] error[E0432]: unresolved import `iterextd::TupleItern`
[INFO] [stdout]    --> tests/test_tuple_itern.rs:1:5
[INFO] [stdout]     |
[INFO] [stdout] 1   | use iterextd::TupleItern;
[INFO] [stdout]     |     ^^^^^^^^^^----------
[INFO] [stdout]     |     |         |
[INFO] [stdout]     |     |         help: a similar name exists in the module: `TupleIter`
[INFO] [stdout]     |     no `TupleItern` in the root
[INFO] [stdout]     |
[INFO] [stdout] note: found an item that was configured out
[INFO] [stdout]    --> /opt/rustwide/workdir/src/lib.rs:103:39
[INFO] [stdout]     |
[INFO] [stdout] 103 | pub use crate::iterator::trait_itern::TupleItern;
[INFO] [stdout]     |                                       ^^^^^^^^^^
[INFO] [stdout] note: the item is gated behind the `itern` feature
[INFO] [stdout]    --> /opt/rustwide/workdir/src/lib.rs:101:7
[INFO] [stdout]     |
[INFO] [stdout] 101 | #[cfg(feature = "itern")]
[INFO] [stdout]     |       ^^^^^^^^^^^^^^^^^
[INFO] [stdout] 
[INFO] [stdout] 
[INFO] [stdout] error[E0599]: no method named `tuple_itern` found for tuple `(&str, &str)` in the current scope
[INFO] [stdout]   --> tests/test_tuple_itern.rs:11:28
[INFO] [stdout]    |
[INFO] [stdout] 11 |     let mut tup_iter = tup.tuple_itern::<2>();
[INFO] [stdout]    |                            ^^^^^^^^^^^
[INFO] [stdout]    |
[INFO] [stdout] help: there is a method `tuple_iter` with a similar name
[INFO] [stdout]    |
[INFO] [stdout] 11 |     let mut tup_iter = tup.tuple_iter::<2>();
[INFO] [stdout]    |                            ~~~~~~~~~~
[INFO] [stdout] 
[INFO] [stdout] 
[INFO] [stdout] error[E0599]: no method named `tuple_itern` found for tuple `(String, String)` in the current scope
[INFO] [stdout]   --> tests/test_tuple_itern.rs:20:28
[INFO] [stdout]    |
[INFO] [stdout] 20 |     let mut tup_iter = tup.tuple_itern::<2>();
[INFO] [stdout]    |                            ^^^^^^^^^^^
[INFO] [stdout]    |
[INFO] [stdout] help: there is a method `tuple_iter` with a similar name
[INFO] [stdout]    |
[INFO] [stdout] 20 |     let mut tup_iter = tup.tuple_iter::<2>();
[INFO] [stdout]    |                            ~~~~~~~~~~
[INFO] [stdout] 
[INFO] [stdout] 
[INFO] [stdout] error[E0599]: no method named `tuple_itern` found for tuple `({float}, {float}, {float})` in the current scope
[INFO] [stdout]   --> tests/test_tuple_itern.rs:29:28
[INFO] [stdout]    |
[INFO] [stdout] 29 |     let mut tup_iter = tup.tuple_itern::<2>();
[INFO] [stdout]    |                            ^^^^^^^^^^^
[INFO] [stdout]    |
[INFO] [stdout] help: there is a method `tuple_iter` with a similar name
[INFO] [stdout]    |
[INFO] [stdout] 29 |     let mut tup_iter = tup.tuple_iter::<2>();
[INFO] [stdout]    |                            ~~~~~~~~~~
[INFO] [stdout] 
[INFO] [stdout] 
[INFO] [stdout] error[E0599]: no method named `tuple_itern` found for tuple `(Vec<{integer}>, Vec<{integer}>)` in the current scope
[INFO] [stdout]   --> tests/test_tuple_itern.rs:38:28
[INFO] [stdout]    |
[INFO] [stdout] 38 |     let mut tup_iter = tup.tuple_itern::<2>();
[INFO] [stdout]    |                            ^^^^^^^^^^^
[INFO] [stdout]    |
[INFO] [stdout] help: there is a method `tuple_iter` with a similar name
[INFO] [stdout]    |
[INFO] [stdout] 38 |     let mut tup_iter = tup.tuple_iter::<2>();
[INFO] [stdout]    |                            ~~~~~~~~~~
[INFO] [stdout] 
[INFO] [stdout] 
[INFO] [stdout] error[E0599]: no method named `tuple_itern` found for tuple `(TestEnum, TestEnum, TestEnum)` in the current scope
[INFO] [stdout]   --> tests/test_tuple_itern.rs:58:28
[INFO] [stdout]    |
[INFO] [stdout] 58 |     let mut tup_iter = tup.tuple_itern::<3>();
[INFO] [stdout]    |                            ^^^^^^^^^^^
[INFO] [stdout]    |
[INFO] [stdout] help: there is a method `tuple_iter` with a similar name
[INFO] [stdout]    |
[INFO] [stdout] 58 |     let mut tup_iter = tup.tuple_iter::<3>();
[INFO] [stdout]    |                            ~~~~~~~~~~
[INFO] [stdout] 
[INFO] [stdout] 
[INFO] [stdout] error[E0599]: no method named `tuple_itern` found for tuple `(TestStruct, TestStruct)` in the current scope
[INFO] [stdout]   --> tests/test_tuple_itern.rs:86:28
[INFO] [stdout]    |
[INFO] [stdout] 86 |     let mut tup_iter = tup.tuple_itern::<2>();
[INFO] [stdout]    |                            ^^^^^^^^^^^
[INFO] [stdout]    |
[INFO] [stdout] help: there is a method `tuple_iter` with a similar name
[INFO] [stdout]    |
[INFO] [stdout] 86 |     let mut tup_iter = tup.tuple_iter::<2>();
[INFO] [stdout]    |                            ~~~~~~~~~~
[INFO] [stdout] 
[INFO] [stdout] 
[INFO] [stdout] error[E0599]: no method named `tuple_itern_mut` found for tuple `(&str, &str)` in the current scope
[INFO] [stdout]    --> tests/test_tuple_itern.rs:107:28
[INFO] [stdout]     |
[INFO] [stdout] 107 |     let mut tup_iter = tup.tuple_itern_mut::<2>();
[INFO] [stdout]     |                            ^^^^^^^^^^^^^^^
[INFO] [stdout]     |
[INFO] [stdout] help: there is a method `tuple_iter_mut` with a similar name
[INFO] [stdout]     |
[INFO] [stdout] 107 |     let mut tup_iter = tup.tuple_iter_mut::<2>();
[INFO] [stdout]     |                            ~~~~~~~~~~~~~~
[INFO] [stdout] 
[INFO] [stdout] 
[INFO] [stdout] error[E0599]: no method named `tuple_itern_mut` found for tuple `(String, String)` in the current scope
[INFO] [stdout]    --> tests/test_tuple_itern.rs:123:28
[INFO] [stdout]     |
[INFO] [stdout] 123 |     let mut tup_iter = tup.tuple_itern_mut::<2>();
[INFO] [stdout]     |                            ^^^^^^^^^^^^^^^
[INFO] [stdout]     |
[INFO] [stdout] help: there is a method `tuple_iter_mut` with a similar name
[INFO] [stdout]     |
[INFO] [stdout] 123 |     let mut tup_iter = tup.tuple_iter_mut::<2>();
[INFO] [stdout]     |                            ~~~~~~~~~~~~~~
[INFO] [stdout] 
[INFO] [stdout] 
[INFO] [stdout] error[E0599]: no method named `tuple_itern_mut` found for tuple `({float}, {float}, {float})` in the current scope
[INFO] [stdout]    --> tests/test_tuple_itern.rs:142:28
[INFO] [stdout]     |
[INFO] [stdout] 142 |     let mut tup_iter = tup.tuple_itern_mut::<3>();
[INFO] [stdout]     |                            ^^^^^^^^^^^^^^^
[INFO] [stdout]     |
[INFO] [stdout] help: there is a method `tuple_iter_mut` with a similar name
[INFO] [stdout]     |
[INFO] [stdout] 142 |     let mut tup_iter = tup.tuple_iter_mut::<3>();
[INFO] [stdout]     |                            ~~~~~~~~~~~~~~
[INFO] [stdout] 
[INFO] [stdout] 
[INFO] [stdout] error[E0599]: no method named `tuple_itern_mut` found for tuple `(Vec<{integer}>, Vec<{integer}>)` in the current scope
[INFO] [stdout]    --> tests/test_tuple_itern.rs:162:28
[INFO] [stdout]     |
[INFO] [stdout] 162 |     let mut tup_iter = tup.tuple_itern_mut::<2>();
[INFO] [stdout]     |                            ^^^^^^^^^^^^^^^
[INFO] [stdout]     |
[INFO] [stdout] help: there is a method `tuple_iter_mut` with a similar name
[INFO] [stdout]     |
[INFO] [stdout] 162 |     let mut tup_iter = tup.tuple_iter_mut::<2>();
[INFO] [stdout]     |                            ~~~~~~~~~~~~~~
[INFO] [stdout] 
[INFO] [stdout] 
[INFO] [stdout] error[E0599]: no method named `tuple_itern_mut` found for tuple `(TestEnum, TestEnum, TestEnum)` in the current scope
[INFO] [stdout]    --> tests/test_tuple_itern.rs:182:28
[INFO] [stdout]     |
[INFO] [stdout] 182 |     let mut tup_iter = tup.tuple_itern_mut::<3>();
[INFO] [stdout]     |                            ^^^^^^^^^^^^^^^
[INFO] [stdout]     |
[INFO] [stdout] help: there is a method `tuple_iter_mut` with a similar name
[INFO] [stdout]     |
[INFO] [stdout] 182 |     let mut tup_iter = tup.tuple_iter_mut::<3>();
[INFO] [stdout]     |                            ~~~~~~~~~~~~~~
[INFO] [stdout] 
[INFO] [stdout] 
[INFO] [stdout] error[E0614]: type `i32` cannot be dereferenced
[INFO] [stdout]    --> tests/test_tuple_itern.rs:190:13
[INFO] [stdout]     |
[INFO] [stdout] 190 |             *value += 1;
[INFO] [stdout]     |             ^^^^^^
[INFO] [stdout] 
[INFO] [stdout] 
[INFO] [stdout] error[E0599]: no method named `tuple_itern_mut` found for tuple `(TestStruct, TestStruct)` in the current scope
[INFO] [stdout]    --> tests/test_tuple_itern.rs:222:28
[INFO] [stdout]     |
[INFO] [stdout] 222 |     let mut tup_iter = tup.tuple_itern_mut::<2>();
[INFO] [stdout]     |                            ^^^^^^^^^^^^^^^
[INFO] [stdout]     |
[INFO] [stdout] help: there is a method `tuple_iter_mut` with a similar name
[INFO] [stdout]     |
[INFO] [stdout] 222 |     let mut tup_iter = tup.tuple_iter_mut::<2>();
[INFO] [stdout]     |                            ~~~~~~~~~~~~~~
[INFO] [stdout] 
[INFO] [stdout] 
[INFO] [stdout] error[E0599]: no method named `tuple_itern` found for tuple `(&str, &str)` in the current scope
[INFO] [stdout]    --> tests/test_tuple_itern.rs:252:28
[INFO] [stdout]     |
[INFO] [stdout] 252 |     let mut tup_iter = tup.tuple_itern::<2>();
[INFO] [stdout]     |                            ^^^^^^^^^^^
[INFO] [stdout]     |
[INFO] [stdout] help: there is a method `tuple_iter` with a similar name
[INFO] [stdout]     |
[INFO] [stdout] 252 |     let mut tup_iter = tup.tuple_iter::<2>();
[INFO] [stdout]     |                            ~~~~~~~~~~
[INFO] [stdout] 
[INFO] [stdout] 
[INFO] [stdout] error[E0599]: no method named `tuple_itern` found for tuple `(String, String)` in the current scope
[INFO] [stdout]    --> tests/test_tuple_itern.rs:261:28
[INFO] [stdout]     |
[INFO] [stdout] 261 |     let mut tup_iter = tup.tuple_itern::<2>();
[INFO] [stdout]     |                            ^^^^^^^^^^^
[INFO] [stdout]     |
[INFO] [stdout] help: there is a method `tuple_iter` with a similar name
[INFO] [stdout]     |
[INFO] [stdout] 261 |     let mut tup_iter = tup.tuple_iter::<2>();
[INFO] [stdout]     |                            ~~~~~~~~~~
[INFO] [stdout] 
[INFO] [stdout] 
[INFO] [stdout] error[E0599]: no method named `tuple_itern` found for tuple `({float}, {float}, {float})` in the current scope
[INFO] [stdout]    --> tests/test_tuple_itern.rs:270:28
[INFO] [stdout]     |
[INFO] [stdout] 270 |     let mut tup_iter = tup.tuple_itern::<3>();
[INFO] [stdout]     |                            ^^^^^^^^^^^
[INFO] [stdout]     |
[INFO] [stdout] help: there is a method `tuple_iter` with a similar name
[INFO] [stdout]     |
[INFO] [stdout] 270 |     let mut tup_iter = tup.tuple_iter::<3>();
[INFO] [stdout]     |                            ~~~~~~~~~~
[INFO] [stdout] 
[INFO] [stdout] 
[INFO] [stdout] error[E0599]: no method named `tuple_itern` found for tuple `(Vec<{integer}>, Vec<{integer}>)` in the current scope
[INFO] [stdout]    --> tests/test_tuple_itern.rs:280:28
[INFO] [stdout]     |
[INFO] [stdout] 280 |     let mut tup_iter = tup.tuple_itern::<2>();
[INFO] [stdout]     |                            ^^^^^^^^^^^
[INFO] [stdout]     |
[INFO] [stdout] help: there is a method `tuple_iter` with a similar name
[INFO] [stdout]     |
[INFO] [stdout] 280 |     let mut tup_iter = tup.tuple_iter::<2>();
[INFO] [stdout]     |                            ~~~~~~~~~~
[INFO] [stdout] 
[INFO] [stdout] 
[INFO] [stdout] error[E0599]: no method named `tuple_itern` found for tuple `(TestEnum, TestEnum, TestEnum)` in the current scope
[INFO] [stdout]    --> tests/test_tuple_itern.rs:293:28
[INFO] [stdout]     |
[INFO] [stdout] 293 |     let mut tup_iter = tup.tuple_itern::<3>();
[INFO] [stdout]     |                            ^^^^^^^^^^^
[INFO] [stdout]     |
[INFO] [stdout] help: there is a method `tuple_iter` with a similar name
[INFO] [stdout]     |
[INFO] [stdout] 293 |     let mut tup_iter = tup.tuple_iter::<3>();
[INFO] [stdout]     |                            ~~~~~~~~~~
[INFO] [stdout] 
[INFO] [stdout] 
[INFO] [stdout] error[E0599]: no method named `tuple_itern` found for tuple `(TestStruct, TestStruct)` in the current scope
[INFO] [stdout]    --> tests/test_tuple_itern.rs:315:28
[INFO] [stdout]     |
[INFO] [stdout] 315 |     let mut tup_iter = tup.tuple_itern::<2>();
[INFO] [stdout]     |                            ^^^^^^^^^^^
[INFO] [stdout]     |
[INFO] [stdout] help: there is a method `tuple_iter` with a similar name
[INFO] [stdout]     |
[INFO] [stdout] 315 |     let mut tup_iter = tup.tuple_iter::<2>();
[INFO] [stdout]     |                            ~~~~~~~~~~
[INFO] [stdout] 
[INFO] [stdout] 
[INFO] [stdout] error[E0599]: no method named `tuple_itern` found for tuple `(&str, &str)` in the current scope
[INFO] [stdout]    --> tests/test_tuple_itern.rs:336:24
[INFO] [stdout]     |
[INFO] [stdout] 336 |     let tup_iter = tup.tuple_itern::<2>();
[INFO] [stdout]     |                        ^^^^^^^^^^^
[INFO] [stdout]     |
[INFO] [stdout] help: there is a method `tuple_iter` with a similar name
[INFO] [stdout]     |
[INFO] [stdout] 336 |     let tup_iter = tup.tuple_iter::<2>();
[INFO] [stdout]     |                        ~~~~~~~~~~
[INFO] [stdout] 
[INFO] [stdout] 
[INFO] [stdout] error[E0599]: no method named `tuple_itern` found for tuple `(String, String)` in the current scope
[INFO] [stdout]    --> tests/test_tuple_itern.rs:343:24
[INFO] [stdout]     |
[INFO] [stdout] 343 |     let tup_iter = tup.tuple_itern::<2>();
[INFO] [stdout]     |                        ^^^^^^^^^^^
[INFO] [stdout]     |
[INFO] [stdout] help: there is a method `tuple_iter` with a similar name
[INFO] [stdout]     |
[INFO] [stdout] 343 |     let tup_iter = tup.tuple_iter::<2>();
[INFO] [stdout]     |                        ~~~~~~~~~~
[INFO] [stdout] 
[INFO] [stdout] 
[INFO] [stdout] error[E0599]: no method named `tuple_itern` found for tuple `({float}, {float})` in the current scope
[INFO] [stdout]    --> tests/test_tuple_itern.rs:350:24
[INFO] [stdout]     |
[INFO] [stdout] 350 |     let tup_iter = tup.tuple_itern::<2>();
[INFO] [stdout]     |                        ^^^^^^^^^^^
[INFO] [stdout]     |
[INFO] [stdout] help: there is a method `tuple_iter` with a similar name
[INFO] [stdout]     |
[INFO] [stdout] 350 |     let tup_iter = tup.tuple_iter::<2>();
[INFO] [stdout]     |                        ~~~~~~~~~~
[INFO] [stdout] 
[INFO] [stdout] 
[INFO] [stdout] error[E0599]: no method named `tuple_itern` found for tuple `(Vec<{integer}>, Vec<{integer}>)` in the current scope
[INFO] [stdout]    --> tests/test_tuple_itern.rs:357:24
[INFO] [stdout]     |
[INFO] [stdout] 357 |     let tup_iter = tup.tuple_itern::<2>();
[INFO] [stdout]     |                        ^^^^^^^^^^^
[INFO] [stdout]     |
[INFO] [stdout] help: there is a method `tuple_iter` with a similar name
[INFO] [stdout]     |
[INFO] [stdout] 357 |     let tup_iter = tup.tuple_iter::<2>();
[INFO] [stdout]     |                        ~~~~~~~~~~
[INFO] [stdout] 
[INFO] [stdout] 
[INFO] [stdout] error[E0599]: no method named `tuple_itern` found for tuple `(TestEnum, TestEnum, TestEnum)` in the current scope
[INFO] [stdout]    --> tests/test_tuple_itern.rs:368:24
[INFO] [stdout]     |
[INFO] [stdout] 368 |     let tup_iter = tup.tuple_itern::<3>();
[INFO] [stdout]     |                        ^^^^^^^^^^^
[INFO] [stdout]     |
[INFO] [stdout] help: there is a method `tuple_iter` with a similar name
[INFO] [stdout]     |
[INFO] [stdout] 368 |     let tup_iter = tup.tuple_iter::<3>();
[INFO] [stdout]     |                        ~~~~~~~~~~
[INFO] [stdout] 
[INFO] [stdout] 
[INFO] [stdout] error[E0599]: no method named `tuple_itern` found for tuple `(TestStruct, TestStruct)` in the current scope
[INFO] [stdout]    --> tests/test_tuple_itern.rs:384:24
[INFO] [stdout]     |
[INFO] [stdout] 384 |     let tup_iter = tup.tuple_itern::<2>();
[INFO] [stdout]     |                        ^^^^^^^^^^^
[INFO] [stdout]     |
[INFO] [stdout] help: there is a method `tuple_iter` with a similar name
[INFO] [stdout]     |
[INFO] [stdout] 384 |     let tup_iter = tup.tuple_iter::<2>();
[INFO] [stdout]     |                        ~~~~~~~~~~
[INFO] [stdout] 
[INFO] [stdout] 
[INFO] [stdout] error[E0599]: no method named `tuple_itern` found for tuple `(&{integer},)` in the current scope
[INFO] [stdout]    --> tests/test_tuple_itern.rs:392:24
[INFO] [stdout]     |
[INFO] [stdout] 392 |     let mut iter = tup.tuple_itern::<1>();
[INFO] [stdout]     |                        ^^^^^^^^^^^
[INFO] [stdout]     |
[INFO] [stdout] help: there is a method `tuple_iter` with a similar name
[INFO] [stdout]     |
[INFO] [stdout] 392 |     let mut iter = tup.tuple_iter::<1>();
[INFO] [stdout]     |                        ~~~~~~~~~~
[INFO] [stdout] 
[INFO] [stdout] 
[INFO] [stdout] error[E0599]: no method named `tuple_itern` found for tuple `({integer},)` in the current scope
[INFO] [stdout]    --> tests/test_tuple_itern.rs:401:28
[INFO] [stdout]     |
[INFO] [stdout] 401 |     let mut tup_iter = tup.tuple_itern::<1>();
[INFO] [stdout]     |                            ^^^^^^^^^^^
[INFO] [stdout]     |
[INFO] [stdout] help: there is a method `tuple_iter` with a similar name
[INFO] [stdout]     |
[INFO] [stdout] 401 |     let mut tup_iter = tup.tuple_iter::<1>();
[INFO] [stdout]     |                            ~~~~~~~~~~
[INFO] [stdout] 
[INFO] [stdout] 
[INFO] [stdout] error[E0599]: no method named `tuple_itern` found for tuple `(bool, bool)` in the current scope
[INFO] [stdout]    --> tests/test_tuple_itern.rs:409:28
[INFO] [stdout]     |
[INFO] [stdout] 409 |     let mut tup_iter = tup.tuple_itern::<2>();
[INFO] [stdout]     |                            ^^^^^^^^^^^
[INFO] [stdout]     |
[INFO] [stdout] help: there is a method `tuple_iter` with a similar name
[INFO] [stdout]     |
[INFO] [stdout] 409 |     let mut tup_iter = tup.tuple_iter::<2>();
[INFO] [stdout]     |                            ~~~~~~~~~~
[INFO] [stdout] 
[INFO] [stdout] 
[INFO] [stdout] error[E0599]: no method named `tuple_itern` found for tuple `(char, char, char)` in the current scope
[INFO] [stdout]    --> tests/test_tuple_itern.rs:418:28
[INFO] [stdout]     |
[INFO] [stdout] 418 |     let mut tup_iter = tup.tuple_itern::<3>();
[INFO] [stdout]     |                            ^^^^^^^^^^^
[INFO] [stdout]     |
[INFO] [stdout] help: there is a method `tuple_iter` with a similar name
[INFO] [stdout]     |
[INFO] [stdout] 418 |     let mut tup_iter = tup.tuple_iter::<3>();
[INFO] [stdout]     |                            ~~~~~~~~~~
[INFO] [stdout] 
[INFO] [stdout] 
[INFO] [stdout] error[E0599]: no method named `tuple_itern` found for tuple `(char, char, char, char)` in the current scope
[INFO] [stdout]    --> tests/test_tuple_itern.rs:428:28
[INFO] [stdout]     |
[INFO] [stdout] 428 |     let mut tup_iter = tup.tuple_itern::<4>();
[INFO] [stdout]     |                            ^^^^^^^^^^^
[INFO] [stdout]     |
[INFO] [stdout] help: there is a method `tuple_iter` with a similar name
[INFO] [stdout]     |
[INFO] [stdout] 428 |     let mut tup_iter = tup.tuple_iter::<4>();
[INFO] [stdout]     |                            ~~~~~~~~~~
[INFO] [stdout] 
[INFO] [stdout] 
[INFO] [stdout] error[E0599]: no method named `tuple_itern` found for tuple `(&str, &str, &str, &str, &str)` in the current scope
[INFO] [stdout]    --> tests/test_tuple_itern.rs:439:28
[INFO] [stdout]     |
[INFO] [stdout] 439 |     let mut tup_iter = tup.tuple_itern::<5>();
[INFO] [stdout]     |                            ^^^^^^^^^^^
[INFO] [stdout]     |
[INFO] [stdout] help: there is a method `tuple_iter` with a similar name
[INFO] [stdout]     |
[INFO] [stdout] 439 |     let mut tup_iter = tup.tuple_iter::<5>();
[INFO] [stdout]     |                            ~~~~~~~~~~
[INFO] [stdout] 
[INFO] [stdout] 
[INFO] [stdout] error[E0599]: no method named `tuple_itern` found for tuple `({integer}, {integer}, {integer}, {integer}, {integer}, {integer}, {integer}, {integer}, {integer}, {integer}, {integer}, {integer})` in the current scope
[INFO] [stdout]    --> tests/test_tuple_itern.rs:451:24
[INFO] [stdout]     |
[INFO] [stdout] 451 |     let mut iter = tup.tuple_itern::<12>();
[INFO] [stdout]     |                        ^^^^^^^^^^^
[INFO] [stdout]     |
[INFO] [stdout] help: there is a method `tuple_iter` with a similar name
[INFO] [stdout]     |
[INFO] [stdout] 451 |     let mut iter = tup.tuple_iter::<12>();
[INFO] [stdout]     |                        ~~~~~~~~~~
[INFO] [stdout] 
[INFO] [stdout] 
[INFO] [stdout] error[E0599]: no method named `tuple_itern` found for tuple `({integer}, {integer}, {integer}, {integer}, {integer}, {integer}, {integer}, {integer}, {integer}, {integer}, {integer})` in the current scope
[INFO] [stdout]    --> tests/test_tuple_itern.rs:461:24
[INFO] [stdout]     |
[INFO] [stdout] 461 |     let mut iter = tup.tuple_itern::<11>();
[INFO] [stdout]     |                        ^^^^^^^^^^^
[INFO] [stdout]     |
[INFO] [stdout] help: there is a method `tuple_iter` with a similar name
[INFO] [stdout]     |
[INFO] [stdout] 461 |     let mut iter = tup.tuple_iter::<11>();
[INFO] [stdout]     |                        ~~~~~~~~~~
[INFO] [stdout] 
[INFO] [stdout] 
[INFO] [stdout] error[E0599]: no method named `tuple_itern` found for tuple `({integer}, {integer}, {integer}, {integer}, {integer}, {integer}, {integer}, {integer}, {integer}, {integer})` in the current scope
[INFO] [stdout]    --> tests/test_tuple_itern.rs:471:24
[INFO] [stdout]     |
[INFO] [stdout] 471 |     let mut iter = tup.tuple_itern::<10>();
[INFO] [stdout]     |                        ^^^^^^^^^^^
[INFO] [stdout]     |
[INFO] [stdout] help: there is a method `tuple_iter` with a similar name
[INFO] [stdout]     |
[INFO] [stdout] 471 |     let mut iter = tup.tuple_iter::<10>();
[INFO] [stdout]     |                        ~~~~~~~~~~
[INFO] [stdout] 
[INFO] [stdout] 
[INFO] [stdout] error[E0599]: no method named `tuple_itern` found for tuple `({integer}, {integer}, {integer}, {integer}, {integer}, {integer}, {integer}, {integer}, {integer})` in the current scope
[INFO] [stdout]    --> tests/test_tuple_itern.rs:481:24
[INFO] [stdout]     |
[INFO] [stdout] 481 |     let mut iter = tup.tuple_itern::<9>();
[INFO] [stdout]     |                        ^^^^^^^^^^^
[INFO] [stdout]     |
[INFO] [stdout] help: there is a method `tuple_iter` with a similar name
[INFO] [stdout]     |
[INFO] [stdout] 481 |     let mut iter = tup.tuple_iter::<9>();
[INFO] [stdout]     |                        ~~~~~~~~~~
[INFO] [stdout] 
[INFO] [stdout] 
[INFO] [stdout] error[E0599]: no method named `tuple_itern` found for tuple `({integer}, {integer}, {integer}, {integer}, {integer}, {integer}, {integer}, {integer})` in the current scope
[INFO] [stdout]    --> tests/test_tuple_itern.rs:491:24
[INFO] [stdout]     |
[INFO] [stdout] 491 |     let mut iter = tup.tuple_itern::<8>();
[INFO] [stdout]     |                        ^^^^^^^^^^^
[INFO] [stdout]     |
[INFO] [stdout] help: there is a method `tuple_iter` with a similar name
[INFO] [stdout]     |
[INFO] [stdout] 491 |     let mut iter = tup.tuple_iter::<8>();
[INFO] [stdout]     |                        ~~~~~~~~~~
[INFO] [stdout] 
[INFO] [stdout] 
[INFO] [stdout] error[E0599]: no method named `tuple_itern` found for tuple `({integer}, {integer}, {integer}, {integer}, {integer}, {integer}, {integer})` in the current scope
[INFO] [stdout]    --> tests/test_tuple_itern.rs:501:24
[INFO] [stdout]     |
[INFO] [stdout] 501 |     let mut iter = tup.tuple_itern::<7>();
[INFO] [stdout]     |                        ^^^^^^^^^^^
[INFO] [stdout]     |
[INFO] [stdout] help: there is a method `tuple_iter` with a similar name
[INFO] [stdout]     |
[INFO] [stdout] 501 |     let mut iter = tup.tuple_iter::<7>();
[INFO] [stdout]     |                        ~~~~~~~~~~
[INFO] [stdout] 
[INFO] [stdout] 
[INFO] [stdout] error[E0599]: no method named `tuple_itern` found for tuple `(f64, {float}, {float}, {float}, {float}, {float})` in the current scope
[INFO] [stdout]    --> tests/test_tuple_itern.rs:511:24
[INFO] [stdout]     |
[INFO] [stdout] 511 |     let mut iter = tup.tuple_itern::<6>().copied();
[INFO] [stdout]     |                        ^^^^^^^^^^^
[INFO] [stdout]     |
[INFO] [stdout] help: there is a method `tuple_iter` with a similar name
[INFO] [stdout]     |
[INFO] [stdout] 511 |     let mut iter = tup.tuple_iter::<6>().copied();
[INFO] [stdout]     |                        ~~~~~~~~~~
[INFO] [stdout] 
[INFO] [stdout] 
[INFO] [stdout] error[E0599]: no method named `tuple_itern` found for tuple `({integer}, {integer}, {integer}, {integer}, {integer})` in the current scope
[INFO] [stdout]    --> tests/test_tuple_itern.rs:521:24
[INFO] [stdout]     |
[INFO] [stdout] 521 |     let mut iter = tup.tuple_itern::<5>();
[INFO] [stdout]     |                        ^^^^^^^^^^^
[INFO] [stdout]     |
[INFO] [stdout] help: there is a method `tuple_iter` with a similar name
[INFO] [stdout]     |
[INFO] [stdout] 521 |     let mut iter = tup.tuple_iter::<5>();
[INFO] [stdout]     |                        ~~~~~~~~~~
[INFO] [stdout] 
[INFO] [stdout] 
[INFO] [stdout] error[E0599]: no method named `tuple_itern_mut` found for tuple `({integer},)` in the current scope
[INFO] [stdout]    --> tests/test_tuple_itern.rs:531:28
[INFO] [stdout]     |
[INFO] [stdout] 531 |     let mut tup_iter = tup.tuple_itern_mut::<1>();
[INFO] [stdout]     |                            ^^^^^^^^^^^^^^^
[INFO] [stdout]     |
[INFO] [stdout] help: there is a method `tuple_iter_mut` with a similar name
[INFO] [stdout]     |
[INFO] [stdout] 531 |     let mut tup_iter = tup.tuple_iter_mut::<1>();
[INFO] [stdout]     |                            ~~~~~~~~~~~~~~
[INFO] [stdout] 
[INFO] [stdout] 
[INFO] [stdout] error[E0599]: no method named `tuple_itern_mut` found for tuple `(bool, bool)` in the current scope
[INFO] [stdout]    --> tests/test_tuple_itern.rs:539:28
[INFO] [stdout]     |
[INFO] [stdout] 539 |     let mut tup_iter = tup.tuple_itern_mut::<2>();
[INFO] [stdout]     |                            ^^^^^^^^^^^^^^^
[INFO] [stdout]     |
[INFO] [stdout] help: there is a method `tuple_iter_mut` with a similar name
[INFO] [stdout]     |
[INFO] [stdout] 539 |     let mut tup_iter = tup.tuple_iter_mut::<2>();
[INFO] [stdout]     |                            ~~~~~~~~~~~~~~
[INFO] [stdout] 
[INFO] [stdout] 
[INFO] [stdout] error[E0599]: no method named `tuple_itern_mut` found for tuple `(char, char, char)` in the current scope
[INFO] [stdout]    --> tests/test_tuple_itern.rs:548:28
[INFO] [stdout]     |
[INFO] [stdout] 548 |     let mut tup_iter = tup.tuple_itern_mut::<3>();
[INFO] [stdout]     |                            ^^^^^^^^^^^^^^^
[INFO] [stdout]     |
[INFO] [stdout] help: there is a method `tuple_iter_mut` with a similar name
[INFO] [stdout]     |
[INFO] [stdout] 548 |     let mut tup_iter = tup.tuple_iter_mut::<3>();
[INFO] [stdout]     |                            ~~~~~~~~~~~~~~
[INFO] [stdout] 
[INFO] [stdout] 
[INFO] [stdout] error[E0599]: no method named `tuple_itern_mut` found for tuple `(char, char, char, char)` in the current scope
[INFO] [stdout]    --> tests/test_tuple_itern.rs:558:28
[INFO] [stdout]     |
[INFO] [stdout] 558 |     let mut tup_iter = tup.tuple_itern_mut::<4>();
[INFO] [stdout]     |                            ^^^^^^^^^^^^^^^
[INFO] [stdout]     |
[INFO] [stdout] help: there is a method `tuple_iter_mut` with a similar name
[INFO] [stdout]     |
[INFO] [stdout] 558 |     let mut tup_iter = tup.tuple_iter_mut::<4>();
[INFO] [stdout]     |                            ~~~~~~~~~~~~~~
[INFO] [stdout] 
[INFO] [stdout] 
[INFO] [stdout] error[E0599]: no method named `tuple_itern_mut` found for tuple `(&str, &str, &str, &str, &str)` in the current scope
[INFO] [stdout]    --> tests/test_tuple_itern.rs:569:28
[INFO] [stdout]     |
[INFO] [stdout] 569 |     let mut tup_iter = tup.tuple_itern_mut::<5>();
[INFO] [stdout]     |                            ^^^^^^^^^^^^^^^
[INFO] [stdout]     |
[INFO] [stdout] help: there is a method `tuple_iter_mut` with a similar name
[INFO] [stdout]     |
[INFO] [stdout] 569 |     let mut tup_iter = tup.tuple_iter_mut::<5>();
[INFO] [stdout]     |                            ~~~~~~~~~~~~~~
[INFO] [stdout] 
[INFO] [stdout] 
[INFO] [stdout] error[E0599]: no method named `tuple_itern_mut` found for tuple `({integer}, {integer}, {integer}, {integer}, {integer}, {integer}, {integer}, {integer}, {integer}, {integer}, {integer}, {integer})` in the current scope
[INFO] [stdout]    --> tests/test_tuple_itern.rs:581:24
[INFO] [stdout]     |
[INFO] [stdout] 581 |     let mut iter = tup.tuple_itern_mut::<12>();
[INFO] [stdout]     |                        ^^^^^^^^^^^^^^^
[INFO] [stdout]     |
[INFO] [stdout] help: there is a method `tuple_iter_mut` with a similar name
[INFO] [stdout]     |
[INFO] [stdout] 581 |     let mut iter = tup.tuple_iter_mut::<12>();
[INFO] [stdout]     |                        ~~~~~~~~~~~~~~
[INFO] [stdout] 
[INFO] [stdout] 
[INFO] [stdout] error[E0599]: no method named `tuple_itern_mut` found for tuple `({integer}, {integer}, {integer}, {integer}, {integer}, {integer}, {integer}, {integer}, {integer}, {integer}, {integer})` in the current scope
[INFO] [stdout]    --> tests/test_tuple_itern.rs:591:24
[INFO] [stdout]     |
[INFO] [stdout] 591 |     let mut iter = tup.tuple_itern_mut::<11>();
[INFO] [stdout]     |                        ^^^^^^^^^^^^^^^
[INFO] [stdout]     |
[INFO] [stdout] help: there is a method `tuple_iter_mut` with a similar name
[INFO] [stdout]     |
[INFO] [stdout] 591 |     let mut iter = tup.tuple_iter_mut::<11>();
[INFO] [stdout]     |                        ~~~~~~~~~~~~~~
[INFO] [stdout] 
[INFO] [stdout] 
[INFO] [stdout] error[E0599]: no method named `tuple_itern_mut` found for tuple `({integer}, {integer}, {integer}, {integer}, {integer}, {integer}, {integer}, {integer}, {integer}, {integer})` in the current scope
[INFO] [stdout]    --> tests/test_tuple_itern.rs:601:24
[INFO] [stdout]     |
[INFO] [stdout] 601 |     let mut iter = tup.tuple_itern_mut::<10>();
[INFO] [stdout]     |                        ^^^^^^^^^^^^^^^
[INFO] [stdout]     |
[INFO] [stdout] help: there is a method `tuple_iter_mut` with a similar name
[INFO] [stdout]     |
[INFO] [stdout] 601 |     let mut iter = tup.tuple_iter_mut::<10>();
[INFO] [stdout]     |                        ~~~~~~~~~~~~~~
[INFO] [stdout] 
[INFO] [stdout] 
[INFO] [stdout] error[E0599]: no method named `tuple_itern_mut` found for tuple `({integer}, {integer}, {integer}, {integer}, {integer}, {integer}, {integer}, {integer}, {integer})` in the current scope
[INFO] [stdout]    --> tests/test_tuple_itern.rs:611:24
[INFO] [stdout]     |
[INFO] [stdout] 611 |     let mut iter = tup.tuple_itern_mut::<9>();
[INFO] [stdout]     |                        ^^^^^^^^^^^^^^^
[INFO] [stdout]     |
[INFO] [stdout] help: there is a method `tuple_iter_mut` with a similar name
[INFO] [stdout]     |
[INFO] [stdout] 611 |     let mut iter = tup.tuple_iter_mut::<9>();
[INFO] [stdout]     |                        ~~~~~~~~~~~~~~
[INFO] [stdout] 
[INFO] [stdout] 
[INFO] [stdout] error[E0599]: no method named `tuple_itern_mut` found for tuple `({integer}, {integer}, {integer}, {integer}, {integer}, {integer}, {integer}, {integer})` in the current scope
[INFO] [stdout]    --> tests/test_tuple_itern.rs:621:24
[INFO] [stdout]     |
[INFO] [stdout] 621 |     let mut iter = tup.tuple_itern_mut::<8>();
[INFO] [stdout]     |                        ^^^^^^^^^^^^^^^
[INFO] [stdout]     |
[INFO] [stdout] help: there is a method `tuple_iter_mut` with a similar name
[INFO] [stdout]     |
[INFO] [stdout] 621 |     let mut iter = tup.tuple_iter_mut::<8>();
[INFO] [stdout]     |                        ~~~~~~~~~~~~~~
[INFO] [stdout] 
[INFO] [stdout] 
[INFO] [stdout] error[E0599]: no method named `tuple_itern_mut` found for tuple `({integer}, {integer}, {integer}, {integer}, {integer}, {integer}, {integer})` in the current scope
[INFO] [stdout]    --> tests/test_tuple_itern.rs:631:24
[INFO] [stdout]     |
[INFO] [stdout] 631 |     let mut iter = tup.tuple_itern_mut::<7>();
[INFO] [stdout]     |                        ^^^^^^^^^^^^^^^
[INFO] [stdout]     |
[INFO] [stdout] help: there is a method `tuple_iter_mut` with a similar name
[INFO] [stdout]     |
[INFO] [stdout] 631 |     let mut iter = tup.tuple_iter_mut::<7>();
[INFO] [stdout]     |                        ~~~~~~~~~~~~~~
[INFO] [stdout] 
[INFO] [stdout] 
[INFO] [stdout] error[E0599]: no method named `tuple_itern_mut` found for tuple `({integer}, {integer}, {integer}, {integer}, {integer}, {integer})` in the current scope
[INFO] [stdout]    --> tests/test_tuple_itern.rs:641:24
[INFO] [stdout]     |
[INFO] [stdout] 641 |     let mut iter = tup.tuple_itern_mut::<6>();
[INFO] [stdout]     |                        ^^^^^^^^^^^^^^^
[INFO] [stdout]     |
[INFO] [stdout] help: there is a method `tuple_iter_mut` with a similar name
[INFO] [stdout]     |
[INFO] [stdout] 641 |     let mut iter = tup.tuple_iter_mut::<6>();
[INFO] [stdout]     |                        ~~~~~~~~~~~~~~
[INFO] [stdout] 
[INFO] [stdout] 
[INFO] [stdout] error[E0599]: no method named `tuple_itern_mut` found for tuple `({integer}, {integer}, {integer}, {integer}, {integer})` in the current scope
[INFO] [stdout]    --> tests/test_tuple_itern.rs:651:24
[INFO] [stdout]     |
[INFO] [stdout] 651 |     let mut iter = tup.tuple_itern_mut::<5>();
[INFO] [stdout]     |                        ^^^^^^^^^^^^^^^
[INFO] [stdout]     |
[INFO] [stdout] help: there is a method `tuple_iter_mut` with a similar name
[INFO] [stdout]     |
[INFO] [stdout] 651 |     let mut iter = tup.tuple_iter_mut::<5>();
[INFO] [stdout]     |                        ~~~~~~~~~~~~~~
[INFO] [stdout] 
[INFO] [stdout] 
[INFO] [stdout] error[E0599]: no method named `tuple_itern` found for tuple `({integer}, {integer}, {integer}, {integer}, {integer}, {integer}, {integer}, {integer}, {integer}, {integer}, {integer}, {integer})` in the current scope
[INFO] [stdout]    --> tests/test_tuple_itern.rs:664:20
[INFO] [stdout]     |
[INFO] [stdout] 664 |     assert_eq!(tup.tuple_itern::<1>().collect::<Vec<_>>(), vec1);
[INFO] [stdout]     |                    ^^^^^^^^^^^
[INFO] [stdout]     |
[INFO] [stdout] help: there is a method `tuple_iter` with a similar name
[INFO] [stdout]     |
[INFO] [stdout] 664 |     assert_eq!(tup.tuple_iter::<1>().collect::<Vec<_>>(), vec1);
[INFO] [stdout]     |                    ~~~~~~~~~~
[INFO] [stdout] 
[INFO] [stdout] 
[INFO] [stdout] error[E0599]: no method named `tuple_itern` found for tuple `({integer}, {integer}, {integer}, {integer}, {integer}, {integer}, {integer}, {integer}, {integer}, {integer}, {integer}, {integer})` in the current scope
[INFO] [stdout]    --> tests/test_tuple_itern.rs:666:20
[INFO] [stdout]     |
[INFO] [stdout] 666 |     assert_eq!(tup.tuple_itern::<2>().collect::<Vec<_>>(), vec2);
[INFO] [stdout]     |                    ^^^^^^^^^^^
[INFO] [stdout]     |
[INFO] [stdout] help: there is a method `tuple_iter` with a similar name
[INFO] [stdout]     |
[INFO] [stdout] 666 |     assert_eq!(tup.tuple_iter::<2>().collect::<Vec<_>>(), vec2);
[INFO] [stdout]     |                    ~~~~~~~~~~
[INFO] [stdout] 
[INFO] [stdout] 
[INFO] [stdout] error[E0599]: no method named `tuple_itern` found for tuple `({integer}, {integer}, {integer}, {integer}, {integer}, {integer}, {integer}, {integer}, {integer}, {integer}, {integer}, {integer})` in the current scope
[INFO] [stdout]    --> tests/test_tuple_itern.rs:668:20
[INFO] [stdout]     |
[INFO] [stdout] 668 |     assert_eq!(tup.tuple_itern::<3>().collect::<Vec<_>>(), vec3);
[INFO] [stdout]     |                    ^^^^^^^^^^^
[INFO] [stdout]     |
[INFO] [stdout] help: there is a method `tuple_iter` with a similar name
[INFO] [stdout]     |
[INFO] [stdout] 668 |     assert_eq!(tup.tuple_iter::<3>().collect::<Vec<_>>(), vec3);
[INFO] [stdout]     |                    ~~~~~~~~~~
[INFO] [stdout] 
[INFO] [stdout] 
[INFO] [stdout] error[E0599]: no method named `tuple_itern` found for tuple `({integer}, {integer}, {integer}, {integer}, {integer}, {integer}, {integer}, {integer}, {integer}, {integer}, {integer}, {integer})` in the current scope
[INFO] [stdout]    --> tests/test_tuple_itern.rs:670:20
[INFO] [stdout]     |
[INFO] [stdout] 670 |     assert_eq!(tup.tuple_itern::<4>().collect::<Vec<_>>(), vec4);
[INFO] [stdout]     |                    ^^^^^^^^^^^
[INFO] [stdout]     |
[INFO] [stdout] help: there is a method `tuple_iter` with a similar name
[INFO] [stdout]     |
[INFO] [stdout] 670 |     assert_eq!(tup.tuple_iter::<4>().collect::<Vec<_>>(), vec4);
[INFO] [stdout]     |                    ~~~~~~~~~~
[INFO] [stdout] 
[INFO] [stdout] 
[INFO] [stdout] error[E0599]: no method named `tuple_itern` found for tuple `({integer}, {integer}, {integer}, {integer}, {integer}, {integer}, {integer}, {integer}, {integer}, {integer}, {integer}, {integer})` in the current scope
[INFO] [stdout]    --> tests/test_tuple_itern.rs:672:20
[INFO] [stdout]     |
[INFO] [stdout] 672 |     assert_eq!(tup.tuple_itern::<5>().collect::<Vec<_>>(), vec5);
[INFO] [stdout]     |                    ^^^^^^^^^^^
[INFO] [stdout]     |
[INFO] [stdout] help: there is a method `tuple_iter` with a similar name
[INFO] [stdout]     |
[INFO] [stdout] 672 |     assert_eq!(tup.tuple_iter::<5>().collect::<Vec<_>>(), vec5);
[INFO] [stdout]     |                    ~~~~~~~~~~
[INFO] [stdout] 
[INFO] [stdout] 
[INFO] [stdout] error[E0599]: no method named `tuple_itern` found for tuple `({integer}, {integer}, {integer}, {integer}, {integer}, {integer}, {integer}, {integer}, {integer}, {integer}, {integer}, {integer})` in the current scope
[INFO] [stdout]    --> tests/test_tuple_itern.rs:674:20
[INFO] [stdout]     |
[INFO] [stdout] 674 |     assert_eq!(tup.tuple_itern::<6>().collect::<Vec<_>>(), vec6);
[INFO] [stdout]     |                    ^^^^^^^^^^^
[INFO] [stdout]     |
[INFO] [stdout] help: there is a method `tuple_iter` with a similar name
[INFO] [stdout]     |
[INFO] [stdout] 674 |     assert_eq!(tup.tuple_iter::<6>().collect::<Vec<_>>(), vec6);
[INFO] [stdout]     |                    ~~~~~~~~~~
[INFO] [stdout] 
[INFO] [stdout] 
[INFO] [stdout] error[E0599]: no method named `tuple_itern` found for tuple `({integer}, {integer}, {integer}, {integer}, {integer}, {integer}, {integer}, {integer}, {integer}, {integer}, {integer}, {integer})` in the current scope
[INFO] [stdout]    --> tests/test_tuple_itern.rs:676:20
[INFO] [stdout]     |
[INFO] [stdout] 676 |     assert_eq!(tup.tuple_itern::<7>().collect::<Vec<_>>(), vec7);
[INFO] [stdout]     |                    ^^^^^^^^^^^
[INFO] [stdout]     |
[INFO] [stdout] help: there is a method `tuple_iter` with a similar name
[INFO] [stdout]     |
[INFO] [stdout] 676 |     assert_eq!(tup.tuple_iter::<7>().collect::<Vec<_>>(), vec7);
[INFO] [stdout]     |                    ~~~~~~~~~~
[INFO] [stdout] 
[INFO] [stdout] 
[INFO] [stdout] error[E0599]: no method named `tuple_itern` found for tuple `({integer}, {integer}, {integer}, {integer}, {integer}, {integer}, {integer}, {integer}, {integer}, {integer}, {integer}, {integer})` in the current scope
[INFO] [stdout]    --> tests/test_tuple_itern.rs:678:20
[INFO] [stdout]     |
[INFO] [stdout] 678 |     assert_eq!(tup.tuple_itern::<8>().collect::<Vec<_>>(), vec8);
[INFO] [stdout]     |                    ^^^^^^^^^^^
[INFO] [stdout]     |
[INFO] [stdout] help: there is a method `tuple_iter` with a similar name
[INFO] [stdout]     |
[INFO] [stdout] 678 |     assert_eq!(tup.tuple_iter::<8>().collect::<Vec<_>>(), vec8);
[INFO] [stdout]     |                    ~~~~~~~~~~
[INFO] [stdout] 
[INFO] [stdout] 
[INFO] [stdout] error[E0599]: no method named `tuple_itern` found for tuple `({integer}, {integer}, {integer}, {integer}, {integer}, {integer}, {integer}, {integer}, {integer}, {integer}, {integer}, {integer})` in the current scope
[INFO] [stdout]    --> tests/test_tuple_itern.rs:680:20
[INFO] [stdout]     |
[INFO] [stdout] 680 |     assert_eq!(tup.tuple_itern::<9>().collect::<Vec<_>>(), vec9);
[INFO] [stdout]     |                    ^^^^^^^^^^^
[INFO] [stdout]     |
[INFO] [stdout] help: there is a method `tuple_iter` with a similar name
[INFO] [stdout]     |
[INFO] [stdout] 680 |     assert_eq!(tup.tuple_iter::<9>().collect::<Vec<_>>(), vec9);
[INFO] [stdout]     |                    ~~~~~~~~~~
[INFO] [stdout] 
[INFO] [stdout] 
[INFO] [stdout] error[E0599]: no method named `tuple_itern` found for tuple `({integer}, {integer}, {integer}, {integer}, {integer}, {integer}, {integer}, {integer}, {integer}, {integer}, {integer}, {integer})` in the current scope
[INFO] [stdout]    --> tests/test_tuple_itern.rs:682:20
[INFO] [stdout]     |
[INFO] [stdout] 682 |     assert_eq!(tup.tuple_itern::<10>().collect::<Vec<_>>(), vec10);
[INFO] [stdout]     |                    ^^^^^^^^^^^
[INFO] [stdout]     |
[INFO] [stdout] help: there is a method `tuple_iter` with a similar name
[INFO] [stdout]     |
[INFO] [stdout] 682 |     assert_eq!(tup.tuple_iter::<10>().collect::<Vec<_>>(), vec10);
[INFO] [stdout]     |                    ~~~~~~~~~~
[INFO] [stdout] 
[INFO] [stdout] 
[INFO] [stdout] error[E0599]: no method named `tuple_itern` found for tuple `({integer}, {integer}, {integer}, {integer}, {integer}, {integer}, {integer}, {integer}, {integer}, {integer}, {integer}, {integer})` in the current scope
[INFO] [stdout]    --> tests/test_tuple_itern.rs:684:20
[INFO] [stdout]     |
[INFO] [stdout] 684 |     assert_eq!(tup.tuple_itern::<11>().collect::<Vec<_>>(), vec11);
[INFO] [stdout]     |                    ^^^^^^^^^^^
[INFO] [stdout]     |
[INFO] [stdout] help: there is a method `tuple_iter` with a similar name
[INFO] [stdout]     |
[INFO] [stdout] 684 |     assert_eq!(tup.tuple_iter::<11>().collect::<Vec<_>>(), vec11);
[INFO] [stdout]     |                    ~~~~~~~~~~
[INFO] [stdout] 
[INFO] [stdout] 
[INFO] [stdout] error[E0599]: no method named `tuple_itern` found for tuple `({integer}, {integer}, {integer}, {integer}, {integer}, {integer}, {integer}, {integer}, {integer}, {integer}, {integer}, {integer})` in the current scope
[INFO] [stdout]    --> tests/test_tuple_itern.rs:686:20
[INFO] [stdout]     |
[INFO] [stdout] 686 |     assert_eq!(tup.tuple_itern::<12>().collect::<Vec<_>>(), vec12);
[INFO] [stdout]     |                    ^^^^^^^^^^^
[INFO] [stdout]     |
[INFO] [stdout] help: there is a method `tuple_iter` with a similar name
[INFO] [stdout]     |
[INFO] [stdout] 686 |     assert_eq!(tup.tuple_iter::<12>().collect::<Vec<_>>(), vec12);
[INFO] [stdout]     |                    ~~~~~~~~~~
[INFO] [stdout] 
[INFO] [stdout] 
[INFO] [stdout] error[E0599]: no method named `tuple_itern_mut` found for tuple `({integer}, {integer}, {integer}, {integer}, {integer}, {integer}, {integer}, {integer}, {integer}, {integer}, {integer}, {integer})` in the current scope
[INFO] [stdout]    --> tests/test_tuple_itern.rs:695:20
[INFO] [stdout]     |
[INFO] [stdout] 695 |     assert_eq!(tup.tuple_itern_mut::<1>().collect::<Vec<&mut i32>>(), vec1);
[INFO] [stdout]     |                    ^^^^^^^^^^^^^^^
[INFO] [stdout]     |
[INFO] [stdout] help: there is a method `tuple_iter_mut` with a similar name
[INFO] [stdout]     |
[INFO] [stdout] 695 |     assert_eq!(tup.tuple_iter_mut::<1>().collect::<Vec<&mut i32>>(), vec1);
[INFO] [stdout]     |                    ~~~~~~~~~~~~~~
[INFO] [stdout] 
[INFO] [stdout] 
[INFO] [stdout] error[E0599]: no method named `tuple_itern_mut` found for tuple `({integer}, {integer}, {integer}, {integer}, {integer}, {integer}, {integer}, {integer}, {integer}, {integer}, {integer}, {integer})` in the current scope
[INFO] [stdout]    --> tests/test_tuple_itern.rs:697:20
[INFO] [stdout]     |
[INFO] [stdout] 697 |     assert_eq!(tup.tuple_itern_mut::<2>().collect::<Vec<&mut i32>>(), vec2);
[INFO] [stdout]     |                    ^^^^^^^^^^^^^^^
[INFO] [stdout]     |
[INFO] [stdout] help: there is a method `tuple_iter_mut` with a similar name
[INFO] [stdout]     |
[INFO] [stdout] 697 |     assert_eq!(tup.tuple_iter_mut::<2>().collect::<Vec<&mut i32>>(), vec2);
[INFO] [stdout]     |                    ~~~~~~~~~~~~~~
[INFO] [stdout] 
[INFO] [stdout] 
[INFO] [stdout] error[E0599]: no method named `tuple_itern_mut` found for tuple `({integer}, {integer}, {integer}, {integer}, {integer}, {integer}, {integer}, {integer}, {integer}, {integer}, {integer}, {integer})` in the current scope
[INFO] [stdout]    --> tests/test_tuple_itern.rs:699:20
[INFO] [stdout]     |
[INFO] [stdout] 699 |     assert_eq!(tup.tuple_itern_mut::<3>().collect::<Vec<&mut i32>>(), vec3);
[INFO] [stdout]     |                    ^^^^^^^^^^^^^^^
[INFO] [stdout]     |
[INFO] [stdout] help: there is a method `tuple_iter_mut` with a similar name
[INFO] [stdout]     |
[INFO] [stdout] 699 |     assert_eq!(tup.tuple_iter_mut::<3>().collect::<Vec<&mut i32>>(), vec3);
[INFO] [stdout]     |                    ~~~~~~~~~~~~~~
[INFO] [stdout] 
[INFO] [stdout] 
[INFO] [stdout] error[E0599]: no method named `tuple_itern_mut` found for tuple `({integer}, {integer}, {integer}, {integer}, {integer}, {integer}, {integer}, {integer}, {integer}, {integer}, {integer}, {integer})` in the current scope
[INFO] [stdout]    --> tests/test_tuple_itern.rs:701:20
[INFO] [stdout]     |
[INFO] [stdout] 701 |     assert_eq!(tup.tuple_itern_mut::<4>().collect::<Vec<&mut i32>>(), vec4);
[INFO] [stdout]     |                    ^^^^^^^^^^^^^^^
[INFO] [stdout]     |
[INFO] [stdout] help: there is a method `tuple_iter_mut` with a similar name
[INFO] [stdout]     |
[INFO] [stdout] 701 |     assert_eq!(tup.tuple_iter_mut::<4>().collect::<Vec<&mut i32>>(), vec4);
[INFO] [stdout]     |                    ~~~~~~~~~~~~~~
[INFO] [stdout] 
[INFO] [stdout] 
[INFO] [stdout] error[E0599]: no method named `tuple_itern_mut` found for tuple `({integer}, {integer}, {integer}, {integer}, {integer}, {integer}, {integer}, {integer}, {integer}, {integer}, {integer}, {integer})` in the current scope
[INFO] [stdout]    --> tests/test_tuple_itern.rs:703:20
[INFO] [stdout]     |
[INFO] [stdout] 703 |     assert_eq!(tup.tuple_itern_mut::<5>().collect::<Vec<&mut i32>>(), vec5);
[INFO] [stdout]     |                    ^^^^^^^^^^^^^^^
[INFO] [stdout]     |
[INFO] [stdout] help: there is a method `tuple_iter_mut` with a similar name
[INFO] [stdout]     |
[INFO] [stdout] 703 |     assert_eq!(tup.tuple_iter_mut::<5>().collect::<Vec<&mut i32>>(), vec5);
[INFO] [stdout]     |                    ~~~~~~~~~~~~~~
[INFO] [stdout] 
[INFO] [stdout] 
[INFO] [stdout] error[E0599]: no method named `tuple_itern_mut` found for tuple `({integer}, {integer}, {integer}, {integer}, {integer}, {integer}, {integer}, {integer}, {integer}, {integer}, {integer}, {integer})` in the current scope
[INFO] [stdout]    --> tests/test_tuple_itern.rs:705:20
[INFO] [stdout]     |
[INFO] [stdout] 705 |     assert_eq!(tup.tuple_itern_mut::<6>().collect::<Vec<&mut i32>>(), vec6);
[INFO] [stdout]     |                    ^^^^^^^^^^^^^^^
[INFO] [stdout]     |
[INFO] [stdout] help: there is a method `tuple_iter_mut` with a similar name
[INFO] [stdout]     |
[INFO] [stdout] 705 |     assert_eq!(tup.tuple_iter_mut::<6>().collect::<Vec<&mut i32>>(), vec6);
[INFO] [stdout]     |                    ~~~~~~~~~~~~~~
[INFO] [stdout] 
[INFO] [stdout] 
[INFO] [stdout] error[E0599]: no method named `tuple_itern_mut` found for tuple `({integer}, {integer}, {integer}, {integer}, {integer}, {integer}, {integer}, {integer}, {integer}, {integer}, {integer}, {integer})` in the current scope
[INFO] [stdout]    --> tests/test_tuple_itern.rs:707:20
[INFO] [stdout]     |
[INFO] [stdout] 707 |     assert_eq!(tup.tuple_itern_mut::<7>().collect::<Vec<&mut i32>>(), vec7);
[INFO] [stdout]     |                    ^^^^^^^^^^^^^^^
[INFO] [stdout]     |
[INFO] [stdout] help: there is a method `tuple_iter_mut` with a similar name
[INFO] [stdout]     |
[INFO] [stdout] 707 |     assert_eq!(tup.tuple_iter_mut::<7>().collect::<Vec<&mut i32>>(), vec7);
[INFO] [stdout]     |                    ~~~~~~~~~~~~~~
[INFO] [stdout] 
[INFO] [stdout] 
[INFO] [stdout] error[E0599]: no method named `tuple_itern_mut` found for tuple `({integer}, {integer}, {integer}, {integer}, {integer}, {integer}, {integer}, {integer}, {integer}, {integer}, {integer}, {integer})` in the current scope
[INFO] [stdout]    --> tests/test_tuple_itern.rs:709:20
[INFO] [stdout]     |
[INFO] [stdout] 709 |     assert_eq!(tup.tuple_itern_mut::<8>().collect::<Vec<&mut i32>>(), vec8);
[INFO] [stdout]     |                    ^^^^^^^^^^^^^^^
[INFO] [stdout]     |
[INFO] [stdout] help: there is a method `tuple_iter_mut` with a similar name
[INFO] [stdout]     |
[INFO] [stdout] 709 |     assert_eq!(tup.tuple_iter_mut::<8>().collect::<Vec<&mut i32>>(), vec8);
[INFO] [stdout]     |                    ~~~~~~~~~~~~~~
[INFO] [stdout] 
[INFO] [stdout] 
[INFO] [stdout] error[E0599]: no method named `tuple_itern_mut` found for tuple `({integer}, {integer}, {integer}, {integer}, {integer}, {integer}, {integer}, {integer}, {integer}, {integer}, {integer}, {integer})` in the current scope
[INFO] [stdout]    --> tests/test_tuple_itern.rs:711:20
[INFO] [stdout]     |
[INFO] [stdout] 711 |     assert_eq!(tup.tuple_itern_mut::<9>().collect::<Vec<&mut i32>>(), vec9);
[INFO] [stdout]     |                    ^^^^^^^^^^^^^^^
[INFO] [stdout]     |
[INFO] [stdout] help: there is a method `tuple_iter_mut` with a similar name
[INFO] [stdout]     |
[INFO] [stdout] 711 |     assert_eq!(tup.tuple_iter_mut::<9>().collect::<Vec<&mut i32>>(), vec9);
[INFO] [stdout]     |                    ~~~~~~~~~~~~~~
[INFO] [stdout] 
[INFO] [stdout] 
[INFO] [stdout] error[E0599]: no method named `tuple_itern_mut` found for tuple `({integer}, {integer}, {integer}, {integer}, {integer}, {integer}, {integer}, {integer}, {integer}, {integer}, {integer}, {integer})` in the current scope
[INFO] [stdout]    --> tests/test_tuple_itern.rs:713:20
[INFO] [stdout]     |
[INFO] [stdout] 713 |     assert_eq!(tup.tuple_itern_mut::<10>().collect::<Vec<&mut i32>>(), vec10);
[INFO] [stdout]     |                    ^^^^^^^^^^^^^^^
[INFO] [stdout]     |
[INFO] [stdout] help: there is a method `tuple_iter_mut` with a similar name
[INFO] [stdout]     |
[INFO] [stdout] 713 |     assert_eq!(tup.tuple_iter_mut::<10>().collect::<Vec<&mut i32>>(), vec10);
[INFO] [stdout]     |                    ~~~~~~~~~~~~~~
[INFO] [stdout] 
[INFO] [stdout] 
[INFO] [stdout] error[E0599]: no method named `tuple_itern_mut` found for tuple `({integer}, {integer}, {integer}, {integer}, {integer}, {integer}, {integer}, {integer}, {integer}, {integer}, {integer}, {integer})` in the current scope
[INFO] [stdout]    --> tests/test_tuple_itern.rs:715:20
[INFO] [stdout]     |
[INFO] [stdout] 715 |     assert_eq!(tup.tuple_itern_mut::<11>().collect::<Vec<&mut i32>>(), vec11);
[INFO] [stdout]     |                    ^^^^^^^^^^^^^^^
[INFO] [stdout]     |
[INFO] [stdout] help: there is a method `tuple_iter_mut` with a similar name
[INFO] [stdout]     |
[INFO] [stdout] 715 |     assert_eq!(tup.tuple_iter_mut::<11>().collect::<Vec<&mut i32>>(), vec11);
[INFO] [stdout]     |                    ~~~~~~~~~~~~~~
[INFO] [stdout] 
[INFO] [stdout] 
[INFO] [stdout] error[E0599]: no method named `tuple_itern_mut` found for tuple `({integer}, {integer}, {integer}, {integer}, {integer}, {integer}, {integer}, {integer}, {integer}, {integer}, {integer}, {integer})` in the current scope
[INFO] [stdout]    --> tests/test_tuple_itern.rs:717:20
[INFO] [stdout]     |
[INFO] [stdout] 717 |     assert_eq!(tup.tuple_itern_mut::<12>().collect::<Vec<&mut i32>>(), vec12);
[INFO] [stdout]     |                    ^^^^^^^^^^^^^^^
[INFO] [stdout]     |
[INFO] [stdout] help: there is a method `tuple_iter_mut` with a similar name
[INFO] [stdout]     |
[INFO] [stdout] 717 |     assert_eq!(tup.tuple_iter_mut::<12>().collect::<Vec<&mut i32>>(), vec12);
[INFO] [stdout]     |                    ~~~~~~~~~~~~~~
[INFO] [stdout] 
[INFO] [stdout] 
[INFO] [stdout] Some errors have detailed explanations: E0432, E0599, E0614.
[INFO] [stdout] 
[INFO] [stdout] For more information about an error, try `rustc --explain E0432`.
[INFO] [stdout] 
[INFO] [stderr] error: could not compile `iterextd` (test "test_tuple_itern") due to 77 previous errors
[INFO] [stderr] warning: build failed, waiting for other jobs to finish...
[INFO] running `Command { std: "docker" "inspect" "2350f80cb0eb1e18fa12bac3c809186dbd6ad42e73ed06fd54f28dbf9aaf28c0", kill_on_drop: false }`
[INFO] running `Command { std: "docker" "rm" "-f" "2350f80cb0eb1e18fa12bac3c809186dbd6ad42e73ed06fd54f28dbf9aaf28c0", kill_on_drop: false }`
[INFO] [stdout] 2350f80cb0eb1e18fa12bac3c809186dbd6ad42e73ed06fd54f28dbf9aaf28c0
