[INFO] fetching crate iroh-one 0.2.0...
[INFO] testing iroh-one-0.2.0 against nightly-2024-10-28 for randomize-layout
[INFO] extracting crate iroh-one 0.2.0 into /workspace/builds/worker-7-tc1/source
[INFO] validating manifest of crates.io crate iroh-one 0.2.0 on toolchain nightly-2024-10-28
[INFO] running `Command { std: CARGO_HOME="/workspace/cargo-home" RUSTUP_HOME="/workspace/rustup-home" "/workspace/cargo-home/bin/cargo" "+nightly-2024-10-28" "metadata" "--manifest-path" "Cargo.toml" "--no-deps", kill_on_drop: false }`
[INFO] started tweaking crates.io crate iroh-one 0.2.0
[INFO] finished tweaking crates.io crate iroh-one 0.2.0
[INFO] tweaked toml for crates.io crate iroh-one 0.2.0 written to /workspace/builds/worker-7-tc1/source/Cargo.toml
[INFO] crate crates.io crate iroh-one 0.2.0 already has a lockfile, it will not be regenerated
[INFO] running `Command { std: CARGO_HOME="/workspace/cargo-home" RUSTUP_HOME="/workspace/rustup-home" "/workspace/cargo-home/bin/cargo" "+nightly-2024-10-28" "fetch" "--manifest-path" "Cargo.toml", kill_on_drop: false }`
[INFO] [stderr]     Updating crates.io index
[INFO] [stderr]     Blocking waiting for file lock on package cache
[INFO] [stderr]  Downloading crates ...
[INFO] [stderr]   Downloaded tracing-core v0.1.30
[INFO] [stderr]   Downloaded tracing-attributes v0.1.23
[INFO] [stderr]   Downloaded futures-task v0.3.25
[INFO] [stderr]   Downloaded multihash-derive v0.8.1
[INFO] [stderr]   Downloaded tracing v0.1.37
[INFO] [stderr]   Downloaded sdp v0.5.3
[INFO] [stderr]   Downloaded prost-codec v0.3.0
[INFO] [stderr]   Downloaded cpuid-bool v0.2.0
[INFO] [stderr]   Downloaded hex_fmt v0.3.0
[INFO] [stderr]   Downloaded num_enum v0.5.7
[INFO] [stderr]   Downloaded libp2p-websocket v0.40.0
[INFO] [stderr]   Downloaded async-channel v1.8.0
[INFO] [stderr]   Downloaded hex-literal v0.3.4
[INFO] [stderr]   Downloaded link-cplusplus v1.0.8
[INFO] [stderr]   Downloaded aes-gcm v0.8.0
[INFO] [stderr]   Downloaded tonic-build v0.8.4
[INFO] [stderr]   Downloaded yamux v0.10.2
[INFO] [stderr]   Downloaded libp2p-yamux v0.42.0
[INFO] [stderr]   Downloaded multihash v0.16.3
[INFO] [stderr]   Downloaded gimli v0.27.0
[INFO] [stderr]   Downloaded prettyplease v0.1.22
[INFO] [stderr]   Downloaded rustix v0.36.5
[INFO] [stderr]   Downloaded darling_macro v0.14.2
[INFO] [stderr]   Downloaded crypto-mac v0.10.1
[INFO] [stderr]   Downloaded crc-catalog v2.1.0
[INFO] [stderr]   Downloaded asn1-rs-impl v0.1.0
[INFO] [stderr]   Downloaded async-stream-impl v0.3.3
[INFO] [stderr]   Downloaded tokio-io-timeout v1.2.0
[INFO] [stderr]   Downloaded async-stream v0.3.3
[INFO] [stderr]   Downloaded tokio-stream v0.1.11
[INFO] [stderr]   Downloaded webrtc-dtls v0.7.0
[INFO] [stderr]   Downloaded hkdf v0.12.3
[INFO] [stderr]   Downloaded tower-http v0.3.5
[INFO] [stderr]   Downloaded axum v0.6.1
[INFO] [stderr]   Downloaded brotli-decompressor v2.3.2
[INFO] [stderr]   Downloaded cxxbridge-flags v1.0.85
[INFO] [stderr]   Downloaded der-parser v8.1.0
[INFO] [stderr]   Downloaded p384 v0.11.2
[INFO] [stderr]   Downloaded serde-error v0.1.2
[INFO] [stderr]   Downloaded tracing-log v0.1.3
[INFO] [stderr]   Downloaded iroh-metrics v0.2.0
[INFO] [stderr]   Downloaded convert_case v0.4.0
[INFO] [stderr]   Downloaded derive_more v0.99.17
[INFO] [stderr]   Downloaded tonic v0.8.3
[INFO] [stderr]   Downloaded tracing-opentelemetry v0.18.0
[INFO] [stderr]   Downloaded futures-rustls v0.22.2
[INFO] [stderr]   Downloaded webrtc-srtp v0.9.1
[INFO] [stderr]   Downloaded webrtc-util v0.7.0
[INFO] [stderr]   Downloaded webrtc v0.6.0
[INFO] [stderr]   Downloaded opentelemetry_sdk v0.18.0
[INFO] [stderr]   Downloaded libp2p-webrtc v0.4.0-alpha
[INFO] [stderr]   Downloaded soketto v0.7.1
[INFO] [stderr]   Downloaded libp2p-core v0.38.0
[INFO] [stderr]   Downloaded axum-core v0.3.0
[INFO] [stderr]   Downloaded rustversion v1.0.11
[INFO] [stderr]   Downloaded tracing-subscriber v0.3.16
[INFO] [stderr]   Downloaded serde_path_to_error v0.1.9
[INFO] [stderr]   Downloaded hyper-timeout v0.4.1
[INFO] [stderr]   Downloaded opentelemetry_api v0.18.0
[INFO] [stderr]   Downloaded opentelemetry v0.18.0
[INFO] [stderr]   Downloaded quicksink v0.1.2
[INFO] [stderr]   Downloaded pkg-config v0.3.26
[INFO] [stderr]   Downloaded pem-rfc7468 v0.6.0
[INFO] [stderr]   Downloaded void v1.0.2
[INFO] [stderr]   Downloaded zeroize_derive v1.3.3
[INFO] [stderr]   Downloaded zeroize v1.5.7
[INFO] [stderr]   Downloaded opentelemetry-otlp v0.11.0
[INFO] [stderr]   Downloaded dashmap v5.4.0
[INFO] [stderr]   Downloaded asn1-rs v0.5.1
[INFO] [stderr]   Downloaded der-parser v7.0.0
[INFO] [stderr]   Downloaded x509-parser v0.13.2
[INFO] [stderr]   Downloaded matchit v0.7.0
[INFO] [stderr]   Downloaded tower-layer v0.3.2
[INFO] [stderr]   Downloaded hmac v0.10.1
[INFO] [stderr]   Downloaded oid-registry v0.6.1
[INFO] [stderr]   Downloaded yasna v0.5.1
[INFO] [stderr]   Downloaded rcgen v0.9.3
[INFO] [stderr]   Downloaded asn1-rs-derive v0.1.0
[INFO] [stderr]   Downloaded time-core v0.1.0
[INFO] [stderr]   Downloaded linux-raw-sys v0.1.4
[INFO] [stderr]   Downloaded rusticata-macros v4.1.0
[INFO] [stderr]   Downloaded time v0.3.17
[INFO] [stderr]   Downloaded md-5 v0.10.5
[INFO] [stderr]   Downloaded darling v0.14.2
[INFO] [stderr]   Downloaded derive_builder_core v0.11.2
[INFO] [stderr]   Downloaded derive_builder v0.11.2
[INFO] [stderr]   Downloaded displaydoc v0.2.3
[INFO] [stderr]   Downloaded arc-swap v1.5.1
[INFO] [stderr]   Downloaded webrtc-sctp v0.7.0
[INFO] [stderr]   Downloaded rtp v0.6.8
[INFO] [stderr]   Downloaded asn1-rs-derive v0.4.0
[INFO] [stderr]   Downloaded p256 v0.11.1
[INFO] [stderr]   Downloaded pem v1.1.0
[INFO] [stderr]   Downloaded x25519-dalek v2.0.0-pre.1
[INFO] [stderr]   Downloaded asn1-rs v0.3.1
[INFO] [stderr]   Downloaded oid-registry v0.4.0
[INFO] [stderr]   Downloaded time-macros v0.2.6
[INFO] [stderr]   Downloaded derive_builder_macro v0.11.2
[INFO] [stderr]   Downloaded webrtc-media v0.5.0
[INFO] [stderr]   Downloaded crc v3.0.0
[INFO] [stderr]   Downloaded brotli v3.3.4
[INFO] [stderr]   Downloaded rtcp v0.7.2
[INFO] [stderr]   Downloaded handlebars v4.3.6
[INFO] [stderr]   Downloaded clap v4.0.30
[INFO] [stderr]   Downloaded zstd-sys v2.0.4+zstd.1.5.2
[INFO] [stderr]   Downloaded is-terminal v0.4.2
[INFO] [stderr]   Downloaded git-version v0.3.5
[INFO] [stderr]   Downloaded rkyv_derive v0.7.39
[INFO] [stderr]   Downloaded bytecheck_derive v0.6.9
[INFO] [stderr]   Downloaded rend v0.3.6
[INFO] [stderr]   Downloaded clang-sys v1.4.0
[INFO] [stderr]   Downloaded bzip2-sys v0.1.11+1.0.8
[INFO] [stderr]   Downloaded rocksdb v0.19.0
[INFO] [stderr]   Downloaded shlex v1.1.0
[INFO] [stderr]   Downloaded glob v0.3.0
[INFO] [stderr]   Downloaded iroh-store v0.2.0
[INFO] [stderr]   Downloaded headers v0.3.8
[INFO] [stderr]   Downloaded git-version-macro v0.3.5
[INFO] [stderr]   Downloaded rkyv v0.7.39
[INFO] [stderr]   Downloaded phf_generator v0.11.1
[INFO] [stderr]   Downloaded phf_shared v0.11.1
[INFO] [stderr]   Downloaded phf v0.11.1
[INFO] [stderr]   Downloaded serde_qs v0.10.1
[INFO] [stderr]   Downloaded urlencoding v2.1.2
[INFO] [stderr]   Downloaded windows-sys v0.42.0
[INFO] [stderr]   Downloaded libp2p v0.50.0
[INFO] [stderr]   Downloaded petgraph v0.6.2
[INFO] [stderr]   Downloaded prost v0.11.5
[INFO] [stderr]   Downloaded aho-corasick v0.7.20
[INFO] [stderr]   Downloaded regex-syntax v0.6.28
[INFO] [stderr]   Downloaded regex v1.7.0
[INFO] [stderr]   Downloaded bytecheck v0.6.9
[INFO] [stderr]   Downloaded mime_classifier v0.0.1
[INFO] [stderr]   Downloaded unicase v2.6.0
[INFO] [stderr]   Downloaded mime_guess v2.0.4
[INFO] [stderr]   Downloaded phf_macros v0.11.1
[INFO] [stderr]   Downloaded iroh-gateway v0.2.0
[INFO] [stderr]   Downloaded async-broadcast v0.4.1
[INFO] [stderr]   Downloaded crossbeam-queue v0.3.8
[INFO] [stderr]   Downloaded deadqueue v0.2.4
[INFO] [stderr]   Downloaded keyed_priority_queue v0.4.1
[INFO] [stderr]   Downloaded tokio-context v0.1.3
[INFO] [stderr]   Downloaded libz-sys v1.1.8
[INFO] [stderr]   Downloaded iroh-bitswap v0.2.0
[INFO] [stderr]   Downloaded num-bigint-dig v0.8.2
[INFO] [stderr]   Downloaded pkcs1 v0.4.1
[INFO] [stderr]   Downloaded rsa v0.7.2
[INFO] [stderr]   Downloaded ssh-encoding v0.1.0
[INFO] [stderr]   Downloaded ssh-key v0.5.1
[INFO] [stderr]   Downloaded iroh-p2p v0.2.0
[INFO] [stderr]   Downloaded ahash v0.8.2
[INFO] [stderr]   Downloaded clap_derive v4.0.21
[INFO] [stderr]   Downloaded os_str_bytes v6.4.1
[INFO] [stderr]   Downloaded clap_lex v0.3.0
[INFO] [stderr]   Downloaded errno-dragonfly v0.1.2
[INFO] [stderr]   Downloaded io-lifetimes v1.0.3
[INFO] [stderr]   Downloaded names v0.14.0
[INFO] [stderr]   Downloaded which v4.3.0
[INFO] [stderr]   Downloaded prost-build v0.11.5
[INFO] [stderr]   Downloaded iroh-unixfs v0.2.0
[INFO] [stderr]   Downloaded addr2line v0.19.0
[INFO] [stderr]   Downloaded object v0.30.0
[INFO] [stderr]   Downloaded rustc-demangle v0.1.21
[INFO] [stderr]   Downloaded backtrace v0.3.67
[INFO] [stderr]   Downloaded anyhow v1.0.68
[INFO] [stderr]   Downloaded data-encoding v2.3.3
[INFO] [stderr]   Downloaded siphasher v0.3.10
[INFO] [stderr]   Downloaded iroh-resolver v0.2.0
[INFO] [stderr]   Downloaded errno v0.2.8
[INFO] [stderr]   Downloaded encoding_rs v0.8.31
[INFO] [stderr]   Downloaded multiaddr v0.16.0
[INFO] [stderr]   Downloaded num_enum_derive v0.5.7
[INFO] [stderr]   Downloaded prost-derive v0.11.5
[INFO] [stderr]   Downloaded data-encoding-macro-internal v0.1.10
[INFO] [stderr]   Downloaded cxx v1.0.85
[INFO] [stderr]   Downloaded windows_aarch64_msvc v0.34.0
[INFO] [stderr]   Downloaded windows_i686_gnu v0.34.0
[INFO] [stderr]   Downloaded windows_i686_msvc v0.34.0
[INFO] [stderr]   Downloaded windows_x86_64_gnu v0.34.0
[INFO] [stderr]   Downloaded windows_x86_64_msvc v0.34.0
[INFO] [stderr]   Downloaded sha3 v0.10.6
[INFO] [stderr]   Downloaded web-sys v0.3.60
[INFO] [stderr]   Downloaded windows_i686_gnu v0.42.0
[INFO] [stderr]   Downloaded windows_i686_msvc v0.42.0
[INFO] [stderr]   Downloaded opentelemetry-proto v0.1.0
[INFO] [stderr]   Downloaded fiat-crypto v0.1.17
[INFO] [stderr]   Downloaded curve25519-dalek v4.0.0-pre.5
[INFO] [stderr]   Downloaded snow v0.9.0
[INFO] [stderr]   Downloaded libc v0.2.138
[INFO] [stderr]   Downloaded windows_aarch64_msvc v0.42.0
[INFO] [stderr]   Downloaded windows_x86_64_gnu v0.42.0
[INFO] [stderr]   Downloaded windows_x86_64_msvc v0.42.0
[INFO] [stderr]   Downloaded tokio v1.23.0
[INFO] [stderr]   Downloaded ccm v0.3.0
[INFO] [stderr]   Downloaded trust-dns-proto v0.22.0
[INFO] [stderr]   Downloaded ghash v0.3.1
[INFO] [stderr]   Downloaded block-modes v0.7.0
[INFO] [stderr]   Downloaded aead v0.3.2
[INFO] [stderr]   Downloaded webrtc-ice v0.9.0
[INFO] [stderr]   Downloaded chrono v0.4.23
[INFO] [stderr]   Downloaded serde_with v2.1.0
[INFO] [stderr]   Downloaded libp2p-gossipsub v0.43.0
[INFO] [stderr]   Downloaded quinn-proto v0.9.2
[INFO] [stderr]   Downloaded libm v0.1.4
[INFO] [stderr]   Downloaded packed_simd_2 v0.3.8
[INFO] [stderr]   Downloaded nix v0.26.1
[INFO] [stderr]   Downloaded rustls v0.20.7
[INFO] [stderr]   Downloaded windows_aarch64_gnullvm v0.42.0
[INFO] [stderr]   Downloaded windows_x86_64_gnullvm v0.42.0
[INFO] [stderr]   Downloaded http-serde v1.1.2
[INFO] [stderr]   Downloaded integer-encoding v3.0.4
[INFO] [stderr]   Downloaded iroh-car v0.2.0
[INFO] [stderr]   Downloaded cxxbridge-macro v1.0.85
[INFO] [stderr]   Downloaded block-padding v0.2.1
[INFO] [stderr]   Downloaded cipher v0.2.5
[INFO] [stderr]   Downloaded stun v0.4.4
[INFO] [stderr]   Downloaded turn v0.6.1
[INFO] [stderr]   Downloaded uuid v1.2.2
[INFO] [stderr]   Downloaded webrtc-mdns v0.5.2
[INFO] [stderr]   Downloaded darling_core v0.14.2
[INFO] [stderr]   Downloaded cxx-build v1.0.85
[INFO] [stderr]   Downloaded libp2p-autonat v0.9.0
[INFO] [stderr]   Downloaded widestring v0.5.1
[INFO] [stderr]   Downloaded trust-dns-resolver v0.22.0
[INFO] [stderr]   Downloaded libp2p-dcutr v0.8.0
[INFO] [stderr]   Downloaded libp2p-identify v0.41.1
[INFO] [stderr]   Downloaded libp2p-kad v0.42.0
[INFO] [stderr]   Downloaded prometheus-client v0.18.1
[INFO] [stderr]   Downloaded x509-parser v0.14.0
[INFO] [stderr]   Downloaded libp2p-swarm v0.41.1
[INFO] [stderr]   Downloaded netlink-packet-route v0.12.0
[INFO] [stderr]   Downloaded chacha20poly1305 v0.9.1
[INFO] [stderr]   Downloaded semver v1.0.16
[INFO] [stderr]   Downloaded interceptor v0.8.2
[INFO] [stderr]   Downloaded aes-soft v0.6.4
[INFO] [stderr]   Downloaded aesni v0.10.0
[INFO] [stderr]   Downloaded futures-util v0.3.25
[INFO] [stderr]   Downloaded h2 v0.3.15
[INFO] [stderr]   Downloaded webpki-roots v0.22.6
[INFO] [stderr]   Downloaded async-recursion v1.0.0
[INFO] [stderr]   Downloaded fastmurmur3 v0.1.2
[INFO] [stderr]   Downloaded atomic-waker v1.0.0
[INFO] [stderr]   Downloaded waitgroup v0.1.2
[INFO] [stderr]   Downloaded asn1_der v0.7.5
[INFO] [stderr]   Downloaded scratch v1.0.3
[INFO] [stderr]   Downloaded iana-time-zone v0.1.53
[INFO] [stderr]   Downloaded libipld-cbor-derive v0.15.0
[INFO] [stderr]   Downloaded libipld-core v0.15.0
[INFO] [stderr]   Downloaded lru-cache v0.1.2
[INFO] [stderr]   Downloaded resolv-conf v0.7.0
[INFO] [stderr]   Downloaded enum-as-inner v0.5.1
[INFO] [stderr]   Downloaded wasm-timer v0.2.5
[INFO] [stderr]   Downloaded prometheus-client-derive-text-encode v0.3.0
[INFO] [stderr]   Downloaded libp2p-mplex v0.38.0
[INFO] [stderr]   Downloaded libp2p-ping v0.41.0
[INFO] [stderr]   Downloaded rcgen v0.10.0
[INFO] [stderr]   Downloaded libp2p-tls v0.1.0-alpha
[INFO] [stderr]   Downloaded libp2p-quic v0.7.0-alpha
[INFO] [stderr]   Downloaded libp2p-relay v0.14.0
[INFO] [stderr]   Downloaded libp2p-swarm-derive v0.31.0
[INFO] [stderr]   Downloaded libp2p-tcp v0.38.0
[INFO] [stderr]   Downloaded async-lock v2.6.0
[INFO] [stderr]   Downloaded futures-lite v1.12.0
[INFO] [stderr]   Downloaded wepoll-ffi v0.1.2
[INFO] [stderr]   Downloaded polling v2.5.2
[INFO] [stderr]   Downloaded async-io v1.12.0
[INFO] [stderr]   Downloaded if-addrs v0.7.0
[INFO] [stderr]   Downloaded netlink-packet-utils v0.5.1
[INFO] [stderr]   Downloaded netlink-packet-core v0.4.2
[INFO] [stderr]   Downloaded netlink-proto v0.10.0
[INFO] [stderr]   Downloaded rtnetlink v0.10.1
[INFO] [stderr]   Downloaded if-watch v3.0.0
[INFO] [stderr]   Downloaded poly1305 v0.7.2
[INFO] [stderr]   Downloaded platforms v3.0.2
[INFO] [stderr]   Downloaded libp2p-noise v0.41.0
[INFO] [stderr]   Downloaded webrtc-data v0.6.0
[INFO] [stderr]   Downloaded aes v0.6.0
[INFO] [stderr]   Downloaded blake3 v1.3.3
[INFO] [stderr]   Downloaded pest v2.5.1
[INFO] [stderr]   Downloaded nom v7.1.1
[INFO] [stderr]   Downloaded libm v0.2.6
[INFO] [stderr]   Downloaded ntapi v0.4.0
[INFO] [stderr]   Downloaded sysinfo v0.26.8
[INFO] [stderr]   Downloaded tokio-util v0.7.4
[INFO] [stderr]   Downloaded hyper v0.14.23
[INFO] [stderr]   Downloaded serde_json v1.0.91
[INFO] [stderr]   Downloaded unicode-normalization v0.1.22
[INFO] [stderr]   Downloaded reqwest v0.11.13
[INFO] [stderr]   Downloaded mio v0.8.5
[INFO] [stderr]   Downloaded bs58 v0.4.0
[INFO] [stderr]   Downloaded ed25519 v1.5.2
[INFO] [stderr]   Downloaded multistream-select v0.12.1
[INFO] [stderr]   Downloaded rw-stream-sink v0.3.0
[INFO] [stderr]   Downloaded base64ct v1.5.3
[INFO] [stderr]   Downloaded nohash-hasher v0.2.0
[INFO] [stderr]   Downloaded multimap v0.8.3
[INFO] [stderr]   Downloaded prost-types v0.11.5
[INFO] [stderr]   Downloaded unicode-width v0.1.10
[INFO] [stderr]   Downloaded serde_with_macros v2.1.0
[INFO] [stderr]   Downloaded iroh-rpc-types v0.2.0
[INFO] [stderr]   Downloaded quic-rpc v0.3.1
[INFO] [stderr]   Downloaded iroh-rpc-client v0.2.0
[INFO] [stderr]   Downloaded libipld-cbor v0.15.0
[INFO] [stderr]   Downloaded libipld-json v0.15.0
[INFO] [stderr]   Downloaded libipld-pb v0.15.0
[INFO] [stderr]   Downloaded libipld v0.15.0
[INFO] [stderr]   Downloaded ipconfig v0.3.1
[INFO] [stderr]   Downloaded match_cfg v0.1.0
[INFO] [stderr]   Downloaded hostname v0.3.1
[INFO] [stderr]   Downloaded libp2p-dns v0.38.0
[INFO] [stderr]   Downloaded libp2p-mdns v0.42.0
[INFO] [stderr]   Downloaded lru v0.8.1
[INFO] [stderr]   Downloaded dtoa v1.0.5
[INFO] [stderr]   Downloaded libp2p-metrics v0.11.0
[INFO] [stderr]   Downloaded libp2p-request-response v0.23.0
[INFO] [stderr]   Downloaded concurrent-queue v2.0.0
[INFO] [stderr]   Downloaded netlink-sys v0.8.3
[INFO] [stderr]   Downloaded system-configuration v0.5.0
[INFO] [stderr]   Downloaded chacha20 v0.8.2
[INFO] [stderr]   Downloaded rustc_version v0.4.0
[INFO] [stderr]   Downloaded async-trait v0.1.60
[INFO] [stderr]   Downloaded const-oid v0.9.1
[INFO] [stderr]   Downloaded config v0.13.3
[INFO] [stderr]   Downloaded futures-executor v0.3.25
[INFO] [stderr]   Downloaded futures v0.3.25
[INFO] [stderr]   Downloaded toml v0.5.10
[INFO] [stderr]   Downloaded indexmap v1.9.2
[INFO] [stderr]   Downloaded http v0.2.8
[INFO] [stderr]   Downloaded tinyvec v1.6.0
[INFO] [stderr]   Downloaded cc v1.0.78
[INFO] [stderr]   Downloaded serde_derive v1.0.151
[INFO] [stderr]   Downloaded serde v1.0.151
[INFO] [stderr]   Downloaded bytes v1.3.0
[INFO] [stderr]   Downloaded iana-time-zone-haiku v0.1.1
[INFO] [stderr]   Downloaded libipld-macro v0.15.0
[INFO] [stderr]   Downloaded parking v2.0.0
[INFO] [stderr]   Downloaded ctr v0.6.0
[INFO] [stderr]   Downloaded blake2b_simd v1.0.0
[INFO] [stderr]   Downloaded blake2s_simd v1.0.0
[INFO] [stderr]   Downloaded arrayvec v0.7.2
[INFO] [stderr]   Downloaded constant_time_eq v0.2.4
[INFO] [stderr]   Downloaded proc-macro-crate v1.1.3
[INFO] [stderr]   Downloaded keccak v0.1.3
[INFO] [stderr]   Downloaded serde_bytes v0.11.8
[INFO] [stderr]   Downloaded asynchronous-codec v0.6.1
[INFO] [stderr]   Downloaded ucd-trie v0.1.5
[INFO] [stderr]   Downloaded cpufeatures v0.2.5
[INFO] [stderr]   Downloaded generic-array v0.14.6
[INFO] [stderr]   Downloaded sha1 v0.10.5
[INFO] [stderr]   Downloaded pest_meta v2.5.1
[INFO] [stderr]   Downloaded pest_derive v2.5.1
[INFO] [stderr]   Downloaded humansize v2.1.2
[INFO] [stderr]   Downloaded rlimit v0.8.3
[INFO] [stderr]   Downloaded thiserror-impl v1.0.38
[INFO] [stderr]   Downloaded iroh-util v0.2.0
[INFO] [stderr]   Downloaded futures-channel v0.3.25
[INFO] [stderr]   Downloaded futures-macro v0.3.25
[INFO] [stderr]   Downloaded ahash v0.7.6
[INFO] [stderr]   Downloaded slab v0.4.7
[INFO] [stderr]   Downloaded httparse v1.8.0
[INFO] [stderr]   Downloaded hyper-rustls v0.23.2
[INFO] [stderr]   Downloaded ipnet v2.7.0
[INFO] [stderr]   Downloaded ryu v1.0.12
[INFO] [stderr]   Downloaded percent-encoding v2.2.0
[INFO] [stderr]   Downloaded parking_lot_core v0.9.5
[INFO] [stderr]   Downloaded parking_lot v0.12.1
[INFO] [stderr]   Downloaded socket2 v0.4.7
[INFO] [stderr]   Downloaded waker-fn v1.1.0
[INFO] [stderr]   Downloaded substring v1.4.5
[INFO] [stderr]   Downloaded unicode-xid v0.2.4
[INFO] [stderr]   Downloaded cid v0.9.0
[INFO] [stderr]   Downloaded windows v0.34.0
[INFO] [stderr]   Downloaded tokio-macros v1.8.2
[INFO] [stderr]   Downloaded polyval v0.4.5
[INFO] [stderr]   Downloaded serde-big-array v0.3.3
[INFO] [stderr]   Downloaded unsigned-varint v0.7.1
[INFO] [stderr]   Downloaded ctrlc v3.2.4
[INFO] [stderr]   Downloaded http-body v0.4.5
[INFO] [stderr]   Downloaded itoa v1.0.5
[INFO] [stderr]   Downloaded unicode-bidi v0.3.8
[INFO] [stderr]   Downloaded wasm-bindgen-futures v0.4.33
[INFO] [stderr]   Downloaded arrayref v0.3.6
[INFO] [stderr]   Downloaded sha2 v0.10.6
[INFO] [stderr]   Downloaded multihash v0.17.0
[INFO] [stderr]   Downloaded block-buffer v0.10.3
[INFO] [stderr]   Downloaded digest v0.10.6
[INFO] [stderr]   Downloaded pest_generator v2.5.1
[INFO] [stderr]   Downloaded thiserror v1.0.38
[INFO] [stderr]   Downloaded data-encoding-macro v0.1.12
[INFO] [stderr]   Downloaded futures-io v0.3.25
[INFO] [stderr]   Downloaded rustls-pemfile v1.0.1
[INFO] [stderr]   Downloaded tower-service v0.3.2
[INFO] [stderr]   Downloaded jobserver v0.1.25
[INFO] [stderr]   Downloaded fastrand v1.8.0
[INFO] [stderr]   Downloaded librocksdb-sys v0.8.0+7.4.4
[INFO] running `Command { std: "docker" "create" "-v" "/var/lib/crater-agent-workspace/builds/worker-7-tc1/target:/opt/rustwide/target:rw,Z" "-v" "/var/lib/crater-agent-workspace/builds/worker-7-tc1/source:/opt/rustwide/workdir:ro,Z" "-v" "/var/lib/crater-agent-workspace/cargo-home:/opt/rustwide/cargo-home:ro,Z" "-v" "/var/lib/crater-agent-workspace/rustup-home:/opt/rustwide/rustup-home:ro,Z" "-e" "SOURCE_DIR=/opt/rustwide/workdir" "-e" "CARGO_TARGET_DIR=/opt/rustwide/target" "-e" "CARGO_HOME=/opt/rustwide/cargo-home" "-e" "RUSTUP_HOME=/opt/rustwide/rustup-home" "-w" "/opt/rustwide/workdir" "-m" "1610612736" "--user" "0:0" "--network" "none" "ghcr.io/rust-lang/crates-build-env/linux@sha256:4a844ea9eb2546a2d2c7022eacef16ef2e8229c7fbb2c7d4d55a9ceca922f72d" "/opt/rustwide/cargo-home/bin/cargo" "+nightly-2024-10-28" "metadata" "--no-deps" "--format-version=1", kill_on_drop: false }`
[INFO] [stdout] a9b95b5f9d773148c76bbf9973d1b2197ec7d1159d91899c5621df11fab11259
[INFO] running `Command { std: "docker" "start" "-a" "a9b95b5f9d773148c76bbf9973d1b2197ec7d1159d91899c5621df11fab11259", kill_on_drop: false }`
[INFO] running `Command { std: "docker" "inspect" "a9b95b5f9d773148c76bbf9973d1b2197ec7d1159d91899c5621df11fab11259", kill_on_drop: false }`
[INFO] running `Command { std: "docker" "rm" "-f" "a9b95b5f9d773148c76bbf9973d1b2197ec7d1159d91899c5621df11fab11259", kill_on_drop: false }`
[INFO] [stdout] a9b95b5f9d773148c76bbf9973d1b2197ec7d1159d91899c5621df11fab11259
[INFO] running `Command { std: "docker" "create" "-v" "/var/lib/crater-agent-workspace/builds/worker-7-tc1/target:/opt/rustwide/target:rw,Z" "-v" "/var/lib/crater-agent-workspace/builds/worker-7-tc1/source:/opt/rustwide/workdir:ro,Z" "-v" "/var/lib/crater-agent-workspace/cargo-home:/opt/rustwide/cargo-home:ro,Z" "-v" "/var/lib/crater-agent-workspace/rustup-home:/opt/rustwide/rustup-home:ro,Z" "-e" "SOURCE_DIR=/opt/rustwide/workdir" "-e" "CARGO_TARGET_DIR=/opt/rustwide/target" "-e" "CARGO_INCREMENTAL=0" "-e" "RUST_BACKTRACE=full" "-e" "RUSTFLAGS=--cap-lints=forbid" "-e" "RUSTDOCFLAGS=--cap-lints=forbid" "-e" "CARGO_HOME=/opt/rustwide/cargo-home" "-e" "RUSTUP_HOME=/opt/rustwide/rustup-home" "-w" "/opt/rustwide/workdir" "-m" "1610612736" "--user" "0:0" "--network" "none" "ghcr.io/rust-lang/crates-build-env/linux@sha256:4a844ea9eb2546a2d2c7022eacef16ef2e8229c7fbb2c7d4d55a9ceca922f72d" "/opt/rustwide/cargo-home/bin/cargo" "+nightly-2024-10-28" "build" "--frozen" "--message-format=json", kill_on_drop: false }`
[INFO] [stdout] c92ecbb887531c949077dcb326243d316d15c7cc96ea3757ab6d333de1deae50
[INFO] running `Command { std: "docker" "start" "-a" "c92ecbb887531c949077dcb326243d316d15c7cc96ea3757ab6d333de1deae50", kill_on_drop: false }`
[INFO] [stderr]    Compiling proc-macro2 v1.0.49
[INFO] [stderr]    Compiling unicode-ident v1.0.6
[INFO] [stderr]    Compiling quote v1.0.23
[INFO] [stderr]    Compiling syn v1.0.107
[INFO] [stderr]    Compiling autocfg v1.1.0
[INFO] [stderr]    Compiling libc v0.2.138
[INFO] [stderr]    Compiling version_check v0.9.4
[INFO] [stderr]    Compiling serde_derive v1.0.151
[INFO] [stderr]    Compiling serde v1.0.151
[INFO] [stderr]    Compiling pin-project-lite v0.2.9
[INFO] [stderr]    Compiling futures-core v0.3.25
[INFO] [stderr]    Compiling futures-sink v0.3.25
[INFO] [stderr]    Compiling once_cell v1.16.0
[INFO] [stderr]    Compiling futures-task v0.3.25
[INFO] [stderr]    Compiling log v0.4.17
[INFO] [stderr]    Compiling futures-channel v0.3.25
[INFO] [stderr]    Compiling thiserror v1.0.38
[INFO] [stderr]    Compiling scopeguard v1.1.0
[INFO] [stderr]    Compiling futures-io v0.3.25
[INFO] [stderr]    Compiling futures-util v0.3.25
[INFO] [stderr]    Compiling smallvec v1.10.0
[INFO] [stderr]    Compiling either v1.8.0
[INFO] [stderr]    Compiling parking_lot_core v0.9.5
[INFO] [stderr]    Compiling anyhow v1.0.68
[INFO] [stderr]    Compiling typenum v1.16.0
[INFO] [stderr]    Compiling regex-syntax v0.6.28
[INFO] [stderr]    Compiling heck v0.4.0
[INFO] [stderr]    Compiling slab v0.4.7
[INFO] [stderr]    Compiling lock_api v0.4.9
[INFO] [stderr]    Compiling itertools v0.10.5
[INFO] [stderr]    Compiling generic-array v0.14.6
[INFO] [stderr]    Compiling unicode-xid v0.2.4
[INFO] [stdout] error[E0422]: cannot find struct, variant or union type `LineColumn` in crate `proc_macro`
[INFO] [stdout]    --> /opt/rustwide/cargo-home/registry/src/index.crates.io-6f17d22bba15001f/proc-macro2-1.0.49/src/wrapper.rs:479:33
[INFO] [stdout]     |
[INFO] [stdout] 479 |                 let proc_macro::LineColumn { line, column } = s.start();
[INFO] [stdout]     |                                 ^^^^^^^^^^ not found in `proc_macro`
[INFO] [stdout]     |
[INFO] [stdout] help: consider importing one of these structs
[INFO] [stdout]     |
[INFO] [stdout] 1   + use crate::LineColumn;
[INFO] [stdout]     |
[INFO] [stdout] 1   + use crate::fallback::LineColumn;
[INFO] [stdout]     |
[INFO] [stdout] help: if you import `LineColumn`, refer to it directly
[INFO] [stdout]     |
[INFO] [stdout] 479 -                 let proc_macro::LineColumn { line, column } = s.start();
[INFO] [stdout] 479 +                 let LineColumn { line, column } = s.start();
[INFO] [stdout]     |
[INFO] [stdout] 
[INFO] [stdout] 
[INFO] [stdout] error[E0422]: cannot find struct, variant or union type `LineColumn` in crate `proc_macro`
[INFO] [stdout]    --> /opt/rustwide/cargo-home/registry/src/index.crates.io-6f17d22bba15001f/proc-macro2-1.0.49/src/wrapper.rs:496:33
[INFO] [stdout]     |
[INFO] [stdout] 496 |                 let proc_macro::LineColumn { line, column } = s.end();
[INFO] [stdout]     |                                 ^^^^^^^^^^ not found in `proc_macro`
[INFO] [stdout]     |
[INFO] [stdout] help: consider importing one of these structs
[INFO] [stdout]     |
[INFO] [stdout] 1   + use crate::LineColumn;
[INFO] [stdout]     |
[INFO] [stdout] 1   + use crate::fallback::LineColumn;
[INFO] [stdout]     |
[INFO] [stdout] help: if you import `LineColumn`, refer to it directly
[INFO] [stdout]     |
[INFO] [stdout] 496 -                 let proc_macro::LineColumn { line, column } = s.end();
[INFO] [stdout] 496 +                 let LineColumn { line, column } = s.end();
[INFO] [stdout]     |
[INFO] [stdout] 
[INFO] [stdout] 
[INFO] [stdout] error[E0635]: unknown feature `proc_macro_span_shrink`
[INFO] [stdout]   --> /opt/rustwide/cargo-home/registry/src/index.crates.io-6f17d22bba15001f/proc-macro2-1.0.49/src/lib.rs:92:30
[INFO] [stdout]    |
[INFO] [stdout] 92 |     feature(proc_macro_span, proc_macro_span_shrink)
[INFO] [stdout]    |                              ^^^^^^^^^^^^^^^^^^^^^^
[INFO] [stdout] 
[INFO] [stdout] 
[INFO] [stderr]    Compiling indexmap v1.9.2
[INFO] [stderr]    Compiling remove_dir_all v0.5.3
[INFO] [stderr]    Compiling bytes v1.3.0
[INFO] [stderr]    Compiling fastrand v1.8.0
[INFO] [stderr]    Compiling hashbrown v0.12.3
[INFO] [stderr]    Compiling prettyplease v0.1.22
[INFO] [stderr]    Compiling fixedbitset v0.4.2
[INFO] [stderr]    Compiling tokio v1.23.0
[INFO] [stderr]    Compiling multimap v0.8.3
[INFO] [stderr]    Compiling itoa v1.0.5
[INFO] [stdout] Some errors have detailed explanations: E0422, E0635.
[INFO] [stdout] 
[INFO] [stdout] For more information about an error, try `rustc --explain E0422`.
[INFO] [stdout] 
[INFO] [stderr] error: could not compile `proc-macro2` (lib) due to 3 previous errors
[INFO] [stderr] warning: build failed, waiting for other jobs to finish...
[INFO] running `Command { std: "docker" "inspect" "c92ecbb887531c949077dcb326243d316d15c7cc96ea3757ab6d333de1deae50", kill_on_drop: false }`
[INFO] running `Command { std: "docker" "rm" "-f" "c92ecbb887531c949077dcb326243d316d15c7cc96ea3757ab6d333de1deae50", kill_on_drop: false }`
[INFO] [stdout] c92ecbb887531c949077dcb326243d316d15c7cc96ea3757ab6d333de1deae50
