[INFO] fetching crate iroh-net 0.27.0...
[INFO] testing iroh-net-0.27.0 against nightly-2024-10-28+rustflags=-Zrandomize-layout for randomize-layout
[INFO] extracting crate iroh-net 0.27.0 into /workspace/builds/worker-7-tc2/source
[INFO] validating manifest of crates.io crate iroh-net 0.27.0 on toolchain nightly-2024-10-28
[INFO] running `Command { std: CARGO_HOME="/workspace/cargo-home" RUSTUP_HOME="/workspace/rustup-home" "/workspace/cargo-home/bin/cargo" "+nightly-2024-10-28" "metadata" "--manifest-path" "Cargo.toml" "--no-deps", kill_on_drop: false }`
[INFO] started tweaking crates.io crate iroh-net 0.27.0
[INFO] removed 0 missing examples
[INFO] finished tweaking crates.io crate iroh-net 0.27.0
[INFO] tweaked toml for crates.io crate iroh-net 0.27.0 written to /workspace/builds/worker-7-tc2/source/Cargo.toml
[INFO] crate crates.io crate iroh-net 0.27.0 already has a lockfile, it will not be regenerated
[INFO] running `Command { std: CARGO_HOME="/workspace/cargo-home" RUSTUP_HOME="/workspace/rustup-home" "/workspace/cargo-home/bin/cargo" "+nightly-2024-10-28" "fetch" "--manifest-path" "Cargo.toml", kill_on_drop: false }`
[INFO] running `Command { std: "docker" "create" "-v" "/var/lib/crater-agent-workspace/builds/worker-7-tc2/target:/opt/rustwide/target:rw,Z" "-v" "/var/lib/crater-agent-workspace/builds/worker-7-tc2/source:/opt/rustwide/workdir:ro,Z" "-v" "/var/lib/crater-agent-workspace/cargo-home:/opt/rustwide/cargo-home:ro,Z" "-v" "/var/lib/crater-agent-workspace/rustup-home:/opt/rustwide/rustup-home:ro,Z" "-e" "SOURCE_DIR=/opt/rustwide/workdir" "-e" "CARGO_TARGET_DIR=/opt/rustwide/target" "-e" "CARGO_HOME=/opt/rustwide/cargo-home" "-e" "RUSTUP_HOME=/opt/rustwide/rustup-home" "-w" "/opt/rustwide/workdir" "-m" "1610612736" "--user" "0:0" "--network" "none" "ghcr.io/rust-lang/crates-build-env/linux@sha256:4a844ea9eb2546a2d2c7022eacef16ef2e8229c7fbb2c7d4d55a9ceca922f72d" "/opt/rustwide/cargo-home/bin/cargo" "+nightly-2024-10-28" "metadata" "--no-deps" "--format-version=1", kill_on_drop: false }`
[INFO] [stdout] 4beabe87a446f1f55b2419ce049ce9ff6c6ee8af5cffe5faadfa2d891536fb92
[INFO] running `Command { std: "docker" "start" "-a" "4beabe87a446f1f55b2419ce049ce9ff6c6ee8af5cffe5faadfa2d891536fb92", kill_on_drop: false }`
[INFO] running `Command { std: "docker" "inspect" "4beabe87a446f1f55b2419ce049ce9ff6c6ee8af5cffe5faadfa2d891536fb92", kill_on_drop: false }`
[INFO] running `Command { std: "docker" "rm" "-f" "4beabe87a446f1f55b2419ce049ce9ff6c6ee8af5cffe5faadfa2d891536fb92", kill_on_drop: false }`
[INFO] [stdout] 4beabe87a446f1f55b2419ce049ce9ff6c6ee8af5cffe5faadfa2d891536fb92
[INFO] running `Command { std: "docker" "create" "-v" "/var/lib/crater-agent-workspace/builds/worker-7-tc2/target:/opt/rustwide/target:rw,Z" "-v" "/var/lib/crater-agent-workspace/builds/worker-7-tc2/source:/opt/rustwide/workdir:ro,Z" "-v" "/var/lib/crater-agent-workspace/cargo-home:/opt/rustwide/cargo-home:ro,Z" "-v" "/var/lib/crater-agent-workspace/rustup-home:/opt/rustwide/rustup-home:ro,Z" "-e" "SOURCE_DIR=/opt/rustwide/workdir" "-e" "CARGO_TARGET_DIR=/opt/rustwide/target" "-e" "CARGO_INCREMENTAL=0" "-e" "RUST_BACKTRACE=full" "-e" "RUSTFLAGS=--cap-lints=forbid -Zrandomize-layout" "-e" "RUSTDOCFLAGS=--cap-lints=forbid" "-e" "CARGO_HOME=/opt/rustwide/cargo-home" "-e" "RUSTUP_HOME=/opt/rustwide/rustup-home" "-w" "/opt/rustwide/workdir" "-m" "1610612736" "--user" "0:0" "--network" "none" "ghcr.io/rust-lang/crates-build-env/linux@sha256:4a844ea9eb2546a2d2c7022eacef16ef2e8229c7fbb2c7d4d55a9ceca922f72d" "/opt/rustwide/cargo-home/bin/cargo" "+nightly-2024-10-28" "build" "--frozen" "--message-format=json", kill_on_drop: false }`
[INFO] [stdout] eb8badf7e47f357b2775374d7bc462535e5fffc12f81bcf3ca5c72dc98e94cd1
[INFO] running `Command { std: "docker" "start" "-a" "eb8badf7e47f357b2775374d7bc462535e5fffc12f81bcf3ca5c72dc98e94cd1", kill_on_drop: false }`
[INFO] [stderr]    Compiling proc-macro2 v1.0.86
[INFO] [stderr]    Compiling libc v0.2.155
[INFO] [stderr]    Compiling autocfg v1.3.0
[INFO] [stderr]    Compiling zeroize v1.8.1
[INFO] [stderr]    Compiling serde v1.0.204
[INFO] [stderr]    Compiling bytes v1.7.1
[INFO] [stderr]    Compiling futures-core v0.3.31
[INFO] [stderr]    Compiling generic-array v0.14.7
[INFO] [stderr]    Compiling subtle v2.6.1
[INFO] [stderr]    Compiling thiserror v1.0.63
[INFO] [stderr]    Compiling futures-sink v0.3.31
[INFO] [stderr]    Compiling cc v1.1.6
[INFO] [stderr]    Compiling futures-channel v0.3.31
[INFO] [stderr]    Compiling slab v0.4.9
[INFO] [stderr]    Compiling lock_api v0.4.12
[INFO] [stderr]    Compiling cpufeatures v0.2.12
[INFO] [stderr]    Compiling unicode-normalization v0.1.23
[INFO] [stderr]    Compiling tracing-core v0.1.32
[INFO] [stderr]    Compiling quote v1.0.36
[INFO] [stderr]    Compiling block-buffer v0.10.4
[INFO] [stderr]    Compiling spin v0.9.8
[INFO] [stderr]    Compiling smallvec v1.13.2
[INFO] [stderr]    Compiling hashbrown v0.14.5
[INFO] [stderr]    Compiling syn v2.0.72
[INFO] [stderr]    Compiling rustls-pki-types v1.7.0
[INFO] [stderr]    Compiling unicode-bidi v0.3.15
[INFO] [stderr]    Compiling aho-corasick v1.1.3
[INFO] [stderr]    Compiling regex-syntax v0.8.4
[INFO] [stderr]    Compiling untrusted v0.9.0
[INFO] [stderr]    Compiling idna v0.5.0
[INFO] [stderr]    Compiling getrandom v0.2.15
[INFO] [stderr]    Compiling rand_core v0.6.4
[INFO] [stderr]    Compiling socket2 v0.5.7
[INFO] [stderr]    Compiling mio v0.8.11
[INFO] [stderr]    Compiling num_cpus v1.16.0
[INFO] [stderr]    Compiling crypto-common v0.1.6
[INFO] [stderr]    Compiling signal-hook-registry v1.4.2
[INFO] [stderr]    Compiling digest v0.10.7
[INFO] [stderr]    Compiling rand_chacha v0.3.1
[INFO] [stderr]    Compiling ring v0.17.8
[INFO] [stderr]    Compiling http v1.1.0
[INFO] [stderr]    Compiling semver v1.0.23
[INFO] [stderr]    Compiling rand v0.8.5
[INFO] [stderr]    Compiling equivalent v1.0.1
[INFO] [stderr]    Compiling base64 v0.22.1
[INFO] [stderr]    Compiling indexmap v2.2.6
[INFO] [stderr]    Compiling time-core v0.1.2
[INFO] [stderr]    Compiling powerfmt v0.2.0
[INFO] [stderr]    Compiling httparse v1.9.4
[INFO] [stderr]    Compiling num-conv v0.1.0
[INFO] [stderr]    Compiling rustls v0.23.11
[INFO] [stderr]    Compiling time-macros v0.2.18
[INFO] [stderr]    Compiling regex-automata v0.4.7
[INFO] [stderr]    Compiling syn v1.0.109
[INFO] [stderr]    Compiling parking_lot_core v0.9.10
[INFO] [stderr]    Compiling rustc_version v0.4.0
[INFO] [stderr]    Compiling anyhow v1.0.86
[INFO] [stderr]    Compiling regex-lite v0.1.6
[INFO] [stderr]    Compiling curve25519-dalek v4.1.3
[INFO] [stderr]    Compiling inout v0.1.3
[INFO] [stderr]    Compiling num-traits v0.2.19
[INFO] [stderr]    Compiling paste v1.0.15
[INFO] [stderr]    Compiling cipher v0.4.4
[INFO] [stderr]    Compiling ucd-parse v0.1.13
[INFO] [stderr]    Compiling http-body v1.0.1
[INFO] [stderr]    Compiling sha2 v0.10.8
[INFO] [stderr]    Compiling data-encoding v2.6.0
[INFO] [stderr]    Compiling want v0.3.1
[INFO] [stderr]    Compiling parking_lot v0.12.3
[INFO] [stderr]    Compiling rustls-pemfile v2.1.2
[INFO] [stderr]    Compiling regex v1.10.5
[INFO] [stderr]    Compiling rustls-webpki v0.102.6
[INFO] [stderr]    Compiling signature v2.2.0
[INFO] [stderr]    Compiling tower-service v0.3.2
[INFO] [stderr]    Compiling ucd-trie v0.1.6
[INFO] [stderr]    Compiling precis-tools v0.1.7
[INFO] [stderr]    Compiling minimal-lexical v0.2.1
[INFO] [stderr]    Compiling tower-layer v0.3.2
[INFO] [stderr]    Compiling httpdate v1.0.3
[INFO] [stderr]    Compiling nom v7.1.3
[INFO] [stderr]    Compiling synstructure v0.13.1
[INFO] [stderr]    Compiling sha1 v0.10.6
[INFO] [stderr]    Compiling serde_derive v1.0.204
[INFO] [stderr]    Compiling thiserror-impl v1.0.63
[INFO] [stderr]    Compiling futures-macro v0.3.31
[INFO] [stderr]    Compiling tokio-macros v2.3.0
[INFO] [stderr]    Compiling tracing-attributes v0.1.27
[INFO] [stderr]    Compiling futures-util v0.3.31
[INFO] [stderr]    Compiling tokio v1.38.1
[INFO] [stderr]    Compiling pin-project-internal v1.1.5
[INFO] [stderr]    Compiling curve25519-dalek-derive v0.1.1
[INFO] [stderr]    Compiling pest v2.7.11
[INFO] [stderr]    Compiling tracing v0.1.40
[INFO] [stderr]    Compiling webpki-roots v0.26.3
[INFO] [stderr]    Compiling proc-macro-error-attr v0.4.12
[INFO] [stderr]    Compiling base16ct v0.2.0
[INFO] [stderr]    Compiling pin-project v1.1.5
[INFO] [stderr]    Compiling base64ct v1.6.0
[INFO] [stderr]    Compiling parking v2.2.0
[INFO] [stderr]    Compiling rusticata-macros v4.1.0
[INFO] [stderr]    Compiling pem-rfc7468 v0.7.0
[INFO] [stderr]    Compiling netlink-packet-utils v0.5.2
[INFO] [stderr]    Compiling asn1-rs-derive v0.5.0
[INFO] [stderr]    Compiling precis-core v0.1.9
[INFO] [stderr]    Compiling futures-executor v0.3.30
[INFO] [stderr]    Compiling pest_meta v2.7.11
[INFO] [stderr]    Compiling futures v0.3.30
[INFO] [stderr]    Compiling asn1-rs-impl v0.2.0
[INFO] [stderr]    Compiling displaydoc v0.2.5
[INFO] [stderr]    Compiling syn-mid v0.5.4
[INFO] [stderr]    Compiling universal-hash v0.5.1
[INFO] [stderr]    Compiling proc-macro-error v0.4.12
[INFO] [stderr]    Compiling serde_json v1.0.120
[INFO] [stderr]    Compiling no-std-net v0.6.0
[INFO] [stderr]    Compiling proc-macro-hack v0.5.20+deprecated
[INFO] [stderr]    Compiling winnow v0.5.40
[INFO] [stderr]    Compiling rustversion v1.0.17
[INFO] [stderr]    Compiling linked-hash-map v0.5.6
[INFO] [stderr]    Compiling crc-catalog v2.4.0
[INFO] [stderr]    Compiling radium v0.7.0
[INFO] [stderr]    Compiling ipnet v2.9.0
[INFO] [stderr]    Compiling opaque-debug v0.3.1
[INFO] [stderr]    Compiling toml_datetime v0.6.6
[INFO] [stderr]    Compiling poly1305 v0.8.0
[INFO] [stderr]    Compiling crc v3.2.1
[INFO] [stderr]    Compiling pest_generator v2.7.11
[INFO] [stderr]    Compiling pnet_base v0.34.0
[INFO] [stderr]    Compiling rustls-native-certs v0.7.2
[INFO] [stderr]    Compiling toml_edit v0.21.1
[INFO] [stderr]    Compiling http-body-util v0.1.2
[INFO] [stderr]    Compiling netlink-packet-core v0.7.0
[INFO] [stderr]    Compiling ssh-encoding v0.2.0
[INFO] [stderr]    Compiling tokio-util v0.7.12
[INFO] [stderr]    Compiling tower v0.4.13
[INFO] [stderr]    Compiling erased-serde v0.3.31
[INFO] [stderr]    Compiling url v2.5.2
[INFO] [stderr]    Compiling deranged v0.3.11
[INFO] [stderr]    Compiling h2 v0.4.5
[INFO] [stderr]    Compiling ed25519 v2.2.3
[INFO] [stderr]    Compiling serde_bytes v0.11.15
[INFO] [stderr]    Compiling ed25519-dalek v2.1.1
[INFO] [stderr]    Compiling tokio-rustls v0.26.0
[INFO] [stderr]    Compiling time v0.3.36
[INFO] [stderr]    Compiling precis-profiles v0.1.10
[INFO] [stderr]    Compiling async-trait v0.1.81
[INFO] [stderr]    Compiling num-integer v0.1.46
[INFO] [stderr]    Compiling salsa20 v0.10.2
[INFO] [stderr]    Compiling chacha20 v0.9.1
[INFO] [stderr]    Compiling aead v0.5.2
[INFO] [stderr]    Compiling iroh-blake3 v1.4.5
[INFO] [stderr]    Compiling nanorand v0.7.0
[INFO] [stderr]    Compiling prometheus-client v0.22.3
[INFO] [stderr]    Compiling unicode-xid v0.2.4
[INFO] [stderr]    Compiling struct_iterable_internal v0.1.1
[INFO] [stderr]    Compiling portable-atomic v1.7.0
[INFO] [stderr]    Compiling tap v1.0.1
[INFO] [stderr]    Compiling match_cfg v0.1.0
[INFO] [stderr]    Compiling utf-8 v0.7.6
[INFO] [stderr]    Compiling oid-registry v0.7.0
[INFO] [stderr]    Compiling heck v0.4.1
[INFO] [stderr]    Compiling tungstenite v0.21.0
[INFO] [stderr]    Compiling enum-as-inner v0.6.0
[INFO] [stderr]    Compiling wyz v0.5.1
[INFO] [stderr]    Compiling hostname v0.3.1
[INFO] [stderr]    Compiling struct_iterable_derive v0.1.0
[INFO] [stderr]    Compiling derive_more-impl v1.0.0
[INFO] [stderr]    Compiling asn1-rs v0.6.1
[INFO] [stderr]    Compiling flume v0.11.0
[INFO] [stderr]    Compiling crypto_secretbox v0.1.1
[INFO] [stderr]    Compiling num-bigint v0.4.6
[INFO] [stderr]    Compiling serde_bencode v0.2.4
[INFO] [stderr]    Compiling proc-macro-crate v3.1.0
[INFO] [stderr]    Compiling rustls-platform-verifier v0.3.3
[INFO] [stderr]    Compiling serdect v0.2.0
[INFO] [stderr]    Compiling serde_urlencoded v0.7.1
[INFO] [stderr]    Compiling pest_derive v2.7.11
[INFO] [stderr]    Compiling ssh-cipher v0.2.0
[INFO] [stderr]    Compiling hyper v1.4.1
[INFO] [stderr]    Compiling netlink-sys v0.8.6
[INFO] [stderr]    Compiling pnet_macros_support v0.34.0
[INFO] [stderr]    Compiling sec1 v0.7.3
[INFO] [stderr]    Compiling raw-cpuid v11.1.0
[INFO] [stderr]    Compiling postcard-derive v0.1.2
[INFO] [stderr]    Compiling pnet_macros v0.34.0
[INFO] [stderr]    Compiling async-recursion v1.1.1
[INFO] [stderr]    Compiling enumflags2_derive v0.7.10
[INFO] [stderr]    Compiling prometheus-client-derive-encode v0.4.2
[INFO] [stderr]    Compiling hmac v0.12.1
[INFO] [stderr]    Compiling http v0.2.12
[INFO] [stderr]    Compiling sync_wrapper v1.0.1
[INFO] [stderr]    Compiling funty v2.0.0
[INFO] [stderr]    Compiling heck v0.5.0
[INFO] [stderr]    Compiling xml-rs v0.8.20
[INFO] [stderr]    Compiling hyper-util v0.1.6
[INFO] [stderr]    Compiling arrayvec v0.7.4
[INFO] [stderr]    Compiling cobs v0.2.3
[INFO] [stderr]    Compiling lru v0.12.3
[INFO] [stderr]    Compiling diatomic-waker v0.2.2
[INFO] [stderr]    Compiling hex v0.4.3
[INFO] [stderr]    Compiling arrayref v0.3.8
[INFO] [stderr]    Compiling dtoa v1.0.9
[INFO] [stderr]    Compiling sha1_smol v1.0.1
[INFO] [stderr]    Compiling constant_time_eq v0.3.0
[INFO] [stderr]    Compiling litrs v0.4.1
[INFO] [stderr]    Compiling resolv-conf v0.7.0
[INFO] [stderr]    Compiling mainline v2.0.1
[INFO] [stderr]    Compiling futures-buffered v0.2.8
[INFO] [stderr]    Compiling hyper-rustls v0.27.2
[INFO] [stderr]    Compiling document-features v0.2.10
[INFO] [stderr]    Compiling reqwest v0.12.7
[INFO] [stderr]    Compiling futures-lite v1.13.0
[INFO] [stderr]    Compiling xmltree v0.10.3
[INFO] [stderr]    Compiling attohttpc v0.24.1
[INFO] [stderr]    Compiling iroh-quinn-proto v0.11.6
[INFO] [stderr]    Compiling postcard v1.0.10
[INFO] [stderr]    Compiling bitvec v1.0.1
[INFO] [stderr]    Compiling quanta v0.12.3
[INFO] [stderr]    Compiling strum_macros v0.26.4
[INFO] [stderr]    Compiling enumflags2 v0.7.10
[INFO] [stderr]    Compiling hmac-sha1 v0.2.2
[INFO] [stderr]    Compiling pnet_packet v0.34.0
[INFO] [stderr]    Compiling event-listener v4.0.3
[INFO] [stderr]    Compiling hickory-proto v0.25.0-alpha.2
[INFO] [stderr]    Compiling genawaiter-proc-macro v0.99.1
[INFO] [stderr]    Compiling ssh-key v0.6.6
[INFO] [stderr]    Compiling derive_more v1.0.0
[INFO] [stderr]    Compiling netlink-proto v0.11.3
[INFO] [stderr]    Compiling quoted-string-parser v0.1.0
[INFO] [stderr]    Compiling crypto_box v0.9.1
[INFO] [stderr]    Compiling der-parser v9.0.0
[INFO] [stderr]    Compiling num_enum_derive v0.7.2
[INFO] [stderr]    Compiling struct_iterable v0.1.1
[INFO] [stderr]    Compiling yasna v0.5.2
[INFO] [stderr]    Compiling tokio-tungstenite v0.21.0
[INFO] [stderr]    Compiling nix v0.26.4
[INFO] [stderr]    Compiling netlink-packet-route v0.17.1
[INFO] [stderr]    Compiling ureq v2.10.0
[INFO] [stderr]    Compiling serde-error v0.1.2
[INFO] [stderr]    Compiling ttl_cache v0.5.1
[INFO] [stderr]    Compiling lru-cache v0.1.2
[INFO] [stderr]    Compiling simple-dns v0.6.2
[INFO] [stderr]    Compiling iroh-quinn-udp v0.5.4
[INFO] [stderr]    Compiling der_derive v0.7.3
[INFO] [stderr]    Compiling dashmap v5.5.3
[INFO] [stderr]    Compiling pem v3.0.4
[INFO] [stderr]    Compiling spinning_top v0.3.0
[INFO] [stderr]    Compiling instant v0.1.13
[INFO] [stderr]    Compiling fastrand v2.1.0
[INFO] [stderr]    Compiling fallible-iterator v0.3.0
[INFO] [stderr]    Compiling genawaiter-macro v0.99.1
[INFO] [stderr]    Compiling bounded-integer v0.5.7
[INFO] [stderr]    Compiling hostname-validator v1.1.1
[INFO] [stderr]    Compiling hmac-sha256 v1.1.7
[INFO] [stderr]    Compiling dyn-clone v1.0.17
[INFO] [stderr]    Compiling erased_set v0.7.0
[INFO] [stderr]    Compiling no-std-compat v0.4.1
[INFO] [stderr]    Compiling md5 v0.7.0
[INFO] [stderr]    Compiling z32 v1.1.1
[INFO] [stderr]    Compiling nonzero_ext v0.3.0
[INFO] [stderr]    Compiling iroh-metrics v0.27.0
[INFO] [stderr]    Compiling governor v0.6.3
[INFO] [stderr]    Compiling pkarr v2.2.0
[INFO] [stderr]    Compiling genawaiter v0.99.1
[INFO] [stderr]    Compiling der v0.7.9
[INFO] [stderr]    Compiling rtnetlink v0.13.1
[INFO] [stderr]    Compiling futures-lite v2.3.0
[INFO] [stderr]    Compiling backoff v0.4.0
[INFO] [stderr]    Compiling rcgen v0.12.1
[INFO] [stderr]    Compiling iroh-quinn v0.11.3
[INFO] [stderr]    Compiling hickory-resolver v0.25.0-alpha.2
[INFO] [stderr]    Compiling stun-rs v0.1.8
[INFO] [stderr]    Compiling iroh-base v0.27.0
[INFO] [stderr]    Compiling num_enum v0.7.2
[INFO] [stderr]    Compiling tokio-tungstenite-wasm v0.3.1
[INFO] [stderr]    Compiling x509-parser v0.16.0
[INFO] [stderr]    Compiling surge-ping v0.8.1
[INFO] [stderr]    Compiling strum v0.26.3
[INFO] [stderr]    Compiling futures-concurrency v7.6.1
[INFO] [stderr]    Compiling watchable v1.1.2
[INFO] [stderr]    Compiling igd-next v0.15.1
[INFO] [stderr]    Compiling tokio-stream v0.1.15
[INFO] [stderr]    Compiling netdev v0.30.0
[INFO] [stderr]    Compiling iroh-net v0.27.0 (/opt/rustwide/workdir)
[INFO] [stderr]     Finished `dev` profile [unoptimized + debuginfo] target(s) in 3m 16s
[INFO] running `Command { std: "docker" "inspect" "eb8badf7e47f357b2775374d7bc462535e5fffc12f81bcf3ca5c72dc98e94cd1", kill_on_drop: false }`
[INFO] running `Command { std: "docker" "rm" "-f" "eb8badf7e47f357b2775374d7bc462535e5fffc12f81bcf3ca5c72dc98e94cd1", kill_on_drop: false }`
[INFO] [stdout] eb8badf7e47f357b2775374d7bc462535e5fffc12f81bcf3ca5c72dc98e94cd1
[INFO] running `Command { std: "docker" "create" "-v" "/var/lib/crater-agent-workspace/builds/worker-7-tc2/target:/opt/rustwide/target:rw,Z" "-v" "/var/lib/crater-agent-workspace/builds/worker-7-tc2/source:/opt/rustwide/workdir:ro,Z" "-v" "/var/lib/crater-agent-workspace/cargo-home:/opt/rustwide/cargo-home:ro,Z" "-v" "/var/lib/crater-agent-workspace/rustup-home:/opt/rustwide/rustup-home:ro,Z" "-e" "SOURCE_DIR=/opt/rustwide/workdir" "-e" "CARGO_TARGET_DIR=/opt/rustwide/target" "-e" "CARGO_INCREMENTAL=0" "-e" "RUST_BACKTRACE=full" "-e" "RUSTFLAGS=--cap-lints=forbid -Zrandomize-layout" "-e" "RUSTDOCFLAGS=--cap-lints=forbid" "-e" "CARGO_HOME=/opt/rustwide/cargo-home" "-e" "RUSTUP_HOME=/opt/rustwide/rustup-home" "-w" "/opt/rustwide/workdir" "-m" "1610612736" "--user" "0:0" "--network" "none" "ghcr.io/rust-lang/crates-build-env/linux@sha256:4a844ea9eb2546a2d2c7022eacef16ef2e8229c7fbb2c7d4d55a9ceca922f72d" "/opt/rustwide/cargo-home/bin/cargo" "+nightly-2024-10-28" "test" "--frozen" "--no-run" "--message-format=json", kill_on_drop: false }`
[INFO] [stdout] a9fc2f9b69428ccc3119cc6caa6ac6c9fe15e9b906ccb46ceeb2d2403832afa5
[INFO] running `Command { std: "docker" "start" "-a" "a9fc2f9b69428ccc3119cc6caa6ac6c9fe15e9b906ccb46ceeb2d2403832afa5", kill_on_drop: false }`
[INFO] [stderr]    Compiling tokio v1.38.1
[INFO] [stderr]    Compiling tracing-core v0.1.32
[INFO] [stderr]    Compiling regex-syntax v0.8.4
[INFO] [stderr]    Compiling rand_chacha v0.3.1
[INFO] [stderr]    Compiling libm v0.2.8
[INFO] [stderr]    Compiling num-traits v0.2.19
[INFO] [stderr]    Compiling rustls v0.23.11
[INFO] [stderr]    Compiling serde_json v1.0.120
[INFO] [stderr]    Compiling rustix v0.38.34
[INFO] [stderr]    Compiling rand v0.8.5
[INFO] [stderr]    Compiling tracing v0.1.40
[INFO] [stderr]    Compiling fastrand v2.1.0
[INFO] [stderr]    Compiling utf8parse v0.2.2
[INFO] [stderr]    Compiling anstyle-parse v0.2.4
[INFO] [stderr]    Compiling colorchoice v1.0.1
[INFO] [stderr]    Compiling camino v1.1.7
[INFO] [stderr]    Compiling is_terminal_polyfill v1.70.0
[INFO] [stderr]    Compiling anstyle-query v1.1.0
[INFO] [stderr]    Compiling either v1.13.0
[INFO] [stderr]    Compiling semver v1.0.23
[INFO] [stderr]    Compiling anstyle v1.0.7
[INFO] [stderr]    Compiling anstream v0.6.14
[INFO] [stderr]    Compiling tungstenite v0.21.0
[INFO] [stderr]    Compiling asn1-rs v0.6.1
[INFO] [stderr]    Compiling regex-automata v0.4.7
[INFO] [stderr]    Compiling num-integer v0.1.46
[INFO] [stderr]    Compiling num-bigint v0.4.6
[INFO] [stderr]    Compiling axum-core v0.4.3
[INFO] [stderr]    Compiling raw-cpuid v11.1.0
[INFO] [stderr]    Compiling backtrace v0.3.73
[INFO] [stderr]    Compiling half v2.4.1
[INFO] [stderr]    Compiling regex-syntax v0.6.29
[INFO] [stderr]    Compiling strsim v0.11.1
[INFO] [stderr]    Compiling tokio-util v0.7.12
[INFO] [stderr]    Compiling tower v0.4.13
[INFO] [stderr]    Compiling regex v1.10.5
[INFO] [stderr]    Compiling precis-tools v0.1.7
[INFO] [stderr]    Compiling h2 v0.4.5
[INFO] [stderr]    Compiling tokio-rustls v0.26.0
[INFO] [stderr]    Compiling netlink-sys v0.8.6
[INFO] [stderr]    Compiling adler v1.0.2
[INFO] [stderr]    Compiling clap_lex v0.7.1
[INFO] [stderr]    Compiling gimli v0.29.0
[INFO] [stderr]    Compiling ciborium-io v0.2.2
[INFO] [stderr]    Compiling plotters-backend v0.3.6
[INFO] [stderr]    Compiling precis-core v0.1.9
[INFO] [stderr]    Compiling precis-profiles v0.1.10
[INFO] [stderr]    Compiling pnet_macros v0.34.0
[INFO] [stderr]    Compiling plotters-svg v0.3.6
[INFO] [stderr]    Compiling pnet_packet v0.34.0
[INFO] [stderr]    Compiling rustls-platform-verifier v0.3.3
[INFO] [stderr]    Compiling ciborium-ll v0.2.2
[INFO] [stderr]    Compiling iroh-quinn-proto v0.11.6
[INFO] [stderr]    Compiling clap_builder v4.5.9
[INFO] [stderr]    Compiling miniz_oxide v0.7.4
[INFO] [stderr]    Compiling netlink-proto v0.11.3
[INFO] [stderr]    Compiling addr2line v0.22.0
[INFO] [stderr]    Compiling mainline v2.0.1
[INFO] [stderr]    Compiling regex-automata v0.1.10
[INFO] [stderr]    Compiling hyper v1.4.1
[INFO] [stderr]    Compiling quanta v0.12.3
[INFO] [stderr]    Compiling tokio-tungstenite v0.21.0
[INFO] [stderr]    Compiling hickory-proto v0.25.0-alpha.2
[INFO] [stderr]    Compiling attohttpc v0.24.1
[INFO] [stderr]    Compiling hyper-util v0.1.6
[INFO] [stderr]    Compiling der-parser v9.0.0
[INFO] [stderr]    Compiling tempfile v3.10.1
[INFO] [stderr]    Compiling hyper-rustls v0.27.2
[INFO] [stderr]    Compiling oid-registry v0.7.0
[INFO] [stderr]    Compiling reqwest v0.12.7
[INFO] [stderr]    Compiling ureq v2.10.0
[INFO] [stderr]    Compiling itertools v0.10.5
[INFO] [stderr]    Compiling iroh-quinn-udp v0.5.4
[INFO] [stderr]    Compiling clap_derive v4.5.8
[INFO] [stderr]    Compiling axum v0.7.5
[INFO] [stderr]    Compiling simple-dns v0.6.2
[INFO] [stderr]    Compiling cargo-platform v0.1.8
[INFO] [stderr]    Compiling wait-timeout v0.2.0
[INFO] [stderr]    Compiling object v0.36.1
[INFO] [stderr]    Compiling overload v0.1.1
[INFO] [stderr]    Compiling sync_wrapper v0.1.2
[INFO] [stderr]    Compiling bit-vec v0.6.3
[INFO] [stderr]    Compiling bit-set v0.5.3
[INFO] [stderr]    Compiling stun-rs v0.1.8
[INFO] [stderr]    Compiling nu-ansi-term v0.46.0
[INFO] [stderr]    Compiling criterion-plot v0.5.0
[INFO] [stderr]    Compiling iroh-metrics v0.27.0
[INFO] [stderr]    Compiling governor v0.6.3
[INFO] [stderr]    Compiling clap v4.5.9
[INFO] [stderr]    Compiling pkarr v2.2.0
[INFO] [stderr]    Compiling backoff v0.4.0
[INFO] [stderr]    Compiling rusty-fork v0.3.0
[INFO] [stderr]    Compiling cargo_metadata v0.14.2
[INFO] [stderr]    Compiling iroh-base v0.27.0
[INFO] [stderr]    Compiling iroh-quinn v0.11.3
[INFO] [stderr]    Compiling hickory-resolver v0.25.0-alpha.2
[INFO] [stderr]    Compiling rtnetlink v0.13.1
[INFO] [stderr]    Compiling x509-parser v0.16.0
[INFO] [stderr]    Compiling igd-next v0.15.1
[INFO] [stderr]    Compiling rayon v1.10.0
[INFO] [stderr]    Compiling tokio-tungstenite-wasm v0.3.1
[INFO] [stderr]    Compiling surge-ping v0.8.1
[INFO] [stderr]    Compiling matchers v0.1.0
[INFO] [stderr]    Compiling ciborium v0.2.2
[INFO] [stderr]    Compiling plotters v0.3.6
[INFO] [stderr]    Compiling tokio-stream v0.1.15
[INFO] [stderr]    Compiling tinytemplate v1.2.1
[INFO] [stderr]    Compiling futures-lite v2.3.0
[INFO] [stderr]    Compiling tracing-log v0.2.0
[INFO] [stderr]    Compiling ntest_timeout v0.9.3
[INFO] [stderr]    Compiling ntest_test_cases v0.9.3
[INFO] [stderr]    Compiling sharded-slab v0.1.7
[INFO] [stderr]    Compiling serde_path_to_error v0.1.16
[INFO] [stderr]    Compiling rand_xorshift v0.3.0
[INFO] [stderr]    Compiling sysinfo v0.26.9
[INFO] [stderr]    Compiling is-terminal v0.4.12
[INFO] [stderr]    Compiling thread_local v1.1.8
[INFO] [stderr]    Compiling whoami v1.5.1
[INFO] [stderr]    Compiling diff v0.1.13
[INFO] [stderr]    Compiling matchit v0.7.3
[INFO] [stderr]    Compiling oorandom v11.1.4
[INFO] [stderr]    Compiling unarray v0.1.4
[INFO] [stderr]    Compiling yansi v0.5.1
[INFO] [stderr]    Compiling tracing-subscriber v0.3.18
[INFO] [stderr]    Compiling pretty_assertions v1.4.0
[INFO] [stderr]    Compiling criterion v0.5.1
[INFO] [stderr]    Compiling proptest v1.5.0
[INFO] [stderr]    Compiling ntest v0.9.3
[INFO] [stderr]    Compiling testresult v0.4.1
[INFO] [stderr]    Compiling iroh-net v0.27.0 (/opt/rustwide/workdir)
[INFO] [stderr]    Compiling testdir v0.9.1
[INFO] [stdout] error[E0432]: unresolved import `crate::relay::server`
[INFO] [stdout]   --> src/test_utils.rs:12:9
[INFO] [stdout]    |
[INFO] [stdout] 12 |         server::{CertConfig, RelayConfig, Server, ServerConfig, StunConfig, TlsConfig},
[INFO] [stdout]    |         ^^^^^^ could not find `server` in `relay`
[INFO] [stdout]    |
[INFO] [stdout] note: found an item that was configured out
[INFO] [stdout]   --> src/relay.rs:19:9
[INFO] [stdout]    |
[INFO] [stdout] 19 | pub mod server;
[INFO] [stdout]    |         ^^^^^^
[INFO] [stdout] note: the item is gated behind the `iroh-relay` feature
[INFO] [stdout]   --> src/relay.rs:17:7
[INFO] [stdout]    |
[INFO] [stdout] 17 | #[cfg(feature = "iroh-relay")]
[INFO] [stdout]    |       ^^^^^^^^^^^^^^^^^^^^^^
[INFO] [stdout] 
[INFO] [stdout] 
[INFO] [stdout] error[E0432]: unresolved import `iroh_test`
[INFO] [stdout]     --> src/endpoint.rs:1381:9
[INFO] [stdout]      |
[INFO] [stdout] 1381 |     use iroh_test::CallOnDrop;
[INFO] [stdout]      |         ^^^^^^^^^ use of undeclared crate or module `iroh_test`
[INFO] [stdout]      |
[INFO] [stdout] help: there is a crate or module with a similar name
[INFO] [stdout]      |
[INFO] [stdout] 1381 |     use iroh_base::CallOnDrop;
[INFO] [stdout]      |         ~~~~~~~~~
[INFO] [stdout] 
[INFO] [stdout] 
[INFO] [stdout] error[E0432]: unresolved import `iroh_test`
[INFO] [stdout]     --> src/magicsock.rs:2782:9
[INFO] [stdout]      |
[INFO] [stdout] 2782 |     use iroh_test::CallOnDrop;
[INFO] [stdout]      |         ^^^^^^^^^ use of undeclared crate or module `iroh_test`
[INFO] [stdout]      |
[INFO] [stdout] help: there is a crate or module with a similar name
[INFO] [stdout]      |
[INFO] [stdout] 2782 |     use iroh_base::CallOnDrop;
[INFO] [stdout]      |         ~~~~~~~~~
[INFO] [stdout] 
[INFO] [stdout] 
[INFO] [stdout] error[E0433]: failed to resolve: use of undeclared crate or module `iroh_test`
[INFO] [stdout]    --> src/discovery.rs:558:22
[INFO] [stdout]     |
[INFO] [stdout] 558 |         let _guard = iroh_test::logging::setup();
[INFO] [stdout]     |                      ^^^^^^^^^ use of undeclared crate or module `iroh_test`
[INFO] [stdout]     |
[INFO] [stdout] help: there is a crate or module with a similar name
[INFO] [stdout]     |
[INFO] [stdout] 558 |         let _guard = iroh_base::logging::setup();
[INFO] [stdout]     |                      ~~~~~~~~~
[INFO] [stdout] 
[INFO] [stdout] 
[INFO] [stdout] error[E0433]: failed to resolve: use of undeclared crate or module `iroh_test`
[INFO] [stdout]    --> src/discovery.rs:580:22
[INFO] [stdout]     |
[INFO] [stdout] 580 |         let _guard = iroh_test::logging::setup();
[INFO] [stdout]     |                      ^^^^^^^^^ use of undeclared crate or module `iroh_test`
[INFO] [stdout]     |
[INFO] [stdout] help: there is a crate or module with a similar name
[INFO] [stdout]     |
[INFO] [stdout] 580 |         let _guard = iroh_base::logging::setup();
[INFO] [stdout]     |                      ~~~~~~~~~
[INFO] [stdout] 
[INFO] [stdout] 
[INFO] [stdout] error[E0433]: failed to resolve: use of undeclared crate or module `iroh_test`
[INFO] [stdout]    --> src/discovery.rs:608:22
[INFO] [stdout]     |
[INFO] [stdout] 608 |         let _guard = iroh_test::logging::setup();
[INFO] [stdout]     |                      ^^^^^^^^^ use of undeclared crate or module `iroh_test`
[INFO] [stdout]     |
[INFO] [stdout] help: there is a crate or module with a similar name
[INFO] [stdout]     |
[INFO] [stdout] 608 |         let _guard = iroh_base::logging::setup();
[INFO] [stdout]     |                      ~~~~~~~~~
[INFO] [stdout] 
[INFO] [stdout] 
[INFO] [stdout] error[E0433]: failed to resolve: use of undeclared crate or module `iroh_test`
[INFO] [stdout]    --> src/discovery.rs:636:22
[INFO] [stdout]     |
[INFO] [stdout] 636 |         let _guard = iroh_test::logging::setup();
[INFO] [stdout]     |                      ^^^^^^^^^ use of undeclared crate or module `iroh_test`
[INFO] [stdout]     |
[INFO] [stdout] help: there is a crate or module with a similar name
[INFO] [stdout]     |
[INFO] [stdout] 636 |         let _guard = iroh_base::logging::setup();
[INFO] [stdout]     |                      ~~~~~~~~~
[INFO] [stdout] 
[INFO] [stdout] 
[INFO] [stdout] error[E0433]: failed to resolve: use of undeclared crate or module `iroh_test`
[INFO] [stdout]    --> src/discovery.rs:661:22
[INFO] [stdout]     |
[INFO] [stdout] 661 |         let _guard = iroh_test::logging::setup();
[INFO] [stdout]     |                      ^^^^^^^^^ use of undeclared crate or module `iroh_test`
[INFO] [stdout]     |
[INFO] [stdout] help: there is a crate or module with a similar name
[INFO] [stdout]     |
[INFO] [stdout] 661 |         let _guard = iroh_base::logging::setup();
[INFO] [stdout]     |                      ~~~~~~~~~
[INFO] [stdout] 
[INFO] [stdout] 
[INFO] [stdout] error[E0433]: failed to resolve: use of undeclared crate or module `iroh_test`
[INFO] [stdout]    --> src/discovery.rs:751:30
[INFO] [stdout]     |
[INFO] [stdout] 751 |         let _logging_guard = iroh_test::logging::setup();
[INFO] [stdout]     |                              ^^^^^^^^^ use of undeclared crate or module `iroh_test`
[INFO] [stdout]     |
[INFO] [stdout] help: there is a crate or module with a similar name
[INFO] [stdout]     |
[INFO] [stdout] 751 |         let _logging_guard = iroh_base::logging::setup();
[INFO] [stdout]     |                              ~~~~~~~~~
[INFO] [stdout] 
[INFO] [stdout] 
[INFO] [stdout] error[E0433]: failed to resolve: use of undeclared crate or module `iroh_test`
[INFO] [stdout]    --> src/discovery.rs:776:30
[INFO] [stdout]     |
[INFO] [stdout] 776 |         let _logging_guard = iroh_test::logging::setup();
[INFO] [stdout]     |                              ^^^^^^^^^ use of undeclared crate or module `iroh_test`
[INFO] [stdout]     |
[INFO] [stdout] help: there is a crate or module with a similar name
[INFO] [stdout]     |
[INFO] [stdout] 776 |         let _logging_guard = iroh_base::logging::setup();
[INFO] [stdout]     |                              ~~~~~~~~~
[INFO] [stdout] 
[INFO] [stdout] 
[INFO] [stdout] error[E0433]: failed to resolve: use of undeclared crate or module `iroh_test`
[INFO] [stdout]    --> src/discovery.rs:811:30
[INFO] [stdout]     |
[INFO] [stdout] 811 |         let _logging_guard = iroh_test::logging::setup();
[INFO] [stdout]     |                              ^^^^^^^^^ use of undeclared crate or module `iroh_test`
[INFO] [stdout]     |
[INFO] [stdout] help: there is a crate or module with a similar name
[INFO] [stdout]     |
[INFO] [stdout] 811 |         let _logging_guard = iroh_base::logging::setup();
[INFO] [stdout]     |                              ~~~~~~~~~
[INFO] [stdout] 
[INFO] [stdout] 
[INFO] [stdout] error[E0433]: failed to resolve: use of undeclared crate or module `iroh_test`
[INFO] [stdout]    --> src/discovery.rs:832:30
[INFO] [stdout]     |
[INFO] [stdout] 832 |         let _logging_guard = iroh_test::logging::setup();
[INFO] [stdout]     |                              ^^^^^^^^^ use of undeclared crate or module `iroh_test`
[INFO] [stdout]     |
[INFO] [stdout] help: there is a crate or module with a similar name
[INFO] [stdout]     |
[INFO] [stdout] 832 |         let _logging_guard = iroh_base::logging::setup();
[INFO] [stdout]     |                              ~~~~~~~~~
[INFO] [stdout] 
[INFO] [stdout] 
[INFO] [stdout] error[E0433]: failed to resolve: use of undeclared crate or module `iroh_test`
[INFO] [stdout]    --> src/dns.rs:392:24
[INFO] [stdout]     |
[INFO] [stdout] 392 |         let _logging = iroh_test::logging::setup();
[INFO] [stdout]     |                        ^^^^^^^^^ use of undeclared crate or module `iroh_test`
[INFO] [stdout]     |
[INFO] [stdout] help: there is a crate or module with a similar name
[INFO] [stdout]     |
[INFO] [stdout] 392 |         let _logging = iroh_base::logging::setup();
[INFO] [stdout]     |                        ~~~~~~~~~
[INFO] [stdout] 
[INFO] [stdout] 
[INFO] [stdout] error[E0433]: failed to resolve: use of undeclared crate or module `iroh_test`
[INFO] [stdout]    --> src/dns.rs:405:24
[INFO] [stdout]     |
[INFO] [stdout] 405 |         let _logging = iroh_test::logging::setup();
[INFO] [stdout]     |                        ^^^^^^^^^ use of undeclared crate or module `iroh_test`
[INFO] [stdout]     |
[INFO] [stdout] help: there is a crate or module with a similar name
[INFO] [stdout]     |
[INFO] [stdout] 405 |         let _logging = iroh_base::logging::setup();
[INFO] [stdout]     |                        ~~~~~~~~~
[INFO] [stdout] 
[INFO] [stdout] 
[INFO] [stdout] error[E0433]: failed to resolve: use of undeclared crate or module `iroh_test`
[INFO] [stdout]     --> src/endpoint.rs:1406:22
[INFO] [stdout]      |
[INFO] [stdout] 1406 |         let _guard = iroh_test::logging::setup();
[INFO] [stdout]      |                      ^^^^^^^^^ use of undeclared crate or module `iroh_test`
[INFO] [stdout]      |
[INFO] [stdout] help: there is a crate or module with a similar name
[INFO] [stdout]      |
[INFO] [stdout] 1406 |         let _guard = iroh_base::logging::setup();
[INFO] [stdout]      |                      ~~~~~~~~~
[INFO] [stdout] 
[INFO] [stdout] 
[INFO] [stdout] error[E0433]: failed to resolve: use of undeclared crate or module `iroh_test`
[INFO] [stdout]     --> src/endpoint.rs:1426:22
[INFO] [stdout]      |
[INFO] [stdout] 1426 |         let _guard = iroh_test::logging::setup();
[INFO] [stdout]      |                      ^^^^^^^^^ use of undeclared crate or module `iroh_test`
[INFO] [stdout]      |
[INFO] [stdout] help: there is a crate or module with a similar name
[INFO] [stdout]      |
[INFO] [stdout] 1426 |         let _guard = iroh_base::logging::setup();
[INFO] [stdout]      |                      ~~~~~~~~~
[INFO] [stdout] 
[INFO] [stdout] 
[INFO] [stdout] error[E0433]: failed to resolve: use of undeclared crate or module `iroh_test`
[INFO] [stdout]     --> src/endpoint.rs:1520:22
[INFO] [stdout]      |
[INFO] [stdout] 1520 |         let _guard = iroh_test::logging::setup();
[INFO] [stdout]      |                      ^^^^^^^^^ use of undeclared crate or module `iroh_test`
[INFO] [stdout]      |
[INFO] [stdout] help: there is a crate or module with a similar name
[INFO] [stdout]      |
[INFO] [stdout] 1520 |         let _guard = iroh_base::logging::setup();
[INFO] [stdout]      |                      ~~~~~~~~~
[INFO] [stdout] 
[INFO] [stdout] 
[INFO] [stdout] error[E0433]: failed to resolve: use of undeclared crate or module `iroh_test`
[INFO] [stdout]     --> src/endpoint.rs:1574:30
[INFO] [stdout]      |
[INFO] [stdout] 1574 |         let _logging_guard = iroh_test::logging::setup();
[INFO] [stdout]      |                              ^^^^^^^^^ use of undeclared crate or module `iroh_test`
[INFO] [stdout]      |
[INFO] [stdout] help: there is a crate or module with a similar name
[INFO] [stdout]      |
[INFO] [stdout] 1574 |         let _logging_guard = iroh_base::logging::setup();
[INFO] [stdout]      |                              ~~~~~~~~~
[INFO] [stdout] 
[INFO] [stdout] 
[INFO] [stdout] error[E0433]: failed to resolve: use of undeclared crate or module `iroh_test`
[INFO] [stdout]     --> src/endpoint.rs:1681:30
[INFO] [stdout]      |
[INFO] [stdout] 1681 |         let _logging_guard = iroh_test::logging::setup();
[INFO] [stdout]      |                              ^^^^^^^^^ use of undeclared crate or module `iroh_test`
[INFO] [stdout]      |
[INFO] [stdout] help: there is a crate or module with a similar name
[INFO] [stdout]      |
[INFO] [stdout] 1681 |         let _logging_guard = iroh_base::logging::setup();
[INFO] [stdout]      |                              ~~~~~~~~~
[INFO] [stdout] 
[INFO] [stdout] 
[INFO] [stdout] error[E0433]: failed to resolve: use of undeclared crate or module `iroh_test`
[INFO] [stdout]     --> src/endpoint.rs:1772:30
[INFO] [stdout]      |
[INFO] [stdout] 1772 |         let _logging_guard = iroh_test::logging::setup();
[INFO] [stdout]      |                              ^^^^^^^^^ use of undeclared crate or module `iroh_test`
[INFO] [stdout]      |
[INFO] [stdout] help: there is a crate or module with a similar name
[INFO] [stdout]      |
[INFO] [stdout] 1772 |         let _logging_guard = iroh_base::logging::setup();
[INFO] [stdout]      |                              ~~~~~~~~~
[INFO] [stdout] 
[INFO] [stdout] 
[INFO] [stdout] error[E0433]: failed to resolve: use of undeclared crate or module `iroh_test`
[INFO] [stdout]    --> src/magicsock/node_map.rs:671:22
[INFO] [stdout]     |
[INFO] [stdout] 671 |         let _guard = iroh_test::logging::setup();
[INFO] [stdout]     |                      ^^^^^^^^^ use of undeclared crate or module `iroh_test`
[INFO] [stdout]     |
[INFO] [stdout] help: there is a crate or module with a similar name
[INFO] [stdout]     |
[INFO] [stdout] 671 |         let _guard = iroh_base::logging::setup();
[INFO] [stdout]     |                      ~~~~~~~~~
[INFO] [stdout] 
[INFO] [stdout] 
[INFO] [stdout] error[E0433]: failed to resolve: use of undeclared crate or module `iroh_test`
[INFO] [stdout]    --> src/magicsock/node_map.rs:736:22
[INFO] [stdout]     |
[INFO] [stdout] 736 |         let _guard = iroh_test::logging::setup();
[INFO] [stdout]     |                      ^^^^^^^^^ use of undeclared crate or module `iroh_test`
[INFO] [stdout]     |
[INFO] [stdout] help: there is a crate or module with a similar name
[INFO] [stdout]     |
[INFO] [stdout] 736 |         let _guard = iroh_base::logging::setup();
[INFO] [stdout]     |                      ~~~~~~~~~
[INFO] [stdout] 
[INFO] [stdout] 
[INFO] [stdout] error[E0433]: failed to resolve: use of undeclared crate or module `iroh_test`
[INFO] [stdout]    --> src/magicsock/udp_conn.rs:227:22
[INFO] [stdout]     |
[INFO] [stdout] 227 |         let _guard = iroh_test::logging::setup();
[INFO] [stdout]     |                      ^^^^^^^^^ use of undeclared crate or module `iroh_test`
[INFO] [stdout]     |
[INFO] [stdout] help: there is a crate or module with a similar name
[INFO] [stdout]     |
[INFO] [stdout] 227 |         let _guard = iroh_base::logging::setup();
[INFO] [stdout]     |                      ~~~~~~~~~
[INFO] [stdout] 
[INFO] [stdout] 
[INFO] [stdout] error[E0433]: failed to resolve: use of undeclared crate or module `iroh_test`
[INFO] [stdout]    --> src/magicsock/udp_conn.rs:233:22
[INFO] [stdout]     |
[INFO] [stdout] 233 |         let _guard = iroh_test::logging::setup();
[INFO] [stdout]     |                      ^^^^^^^^^ use of undeclared crate or module `iroh_test`
[INFO] [stdout]     |
[INFO] [stdout] help: there is a crate or module with a similar name
[INFO] [stdout]     |
[INFO] [stdout] 233 |         let _guard = iroh_base::logging::setup();
[INFO] [stdout]     |                      ~~~~~~~~~
[INFO] [stdout] 
[INFO] [stdout] 
[INFO] [stdout] error[E0433]: failed to resolve: use of undeclared crate or module `iroh_test`
[INFO] [stdout]     --> src/magicsock.rs:3050:9
[INFO] [stdout]      |
[INFO] [stdout] 3050 |         iroh_test::logging::setup_multithreaded();
[INFO] [stdout]      |         ^^^^^^^^^ use of undeclared crate or module `iroh_test`
[INFO] [stdout]      |
[INFO] [stdout] help: there is a crate or module with a similar name
[INFO] [stdout]      |
[INFO] [stdout] 3050 |         iroh_base::logging::setup_multithreaded();
[INFO] [stdout]      |         ~~~~~~~~~
[INFO] [stdout] 
[INFO] [stdout] 
[INFO] [stdout] error[E0433]: failed to resolve: use of undeclared crate or module `iroh_test`
[INFO] [stdout]     --> src/magicsock.rs:3084:9
[INFO] [stdout]      |
[INFO] [stdout] 3084 |         iroh_test::logging::setup_multithreaded();
[INFO] [stdout]      |         ^^^^^^^^^ use of undeclared crate or module `iroh_test`
[INFO] [stdout]      |
[INFO] [stdout] help: there is a crate or module with a similar name
[INFO] [stdout]      |
[INFO] [stdout] 3084 |         iroh_base::logging::setup_multithreaded();
[INFO] [stdout]      |         ~~~~~~~~~
[INFO] [stdout] 
[INFO] [stdout] 
[INFO] [stdout] error[E0433]: failed to resolve: use of undeclared crate or module `iroh_test`
[INFO] [stdout]     --> src/magicsock.rs:3189:9
[INFO] [stdout]      |
[INFO] [stdout] 3189 |         iroh_test::logging::setup_multithreaded();
[INFO] [stdout]      |         ^^^^^^^^^ use of undeclared crate or module `iroh_test`
[INFO] [stdout]      |
[INFO] [stdout] help: there is a crate or module with a similar name
[INFO] [stdout]      |
[INFO] [stdout] 3189 |         iroh_base::logging::setup_multithreaded();
[INFO] [stdout]      |         ~~~~~~~~~
[INFO] [stdout] 
[INFO] [stdout] 
[INFO] [stdout] error[E0433]: failed to resolve: use of undeclared crate or module `iroh_test`
[INFO] [stdout]     --> src/magicsock.rs:3212:22
[INFO] [stdout]      |
[INFO] [stdout] 3212 |         let _guard = iroh_test::logging::setup();
[INFO] [stdout]      |                      ^^^^^^^^^ use of undeclared crate or module `iroh_test`
[INFO] [stdout]      |
[INFO] [stdout] help: there is a crate or module with a similar name
[INFO] [stdout]      |
[INFO] [stdout] 3212 |         let _guard = iroh_base::logging::setup();
[INFO] [stdout]      |                      ~~~~~~~~~
[INFO] [stdout] 
[INFO] [stdout] 
[INFO] [stdout] error[E0433]: failed to resolve: use of undeclared crate or module `iroh_test`
[INFO] [stdout]     --> src/magicsock.rs:3361:22
[INFO] [stdout]      |
[INFO] [stdout] 3361 |         let _guard = iroh_test::logging::setup();
[INFO] [stdout]      |                      ^^^^^^^^^ use of undeclared crate or module `iroh_test`
[INFO] [stdout]      |
[INFO] [stdout] help: there is a crate or module with a similar name
[INFO] [stdout]      |
[INFO] [stdout] 3361 |         let _guard = iroh_base::logging::setup();
[INFO] [stdout]      |                      ~~~~~~~~~
[INFO] [stdout] 
[INFO] [stdout] 
[INFO] [stdout] error[E0433]: failed to resolve: use of undeclared crate or module `iroh_test`
[INFO] [stdout]     --> src/magicsock.rs:3554:22
[INFO] [stdout]      |
[INFO] [stdout] 3554 |         let _guard = iroh_test::logging::setup();
[INFO] [stdout]      |                      ^^^^^^^^^ use of undeclared crate or module `iroh_test`
[INFO] [stdout]      |
[INFO] [stdout] help: there is a crate or module with a similar name
[INFO] [stdout]      |
[INFO] [stdout] 3554 |         let _guard = iroh_base::logging::setup();
[INFO] [stdout]      |                      ~~~~~~~~~
[INFO] [stdout] 
[INFO] [stdout] 
[INFO] [stdout] error[E0433]: failed to resolve: use of undeclared crate or module `iroh_test`
[INFO] [stdout]     --> src/magicsock.rs:3686:22
[INFO] [stdout]      |
[INFO] [stdout] 3686 |         let _guard = iroh_test::logging::setup();
[INFO] [stdout]      |                      ^^^^^^^^^ use of undeclared crate or module `iroh_test`
[INFO] [stdout]      |
[INFO] [stdout] help: there is a crate or module with a similar name
[INFO] [stdout]      |
[INFO] [stdout] 3686 |         let _guard = iroh_base::logging::setup();
[INFO] [stdout]      |                      ~~~~~~~~~
[INFO] [stdout] 
[INFO] [stdout] 
[INFO] [stdout] error[E0433]: failed to resolve: use of undeclared crate or module `iroh_test`
[INFO] [stdout]     --> src/magicsock.rs:3775:30
[INFO] [stdout]      |
[INFO] [stdout] 3775 |         let _logging_guard = iroh_test::logging::setup();
[INFO] [stdout]      |                              ^^^^^^^^^ use of undeclared crate or module `iroh_test`
[INFO] [stdout]      |
[INFO] [stdout] help: there is a crate or module with a similar name
[INFO] [stdout]      |
[INFO] [stdout] 3775 |         let _logging_guard = iroh_base::logging::setup();
[INFO] [stdout]      |                              ~~~~~~~~~
[INFO] [stdout] 
[INFO] [stdout] 
[INFO] [stdout] error[E0433]: failed to resolve: use of undeclared crate or module `iroh_test`
[INFO] [stdout]   --> src/net/netmon.rs:94:22
[INFO] [stdout]    |
[INFO] [stdout] 94 |         let _guard = iroh_test::logging::setup();
[INFO] [stdout]    |                      ^^^^^^^^^ use of undeclared crate or module `iroh_test`
[INFO] [stdout]    |
[INFO] [stdout] help: there is a crate or module with a similar name
[INFO] [stdout]    |
[INFO] [stdout] 94 |         let _guard = iroh_base::logging::setup();
[INFO] [stdout]    |                      ~~~~~~~~~
[INFO] [stdout] 
[INFO] [stdout] 
[INFO] [stdout] error[E0433]: failed to resolve: use of undeclared crate or module `iroh_test`
[INFO] [stdout]    --> src/netcheck/reportgen/hairpin.rs:202:22
[INFO] [stdout]     |
[INFO] [stdout] 202 |         let _guard = iroh_test::logging::setup();
[INFO] [stdout]     |                      ^^^^^^^^^ use of undeclared crate or module `iroh_test`
[INFO] [stdout]     |
[INFO] [stdout] help: there is a crate or module with a similar name
[INFO] [stdout]     |
[INFO] [stdout] 202 |         let _guard = iroh_base::logging::setup();
[INFO] [stdout]     |                      ~~~~~~~~~
[INFO] [stdout] 
[INFO] [stdout] 
[INFO] [stdout] error[E0433]: failed to resolve: use of undeclared crate or module `iroh_test`
[INFO] [stdout]    --> src/netcheck/reportgen/hairpin.rs:277:22
[INFO] [stdout]     |
[INFO] [stdout] 277 |         let _guard = iroh_test::logging::setup();
[INFO] [stdout]     |                      ^^^^^^^^^ use of undeclared crate or module `iroh_test`
[INFO] [stdout]     |
[INFO] [stdout] help: there is a crate or module with a similar name
[INFO] [stdout]     |
[INFO] [stdout] 277 |         let _guard = iroh_base::logging::setup();
[INFO] [stdout]     |                      ~~~~~~~~~
[INFO] [stdout] 
[INFO] [stdout] 
[INFO] [stdout] error[E0433]: failed to resolve: use of undeclared crate or module `iroh_test`
[INFO] [stdout]     --> src/netcheck/reportgen.rs:1321:30
[INFO] [stdout]      |
[INFO] [stdout] 1321 |         let _logging_guard = iroh_test::logging::setup();
[INFO] [stdout]      |                              ^^^^^^^^^ use of undeclared crate or module `iroh_test`
[INFO] [stdout]      |
[INFO] [stdout] help: there is a crate or module with a similar name
[INFO] [stdout]      |
[INFO] [stdout] 1321 |         let _logging_guard = iroh_base::logging::setup();
[INFO] [stdout]      |                              ~~~~~~~~~
[INFO] [stdout] 
[INFO] [stdout] 
[INFO] [stdout] error[E0433]: failed to resolve: use of undeclared crate or module `iroh_test`
[INFO] [stdout]    --> src/netcheck.rs:791:22
[INFO] [stdout]     |
[INFO] [stdout] 791 |         let _guard = iroh_test::logging::setup();
[INFO] [stdout]     |                      ^^^^^^^^^ use of undeclared crate or module `iroh_test`
[INFO] [stdout]     |
[INFO] [stdout] help: there is a crate or module with a similar name
[INFO] [stdout]     |
[INFO] [stdout] 791 |         let _guard = iroh_base::logging::setup();
[INFO] [stdout]     |                      ~~~~~~~~~
[INFO] [stdout] 
[INFO] [stdout] 
[INFO] [stdout] error[E0433]: failed to resolve: use of undeclared crate or module `iroh_test`
[INFO] [stdout]    --> src/netcheck.rs:831:22
[INFO] [stdout]     |
[INFO] [stdout] 831 |         let _guard = iroh_test::logging::setup();
[INFO] [stdout]     |                      ^^^^^^^^^ use of undeclared crate or module `iroh_test`
[INFO] [stdout]     |
[INFO] [stdout] help: there is a crate or module with a similar name
[INFO] [stdout]     |
[INFO] [stdout] 831 |         let _guard = iroh_base::logging::setup();
[INFO] [stdout]     |                      ~~~~~~~~~
[INFO] [stdout] 
[INFO] [stdout] 
[INFO] [stdout] error[E0433]: failed to resolve: use of undeclared crate or module `iroh_test`
[INFO] [stdout]    --> src/netcheck.rs:882:22
[INFO] [stdout]     |
[INFO] [stdout] 882 |         let _guard = iroh_test::logging::setup();
[INFO] [stdout]     |                      ^^^^^^^^^ use of undeclared crate or module `iroh_test`
[INFO] [stdout]     |
[INFO] [stdout] help: there is a crate or module with a similar name
[INFO] [stdout]     |
[INFO] [stdout] 882 |         let _guard = iroh_base::logging::setup();
[INFO] [stdout]     |                      ~~~~~~~~~
[INFO] [stdout] 
[INFO] [stdout] 
[INFO] [stdout] error[E0433]: failed to resolve: use of undeclared crate or module `iroh_test`
[INFO] [stdout]    --> src/ping.rs:133:22
[INFO] [stdout]     |
[INFO] [stdout] 133 |         let _guard = iroh_test::logging::setup();
[INFO] [stdout]     |                      ^^^^^^^^^ use of undeclared crate or module `iroh_test`
[INFO] [stdout]     |
[INFO] [stdout] help: there is a crate or module with a similar name
[INFO] [stdout]     |
[INFO] [stdout] 133 |         let _guard = iroh_base::logging::setup();
[INFO] [stdout]     |                      ~~~~~~~~~
[INFO] [stdout] 
[INFO] [stdout] 
[INFO] [stdout] error[E0433]: failed to resolve: use of undeclared crate or module `iroh_test`
[INFO] [stdout]    --> src/ping.rs:163:22
[INFO] [stdout]     |
[INFO] [stdout] 163 |         let _guard = iroh_test::logging::setup();
[INFO] [stdout]     |                      ^^^^^^^^^ use of undeclared crate or module `iroh_test`
[INFO] [stdout]     |
[INFO] [stdout] help: there is a crate or module with a similar name
[INFO] [stdout]     |
[INFO] [stdout] 163 |         let _guard = iroh_base::logging::setup();
[INFO] [stdout]     |                      ~~~~~~~~~
[INFO] [stdout] 
[INFO] [stdout] 
[INFO] [stdout] error[E0433]: failed to resolve: use of undeclared crate or module `iroh_test`
[INFO] [stdout]     --> src/relay/client.rs:1106:22
[INFO] [stdout]      |
[INFO] [stdout] 1106 |         let _guard = iroh_test::logging::setup();
[INFO] [stdout]      |                      ^^^^^^^^^ use of undeclared crate or module `iroh_test`
[INFO] [stdout]      |
[INFO] [stdout] help: there is a crate or module with a similar name
[INFO] [stdout]      |
[INFO] [stdout] 1106 |         let _guard = iroh_base::logging::setup();
[INFO] [stdout]      |                      ~~~~~~~~~
[INFO] [stdout] 
[INFO] [stdout] 
[INFO] [stdout] error[E0433]: failed to resolve: use of undeclared crate or module `iroh_test`
[INFO] [stdout]    --> src/relay/codec.rs:687:34
[INFO] [stdout]     |
[INFO] [stdout] 687 |             let expected_bytes = iroh_test::hexdump::parse_hexdump(expected_hex)?;
[INFO] [stdout]     |                                  ^^^^^^^^^ use of undeclared crate or module `iroh_test`
[INFO] [stdout]     |
[INFO] [stdout] help: there is a crate or module with a similar name
[INFO] [stdout]     |
[INFO] [stdout] 687 |             let expected_bytes = iroh_base::hexdump::parse_hexdump(expected_hex)?;
[INFO] [stdout]     |                                  ~~~~~~~~~
[INFO] [stdout] 
[INFO] [stdout] 
[INFO] [stdout] error[E0425]: cannot find function `recv_frame` in this scope
[INFO] [stdout]    --> src/relay/codec.rs:581:19
[INFO] [stdout]     |
[INFO] [stdout] 581 |         let buf = recv_frame(FrameType::Health, &mut reader).await?;
[INFO] [stdout]     |                   ^^^^^^^^^^ not found in this scope
[INFO] [stdout] 
[INFO] [stdout] 
[INFO] [stdout] error[E0425]: cannot find function `recv_client_key` in this scope
[INFO] [stdout]    --> src/relay/codec.rs:600:49
[INFO] [stdout]     |
[INFO] [stdout] 149 | / pub(crate) async fn send_client_key<S: Sink<Frame, Error = std::io::Error> + Unpin>(
[INFO] [stdout] 150 | |     mut writer: S,
[INFO] [stdout] 151 | |     client_secret_key: &SecretKey,
[INFO] [stdout] 152 | |     client_info: &ClientInfo,
[INFO] [stdout] ...   |
[INFO] [stdout] 165 | |     Ok(())
[INFO] [stdout] 166 | | }
[INFO] [stdout]     | |_- similarly named function `send_client_key` defined here
[INFO] [stdout] ...
[INFO] [stdout] 600 |           let (client_pub_key, got_client_info) = recv_client_key(&mut reader).await?;
[INFO] [stdout]     |                                                   ^^^^^^^^^^^^^^^ help: a function with a similar name exists: `send_client_key`
[INFO] [stdout] 
[INFO] [stdout] 
[INFO] [stdout] Some errors have detailed explanations: E0425, E0432, E0433.
[INFO] [stdout] 
[INFO] [stdout] For more information about an error, try `rustc --explain E0425`.
[INFO] [stdout] 
[INFO] [stderr] error: could not compile `iroh-net` (lib test) due to 45 previous errors
[INFO] [stderr] warning: build failed, waiting for other jobs to finish...
[INFO] [stderr] error: could not compile `iroh-net` (example "dht_discovery")
[INFO] [stderr] 
[INFO] [stderr] Caused by:
[INFO] [stderr]   process didn't exit successfully: `/opt/rustwide/rustup-home/toolchains/nightly-2024-10-28-x86_64-unknown-linux-gnu/bin/rustc --crate-name dht_discovery --edition=2021 examples/dht_discovery.rs --error-format=json --json=diagnostic-rendered-ansi,artifacts,future-incompat --crate-type bin --emit=dep-info,link -C embed-bitcode=no -C debuginfo=2 '--warn=clippy::unused-async' --warn=unexpected_cfgs --warn=missing_debug_implementations --check-cfg 'cfg(iroh_docsrs)' --cfg 'feature="default"' --cfg 'feature="discovery-pkarr-dht"' --cfg 'feature="metrics"' --check-cfg 'cfg(docsrs)' --check-cfg 'cfg(feature, values("default", "discovery-local-network", "discovery-pkarr-dht", "iroh-relay", "metrics", "test-utils"))' -C metadata=6daa626215423852 -C extra-filename=-6daa626215423852 --out-dir /opt/rustwide/target/debug/examples -L dependency=/opt/rustwide/target/debug/deps --extern anyhow=/opt/rustwide/target/debug/deps/libanyhow-fddfbf3ae1c518e4.rlib --extern axum=/opt/rustwide/target/debug/deps/libaxum-856484433e5e1963.rlib --extern backoff=/opt/rustwide/target/debug/deps/libbackoff-13813ec5b4ef7933.rlib --extern base64=/opt/rustwide/target/debug/deps/libbase64-c167c3eb3ecc322f.rlib --extern bytes=/opt/rustwide/target/debug/deps/libbytes-74d87212c8a9491f.rlib --extern clap=/opt/rustwide/target/debug/deps/libclap-35ae0b1c2c44823f.rlib --extern criterion=/opt/rustwide/target/debug/deps/libcriterion-4158956d85637da1.rlib --extern crypto_box=/opt/rustwide/target/debug/deps/libcrypto_box-b5822608a64e04a6.rlib --extern der=/opt/rustwide/target/debug/deps/libder-fa78b4b8458d7613.rlib --extern derive_more=/opt/rustwide/target/debug/deps/libderive_more-4d2c0f5a4c83a38b.rlib --extern futures_buffered=/opt/rustwide/target/debug/deps/libfutures_buffered-d463867e614756dd.rlib --extern futures_concurrency=/opt/rustwide/target/debug/deps/libfutures_concurrency-5b6dabf3aa1f7a15.rlib --extern futures_lite=/opt/rustwide/target/debug/deps/libfutures_lite-d314c6b58823413c.rlib --extern futures_sink=/opt/rustwide/target/debug/deps/libfutures_sink-96446479240e3330.rlib --extern futures_util=/opt/rustwide/target/debug/deps/libfutures_util-021573e6b0103c30.rlib --extern genawaiter=/opt/rustwide/target/debug/deps/libgenawaiter-21dd7271e2824d3a.rlib --extern governor=/opt/rustwide/target/debug/deps/libgovernor-11113cc982fa62fa.rlib --extern hex=/opt/rustwide/target/debug/deps/libhex-718b4f18bb2e7953.rlib --extern hickory_proto=/opt/rustwide/target/debug/deps/libhickory_proto-c4a1656bb5643f39.rlib --extern hickory_resolver=/opt/rustwide/target/debug/deps/libhickory_resolver-60bf80890b7146c2.rlib --extern hostname=/opt/rustwide/target/debug/deps/libhostname-6602120870fc882e.rlib --extern http=/opt/rustwide/target/debug/deps/libhttp-96edf936e64d94a4.rlib --extern http_body_util=/opt/rustwide/target/debug/deps/libhttp_body_util-53e717278b381863.rlib --extern hyper=/opt/rustwide/target/debug/deps/libhyper-d3751ff36b1152e4.rlib --extern hyper_util=/opt/rustwide/target/debug/deps/libhyper_util-7b8ee08895ed1849.rlib --extern igd_next=/opt/rustwide/target/debug/deps/libigd_next-345505a218ff494a.rlib --extern iroh_base=/opt/rustwide/target/debug/deps/libiroh_base-233bef13c3e19136.rlib --extern iroh_metrics=/opt/rustwide/target/debug/deps/libiroh_metrics-4f5b955e917a0ec8.rlib --extern iroh_net=/opt/rustwide/target/debug/deps/libiroh_net-10bfad01282d50ee.rlib --extern quinn=/opt/rustwide/target/debug/deps/libiroh_quinn-07dd99b657048626.rlib --extern quinn_proto=/opt/rustwide/target/debug/deps/libiroh_quinn_proto-2081e4c400d805ad.rlib --extern quinn_udp=/opt/rustwide/target/debug/deps/libiroh_quinn_udp-c08f866a853ffb2a.rlib --extern libc=/opt/rustwide/target/debug/deps/liblibc-98dbae3fd83efd2b.rlib --extern mainline=/opt/rustwide/target/debug/deps/libmainline-027bca3bdc2ac661.rlib --extern netdev=/opt/rustwide/target/debug/deps/libnetdev-dcd32ba469d32ec7.rlib --extern netlink_packet_core=/opt/rustwide/target/debug/deps/libnetlink_packet_core-b0b1948d181cd097.rlib --extern netlink_packet_route=/opt/rustwide/target/debug/deps/libnetlink_packet_route-03c3ce419f904f53.rlib --extern netlink_sys=/opt/rustwide/target/debug/deps/libnetlink_sys-28af9a974343edfb.rlib --extern ntest=/opt/rustwide/target/debug/deps/libntest-30187859ed583600.rlib --extern num_enum=/opt/rustwide/target/debug/deps/libnum_enum-4b4d7c9c757545ad.rlib --extern once_cell=/opt/rustwide/target/debug/deps/libonce_cell-795d6939e3fe8636.rlib --extern parking_lot=/opt/rustwide/target/debug/deps/libparking_lot-ece4650a6562e4c8.rlib --extern pin_project=/opt/rustwide/target/debug/deps/libpin_project-42f11ddcff2046f9.rlib --extern pkarr=/opt/rustwide/target/debug/deps/libpkarr-92679abba4c3e3af.rlib --extern postcard=/opt/rustwide/target/debug/deps/libpostcard-5a3d2448a3f35d94.rlib --extern pretty_assertions=/opt/rustwide/target/debug/deps/libpretty_assertions-66b37039eeda5eff.rlib --extern proptest=/opt/rustwide/target/debug/deps/libproptest-fb7d57a024645283.rlib --extern rand=/opt/rustwide/target/debug/deps/librand-0a074e3869cab0fd.rlib --extern rand_chacha=/opt/rustwide/target/debug/deps/librand_chacha-340a6ac08c75bedf.rlib --extern rcgen=/opt/rustwide/target/debug/deps/librcgen-8da47aac159b2c79.rlib --extern reqwest=/opt/rustwide/target/debug/deps/libreqwest-e868854926d35296.rlib --extern ring=/opt/rustwide/target/debug/deps/libring-10da665ec350ce99.rlib --extern rtnetlink=/opt/rustwide/target/debug/deps/librtnetlink-fce6255e8e0edea4.rlib --extern rustls=/opt/rustwide/target/debug/deps/librustls-2be1ef78ed5cb0cf.rlib --extern webpki=/opt/rustwide/target/debug/deps/libwebpki-429e7e6e116c422e.rlib --extern serde=/opt/rustwide/target/debug/deps/libserde-c331d1b8d7582a1c.rlib --extern serde_json=/opt/rustwide/target/debug/deps/libserde_json-01ea9ff50c81a1d9.rlib --extern smallvec=/opt/rustwide/target/debug/deps/libsmallvec-2bf71e8326cc0d46.rlib --extern socket2=/opt/rustwide/target/debug/deps/libsocket2-a44307394dda862b.rlib --extern strum=/opt/rustwide/target/debug/deps/libstrum-6e4a335e075c3001.rlib --extern stun_rs=/opt/rustwide/target/debug/deps/libstun_rs-5a4f23b6c5cefac8.rlib --extern surge_ping=/opt/rustwide/target/debug/deps/libsurge_ping-1dd2014b6e7a28cb.rlib --extern testdir=/opt/rustwide/target/debug/deps/libtestdir-8bb9e722611286fc.rlib --extern testresult=/opt/rustwide/target/debug/deps/libtestresult-5c02840e80065d89.rlib --extern thiserror=/opt/rustwide/target/debug/deps/libthiserror-b31921c87c873af6.rlib --extern time=/opt/rustwide/target/debug/deps/libtime-3b06eede6169d4f8.rlib --extern tokio=/opt/rustwide/target/debug/deps/libtokio-4ee7ac6f2073143e.rlib --extern tokio_rustls=/opt/rustwide/target/debug/deps/libtokio_rustls-26db4eb24e2e3ab2.rlib --extern tokio_stream=/opt/rustwide/target/debug/deps/libtokio_stream-c5875372c99a2e22.rlib --extern tokio_tungstenite=/opt/rustwide/target/debug/deps/libtokio_tungstenite-93e19d25ac82b824.rlib --extern tokio_tungstenite_wasm=/opt/rustwide/target/debug/deps/libtokio_tungstenite_wasm-bf7c983f9e2ab946.rlib --extern tokio_util=/opt/rustwide/target/debug/deps/libtokio_util-f27c1fcc6be65365.rlib --extern tracing=/opt/rustwide/target/debug/deps/libtracing-bf737664d4d5c3c8.rlib --extern tracing_subscriber=/opt/rustwide/target/debug/deps/libtracing_subscriber-dba9ec94e812d53b.rlib --extern tungstenite=/opt/rustwide/target/debug/deps/libtungstenite-e43f2d04831dfcf7.rlib --extern url=/opt/rustwide/target/debug/deps/liburl-5e4daad78e3de98d.rlib --extern watchable=/opt/rustwide/target/debug/deps/libwatchable-c1d655026541ec4d.rlib --extern webpki_roots=/opt/rustwide/target/debug/deps/libwebpki_roots-8ea32a07442f1f11.rlib --extern x509_parser=/opt/rustwide/target/debug/deps/libx509_parser-31d034b9bbb58e8a.rlib --extern z32=/opt/rustwide/target/debug/deps/libz32-348210c35d7b099e.rlib --cap-lints=forbid -Zrandomize-layout -L native=/opt/rustwide/target/debug/build/iroh-blake3-052eeb8635b86354/out -L native=/opt/rustwide/target/debug/build/iroh-blake3-052eeb8635b86354/out -L native=/opt/rustwide/target/debug/build/ring-bec56c121041b3b6/out` (signal: 9, SIGKILL: kill)
[INFO] [stdout] error: linking with `cc` failed: exit status: 1
[INFO] [stdout]   |
[INFO] [stdout]   = note: LC_ALL="C" PATH="/opt/rustwide/rustup-home/toolchains/nightly-2024-10-28-x86_64-unknown-linux-gnu/lib/rustlib/x86_64-unknown-linux-gnu/bin:/opt/rustwide/rustup-home/toolchains/nightly-2024-10-28-x86_64-unknown-linux-gnu/lib/rustlib/x86_64-unknown-linux-gnu/bin/self-contained:/opt/rustwide/cargo-home/bin:/usr/local/sbin:/usr/local/bin:/usr/sbin:/usr/bin:/sbin:/bin" VSLANG="1033" "cc" "-m64" "/tmp/rustcamrOaD/symbols.o" "/opt/rustwide/target/debug/examples/connect_unreliable-0f859ff3c2ae4e42.connect_unreliable.7b5b26285ec2e3f0-cgu.00.rcgu.o" "/opt/rustwide/target/debug/examples/connect_unreliable-0f859ff3c2ae4e42.connect_unreliable.7b5b26285ec2e3f0-cgu.01.rcgu.o" "/opt/rustwide/target/debug/examples/connect_unreliable-0f859ff3c2ae4e42.connect_unreliable.7b5b26285ec2e3f0-cgu.02.rcgu.o" "/opt/rustwide/target/debug/examples/connect_unreliable-0f859ff3c2ae4e42.connect_unreliable.7b5b26285ec2e3f0-cgu.03.rcgu.o" "/opt/rustwide/target/debug/examples/connect_unreliable-0f859ff3c2ae4e42.connect_unreliable.7b5b26285ec2e3f0-cgu.04.rcgu.o" "/opt/rustwide/target/debug/examples/connect_unreliable-0f859ff3c2ae4e42.connect_unreliable.7b5b26285ec2e3f0-cgu.05.rcgu.o" "/opt/rustwide/target/debug/examples/connect_unreliable-0f859ff3c2ae4e42.connect_unreliable.7b5b26285ec2e3f0-cgu.06.rcgu.o" "/opt/rustwide/target/debug/examples/connect_unreliable-0f859ff3c2ae4e42.connect_unreliable.7b5b26285ec2e3f0-cgu.07.rcgu.o" "/opt/rustwide/target/debug/examples/connect_unreliable-0f859ff3c2ae4e42.connect_unreliable.7b5b26285ec2e3f0-cgu.08.rcgu.o" "/opt/rustwide/target/debug/examples/connect_unreliable-0f859ff3c2ae4e42.connect_unreliable.7b5b26285ec2e3f0-cgu.09.rcgu.o" "/opt/rustwide/target/debug/examples/connect_unreliable-0f859ff3c2ae4e42.connect_unreliable.7b5b26285ec2e3f0-cgu.10.rcgu.o" "/opt/rustwide/target/debug/examples/connect_unreliable-0f859ff3c2ae4e42.connect_unreliable.7b5b26285ec2e3f0-cgu.11.rcgu.o" "/opt/rustwide/target/debug/examples/connect_unreliable-0f859ff3c2ae4e42.connect_unreliable.7b5b26285ec2e3f0-cgu.12.rcgu.o" "/opt/rustwide/target/debug/examples/connect_unreliable-0f859ff3c2ae4e42.connect_unreliable.7b5b26285ec2e3f0-cgu.13.rcgu.o" "/opt/rustwide/target/debug/examples/connect_unreliable-0f859ff3c2ae4e42.connect_unreliable.7b5b26285ec2e3f0-cgu.14.rcgu.o" "/opt/rustwide/target/debug/examples/connect_unreliable-0f859ff3c2ae4e42.connect_unreliable.7b5b26285ec2e3f0-cgu.15.rcgu.o" "/opt/rustwide/target/debug/examples/connect_unreliable-0f859ff3c2ae4e42.3nwmvpvxvr55o2xc68grqlzpi.rcgu.o" "-Wl,--as-needed" "-Wl,-Bstatic" "/opt/rustwide/target/debug/deps/libtracing_subscriber-dba9ec94e812d53b.rlib" "/opt/rustwide/target/debug/deps/libnu_ansi_term-539d6c8f66d1b861.rlib" "/opt/rustwide/target/debug/deps/liboverload-667acc2908675926.rlib" "/opt/rustwide/target/debug/deps/libsharded_slab-95991d1034e4c6b5.rlib" "/opt/rustwide/target/debug/deps/libmatchers-1ab677d3d7cbfd9c.rlib" "/opt/rustwide/target/debug/deps/libregex_automata-76d9ee70e58e8db4.rlib" "/opt/rustwide/target/debug/deps/libregex_syntax-5ceaa91920579a46.rlib" "/opt/rustwide/target/debug/deps/libregex-bdbb739ff447d19e.rlib" "/opt/rustwide/target/debug/deps/libregex_automata-367c7236ad580ce3.rlib" "/opt/rustwide/target/debug/deps/libregex_syntax-c1e3dd509c68fbb0.rlib" "/opt/rustwide/target/debug/deps/libthread_local-bea2067a721757e6.rlib" "/opt/rustwide/target/debug/deps/libtracing_log-322604a997feaf3e.rlib" "/opt/rustwide/target/debug/deps/libiroh_net-10bfad01282d50ee.rlib" "/opt/rustwide/target/debug/deps/librcgen-8da47aac159b2c79.rlib" "/opt/rustwide/target/debug/deps/libyasna-0e25bc6ed125eb7a.rlib" "/opt/rustwide/target/debug/deps/libpem-5dec0d66de0d5e75.rlib" "/opt/rustwide/target/debug/deps/libgovernor-11113cc982fa62fa.rlib" "/opt/rustwide/target/debug/deps/libquanta-936a1c849e1782bd.rlib" "/opt/rustwide/target/debug/deps/libraw_cpuid-e223b3bfbd7779c5.rlib" "/opt/rustwide/target/debug/deps/libcrossbeam_utils-fd980c92aed8cdbe.rlib" "/opt/rustwide/target/debug/deps/libdashmap-181ed8963d936e03.rlib" "/opt/rustwide/target/debug/deps/libfutures_timer-3c6c0b7871b9bb73.rlib" "/opt/rustwide/target/debug/deps/libnonzero_ext-0f67f9e2ba5ce800.rlib" "/opt/rustwide/target/debug/deps/libportable_atomic-593cbbab096b5098.rlib" "/opt/rustwide/target/debug/deps/libno_std_compat-2400a5e425786708.rlib" "/opt/rustwide/target/debug/deps/libstrum-6e4a335e075c3001.rlib" "/opt/rustwide/target/debug/deps/libx509_parser-31d034b9bbb58e8a.rlib" "/opt/rustwide/target/debug/deps/liboid_registry-bad76ffd7e3702b0.rlib" "/opt/rustwide/target/debug/deps/libder_parser-3ffd280eb1e08800.rlib" "/opt/rustwide/target/debug/deps/libnum_bigint-ca0d6f97477a55f1.rlib" "/opt/rustwide/target/debug/deps/libnum_integer-007ffde40f8e0f2c.rlib" "/opt/rustwide/target/debug/deps/libasn1_rs-5e7c2ef41b4c798c.rlib" "/opt/rustwide/target/debug/deps/librusticata_macros-3558ccee40d2fa3e.rlib" "/opt/rustwide/target/debug/deps/libnom-83719d3f443b06b1.rlib" "/opt/rustwide/target/debug/deps/libnum_traits-a3a38b2bbfcd825e.rlib" "/opt/rustwide/target/debug/deps/libder-fa78b4b8458d7613.rlib" "/opt/rustwide/target/debug/deps/libtokio_tungstenite_wasm-bf7c983f9e2ab946.rlib" "/opt/rustwide/target/debug/deps/libtokio_tungstenite-93e19d25ac82b824.rlib" "/opt/rustwide/target/debug/deps/libtungstenite-e43f2d04831dfcf7.rlib" "/opt/rustwide/target/debug/deps/libutf8-d1a3605d87052b93.rlib" "/opt/rustwide/target/debug/deps/libigd_next-345505a218ff494a.rlib" "/opt/rustwide/target/debug/deps/libattohttpc-b29e64cefe19545b.rlib" "/opt/rustwide/target/debug/deps/libhttp-b0606646e301b4f4.rlib" "/opt/rustwide/target/debug/deps/libxmltree-50a20da20c0b9dd9.rlib" "/opt/rustwide/target/debug/deps/libxml-1d706fc62adc5547.rlib" "/opt/rustwide/target/debug/deps/libnum_enum-4b4d7c9c757545ad.rlib" "/opt/rustwide/target/debug/deps/libsurge_ping-1dd2014b6e7a28cb.rlib" "/opt/rustwide/target/debug/deps/libpnet_packet-78ad4e61361a6bf8.rlib" "/opt/rustwide/target/debug/deps/libpnet_macros_support-198b54df6e4318be.rlib" "/opt/rustwide/target/debug/deps/libpnet_base-db799afd53e53e7d.rlib" "/opt/rustwide/target/debug/deps/libno_std_net-7c8f611ccbcc7504.rlib" "/opt/rustwide/target/debug/deps/librtnetlink-fce6255e8e0edea4.rlib" "/opt/rustwide/target/debug/deps/libnix-d304589b9cedac9a.rlib" "/opt/rustwide/target/debug/deps/libnetlink_proto-3edbc5188d5d57fd.rlib" "/opt/rustwide/target/debug/deps/libnetlink_sys-28af9a974343edfb.rlib" "/opt/rustwide/target/debug/deps/libfutures-e41b8536671e2ac8.rlib" "/opt/rustwide/target/debug/deps/libfutures_executor-0db8f0e75326925a.rlib" "/opt/rustwide/target/debug/deps/libnetlink_packet_route-03c3ce419f904f53.rlib" "/opt/rustwide/target/debug/deps/libbitflags-560efdb99b117eef.rlib" "/opt/rustwide/target/debug/deps/libnetlink_packet_core-b0b1948d181cd097.rlib" "/opt/rustwide/target/debug/deps/libnetlink_packet_utils-0ee9d12268014b4c.rlib" "/opt/rustwide/target/debug/deps/libnetdev-dcd32ba469d32ec7.rlib" "/opt/rustwide/target/debug/deps/libbackoff-13813ec5b4ef7933.rlib" "/opt/rustwide/target/debug/deps/libinstant-969d032a10606262.rlib" "/opt/rustwide/target/debug/deps/libstun_rs-5a4f23b6c5cefac8.rlib" "/opt/rustwide/target/debug/deps/libmd5-003462cf236179b8.rlib" "/opt/rustwide/target/debug/deps/libhmac_sha256-8aa081ec0d181260.rlib" "/opt/rustwide/target/debug/deps/libenumflags2-181b8e106fe68e22.rlib" "/opt/rustwide/target/debug/deps/libhmac_sha1-4f59b869c612330b.rlib" "/opt/rustwide/target/debug/deps/libhmac-94f523c317e2a6ac.rlib" "/opt/rustwide/target/debug/deps/libsha1-e30452d0bfc92945.rlib" "/opt/rustwide/target/debug/deps/libquoted_string_parser-c9aa549a1e4a8d5e.rlib" "/opt/rustwide/target/debug/deps/libpest-46030774379bcf9d.rlib" "/opt/rustwide/target/debug/deps/libucd_trie-af7712f79a14bdf2.rlib" "/opt/rustwide/target/debug/deps/libprecis_profiles-0665fedf1e0c41fd.rlib" "/opt/rustwide/target/debug/deps/libprecis_core-7380debb90f6d13b.rlib" "/opt/rustwide/target/debug/deps/liblazy_static-7af2f34f8b124b26.rlib" "/opt/rustwide/target/debug/deps/libfallible_iterator-efe28d51c77cad9e.rlib" "/opt/rustwide/target/debug/deps/libbyteorder-921e9eb05e03d6ac.rlib" "/opt/rustwide/target/debug/deps/libiroh_metrics-4f5b955e917a0ec8.rlib" "/opt/rustwide/target/debug/deps/libreqwest-e868854926d35296.rlib" "/opt/rustwide/target/debug/deps/libserde_urlencoded-70fefb3841c84677.rlib" "/opt/rustwide/target/debug/deps/libhyper_rustls-601b188be1002daf.rlib" "/opt/rustwide/target/debug/deps/libtokio_rustls-26db4eb24e2e3ab2.rlib" "/opt/rustwide/target/debug/deps/libserde_json-01ea9ff50c81a1d9.rlib" "/opt/rustwide/target/debug/deps/libryu-2ae7af5af0bb88e0.rlib" "/opt/rustwide/target/debug/deps/libhyper_util-7b8ee08895ed1849.rlib" "/opt/rustwide/target/debug/deps/libtower-c80c2a2305d00cb9.rlib" "/opt/rustwide/target/debug/deps/libtower_layer-59d9149cea32c325.rlib" "/opt/rustwide/target/debug/deps/libtower_service-56141c8379744c53.rlib" "/opt/rustwide/target/debug/deps/libhttp_body_util-53e717278b381863.rlib" "/opt/rustwide/target/debug/deps/libstruct_iterable-6a84feac6aaf1ed4.rlib" "/opt/rustwide/target/debug/deps/libstruct_iterable_internal-0667d5275d2ec334.rlib" "/opt/rustwide/target/debug/deps/libhyper-d3751ff36b1152e4.rlib" "/opt/rustwide/target/debug/deps/libwant-e685d7a406130720.rlib" "/opt/rustwide/target/debug/deps/libtry_lock-c81c639303c73d15.rlib" "/opt/rustwide/target/debug/deps/libhttparse-4b79ac35d4a83b62.rlib" "/opt/rustwide/target/debug/deps/libh2-f457f9b076d8159d.rlib" "/opt/rustwide/target/debug/deps/libindexmap-e9758b5edd213421.rlib" "/opt/rustwide/target/debug/deps/libequivalent-9e89cbd86631a94f.rlib" "/opt/rustwide/target/debug/deps/libhashbrown-7d5e5d9d6d4f90ef.rlib" "/opt/rustwide/target/debug/deps/libatomic_waker-139ffb07fa982694.rlib" "/opt/rustwide/target/debug/deps/libhttpdate-cec10d4fe91818dd.rlib" "/opt/rustwide/target/debug/deps/libhttp_body-cf6bd85432f8876c.rlib" "/opt/rustwide/target/debug/deps/libhttp-96edf936e64d94a4.rlib" "/opt/rustwide/target/debug/deps/libfnv-574dedeaa4c89e1d.rlib" "/opt/rustwide/target/debug/deps/libprometheus_client-ae32f1ba359f7017.rlib" "/opt/rustwide/target/debug/deps/libdtoa-318072baeb8a6651.rlib" "/opt/rustwide/target/debug/deps/liberased_set-2bed082bab92d0ff.rlib" "/opt/rustwide/target/debug/deps/libiroh_quinn-07dd99b657048626.rlib" "/opt/rustwide/target/debug/deps/libiroh_quinn_udp-c08f866a853ffb2a.rlib" "/opt/rustwide/target/debug/deps/libiroh_quinn_proto-2081e4c400d805ad.rlib" "/opt/rustwide/target/debug/deps/librustls_platform_verifier-fc7491924e409ebf.rlib" "/opt/rustwide/target/debug/deps/librustls_native_certs-1cf7659908b1b72e.rlib" "/opt/rustwide/target/debug/deps/librustls_pemfile-52420ace9414a96a.rlib" "/opt/rustwide/target/debug/deps/libopenssl_probe-7a88c39453af999d.rlib" "/opt/rustwide/target/debug/deps/librustc_hash-5b5d9fac2d576535.rlib" "/opt/rustwide/target/debug/deps/libfutures_concurrency-5b6dabf3aa1f7a15.rlib" "/opt/rustwide/target/debug/deps/libfutures_lite-b797f072aae8d2ce.rlib" "/opt/rustwide/target/debug/deps/libfastrand-018aacaa50f26a94.rlib" "/opt/rustwide/target/debug/deps/libwaker_fn-14f512d6a814d855.rlib" "/opt/rustwide/target/debug/deps/libfutures_buffered-d463867e614756dd.rlib" "/opt/rustwide/target/debug/deps/libdiatomic_waker-aac218aa22a9348a.rlib" "/opt/rustwide/target/debug/deps/libbitvec-c633ca39cbf6bcca.rlib" "/opt/rustwide/target/debug/deps/libwyz-e7ca56cbff34450c.rlib" "/opt/rustwide/target/debug/deps/libtap-4aa41518670171b0.rlib" "/opt/rustwide/target/debug/deps/libradium-be172b6c6285dd74.rlib" "/opt/rustwide/target/debug/deps/libfunty-cecc45592d9132cc.rlib" "/opt/rustwide/target/debug/deps/libpin_project-42f11ddcff2046f9.rlib" "/opt/rustwide/target/debug/deps/libhickory_resolver-60bf80890b7146c2.rlib" "/opt/rustwide/target/debug/deps/libresolv_conf-20b7666dcded2a4a.rlib" "/opt/rustwide/target/debug/deps/libhostname-6602120870fc882e.rlib" "/opt/rustwide/target/debug/deps/libmatch_cfg-4d64094482ccd140.rlib" "/opt/rustwide/target/debug/deps/libquick_error-9804de68ea34bdae.rlib" "/opt/rustwide/target/debug/deps/liblru_cache-110cbe7fb7d6713f.rlib" "/opt/rustwide/target/debug/deps/libhickory_proto-c4a1656bb5643f39.rlib" "/opt/rustwide/target/debug/deps/libtime-3b06eede6169d4f8.rlib" "/opt/rustwide/target/debug/deps/libitoa-add5260810035b6e.rlib" "/opt/rustwide/target/debug/deps/libtime_core-f088bdeda82daaaf.rlib" "/opt/rustwide/target/debug/deps/libnum_conv-c07d2bc8a05763c7.rlib" "/opt/rustwide/target/debug/deps/libderanged-4c6190e51fde60d0.rlib" "/opt/rustwide/target/debug/deps/libpowerfmt-b5bd7be737233b4b.rlib" "/opt/rustwide/target/debug/deps/libipnet-e48bd8e2986d8365.rlib" "/opt/rustwide/target/debug/deps/libgenawaiter-21dd7271e2824d3a.rlib" "/opt/rustwide/target/debug/deps/libgenawaiter_macro-7ce9119b2f57cc16.rlib" "/opt/rustwide/target/debug/deps/libwatchable-c1d655026541ec4d.rlib" "/opt/rustwide/target/debug/deps/libparking_lot-ece4650a6562e4c8.rlib" "/opt/rustwide/target/debug/deps/libparking_lot_core-1e539c5492ede417.rlib" "/opt/rustwide/target/debug/deps/libsmallvec-2bf71e8326cc0d46.rlib" "/opt/rustwide/target/debug/deps/libevent_listener-f677f194c95a2fd5.rlib" "/opt/rustwide/target/debug/deps/libpkarr-92679abba4c3e3af.rlib" "/opt/rustwide/target/debug/deps/libz32-348210c35d7b099e.rlib" "/opt/rustwide/target/debug/deps/libureq-4092f1e9a997ffb9.rlib" "/opt/rustwide/target/debug/deps/libwebpki_roots-8ea32a07442f1f11.rlib" "/opt/rustwide/target/debug/deps/librustls-2be1ef78ed5cb0cf.rlib" "/opt/rustwide/target/debug/deps/libwebpki-429e7e6e116c422e.rlib" "/opt/rustwide/target/debug/deps/libring-10da665ec350ce99.rlib" "/opt/rustwide/target/debug/deps/libuntrusted-0d4f2f5eacbcc494.rlib" "/opt/rustwide/target/debug/deps/librustls_pki_types-85fb22a2e41c3ce5.rlib" "/opt/rustwide/target/debug/deps/libbase64-c167c3eb3ecc322f.rlib" "/opt/rustwide/target/debug/deps/libmainline-027bca3bdc2ac661.rlib" "/opt/rustwide/target/debug/deps/libserde_bencode-adcd48cf9d55988b.rlib" "/opt/rustwide/target/debug/deps/libserde_bytes-faf1d8c0acd7998f.rlib" "/opt/rustwide/target/debug/deps/liblru-9c2818c61fa5e708.rlib" "/opt/rustwide/target/debug/deps/libflume-05cada7554c1f794.rlib" "/opt/rustwide/target/debug/deps/libnanorand-6bd44d6c17dc757f.rlib" "/opt/rustwide/target/debug/deps/libspin-cad3619a2508f025.rlib" "/opt/rustwide/target/debug/deps/liblock_api-4bfa6e5802bfd45b.rlib" "/opt/rustwide/target/debug/deps/libscopeguard-003ee3b9b09cebdb.rlib" "/opt/rustwide/target/debug/deps/libsha1_smol-8e2510ab3446f9eb.rlib" "/opt/rustwide/target/debug/deps/libcrc-b1796dab2206fe92.rlib" "/opt/rustwide/target/debug/deps/libcrc_catalog-3f4e297e9c2a8249.rlib" "/opt/rustwide/target/debug/deps/libdyn_clone-199529a542abdc70.rlib" "/opt/rustwide/target/debug/deps/libsimple_dns-3dad153eb8f5b01b.rlib" "/opt/rustwide/target/debug/deps/libbitflags-2a54fc7d8f815a15.rlib" "/opt/rustwide/target/debug/deps/libself_cell-adf60cf83f801700.rlib" "/opt/rustwide/target/debug/deps/libiroh_base-233bef13c3e19136.rlib" "/opt/rustwide/target/debug/deps/libserde_error-eb137adf9371be29.rlib" "/opt/rustwide/target/debug/deps/librand-0a074e3869cab0fd.rlib" "/opt/rustwide/target/debug/deps/librand_chacha-340a6ac08c75bedf.rlib" "/opt/rustwide/target/debug/deps/libppv_lite86-905fd835b337451d.rlib" "/opt/rustwide/target/debug/deps/libcrypto_box-b5822608a64e04a6.rlib" "/opt/rustwide/target/debug/deps/libcrypto_secretbox-e1496741e3c94427.rlib" "/opt/rustwide/target/debug/deps/libsalsa20-e177268c61b2a762.rlib" "/opt/rustwide/target/debug/deps/libchacha20-0472b70bbf9f1bd2.rlib" "/opt/rustwide/target/debug/deps/libpoly1305-a26b51895dbee4da.rlib" "/opt/rustwide/target/debug/deps/libopaque_debug-f459251d9ab59279.rlib" "/opt/rustwide/target/debug/deps/libuniversal_hash-ae996aa5e6642f70.rlib" "/opt/rustwide/target/debug/deps/libcipher-b070d4086d8ec320.rlib" "/opt/rustwide/target/debug/deps/libinout-13813d8452c7111e.rlib" "/opt/rustwide/target/debug/deps/libserdect-bf0d78815cbd2c7e.rlib" "/opt/rustwide/target/debug/deps/libiroh_blake3-c5ab9195cee1738b.rlib" "/opt/rustwide/target/debug/deps/libconstant_time_eq-298a8eb32ab4ced9.rlib" "/opt/rustwide/target/debug/deps/libarrayvec-8ddae3ce25bac3b3.rlib" "/opt/rustwide/target/debug/deps/libarrayref-0f2f5076eb3264a1.rlib" "/opt/rustwide/target/debug/deps/libderive_more-4d2c0f5a4c83a38b.rlib" "/opt/rustwide/target/debug/deps/libthiserror-b31921c87c873af6.rlib" "/opt/rustwide/target/debug/deps/libttl_cache-4930c14f8fdc0df6.rlib" "/opt/rustwide/target/debug/deps/liblinked_hash_map-4155900399b65b23.rlib" "/opt/rustwide/target/debug/deps/libssh_key-85a2facf194752b8.rlib" "/opt/rustwide/target/debug/deps/libssh_cipher-0ca15746235ab7ed.rlib" "/opt/rustwide/target/debug/deps/libsec1-b23d52122b565136.rlib" "/opt/rustwide/target/debug/deps/libbase16ct-124d2d1312e4a1b2.rlib" "/opt/rustwide/target/debug/deps/libssh_encoding-3b1a9f8e0fa7b52d.rlib" "/opt/rustwide/target/debug/deps/libpem_rfc7468-4f8e724244a10c09.rlib" "/opt/rustwide/target/debug/deps/libbase64ct-1e5c070e7f128577.rlib" "/opt/rustwide/target/debug/deps/libed25519_dalek-4f7a2210c991e3fc.rlib" "/opt/rustwide/target/debug/deps/libsha2-537db63d1ce4cd10.rlib" "/opt/rustwide/target/debug/deps/libcurve25519_dalek-d8c76428a6948aa7.rlib" "/opt/rustwide/target/debug/deps/libcpufeatures-e58d67928e727c66.rlib" "/opt/rustwide/target/debug/deps/libdigest-4887206ae24b3e24.rlib" "/opt/rustwide/target/debug/deps/libsubtle-102a9c13202caeed.rlib" "/opt/rustwide/target/debug/deps/libblock_buffer-8db2f9ff79608431.rlib" "/opt/rustwide/target/debug/deps/libed25519-9eecff699b9a0750.rlib" "/opt/rustwide/target/debug/deps/libsignature-01ab0b40ad10f33a.rlib" "/opt/rustwide/target/debug/deps/libaead-5cdf599252be8e3f.rlib" "/opt/rustwide/target/debug/deps/libcrypto_common-3bccb75ee7bc331f.rlib" "/opt/rustwide/target/debug/deps/libgeneric_array-ad3753ac5b121a8a.rlib" "/opt/rustwide/target/debug/deps/libtypenum-5326f72807cfe834.rlib" "/opt/rustwide/target/debug/deps/libzeroize-44e87e1d21f0a2cc.rlib" "/opt/rustwide/target/debug/deps/librand_core-ce834ec4b76a7456.rlib" "/opt/rustwide/target/debug/deps/libgetrandom-5a1c6a98c2b6a393.rlib" "/opt/rustwide/target/debug/deps/libcfg_if-57bf25c23e31efdb.rlib" "/opt/rustwide/target/debug/deps/libpostcard-5a3d2448a3f35d94.rlib" "/opt/rustwide/target/debug/deps/libcobs-f3d917d150f4a57b.rlib" "/opt/rustwide/target/debug/deps/libhex-718b4f18bb2e7953.rlib" "/opt/rustwide/target/debug/deps/libdata_encoding-732fa069be813c83.rlib" "/opt/rustwide/target/debug/deps/libtracing-bf737664d4d5c3c8.rlib" "/opt/rustwide/target/debug/deps/liblog-e7e7e8ec9ff686da.rlib" "/opt/rustwide/target/debug/deps/libtracing_core-2051afaedd8a2e9d.rlib" "/opt/rustwide/target/debug/deps/libonce_cell-795d6939e3fe8636.rlib" "/opt/rustwide/target/debug/deps/libtokio_util-f27c1fcc6be65365.rlib" "/opt/rustwide/target/debug/deps/libfutures_util-021573e6b0103c30.rlib" "/opt/rustwide/target/debug/deps/libmemchr-c7ff0286392b94eb.rlib" "/opt/rustwide/target/debug/deps/libslab-f7057b79dbdd9024.rlib" "/opt/rustwide/target/debug/deps/libfutures_channel-1411bf70963dfe9b.rlib" "/opt/rustwide/target/debug/deps/libfutures_task-6b7e7a881f61604a.rlib" "/opt/rustwide/target/debug/deps/libpin_utils-76c2785263cdb1c1.rlib" "/opt/rustwide/target/debug/deps/libfutures_sink-96446479240e3330.rlib" "/opt/rustwide/target/debug/deps/libtokio-4ee7ac6f2073143e.rlib" "/opt/rustwide/target/debug/deps/libsignal_hook_registry-e38a53dc0fbae64a.rlib" "/opt/rustwide/target/debug/deps/libnum_cpus-cd0ea41b1a724c54.rlib" "/opt/rustwide/target/debug/deps/libsocket2-a44307394dda862b.rlib" "/opt/rustwide/target/debug/deps/libbytes-74d87212c8a9491f.rlib" "/opt/rustwide/target/debug/deps/libmio-a248dda548665ae7.rlib" "/opt/rustwide/target/debug/deps/liblibc-98dbae3fd83efd2b.rlib" "/opt/rustwide/target/debug/deps/liburl-5e4daad78e3de98d.rlib" "/opt/rustwide/target/debug/deps/libidna-71da273eebbda1a5.rlib" "/opt/rustwide/target/debug/deps/libunicode_normalization-b1219ca86a23be3e.rlib" "/opt/rustwide/target/debug/deps/libtinyvec-51759a03d8e7a380.rlib" "/opt/rustwide/target/debug/deps/libtinyvec_macros-66661c55905090ec.rlib" "/opt/rustwide/target/debug/deps/libunicode_bidi-41651475181819c6.rlib" "/opt/rustwide/target/debug/deps/libform_urlencoded-07a2dedb236e9598.rlib" "/opt/rustwide/target/debug/deps/libpercent_encoding-a400589552762a21.rlib" "/opt/rustwide/target/debug/deps/libserde-c331d1b8d7582a1c.rlib" "/opt/rustwide/target/debug/deps/libfutures_lite-d314c6b58823413c.rlib" "/opt/rustwide/target/debug/deps/libfutures_io-0b51a8a9204dd001.rlib" "/opt/rustwide/target/debug/deps/libfutures_core-3267ce8fda4a14eb.rlib" "/opt/rustwide/target/debug/deps/libparking-ec706af7c2be9689.rlib" "/opt/rustwide/target/debug/deps/libfastrand-73ab135c942e83f7.rlib" "/opt/rustwide/target/debug/deps/libpin_project_lite-0917a66d1286620d.rlib" "/opt/rustwide/target/debug/deps/libclap-35ae0b1c2c44823f.rlib" "/opt/rustwide/target/debug/deps/libclap_builder-77768616b9f2b6e1.rlib" "/opt/rustwide/target/debug/deps/libstrsim-0c998b0290db27b9.rlib" "/opt/rustwide/target/debug/deps/libanstream-2cdedfd307f759e7.rlib" "/opt/rustwide/target/debug/deps/libanstyle_query-5a024fef37b4b230.rlib" "/opt/rustwide/target/debug/deps/libis_terminal_polyfill-b597e53a3abf9b93.rlib" "/opt/rustwide/target/debug/deps/libcolorchoice-59ec4f279830c8c8.rlib" "/opt/rustwide/target/debug/deps/libanstyle_parse-a238c0b917528828.rlib" "/opt/rustwide/target/debug/deps/libutf8parse-d435e47da5544871.rlib" "/opt/rustwide/target/debug/deps/libclap_lex-4e06e4c45b975ae5.rlib" "/opt/rustwide/target/debug/deps/libanstyle-a9f033361773f9f4.rlib" "/opt/rustwide/target/debug/deps/libanyhow-fddfbf3ae1c518e4.rlib" "/opt/rustwide/rustup-home/toolchains/nightly-2024-10-28-x86_64-unknown-linux-gnu/lib/rustlib/x86_64-unknown-linux-gnu/lib/libstd-fb8c387236db3c10.rlib" "/opt/rustwide/rustup-home/toolchains/nightly-2024-10-28-x86_64-unknown-linux-gnu/lib/rustlib/x86_64-unknown-linux-gnu/lib/libpanic_unwind-b251837809b2f64b.rlib" "/opt/rustwide/rustup-home/toolchains/nightly-2024-10-28-x86_64-unknown-linux-gnu/lib/rustlib/x86_64-unknown-linux-gnu/lib/libobject-cbef83eaa4e01f04.rlib" "/opt/rustwide/rustup-home/toolchains/nightly-2024-10-28-x86_64-unknown-linux-gnu/lib/rustlib/x86_64-unknown-linux-gnu/lib/libmemchr-12a772286de2fca7.rlib" "/opt/rustwide/rustup-home/toolchains/nightly-2024-10-28-x86_64-unknown-linux-gnu/lib/rustlib/x86_64-unknown-linux-gnu/lib/libaddr2line-023bbe5ada7abfc3.rlib" "/opt/rustwide/rustup-home/toolchains/nightly-2024-10-28-x86_64-unknown-linux-gnu/lib/rustlib/x86_64-unknown-linux-gnu/lib/libgimli-de2bcdf10ec69c2b.rlib" "/opt/rustwide/rustup-home/toolchains/nightly-2024-10-28-x86_64-unknown-linux-gnu/lib/rustlib/x86_64-unknown-linux-gnu/lib/librustc_demangle-8e1754df350800fd.rlib" "/opt/rustwide/rustup-home/toolchains/nightly-2024-10-28-x86_64-unknown-linux-gnu/lib/rustlib/x86_64-unknown-linux-gnu/lib/libstd_detect-06c2ab7b9c32e037.rlib" "/opt/rustwide/rustup-home/toolchains/nightly-2024-10-28-x86_64-unknown-linux-gnu/lib/rustlib/x86_64-unknown-linux-gnu/lib/libhashbrown-51d2621fc57a281b.rlib" "/opt/rustwide/rustup-home/toolchains/nightly-2024-10-28-x86_64-unknown-linux-gnu/lib/rustlib/x86_64-unknown-linux-gnu/lib/librustc_std_workspace_alloc-54a930408793772f.rlib" "/opt/rustwide/rustup-home/toolchains/nightly-2024-10-28-x86_64-unknown-linux-gnu/lib/rustlib/x86_64-unknown-linux-gnu/lib/libminiz_oxide-0c7d01cba400dcb2.rlib" "/opt/rustwide/rustup-home/toolchains/nightly-2024-10-28-x86_64-unknown-linux-gnu/lib/rustlib/x86_64-unknown-linux-gnu/lib/libadler-b9f84d69e331b75b.rlib" "/opt/rustwide/rustup-home/toolchains/nightly-2024-10-28-x86_64-unknown-linux-gnu/lib/rustlib/x86_64-unknown-linux-gnu/lib/libunwind-eec95493246aae39.rlib" "/opt/rustwide/rustup-home/toolchains/nightly-2024-10-28-x86_64-unknown-linux-gnu/lib/rustlib/x86_64-unknown-linux-gnu/lib/libcfg_if-6f6676c475e08ab0.rlib" "/opt/rustwide/rustup-home/toolchains/nightly-2024-10-28-x86_64-unknown-linux-gnu/lib/rustlib/x86_64-unknown-linux-gnu/lib/liblibc-799d520624f8b2e0.rlib" "/opt/rustwide/rustup-home/toolchains/nightly-2024-10-28-x86_64-unknown-linux-gnu/lib/rustlib/x86_64-unknown-linux-gnu/lib/liballoc-fcf93d4842acd9a9.rlib" "/opt/rustwide/rustup-home/toolchains/nightly-2024-10-28-x86_64-unknown-linux-gnu/lib/rustlib/x86_64-unknown-linux-gnu/lib/librustc_std_workspace_core-395a38b8e0851c9b.rlib" "/opt/rustwide/rustup-home/toolchains/nightly-2024-10-28-x86_64-unknown-linux-gnu/lib/rustlib/x86_64-unknown-linux-gnu/lib/libcore-d453bab70303062c.rlib" "/opt/rustwide/rustup-home/toolchains/nightly-2024-10-28-x86_64-unknown-linux-gnu/lib/rustlib/x86_64-unknown-linux-gnu/lib/libcompiler_builtins-0e6386368b0a24e8.rlib" "-Wl,-Bdynamic" "-lgcc_s" "-lutil" "-lrt" "-lpthread" "-lm" "-ldl" "-lc" "-B/opt/rustwide/rustup-home/toolchains/nightly-2024-10-28-x86_64-unknown-linux-gnu/lib/rustlib/x86_64-unknown-linux-gnu/bin/gcc-ld" "-fuse-ld=lld" "-Wl,--eh-frame-hdr" "-Wl,-z,noexecstack" "-L" "/opt/rustwide/target/debug/build/iroh-blake3-052eeb8635b86354/out" "-L" "/opt/rustwide/target/debug/build/iroh-blake3-052eeb8635b86354/out" "-L" "/opt/rustwide/target/debug/build/ring-bec56c121041b3b6/out" "-L" "/opt/rustwide/rustup-home/toolchains/nightly-2024-10-28-x86_64-unknown-linux-gnu/lib/rustlib/x86_64-unknown-linux-gnu/lib" "-o" "/opt/rustwide/target/debug/examples/connect_unreliable-0f859ff3c2ae4e42" "-Wl,--gc-sections" "-pie" "-Wl,-z,relro,-z,now" "-nodefaultlibs"
[INFO] [stdout]   = note: collect2: fatal error: ld terminated with signal 9 [Killed]
[INFO] [stdout]           compilation terminated.
[INFO] [stdout]           
[INFO] [stdout] 
[INFO] [stdout] 
[INFO] [stderr] error: could not compile `iroh-net` (example "connect-unreliable") due to 1 previous error
[ERROR] error running command: no output for 300 seconds
[INFO] running `Command { std: "docker" "inspect" "a9fc2f9b69428ccc3119cc6caa6ac6c9fe15e9b906ccb46ceeb2d2403832afa5", kill_on_drop: false }`
[INFO] running `Command { std: "docker" "rm" "-f" "a9fc2f9b69428ccc3119cc6caa6ac6c9fe15e9b906ccb46ceeb2d2403832afa5", kill_on_drop: false }`
[INFO] [stderr] Error response from daemon: Could not kill running container a9fc2f9b69428ccc3119cc6caa6ac6c9fe15e9b906ccb46ceeb2d2403832afa5, cannot remove - container a9fc2f9b6942 PID 913162 is zombie and can not be killed. Use the --init option when creating containers to run an init inside the container that forwards signals and reaps processes
[ERROR] failed to delete container a9fc2f9b69428ccc3119cc6caa6ac6c9fe15e9b906ccb46ceeb2d2403832afa5
[ERROR] caused by: command failed: exit status: 1
