[INFO] fetching crate iroh-gossip 0.27.0...
[INFO] testing iroh-gossip-0.27.0 against nightly-2024-10-28+rustflags=-Zrandomize-layout for randomize-layout
[INFO] extracting crate iroh-gossip 0.27.0 into /workspace/builds/worker-0-tc2/source
[INFO] validating manifest of crates.io crate iroh-gossip 0.27.0 on toolchain nightly-2024-10-28
[INFO] running `Command { std: CARGO_HOME="/workspace/cargo-home" RUSTUP_HOME="/workspace/rustup-home" "/workspace/cargo-home/bin/cargo" "+nightly-2024-10-28" "metadata" "--manifest-path" "Cargo.toml" "--no-deps", kill_on_drop: false }`
[INFO] started tweaking crates.io crate iroh-gossip 0.27.0
[INFO] removed 0 missing examples
[INFO] finished tweaking crates.io crate iroh-gossip 0.27.0
[INFO] tweaked toml for crates.io crate iroh-gossip 0.27.0 written to /workspace/builds/worker-0-tc2/source/Cargo.toml
[INFO] crate crates.io crate iroh-gossip 0.27.0 already has a lockfile, it will not be regenerated
[INFO] running `Command { std: CARGO_HOME="/workspace/cargo-home" RUSTUP_HOME="/workspace/rustup-home" "/workspace/cargo-home/bin/cargo" "+nightly-2024-10-28" "fetch" "--manifest-path" "Cargo.toml", kill_on_drop: false }`
[INFO] running `Command { std: "docker" "create" "-v" "/var/lib/crater-agent-workspace/builds/worker-0-tc2/target:/opt/rustwide/target:rw,Z" "-v" "/var/lib/crater-agent-workspace/builds/worker-0-tc2/source:/opt/rustwide/workdir:ro,Z" "-v" "/var/lib/crater-agent-workspace/cargo-home:/opt/rustwide/cargo-home:ro,Z" "-v" "/var/lib/crater-agent-workspace/rustup-home:/opt/rustwide/rustup-home:ro,Z" "-e" "SOURCE_DIR=/opt/rustwide/workdir" "-e" "CARGO_TARGET_DIR=/opt/rustwide/target" "-e" "CARGO_HOME=/opt/rustwide/cargo-home" "-e" "RUSTUP_HOME=/opt/rustwide/rustup-home" "-w" "/opt/rustwide/workdir" "-m" "1610612736" "--user" "0:0" "--network" "none" "ghcr.io/rust-lang/crates-build-env/linux@sha256:4a844ea9eb2546a2d2c7022eacef16ef2e8229c7fbb2c7d4d55a9ceca922f72d" "/opt/rustwide/cargo-home/bin/cargo" "+nightly-2024-10-28" "metadata" "--no-deps" "--format-version=1", kill_on_drop: false }`
[INFO] [stdout] 3930dc0fdee44b3d322550b47e4cc3fd5eeb91885a9c7f6bc95413fe73574f20
[INFO] running `Command { std: "docker" "start" "-a" "3930dc0fdee44b3d322550b47e4cc3fd5eeb91885a9c7f6bc95413fe73574f20", kill_on_drop: false }`
[INFO] running `Command { std: "docker" "inspect" "3930dc0fdee44b3d322550b47e4cc3fd5eeb91885a9c7f6bc95413fe73574f20", kill_on_drop: false }`
[INFO] running `Command { std: "docker" "rm" "-f" "3930dc0fdee44b3d322550b47e4cc3fd5eeb91885a9c7f6bc95413fe73574f20", kill_on_drop: false }`
[INFO] [stdout] 3930dc0fdee44b3d322550b47e4cc3fd5eeb91885a9c7f6bc95413fe73574f20
[INFO] running `Command { std: "docker" "create" "-v" "/var/lib/crater-agent-workspace/builds/worker-0-tc2/target:/opt/rustwide/target:rw,Z" "-v" "/var/lib/crater-agent-workspace/builds/worker-0-tc2/source:/opt/rustwide/workdir:ro,Z" "-v" "/var/lib/crater-agent-workspace/cargo-home:/opt/rustwide/cargo-home:ro,Z" "-v" "/var/lib/crater-agent-workspace/rustup-home:/opt/rustwide/rustup-home:ro,Z" "-e" "SOURCE_DIR=/opt/rustwide/workdir" "-e" "CARGO_TARGET_DIR=/opt/rustwide/target" "-e" "CARGO_INCREMENTAL=0" "-e" "RUST_BACKTRACE=full" "-e" "RUSTFLAGS=--cap-lints=forbid -Zrandomize-layout" "-e" "RUSTDOCFLAGS=--cap-lints=forbid" "-e" "CARGO_HOME=/opt/rustwide/cargo-home" "-e" "RUSTUP_HOME=/opt/rustwide/rustup-home" "-w" "/opt/rustwide/workdir" "-m" "1610612736" "--user" "0:0" "--network" "none" "ghcr.io/rust-lang/crates-build-env/linux@sha256:4a844ea9eb2546a2d2c7022eacef16ef2e8229c7fbb2c7d4d55a9ceca922f72d" "/opt/rustwide/cargo-home/bin/cargo" "+nightly-2024-10-28" "build" "--frozen" "--message-format=json", kill_on_drop: false }`
[INFO] [stdout] 720148f5b806bbd1854453d8a339c31512d9a6c7a5616b7f7a5c7f02641a0cc8
[INFO] running `Command { std: "docker" "start" "-a" "720148f5b806bbd1854453d8a339c31512d9a6c7a5616b7f7a5c7f02641a0cc8", kill_on_drop: false }`
[INFO] [stderr]    Compiling proc-macro2 v1.0.86
[INFO] [stderr]    Compiling libc v0.2.155
[INFO] [stderr]    Compiling serde v1.0.204
[INFO] [stderr]    Compiling memchr v2.7.4
[INFO] [stderr]    Compiling zeroize v1.8.1
[INFO] [stderr]    Compiling version_check v0.9.4
[INFO] [stderr]    Compiling typenum v1.17.0
[INFO] [stderr]    Compiling subtle v2.6.1
[INFO] [stderr]    Compiling thiserror v1.0.63
[INFO] [stderr]    Compiling futures-io v0.3.31
[INFO] [stderr]    Compiling generic-array v0.14.7
[INFO] [stderr]    Compiling futures-channel v0.3.31
[INFO] [stderr]    Compiling cc v1.1.6
[INFO] [stderr]    Compiling cpufeatures v0.2.12
[INFO] [stderr]    Compiling unicode-normalization v0.1.23
[INFO] [stderr]    Compiling tracing-core v0.1.32
[INFO] [stderr]    Compiling smallvec v1.13.2
[INFO] [stderr]    Compiling spin v0.9.8
[INFO] [stderr]    Compiling quote v1.0.36
[INFO] [stderr]    Compiling hashbrown v0.14.5
[INFO] [stderr]    Compiling rustls-pki-types v1.7.0
[INFO] [stderr]    Compiling unicode-bidi v0.3.15
[INFO] [stderr]    Compiling syn v2.0.72
[INFO] [stderr]    Compiling aho-corasick v1.1.3
[INFO] [stderr]    Compiling regex-syntax v0.8.4
[INFO] [stderr]    Compiling idna v0.5.0
[INFO] [stderr]    Compiling getrandom v0.2.15
[INFO] [stderr]    Compiling socket2 v0.5.7
[INFO] [stderr]    Compiling rand_core v0.6.4
[INFO] [stderr]    Compiling num_cpus v1.16.0
[INFO] [stderr]    Compiling mio v0.8.11
[INFO] [stderr]    Compiling crypto-common v0.1.6
[INFO] [stderr]    Compiling signal-hook-registry v1.4.2
[INFO] [stderr]    Compiling block-buffer v0.10.4
[INFO] [stderr]    Compiling ring v0.17.8
[INFO] [stderr]    Compiling digest v0.10.7
[INFO] [stderr]    Compiling rand_chacha v0.3.1
[INFO] [stderr]    Compiling base64 v0.22.1
[INFO] [stderr]    Compiling indexmap v2.2.6
[INFO] [stderr]    Compiling num-conv v0.1.0
[INFO] [stderr]    Compiling rand v0.8.5
[INFO] [stderr]    Compiling regex-automata v0.4.7
[INFO] [stderr]    Compiling rustls v0.23.11
[INFO] [stderr]    Compiling powerfmt v0.2.0
[INFO] [stderr]    Compiling httparse v1.9.4
[INFO] [stderr]    Compiling time-core v0.1.2
[INFO] [stderr]    Compiling semver v1.0.23
[INFO] [stderr]    Compiling time-macros v0.2.18
[INFO] [stderr]    Compiling crossbeam-utils v0.8.20
[INFO] [stderr]    Compiling byteorder v1.5.0
[INFO] [stderr]    Compiling anyhow v1.0.86
[INFO] [stderr]    Compiling regex-lite v0.1.6
[INFO] [stderr]    Compiling rustc_version v0.4.0
[INFO] [stderr]    Compiling parking_lot_core v0.9.10
[INFO] [stderr]    Compiling inout v0.1.3
[INFO] [stderr]    Compiling num-traits v0.2.19
[INFO] [stderr]    Compiling paste v1.0.15
[INFO] [stderr]    Compiling ucd-parse v0.1.13
[INFO] [stderr]    Compiling parking v2.2.0
[INFO] [stderr]    Compiling cipher v0.4.4
[INFO] [stderr]    Compiling curve25519-dalek v4.1.3
[INFO] [stderr]    Compiling regex v1.10.5
[INFO] [stderr]    Compiling data-encoding v2.6.0
[INFO] [stderr]    Compiling atomic-waker v1.1.2
[INFO] [stderr]    Compiling precis-tools v0.1.7
[INFO] [stderr]    Compiling parking_lot v0.12.3
[INFO] [stderr]    Compiling rustls-pemfile v2.1.2
[INFO] [stderr]    Compiling sha2 v0.10.8
[INFO] [stderr]    Compiling tower-service v0.3.2
[INFO] [stderr]    Compiling minimal-lexical v0.2.1
[INFO] [stderr]    Compiling ucd-trie v0.1.6
[INFO] [stderr]    Compiling tower-layer v0.3.2
[INFO] [stderr]    Compiling synstructure v0.13.1
[INFO] [stderr]    Compiling nom v7.1.3
[INFO] [stderr]    Compiling concurrent-queue v2.5.0
[INFO] [stderr]    Compiling sha1 v0.10.6
[INFO] [stderr]    Compiling webpki-roots v0.26.3
[INFO] [stderr]    Compiling base64ct v1.6.0
[INFO] [stderr]    Compiling syn v1.0.109
[INFO] [stderr]    Compiling base16ct v0.2.0
[INFO] [stderr]    Compiling bitflags v2.6.0
[INFO] [stderr]    Compiling signature v2.2.0
[INFO] [stderr]    Compiling precis-core v0.1.9
[INFO] [stderr]    Compiling pem-rfc7468 v0.7.0
[INFO] [stderr]    Compiling universal-hash v0.5.1
[INFO] [stderr]    Compiling linked-hash-map v0.5.6
[INFO] [stderr]    Compiling serde_derive v1.0.204
[INFO] [stderr]    Compiling thiserror-impl v1.0.63
[INFO] [stderr]    Compiling futures-macro v0.3.31
[INFO] [stderr]    Compiling tokio-macros v2.3.0
[INFO] [stderr]    Compiling tracing-attributes v0.1.27
[INFO] [stderr]    Compiling rustls-webpki v0.102.6
[INFO] [stderr]    Compiling pin-project-internal v1.1.5
[INFO] [stderr]    Compiling curve25519-dalek-derive v0.1.1
[INFO] [stderr]    Compiling futures-util v0.3.31
[INFO] [stderr]    Compiling pest v2.7.11
[INFO] [stderr]    Compiling tracing v0.1.40
[INFO] [stderr]    Compiling netlink-packet-utils v0.5.2
[INFO] [stderr]    Compiling rusticata-macros v4.1.0
[INFO] [stderr]    Compiling asn1-rs-derive v0.5.0
[INFO] [stderr]    Compiling pin-project v1.1.5
[INFO] [stderr]    Compiling displaydoc v0.2.5
[INFO] [stderr]    Compiling asn1-rs-impl v0.2.0
[INFO] [stderr]    Compiling serde_json v1.0.120
[INFO] [stderr]    Compiling openssl-probe v0.1.5
[INFO] [stderr]    Compiling opaque-debug v0.3.1
[INFO] [stderr]    Compiling radium v0.7.0
[INFO] [stderr]    Compiling winnow v0.5.40
[INFO] [stderr]    Compiling ipnet v2.9.0
[INFO] [stderr]    Compiling no-std-net v0.6.0
[INFO] [stderr]    Compiling rustversion v1.0.17
[INFO] [stderr]    Compiling pest_meta v2.7.11
[INFO] [stderr]    Compiling toml_datetime v0.6.6
[INFO] [stderr]    Compiling pnet_base v0.34.0
[INFO] [stderr]    Compiling poly1305 v0.8.0
[INFO] [stderr]    Compiling rustls-native-certs v0.7.2
[INFO] [stderr]    Compiling netlink-packet-core v0.7.0
[INFO] [stderr]    Compiling erased-serde v0.3.31
[INFO] [stderr]    Compiling pest_generator v2.7.11
[INFO] [stderr]    Compiling futures-executor v0.3.30
[INFO] [stderr]    Compiling async-trait v0.1.81
[INFO] [stderr]    Compiling futures v0.3.30
[INFO] [stderr]    Compiling toml_edit v0.21.1
[INFO] [stderr]    Compiling ssh-encoding v0.2.0
[INFO] [stderr]    Compiling precis-profiles v0.1.10
[INFO] [stderr]    Compiling num-integer v0.1.46
[INFO] [stderr]    Compiling chacha20 v0.9.1
[INFO] [stderr]    Compiling salsa20 v0.10.2
[INFO] [stderr]    Compiling iroh-blake3 v1.4.5
[INFO] [stderr]    Compiling heck v0.4.1
[INFO] [stderr]    Compiling utf-8 v0.7.6
[INFO] [stderr]    Compiling struct_iterable_internal v0.1.1
[INFO] [stderr]    Compiling bitflags v1.3.2
[INFO] [stderr]    Compiling match_cfg v0.1.0
[INFO] [stderr]    Compiling oid-registry v0.7.0
[INFO] [stderr]    Compiling portable-atomic v1.7.0
[INFO] [stderr]    Compiling unicode-xid v0.2.4
[INFO] [stderr]    Compiling prometheus-client v0.22.3
[INFO] [stderr]    Compiling tap v1.0.1
[INFO] [stderr]    Compiling wyz v0.5.1
[INFO] [stderr]    Compiling derive_more-impl v1.0.0
[INFO] [stderr]    Compiling bytes v1.7.1
[INFO] [stderr]    Compiling url v2.5.2
[INFO] [stderr]    Compiling deranged v0.3.11
[INFO] [stderr]    Compiling tokio v1.38.1
[INFO] [stderr]    Compiling http v1.1.0
[INFO] [stderr]    Compiling time v0.3.36
[INFO] [stderr]    Compiling http-body v1.0.1
[INFO] [stderr]    Compiling ed25519 v2.2.3
[INFO] [stderr]    Compiling http-body-util v0.1.2
[INFO] [stderr]    Compiling ed25519-dalek v2.1.1
[INFO] [stderr]    Compiling aead v0.5.2
[INFO] [stderr]    Compiling postcard-derive v0.1.2
[INFO] [stderr]    Compiling crypto_secretbox v0.1.1
[INFO] [stderr]    Compiling tungstenite v0.21.0
[INFO] [stderr]    Compiling http v0.2.12
[INFO] [stderr]    Compiling asn1-rs v0.6.1
[INFO] [stderr]    Compiling rustls-platform-verifier v0.3.3
[INFO] [stderr]    Compiling proc-macro-crate v3.1.0
[INFO] [stderr]    Compiling serdect v0.2.0
[INFO] [stderr]    Compiling serde_urlencoded v0.7.1
[INFO] [stderr]    Compiling hostname v0.3.1
[INFO] [stderr]    Compiling struct_iterable_derive v0.1.0
[INFO] [stderr]    Compiling enum-as-inner v0.6.0
[INFO] [stderr]    Compiling num-bigint v0.4.6
[INFO] [stderr]    Compiling pest_derive v2.7.11
[INFO] [stderr]    Compiling ssh-cipher v0.2.0
[INFO] [stderr]    Compiling pnet_macros_support v0.34.0
[INFO] [stderr]    Compiling enumflags2_derive v0.7.10
[INFO] [stderr]    Compiling pnet_macros v0.34.0
[INFO] [stderr]    Compiling tokio-util v0.7.12
[INFO] [stderr]    Compiling tower v0.4.13
[INFO] [stderr]    Compiling tokio-rustls v0.26.0
[INFO] [stderr]    Compiling netlink-sys v0.8.6
[INFO] [stderr]    Compiling prometheus-client-derive-encode v0.4.2
[INFO] [stderr]    Compiling async-recursion v1.1.1
[INFO] [stderr]    Compiling raw-cpuid v11.1.0
[INFO] [stderr]    Compiling sec1 v0.7.3
[INFO] [stderr]    Compiling h2 v0.4.5
[INFO] [stderr]    Compiling hmac v0.12.1
[INFO] [stderr]    Compiling nanorand v0.7.0
[INFO] [stderr]    Compiling sync_wrapper v1.0.1
[INFO] [stderr]    Compiling hex v0.4.3
[INFO] [stderr]    Compiling cobs v0.2.3
[INFO] [stderr]    Compiling waker-fn v1.2.0
[INFO] [stderr]    Compiling crc-catalog v2.4.0
[INFO] [stderr]    Compiling funty v2.0.0
[INFO] [stderr]    Compiling diatomic-waker v0.2.2
[INFO] [stderr]    Compiling litrs v0.4.1
[INFO] [stderr]    Compiling fastrand v1.9.0
[INFO] [stderr]    Compiling quick-error v1.2.3
[INFO] [stderr]    Compiling xml-rs v0.8.20
[INFO] [stderr]    Compiling rustc-hash v2.0.0
[INFO] [stderr]    Compiling arrayref v0.3.8
[INFO] [stderr]    Compiling arrayvec v0.7.4
[INFO] [stderr]    Compiling dtoa v1.0.9
[INFO] [stderr]    Compiling constant_time_eq v0.3.0
[INFO] [stderr]    Compiling strum_macros v0.26.4
[INFO] [stderr]    Compiling xmltree v0.10.3
[INFO] [stderr]    Compiling document-features v0.2.10
[INFO] [stderr]    Compiling bitvec v1.0.1
[INFO] [stderr]    Compiling iroh-quinn-proto v0.11.6
[INFO] [stderr]    Compiling quanta v0.12.3
[INFO] [stderr]    Compiling futures-lite v1.13.0
[INFO] [stderr]    Compiling resolv-conf v0.7.0
[INFO] [stderr]    Compiling futures-buffered v0.2.8
[INFO] [stderr]    Compiling crc v3.2.1
[INFO] [stderr]    Compiling postcard v1.0.10
[INFO] [stderr]    Compiling flume v0.11.0
[INFO] [stderr]    Compiling hickory-proto v0.25.0-alpha.2
[INFO] [stderr]    Compiling hmac-sha1 v0.2.2
[INFO] [stderr]    Compiling ssh-key v0.6.6
[INFO] [stderr]    Compiling pnet_packet v0.34.0
[INFO] [stderr]    Compiling der-parser v9.0.0
[INFO] [stderr]    Compiling hyper v1.4.1
[INFO] [stderr]    Compiling netlink-proto v0.11.3
[INFO] [stderr]    Compiling enumflags2 v0.7.10
[INFO] [stderr]    Compiling tokio-tungstenite v0.21.0
[INFO] [stderr]    Compiling quoted-string-parser v0.1.0
[INFO] [stderr]    Compiling hyper-util v0.1.6
[INFO] [stderr]    Compiling struct_iterable v0.1.1
[INFO] [stderr]    Compiling crypto_box v0.9.1
[INFO] [stderr]    Compiling num_enum_derive v0.7.2
[INFO] [stderr]    Compiling derive_more v1.0.0
[INFO] [stderr]    Compiling attohttpc v0.24.1
[INFO] [stderr]    Compiling yasna v0.5.2
[INFO] [stderr]    Compiling ureq v2.10.0
[INFO] [stderr]    Compiling serde-error v0.1.2
[INFO] [stderr]    Compiling nix v0.26.4
[INFO] [stderr]    Compiling hyper-rustls v0.27.2
[INFO] [stderr]    Compiling reqwest v0.12.7
[INFO] [stderr]    Compiling netlink-packet-route v0.17.1
[INFO] [stderr]    Compiling iroh-quinn-udp v0.5.4
[INFO] [stderr]    Compiling lru-cache v0.1.2
[INFO] [stderr]    Compiling ttl_cache v0.5.1
[INFO] [stderr]    Compiling der_derive v0.7.3
[INFO] [stderr]    Compiling simple-dns v0.6.2
[INFO] [stderr]    Compiling event-listener v5.3.1
[INFO] [stderr]    Compiling event-listener v4.0.3
[INFO] [stderr]    Compiling dashmap v5.5.3
[INFO] [stderr]    Compiling pem v3.0.4
[INFO] [stderr]    Compiling spinning_top v0.3.0
[INFO] [stderr]    Compiling instant v0.1.13
[INFO] [stderr]    Compiling hmac-sha256 v1.1.7
[INFO] [stderr]    Compiling md5 v0.7.0
[INFO] [stderr]    Compiling no-std-compat v0.4.1
[INFO] [stderr]    Compiling hostname-validator v1.1.1
[INFO] [stderr]    Compiling self_cell v1.0.4
[INFO] [stderr]    Compiling z32 v1.1.1
[INFO] [stderr]    Compiling futures-timer v3.0.3
[INFO] [stderr]    Compiling nonzero_ext v0.3.0
[INFO] [stderr]    Compiling fastrand v2.1.0
[INFO] [stderr]    Compiling bounded-integer v0.5.7
[INFO] [stderr]    Compiling fallible-iterator v0.3.0
[INFO] [stderr]    Compiling erased_set v0.7.0
[INFO] [stderr]    Compiling lru v0.12.3
[INFO] [stderr]    Compiling futures-lite v2.3.0
[INFO] [stderr]    Compiling governor v0.6.3
[INFO] [stderr]    Compiling pkarr v2.2.0
[INFO] [stderr]    Compiling rtnetlink v0.13.1
[INFO] [stderr]    Compiling iroh-metrics v0.27.0
[INFO] [stderr]    Compiling der v0.7.9
[INFO] [stderr]    Compiling backoff v0.4.0
[INFO] [stderr]    Compiling rcgen v0.12.1
[INFO] [stderr]    Compiling watchable v1.1.2
[INFO] [stderr]    Compiling event-listener-strategy v0.5.2
[INFO] [stderr]    Compiling iroh-base v0.27.0
[INFO] [stderr]    Compiling hickory-resolver v0.25.0-alpha.2
[INFO] [stderr]    Compiling stun-rs v0.1.8
[INFO] [stderr]    Compiling iroh-quinn v0.11.3
[INFO] [stderr]    Compiling igd-next v0.15.1
[INFO] [stderr]    Compiling num_enum v0.7.2
[INFO] [stderr]    Compiling x509-parser v0.16.0
[INFO] [stderr]    Compiling surge-ping v0.8.1
[INFO] [stderr]    Compiling tokio-tungstenite-wasm v0.3.1
[INFO] [stderr]    Compiling futures-concurrency v7.6.1
[INFO] [stderr]    Compiling strum v0.26.3
[INFO] [stderr]    Compiling tokio-stream v0.1.15
[INFO] [stderr]    Compiling netdev v0.30.0
[INFO] [stderr]    Compiling async-channel v2.3.1
[INFO] [stderr]    Compiling iroh-net v0.27.0
[INFO] [stderr]    Compiling iroh-gossip v0.27.0 (/opt/rustwide/workdir)
[INFO] [stderr]     Finished `dev` profile [unoptimized + debuginfo] target(s) in 2m 20s
[INFO] running `Command { std: "docker" "inspect" "720148f5b806bbd1854453d8a339c31512d9a6c7a5616b7f7a5c7f02641a0cc8", kill_on_drop: false }`
[INFO] running `Command { std: "docker" "rm" "-f" "720148f5b806bbd1854453d8a339c31512d9a6c7a5616b7f7a5c7f02641a0cc8", kill_on_drop: false }`
[INFO] [stdout] 720148f5b806bbd1854453d8a339c31512d9a6c7a5616b7f7a5c7f02641a0cc8
[INFO] running `Command { std: "docker" "create" "-v" "/var/lib/crater-agent-workspace/builds/worker-0-tc2/target:/opt/rustwide/target:rw,Z" "-v" "/var/lib/crater-agent-workspace/builds/worker-0-tc2/source:/opt/rustwide/workdir:ro,Z" "-v" "/var/lib/crater-agent-workspace/cargo-home:/opt/rustwide/cargo-home:ro,Z" "-v" "/var/lib/crater-agent-workspace/rustup-home:/opt/rustwide/rustup-home:ro,Z" "-e" "SOURCE_DIR=/opt/rustwide/workdir" "-e" "CARGO_TARGET_DIR=/opt/rustwide/target" "-e" "CARGO_INCREMENTAL=0" "-e" "RUST_BACKTRACE=full" "-e" "RUSTFLAGS=--cap-lints=forbid -Zrandomize-layout" "-e" "RUSTDOCFLAGS=--cap-lints=forbid" "-e" "CARGO_HOME=/opt/rustwide/cargo-home" "-e" "RUSTUP_HOME=/opt/rustwide/rustup-home" "-w" "/opt/rustwide/workdir" "-m" "1610612736" "--user" "0:0" "--network" "none" "ghcr.io/rust-lang/crates-build-env/linux@sha256:4a844ea9eb2546a2d2c7022eacef16ef2e8229c7fbb2c7d4d55a9ceca922f72d" "/opt/rustwide/cargo-home/bin/cargo" "+nightly-2024-10-28" "test" "--frozen" "--no-run" "--message-format=json", kill_on_drop: false }`
[INFO] [stdout] de19dd8f8fba81ca49f208ff5652b1aeb8715ddb5dd6d60c8245d990e1e1dbdf
[INFO] running `Command { std: "docker" "start" "-a" "de19dd8f8fba81ca49f208ff5652b1aeb8715ddb5dd6d60c8245d990e1e1dbdf", kill_on_drop: false }`
[INFO] [stderr]    Compiling proc-macro2 v1.0.86
[INFO] [stderr]    Compiling unicode-ident v1.0.12
[INFO] [stderr]    Compiling log v0.4.22
[INFO] [stderr]    Compiling tracing-core v0.1.32
[INFO] [stderr]    Compiling ring v0.17.8
[INFO] [stderr]    Compiling rand_chacha v0.3.1
[INFO] [stderr]    Compiling aho-corasick v1.1.3
[INFO] [stderr]    Compiling regex-syntax v0.8.4
[INFO] [stderr]    Compiling serde_json v1.0.120
[INFO] [stderr]    Compiling ident_case v1.0.1
[INFO] [stderr]    Compiling anstyle-parse v0.2.4
[INFO] [stderr]    Compiling rand v0.8.5
[INFO] [stderr]    Compiling axum-core v0.4.3
[INFO] [stderr]    Compiling quote v1.0.36
[INFO] [stderr]    Compiling anstyle v1.0.7
[INFO] [stderr]    Compiling syn v2.0.72
[INFO] [stderr]    Compiling syn v1.0.109
[INFO] [stderr]    Compiling colorchoice v1.0.1
[INFO] [stderr]    Compiling is_terminal_polyfill v1.70.0
[INFO] [stderr]    Compiling regex-syntax v0.6.29
[INFO] [stderr]    Compiling anstyle-query v1.1.0
[INFO] [stderr]    Compiling anstream v0.6.14
[INFO] [stderr]    Compiling axum v0.7.5
[INFO] [stderr]    Compiling clap_lex v0.7.1
[INFO] [stderr]    Compiling iana-time-zone v0.1.60
[INFO] [stderr]    Compiling overload v0.1.1
[INFO] [stderr]    Compiling winnow v0.6.14
[INFO] [stderr]    Compiling nu-ansi-term v0.46.0
[INFO] [stderr]    Compiling regex-automata v0.4.7
[INFO] [stderr]    Compiling regex-automata v0.1.10
[INFO] [stderr]    Compiling rustls v0.23.11
[INFO] [stderr]    Compiling chrono v0.4.38
[INFO] [stderr]    Compiling postcard-derive v0.1.2
[INFO] [stderr]    Compiling matchers v0.1.0
[INFO] [stderr]    Compiling clap_builder v4.5.9
[INFO] [stderr]    Compiling tracing-log v0.2.0
[INFO] [stderr]    Compiling sharded-slab v0.1.7
[INFO] [stderr]    Compiling thread_local v1.1.8
[INFO] [stderr]    Compiling regex v1.10.5
[INFO] [stderr]    Compiling rustls-webpki v0.102.6
[INFO] [stderr]    Compiling precis-tools v0.1.7
[INFO] [stderr]    Compiling synstructure v0.13.1
[INFO] [stderr]    Compiling darling_core v0.20.10
[INFO] [stderr]    Compiling matchit v0.7.3
[INFO] [stderr]    Compiling backoff v0.4.0
[INFO] [stderr]    Compiling serde_derive v1.0.204
[INFO] [stderr]    Compiling thiserror-impl v1.0.63
[INFO] [stderr]    Compiling futures-macro v0.3.31
[INFO] [stderr]    Compiling tokio-macros v2.3.0
[INFO] [stderr]    Compiling tracing-attributes v0.1.27
[INFO] [stderr]    Compiling pin-project-internal v1.1.5
[INFO] [stderr]    Compiling futures-util v0.3.31
[INFO] [stderr]    Compiling thiserror v1.0.63
[INFO] [stderr]    Compiling async-trait v0.1.81
[INFO] [stderr]    Compiling tracing v0.1.40
[INFO] [stderr]    Compiling curve25519-dalek-derive v0.1.1
[INFO] [stderr]    Compiling pin-project v1.1.5
[INFO] [stderr]    Compiling pest v2.7.11
[INFO] [stderr]    Compiling displaydoc v0.2.5
[INFO] [stderr]    Compiling asn1-rs-derive v0.5.0
[INFO] [stderr]    Compiling asn1-rs-impl v0.2.0
[INFO] [stderr]    Compiling curve25519-dalek v4.1.3
[INFO] [stderr]    Compiling netlink-packet-utils v0.5.2
[INFO] [stderr]    Compiling precis-core v0.1.9
[INFO] [stderr]    Compiling netlink-packet-core v0.7.0
[INFO] [stderr]    Compiling darling_macro v0.20.10
[INFO] [stderr]    Compiling precis-profiles v0.1.10
[INFO] [stderr]    Compiling serde v1.0.204
[INFO] [stderr]    Compiling pest_meta v2.7.11
[INFO] [stderr]    Compiling darling v0.20.10
[INFO] [stderr]    Compiling pnet_macros v0.34.0
[INFO] [stderr]    Compiling futures-executor v0.3.30
[INFO] [stderr]    Compiling futures v0.3.30
[INFO] [stderr]    Compiling pest_generator v2.7.11
[INFO] [stderr]    Compiling derive_more-impl v1.0.0
[INFO] [stderr]    Compiling async-recursion v1.1.1
[INFO] [stderr]    Compiling enumflags2_derive v0.7.10
[INFO] [stderr]    Compiling struct_iterable_derive v0.1.0
[INFO] [stderr]    Compiling pest_derive v2.7.11
[INFO] [stderr]    Compiling enum-as-inner v0.6.0
[INFO] [stderr]    Compiling prometheus-client-derive-encode v0.4.2
[INFO] [stderr]    Compiling enumflags2 v0.7.10
[INFO] [stderr]    Compiling quoted-string-parser v0.1.0
[INFO] [stderr]    Compiling struct_iterable v0.1.1
[INFO] [stderr]    Compiling pnet_packet v0.34.0
[INFO] [stderr]    Compiling prometheus-client v0.22.3
[INFO] [stderr]    Compiling serde_with_macros v3.9.0
[INFO] [stderr]    Compiling netlink-packet-route v0.17.1
[INFO] [stderr]    Compiling rustls-platform-verifier v0.3.3
[INFO] [stderr]    Compiling bytes v1.7.1
[INFO] [stderr]    Compiling tokio v1.38.1
[INFO] [stderr]    Compiling http v1.1.0
[INFO] [stderr]    Compiling url v2.5.2
[INFO] [stderr]    Compiling deranged v0.3.11
[INFO] [stderr]    Compiling http-body v1.0.1
[INFO] [stderr]    Compiling http-body-util v0.1.2
[INFO] [stderr]    Compiling ed25519 v2.2.3
[INFO] [stderr]    Compiling time v0.3.36
[INFO] [stderr]    Compiling serde_urlencoded v0.7.1
[INFO] [stderr]    Compiling ed25519-dalek v2.1.1
[INFO] [stderr]    Compiling aead v0.5.2
[INFO] [stderr]    Compiling crypto_secretbox v0.1.1
[INFO] [stderr]    Compiling tungstenite v0.21.0
[INFO] [stderr]    Compiling http v0.2.12
[INFO] [stderr]    Compiling serdect v0.2.0
[INFO] [stderr]    Compiling serde_spanned v0.6.6
[INFO] [stderr]    Compiling toml_datetime v0.6.6
[INFO] [stderr]    Compiling crypto_box v0.9.1
[INFO] [stderr]    Compiling asn1-rs v0.6.1
[INFO] [stderr]    Compiling yasna v0.5.2
[INFO] [stderr]    Compiling toml_edit v0.22.16
[INFO] [stderr]    Compiling attohttpc v0.24.1
[INFO] [stderr]    Compiling ssh-key v0.6.6
[INFO] [stderr]    Compiling oid-registry v0.7.0
[INFO] [stderr]    Compiling tokio-util v0.7.12
[INFO] [stderr]    Compiling tower v0.4.13
[INFO] [stderr]    Compiling tokio-rustls v0.26.0
[INFO] [stderr]    Compiling netlink-sys v0.8.6
[INFO] [stderr]    Compiling der-parser v9.0.0
[INFO] [stderr]    Compiling netlink-proto v0.11.3
[INFO] [stderr]    Compiling tokio-tungstenite v0.21.0
[INFO] [stderr]    Compiling h2 v0.4.5
[INFO] [stderr]    Compiling hickory-proto v0.25.0-alpha.2
[INFO] [stderr]    Compiling x509-parser v0.16.0
[INFO] [stderr]    Compiling rcgen v0.12.1
[INFO] [stderr]    Compiling ureq v2.10.0
[INFO] [stderr]    Compiling derive_more v1.0.0
[INFO] [stderr]    Compiling iroh-quinn-proto v0.11.6
[INFO] [stderr]    Compiling serde-error v0.1.2
[INFO] [stderr]    Compiling serde_path_to_error v0.1.16
[INFO] [stderr]    Compiling postcard v1.0.10
[INFO] [stderr]    Compiling iroh-quinn-udp v0.5.4
[INFO] [stderr]    Compiling hyper v1.4.1
[INFO] [stderr]    Compiling strum_macros v0.26.4
[INFO] [stderr]    Compiling num_enum_derive v0.7.2
[INFO] [stderr]    Compiling der_derive v0.7.3
[INFO] [stderr]    Compiling clap_derive v4.5.8
[INFO] [stderr]    Compiling hyper-util v0.1.6
[INFO] [stderr]    Compiling num_enum v0.7.2
[INFO] [stderr]    Compiling iroh-quinn v0.11.3
[INFO] [stderr]    Compiling der v0.7.9
[INFO] [stderr]    Compiling iroh-base v0.27.0
[INFO] [stderr]    Compiling hickory-resolver v0.25.0-alpha.2
[INFO] [stderr]    Compiling hyper-rustls v0.27.2
[INFO] [stderr]    Compiling reqwest v0.12.7
[INFO] [stderr]    Compiling clap v4.5.9
[INFO] [stderr]    Compiling strum v0.26.3
[INFO] [stderr]    Compiling igd-next v0.15.1
[INFO] [stderr]    Compiling pkarr v2.2.0
[INFO] [stderr]    Compiling stun-rs v0.1.8
[INFO] [stderr]    Compiling tokio-rustls-acme v0.4.0
[INFO] [stderr]    Compiling iroh-metrics v0.27.0
[INFO] [stderr]    Compiling tokio-tungstenite-wasm v0.3.1
[INFO] [stderr]    Compiling rtnetlink v0.13.1
[INFO] [stderr]    Compiling toml v0.8.15
[INFO] [stderr]    Compiling surge-ping v0.8.1
[INFO] [stderr]    Compiling tokio-stream v0.1.15
[INFO] [stderr]    Compiling serde_with v3.9.0
[INFO] [stderr]    Compiling governor v0.6.3
[INFO] [stderr]    Compiling watchable v1.1.2
[INFO] [stderr]    Compiling futures-concurrency v7.6.1
[INFO] [stderr]    Compiling tracing-subscriber v0.3.18
[INFO] [stderr]    Compiling iroh-net v0.27.0
[INFO] [stderr]    Compiling iroh-gossip v0.27.0 (/opt/rustwide/workdir)
[INFO] [stdout] error[E0433]: failed to resolve: use of undeclared crate or module `iroh_test`
[INFO] [stdout]    --> src/net.rs:881:22
[INFO] [stdout]     |
[INFO] [stdout] 881 |         let _guard = iroh_test::logging::setup();
[INFO] [stdout]     |                      ^^^^^^^^^ use of undeclared crate or module `iroh_test`
[INFO] [stdout]     |
[INFO] [stdout] help: there is a crate or module with a similar name
[INFO] [stdout]     |
[INFO] [stdout] 881 |         let _guard = iroh_net::logging::setup();
[INFO] [stdout]     |                      ~~~~~~~~
[INFO] [stdout] 
[INFO] [stdout] 
[INFO] [stdout] error[E0433]: failed to resolve: use of undeclared crate or module `iroh_test`
[INFO] [stdout]    --> src/proto.rs:136:22
[INFO] [stdout]     |
[INFO] [stdout] 136 |         let _guard = iroh_test::logging::setup();
[INFO] [stdout]     |                      ^^^^^^^^^ use of undeclared crate or module `iroh_test`
[INFO] [stdout]     |
[INFO] [stdout] help: there is a crate or module with a similar name
[INFO] [stdout]     |
[INFO] [stdout] 136 |         let _guard = iroh_net::logging::setup();
[INFO] [stdout]     |                      ~~~~~~~~
[INFO] [stdout] 
[INFO] [stdout] 
[INFO] [stdout] error[E0433]: failed to resolve: use of undeclared crate or module `iroh_test`
[INFO] [stdout]    --> src/proto.rs:209:22
[INFO] [stdout]     |
[INFO] [stdout] 209 |         let _guard = iroh_test::logging::setup();
[INFO] [stdout]     |                      ^^^^^^^^^ use of undeclared crate or module `iroh_test`
[INFO] [stdout]     |
[INFO] [stdout] help: there is a crate or module with a similar name
[INFO] [stdout]     |
[INFO] [stdout] 209 |         let _guard = iroh_net::logging::setup();
[INFO] [stdout]     |                      ~~~~~~~~
[INFO] [stdout] 
[INFO] [stdout] 
[INFO] [stdout] error[E0433]: failed to resolve: use of undeclared crate or module `iroh_test`
[INFO] [stdout]    --> src/proto.rs:275:22
[INFO] [stdout]     |
[INFO] [stdout] 275 |         let _guard = iroh_test::logging::setup();
[INFO] [stdout]     |                      ^^^^^^^^^ use of undeclared crate or module `iroh_test`
[INFO] [stdout]     |
[INFO] [stdout] help: there is a crate or module with a similar name
[INFO] [stdout]     |
[INFO] [stdout] 275 |         let _guard = iroh_net::logging::setup();
[INFO] [stdout]     |                      ~~~~~~~~
[INFO] [stdout] 
[INFO] [stdout] 
[INFO] [stdout] error[E0433]: failed to resolve: use of undeclared crate or module `iroh_test`
[INFO] [stdout]    --> src/proto.rs:296:22
[INFO] [stdout]     |
[INFO] [stdout] 296 |         let _guard = iroh_test::logging::setup();
[INFO] [stdout]     |                      ^^^^^^^^^ use of undeclared crate or module `iroh_test`
[INFO] [stdout]     |
[INFO] [stdout] help: there is a crate or module with a similar name
[INFO] [stdout]     |
[INFO] [stdout] 296 |         let _guard = iroh_net::logging::setup();
[INFO] [stdout]     |                      ~~~~~~~~
[INFO] [stdout] 
[INFO] [stdout] 
[INFO] [stdout] error[E0433]: failed to resolve: use of undeclared crate or module `iroh_test`
[INFO] [stdout]    --> src/proto.rs:317:22
[INFO] [stdout]     |
[INFO] [stdout] 317 |         let _guard = iroh_test::logging::setup();
[INFO] [stdout]     |                      ^^^^^^^^^ use of undeclared crate or module `iroh_test`
[INFO] [stdout]     |
[INFO] [stdout] help: there is a crate or module with a similar name
[INFO] [stdout]     |
[INFO] [stdout] 317 |         let _guard = iroh_net::logging::setup();
[INFO] [stdout]     |                      ~~~~~~~~
[INFO] [stdout] 
[INFO] [stdout] 
[INFO] [stdout] For more information about this error, try `rustc --explain E0433`.
[INFO] [stdout] 
[INFO] [stderr] error: could not compile `iroh-gossip` (lib test) due to 6 previous errors
[INFO] [stderr] warning: build failed, waiting for other jobs to finish...
[INFO] running `Command { std: "docker" "inspect" "de19dd8f8fba81ca49f208ff5652b1aeb8715ddb5dd6d60c8245d990e1e1dbdf", kill_on_drop: false }`
[INFO] running `Command { std: "docker" "rm" "-f" "de19dd8f8fba81ca49f208ff5652b1aeb8715ddb5dd6d60c8245d990e1e1dbdf", kill_on_drop: false }`
[INFO] [stdout] de19dd8f8fba81ca49f208ff5652b1aeb8715ddb5dd6d60c8245d990e1e1dbdf
