[INFO] fetching crate interfacer-http-hyper 0.1.0...
[INFO] testing interfacer-http-hyper-0.1.0 against nightly-2024-10-28 for randomize-layout
[INFO] extracting crate interfacer-http-hyper 0.1.0 into /workspace/builds/worker-5-tc1/source
[INFO] validating manifest of crates.io crate interfacer-http-hyper 0.1.0 on toolchain nightly-2024-10-28
[INFO] running `Command { std: CARGO_HOME="/workspace/cargo-home" RUSTUP_HOME="/workspace/rustup-home" "/workspace/cargo-home/bin/cargo" "+nightly-2024-10-28" "metadata" "--manifest-path" "Cargo.toml" "--no-deps", kill_on_drop: false }`
[INFO] started tweaking crates.io crate interfacer-http-hyper 0.1.0
[INFO] finished tweaking crates.io crate interfacer-http-hyper 0.1.0
[INFO] tweaked toml for crates.io crate interfacer-http-hyper 0.1.0 written to /workspace/builds/worker-5-tc1/source/Cargo.toml
[INFO] running `Command { std: CARGO_HOME="/workspace/cargo-home" RUSTUP_HOME="/workspace/rustup-home" "/workspace/cargo-home/bin/cargo" "+nightly-2024-10-28" "generate-lockfile" "--manifest-path" "Cargo.toml", kill_on_drop: false }`
[INFO] [stderr]     Updating crates.io index
[INFO] [stderr]      Locking 90 packages to latest compatible versions
[INFO] [stderr]       Adding derive_more v0.15.0 (available: v1.0.0)
[INFO] [stderr]       Adding hyper v0.13.10 (available: v1.5.0)
[INFO] [stderr]       Adding wasi v0.10.0+wasi-snapshot-preview1 (available: v0.10.2+wasi-snapshot-preview1)
[INFO] running `Command { std: CARGO_HOME="/workspace/cargo-home" RUSTUP_HOME="/workspace/rustup-home" "/workspace/cargo-home/bin/cargo" "+nightly-2024-10-28" "fetch" "--manifest-path" "Cargo.toml", kill_on_drop: false }`
[INFO] [stderr]  Downloading crates ...
[INFO] [stderr]   Downloaded derive_more v0.15.0
[INFO] [stderr]   Downloaded interfacer-http v0.2.2
[INFO] [stderr]   Downloaded interfacer-http-attribute v0.2.1
[INFO] running `Command { std: "docker" "create" "-v" "/var/lib/crater-agent-workspace/builds/worker-5-tc1/target:/opt/rustwide/target:rw,Z" "-v" "/var/lib/crater-agent-workspace/builds/worker-5-tc1/source:/opt/rustwide/workdir:ro,Z" "-v" "/var/lib/crater-agent-workspace/cargo-home:/opt/rustwide/cargo-home:ro,Z" "-v" "/var/lib/crater-agent-workspace/rustup-home:/opt/rustwide/rustup-home:ro,Z" "-e" "SOURCE_DIR=/opt/rustwide/workdir" "-e" "CARGO_TARGET_DIR=/opt/rustwide/target" "-e" "CARGO_HOME=/opt/rustwide/cargo-home" "-e" "RUSTUP_HOME=/opt/rustwide/rustup-home" "-w" "/opt/rustwide/workdir" "-m" "1610612736" "--user" "0:0" "--network" "none" "ghcr.io/rust-lang/crates-build-env/linux@sha256:4a844ea9eb2546a2d2c7022eacef16ef2e8229c7fbb2c7d4d55a9ceca922f72d" "/opt/rustwide/cargo-home/bin/cargo" "+nightly-2024-10-28" "metadata" "--no-deps" "--format-version=1", kill_on_drop: false }`
[INFO] [stdout] bd928b8a5ba6fd48d9f46e8a9190403143f05b34f11bba9b9aa8f887c27271c2
[INFO] running `Command { std: "docker" "start" "-a" "bd928b8a5ba6fd48d9f46e8a9190403143f05b34f11bba9b9aa8f887c27271c2", kill_on_drop: false }`
[INFO] running `Command { std: "docker" "inspect" "bd928b8a5ba6fd48d9f46e8a9190403143f05b34f11bba9b9aa8f887c27271c2", kill_on_drop: false }`
[INFO] running `Command { std: "docker" "rm" "-f" "bd928b8a5ba6fd48d9f46e8a9190403143f05b34f11bba9b9aa8f887c27271c2", kill_on_drop: false }`
[INFO] [stdout] bd928b8a5ba6fd48d9f46e8a9190403143f05b34f11bba9b9aa8f887c27271c2
[INFO] running `Command { std: "docker" "create" "-v" "/var/lib/crater-agent-workspace/builds/worker-5-tc1/target:/opt/rustwide/target:rw,Z" "-v" "/var/lib/crater-agent-workspace/builds/worker-5-tc1/source:/opt/rustwide/workdir:ro,Z" "-v" "/var/lib/crater-agent-workspace/cargo-home:/opt/rustwide/cargo-home:ro,Z" "-v" "/var/lib/crater-agent-workspace/rustup-home:/opt/rustwide/rustup-home:ro,Z" "-e" "SOURCE_DIR=/opt/rustwide/workdir" "-e" "CARGO_TARGET_DIR=/opt/rustwide/target" "-e" "CARGO_INCREMENTAL=0" "-e" "RUST_BACKTRACE=full" "-e" "RUSTFLAGS=--cap-lints=forbid" "-e" "RUSTDOCFLAGS=--cap-lints=forbid" "-e" "CARGO_HOME=/opt/rustwide/cargo-home" "-e" "RUSTUP_HOME=/opt/rustwide/rustup-home" "-w" "/opt/rustwide/workdir" "-m" "1610612736" "--user" "0:0" "--network" "none" "ghcr.io/rust-lang/crates-build-env/linux@sha256:4a844ea9eb2546a2d2c7022eacef16ef2e8229c7fbb2c7d4d55a9ceca922f72d" "/opt/rustwide/cargo-home/bin/cargo" "+nightly-2024-10-28" "build" "--frozen" "--message-format=json", kill_on_drop: false }`
[INFO] [stdout] b86fc427702898c07502ef3993c15d6dd5ba6e5883b16d43cbf43f6276185124
[INFO] running `Command { std: "docker" "start" "-a" "b86fc427702898c07502ef3993c15d6dd5ba6e5883b16d43cbf43f6276185124", kill_on_drop: false }`
[INFO] [stderr]    Compiling libc v0.2.161
[INFO] [stderr]    Compiling proc-macro2 v0.4.30
[INFO] [stderr]    Compiling cfg-if v0.1.10
[INFO] [stderr]    Compiling unicode-xid v0.1.0
[INFO] [stderr]    Compiling bytes v0.5.6
[INFO] [stderr]    Compiling regex-syntax v0.8.5
[INFO] [stderr]    Compiling aho-corasick v1.1.3
[INFO] [stderr]    Compiling indexmap v1.9.3
[INFO] [stderr]    Compiling syn v1.0.109
[INFO] [stderr]    Compiling syn v0.15.44
[INFO] [stderr]    Compiling itoa v0.4.8
[INFO] [stderr]    Compiling pin-project-lite v0.1.12
[INFO] [stderr]    Compiling tracing v0.1.40
[INFO] [stderr]    Compiling syn v2.0.86
[INFO] [stderr]    Compiling httpdate v0.3.2
[INFO] [stderr]    Compiling http-body v0.3.1
[INFO] [stderr]    Compiling quote v0.6.13
[INFO] [stderr]    Compiling iovec v0.1.4
[INFO] [stderr]    Compiling net2 v0.2.39
[INFO] [stderr]    Compiling time v0.1.45
[INFO] [stderr]    Compiling socket2 v0.3.19
[INFO] [stderr]    Compiling bytes v0.4.12
[INFO] [stderr]    Compiling mio v0.6.23
[INFO] [stderr]    Compiling cookie v0.12.0
[INFO] [stderr]    Compiling http v0.1.21
[INFO] [stderr]    Compiling tokio v0.2.25
[INFO] [stderr]    Compiling regex-automata v0.4.8
[INFO] [stderr]    Compiling pin-project-internal v1.1.7
[INFO] [stderr]    Compiling async-trait v0.1.83
[INFO] [stderr]    Compiling tokio-util v0.3.1
[INFO] [stderr]    Compiling pin-project v1.1.7
[INFO] [stderr]    Compiling tracing-futures v0.2.5
[INFO] [stderr]    Compiling h2 v0.2.7
[INFO] [stderr]    Compiling regex v1.11.1
[INFO] [stderr]    Compiling interfacer-http-attribute v0.2.1
[INFO] [stderr]    Compiling derive_more v0.15.0
[INFO] [stderr]    Compiling interfacer-http v0.2.2
[INFO] [stderr]    Compiling hyper v0.13.10
[INFO] [stderr]    Compiling interfacer-http-hyper v0.1.0 (/opt/rustwide/workdir)
[INFO] [stdout] error[E0220]: associated type `Transport` not found for `C`
[INFO] [stdout]   --> src/lib.rs:41:8
[INFO] [stdout]    |
[INFO] [stdout] 41 |     C::Transport: 'static,
[INFO] [stdout]    |        ^^^^^^^^^ associated type `Transport` not found
[INFO] [stdout] 
[INFO] [stdout] 
[INFO] [stdout] error[E0220]: associated type `Future` not found for `C`
[INFO] [stdout]   --> src/lib.rs:42:8
[INFO] [stdout]    |
[INFO] [stdout] 42 |     C::Future: 'static,
[INFO] [stdout]    |        ^^^^^^ associated type `Future` not found
[INFO] [stdout] 
[INFO] [stdout] 
[INFO] [stdout] error[E0599]: the method `request` exists for struct `Client<C>`, but its trait bounds were not satisfied
[INFO] [stdout]   --> src/lib.rs:49:14
[INFO] [stdout]    |
[INFO] [stdout] 47 |           let (parts, mut body) = self
[INFO] [stdout]    |  _________________________________-
[INFO] [stdout] 48 | |             .inner
[INFO] [stdout] 49 | |             .request(Request::from_parts(parts, body.into()))
[INFO] [stdout]    | |             -^^^^^^^ method cannot be called on `Client<C>` due to unsatisfied trait bounds
[INFO] [stdout]    | |_____________|
[INFO] [stdout]    |
[INFO] [stdout]    |
[INFO] [stdout]    = note: the following trait bounds were not satisfied:
[INFO] [stdout]            `C: Clone`
[INFO] [stdout]            `C: Send`
[INFO] [stdout] 
[INFO] [stdout] 
[INFO] [stdout] error[E0277]: the size for values of type `[_]` cannot be known at compilation time
[INFO] [stdout]   --> src/lib.rs:54:37
[INFO] [stdout]    |
[INFO] [stdout] 54 |             data.extend_from_slice(&chunk?);
[INFO] [stdout]    |                                     ^^^^^^ doesn't have a size known at compile-time
[INFO] [stdout]    |
[INFO] [stdout]    = help: the trait `Sized` is not implemented for `[_]`
[INFO] [stdout]    = note: all local variables must have a statically known size
[INFO] [stdout]    = help: unsized locals are gated as an unstable feature
[INFO] [stdout] 
[INFO] [stdout] 
[INFO] [stdout] error[E0277]: the size for values of type `[_]` cannot be known at compilation time
[INFO] [stdout]   --> src/lib.rs:54:42
[INFO] [stdout]    |
[INFO] [stdout] 54 |             data.extend_from_slice(&chunk?);
[INFO] [stdout]    |                                          ^ doesn't have a size known at compile-time
[INFO] [stdout]    |
[INFO] [stdout]    = help: the trait `Sized` is not implemented for `[_]`
[INFO] [stdout] note: required by a bound in `Break`
[INFO] [stdout]   --> /rustc/df4ca44d3fbc9301ee17f30f4d474e6ae4b05252/library/core/src/ops/control_flow.rs:93:5
[INFO] [stdout] 
[INFO] [stdout] 
[INFO] [stdout] Some errors have detailed explanations: E0220, E0277, E0599.
[INFO] [stdout] 
[INFO] [stdout] For more information about an error, try `rustc --explain E0220`.
[INFO] [stdout] 
[INFO] [stderr] error: could not compile `interfacer-http-hyper` (lib) due to 5 previous errors
[INFO] [stderr] warning: build failed, waiting for other jobs to finish...
[INFO] running `Command { std: "docker" "inspect" "b86fc427702898c07502ef3993c15d6dd5ba6e5883b16d43cbf43f6276185124", kill_on_drop: false }`
[INFO] running `Command { std: "docker" "rm" "-f" "b86fc427702898c07502ef3993c15d6dd5ba6e5883b16d43cbf43f6276185124", kill_on_drop: false }`
[INFO] [stdout] b86fc427702898c07502ef3993c15d6dd5ba6e5883b16d43cbf43f6276185124
