[INFO] fetching crate intel-mkl-sys 0.8.1...
[INFO] testing intel-mkl-sys-0.8.1 against nightly-2024-10-28 for randomize-layout
[INFO] extracting crate intel-mkl-sys 0.8.1 into /workspace/builds/worker-2-tc1/source
[INFO] validating manifest of crates.io crate intel-mkl-sys 0.8.1 on toolchain nightly-2024-10-28
[INFO] running `Command { std: CARGO_HOME="/workspace/cargo-home" RUSTUP_HOME="/workspace/rustup-home" "/workspace/cargo-home/bin/cargo" "+nightly-2024-10-28" "metadata" "--manifest-path" "Cargo.toml" "--no-deps", kill_on_drop: false }`
[INFO] started tweaking crates.io crate intel-mkl-sys 0.8.1
[INFO] finished tweaking crates.io crate intel-mkl-sys 0.8.1
[INFO] tweaked toml for crates.io crate intel-mkl-sys 0.8.1 written to /workspace/builds/worker-2-tc1/source/Cargo.toml
[INFO] running `Command { std: CARGO_HOME="/workspace/cargo-home" RUSTUP_HOME="/workspace/rustup-home" "/workspace/cargo-home/bin/cargo" "+nightly-2024-10-28" "generate-lockfile" "--manifest-path" "Cargo.toml", kill_on_drop: false }`
[INFO] [stderr]     Updating crates.io index
[INFO] [stderr]      Locking 176 packages to latest compatible versions
[INFO] [stderr]       Adding criterion v0.3.6 (available: v0.5.1)
[INFO] [stderr]       Adding once_cell v1.19.0 (available: v1.20.2)
[INFO] [stderr]       Adding regex v1.10.6 (available: v1.11.1)
[INFO] running `Command { std: CARGO_HOME="/workspace/cargo-home" RUSTUP_HOME="/workspace/rustup-home" "/workspace/cargo-home/bin/cargo" "+nightly-2024-10-28" "fetch" "--manifest-path" "Cargo.toml", kill_on_drop: false }`
[INFO] [stderr]  Downloading crates ...
[INFO] [stderr]   Downloaded oci-spec v0.6.8
[INFO] [stderr]   Downloaded intel-mkl-tool v0.8.1
[INFO] [stderr]   Downloaded ocipkg v0.2.9
[INFO] [stderr]   Downloaded intel-mkl-src v0.8.1
[INFO] running `Command { std: "docker" "create" "-v" "/var/lib/crater-agent-workspace/builds/worker-2-tc1/target:/opt/rustwide/target:rw,Z" "-v" "/var/lib/crater-agent-workspace/builds/worker-2-tc1/source:/opt/rustwide/workdir:ro,Z" "-v" "/var/lib/crater-agent-workspace/cargo-home:/opt/rustwide/cargo-home:ro,Z" "-v" "/var/lib/crater-agent-workspace/rustup-home:/opt/rustwide/rustup-home:ro,Z" "-e" "SOURCE_DIR=/opt/rustwide/workdir" "-e" "CARGO_TARGET_DIR=/opt/rustwide/target" "-e" "CARGO_HOME=/opt/rustwide/cargo-home" "-e" "RUSTUP_HOME=/opt/rustwide/rustup-home" "-w" "/opt/rustwide/workdir" "-m" "1610612736" "--user" "0:0" "--network" "none" "ghcr.io/rust-lang/crates-build-env/linux@sha256:4a844ea9eb2546a2d2c7022eacef16ef2e8229c7fbb2c7d4d55a9ceca922f72d" "/opt/rustwide/cargo-home/bin/cargo" "+nightly-2024-10-28" "metadata" "--no-deps" "--format-version=1", kill_on_drop: false }`
[INFO] [stdout] ef8cdf8abe6ca360337c45909e94fd14b118dc73beb9957a395ea5d5c28b1ae2
[INFO] running `Command { std: "docker" "start" "-a" "ef8cdf8abe6ca360337c45909e94fd14b118dc73beb9957a395ea5d5c28b1ae2", kill_on_drop: false }`
[INFO] running `Command { std: "docker" "inspect" "ef8cdf8abe6ca360337c45909e94fd14b118dc73beb9957a395ea5d5c28b1ae2", kill_on_drop: false }`
[INFO] running `Command { std: "docker" "rm" "-f" "ef8cdf8abe6ca360337c45909e94fd14b118dc73beb9957a395ea5d5c28b1ae2", kill_on_drop: false }`
[INFO] [stdout] ef8cdf8abe6ca360337c45909e94fd14b118dc73beb9957a395ea5d5c28b1ae2
[INFO] running `Command { std: "docker" "create" "-v" "/var/lib/crater-agent-workspace/builds/worker-2-tc1/target:/opt/rustwide/target:rw,Z" "-v" "/var/lib/crater-agent-workspace/builds/worker-2-tc1/source:/opt/rustwide/workdir:ro,Z" "-v" "/var/lib/crater-agent-workspace/cargo-home:/opt/rustwide/cargo-home:ro,Z" "-v" "/var/lib/crater-agent-workspace/rustup-home:/opt/rustwide/rustup-home:ro,Z" "-e" "SOURCE_DIR=/opt/rustwide/workdir" "-e" "CARGO_TARGET_DIR=/opt/rustwide/target" "-e" "CARGO_INCREMENTAL=0" "-e" "RUST_BACKTRACE=full" "-e" "RUSTFLAGS=--cap-lints=forbid" "-e" "RUSTDOCFLAGS=--cap-lints=forbid" "-e" "CARGO_HOME=/opt/rustwide/cargo-home" "-e" "RUSTUP_HOME=/opt/rustwide/rustup-home" "-w" "/opt/rustwide/workdir" "-m" "1610612736" "--user" "0:0" "--network" "none" "ghcr.io/rust-lang/crates-build-env/linux@sha256:4a844ea9eb2546a2d2c7022eacef16ef2e8229c7fbb2c7d4d55a9ceca922f72d" "/opt/rustwide/cargo-home/bin/cargo" "+nightly-2024-10-28" "build" "--frozen" "--message-format=json", kill_on_drop: false }`
[INFO] [stdout] 09f6795dc79858e03d95d2e36fa82f2fb1d6e05dff8b8024f9f74de27434e6dc
[INFO] running `Command { std: "docker" "start" "-a" "09f6795dc79858e03d95d2e36fa82f2fb1d6e05dff8b8024f9f74de27434e6dc", kill_on_drop: false }`
[INFO] [stderr]    Compiling libc v0.2.161
[INFO] [stderr]    Compiling cfg-if v1.0.0
[INFO] [stderr]    Compiling serde v1.0.214
[INFO] [stderr]    Compiling strsim v0.11.1
[INFO] [stderr]    Compiling ring v0.17.8
[INFO] [stderr]    Compiling typenum v1.17.0
[INFO] [stderr]    Compiling syn v2.0.86
[INFO] [stderr]    Compiling memchr v2.7.4
[INFO] [stderr]    Compiling generic-array v0.14.7
[INFO] [stderr]    Compiling tinyvec_macros v0.1.1
[INFO] [stderr]    Compiling untrusted v0.9.0
[INFO] [stderr]    Compiling tinyvec v1.8.0
[INFO] [stderr]    Compiling rustix v0.38.38
[INFO] [stderr]    Compiling rustls-pki-types v1.10.0
[INFO] [stderr]    Compiling spin v0.9.8
[INFO] [stderr]    Compiling num-traits v0.2.19
[INFO] [stderr]    Compiling aho-corasick v1.1.3
[INFO] [stderr]    Compiling serde_json v1.0.132
[INFO] [stderr]    Compiling proc-macro-error-attr2 v2.0.0
[INFO] [stderr]    Compiling ryu v1.0.18
[INFO] [stderr]    Compiling unicode-normalization v0.1.24
[INFO] [stderr]    Compiling linux-raw-sys v0.4.14
[INFO] [stderr]    Compiling once_cell v1.19.0
[INFO] [stderr]    Compiling bitflags v2.6.0
[INFO] [stderr]    Compiling rustls v0.23.16
[INFO] [stderr]    Compiling log v0.4.22
[INFO] [stderr]    Compiling regex-syntax v0.8.5
[INFO] [stderr]    Compiling percent-encoding v2.3.1
[INFO] [stderr]    Compiling unicode-bidi v0.3.17
[INFO] [stderr]    Compiling adler2 v2.0.0
[INFO] [stderr]    Compiling miniz_oxide v0.8.0
[INFO] [stderr]    Compiling getrandom v0.2.15
[INFO] [stderr]    Compiling idna v0.5.0
[INFO] [stderr]    Compiling form_urlencoded v1.2.1
[INFO] [stderr]    Compiling thiserror v1.0.66
[INFO] [stderr]    Compiling block-buffer v0.10.4
[INFO] [stderr]    Compiling crypto-common v0.1.6
[INFO] [stderr]    Compiling crc32fast v1.4.2
[INFO] [stderr]    Compiling zeroize v1.8.1
[INFO] [stderr]    Compiling subtle v2.6.1
[INFO] [stderr]    Compiling same-file v1.0.6
[INFO] [stderr]    Compiling option-ext v0.2.0
[INFO] [stderr]    Compiling anyhow v1.0.92
[INFO] [stderr]    Compiling walkdir v2.5.0
[INFO] [stderr]    Compiling dirs-sys v0.4.1
[INFO] [stderr]    Compiling flate2 v1.0.34
[INFO] [stderr]    Compiling url v2.5.2
[INFO] [stderr]    Compiling digest v0.10.7
[INFO] [stderr]    Compiling regex-automata v0.4.8
[INFO] [stderr]    Compiling filetime v0.2.25
[INFO] [stderr]    Compiling darling_core v0.20.10
[INFO] [stderr]    Compiling proc-macro-error2 v2.0.1
[INFO] [stderr]    Compiling xattr v1.3.1
[INFO] [stderr]    Compiling webpki-roots v0.26.6
[INFO] [stderr]    Compiling strum v0.26.3
[INFO] [stderr]    Compiling base64 v0.22.1
[INFO] [stderr]    Compiling cpufeatures v0.2.14
[INFO] [stderr]    Compiling iana-time-zone v0.1.61
[INFO] [stderr]    Compiling sha2 v0.10.8
[INFO] [stderr]    Compiling tar v0.4.42
[INFO] [stderr]    Compiling chrono v0.4.38
[INFO] [stderr]    Compiling directories v5.0.1
[INFO] [stderr]    Compiling rustls-webpki v0.102.8
[INFO] [stderr]    Compiling uuid v1.11.0
[INFO] [stderr]    Compiling base16ct v0.2.0
[INFO] [stderr]    Compiling lazy_static v1.5.0
[INFO] [stderr]    Compiling intel-mkl-tool v0.8.1
[INFO] [stderr]    Compiling regex v1.10.6
[INFO] [stderr]    Compiling serde_derive v1.0.214
[INFO] [stderr]    Compiling thiserror-impl v1.0.66
[INFO] [stderr]    Compiling getset v0.1.3
[INFO] [stderr]    Compiling darling_macro v0.20.10
[INFO] [stderr]    Compiling strum_macros v0.26.4
[INFO] [stderr]    Compiling darling v0.20.10
[INFO] [stderr]    Compiling derive_builder_core v0.20.2
[INFO] [stderr]    Compiling derive_builder_macro v0.20.2
[INFO] [stderr]    Compiling derive_builder v0.20.2
[INFO] [stderr]    Compiling serde_spanned v0.6.8
[INFO] [stderr]    Compiling toml_datetime v0.6.8
[INFO] [stderr]    Compiling toml_edit v0.22.22
[INFO] [stderr]    Compiling oci-spec v0.6.8
[INFO] [stderr]    Compiling ureq v2.10.1
[INFO] [stderr]    Compiling toml v0.8.19
[INFO] [stderr]    Compiling ocipkg v0.2.9
[INFO] [stderr]    Compiling intel-mkl-src v0.8.1
[INFO] [stderr]    Compiling intel-mkl-sys v0.8.1 (/opt/rustwide/workdir)
[INFO] [stderr]     Finished `dev` profile [unoptimized + debuginfo] target(s) in 21.28s
[INFO] running `Command { std: "docker" "inspect" "09f6795dc79858e03d95d2e36fa82f2fb1d6e05dff8b8024f9f74de27434e6dc", kill_on_drop: false }`
[INFO] running `Command { std: "docker" "rm" "-f" "09f6795dc79858e03d95d2e36fa82f2fb1d6e05dff8b8024f9f74de27434e6dc", kill_on_drop: false }`
[INFO] [stdout] 09f6795dc79858e03d95d2e36fa82f2fb1d6e05dff8b8024f9f74de27434e6dc
[INFO] running `Command { std: "docker" "create" "-v" "/var/lib/crater-agent-workspace/builds/worker-2-tc1/target:/opt/rustwide/target:rw,Z" "-v" "/var/lib/crater-agent-workspace/builds/worker-2-tc1/source:/opt/rustwide/workdir:ro,Z" "-v" "/var/lib/crater-agent-workspace/cargo-home:/opt/rustwide/cargo-home:ro,Z" "-v" "/var/lib/crater-agent-workspace/rustup-home:/opt/rustwide/rustup-home:ro,Z" "-e" "SOURCE_DIR=/opt/rustwide/workdir" "-e" "CARGO_TARGET_DIR=/opt/rustwide/target" "-e" "CARGO_INCREMENTAL=0" "-e" "RUST_BACKTRACE=full" "-e" "RUSTFLAGS=--cap-lints=forbid" "-e" "RUSTDOCFLAGS=--cap-lints=forbid" "-e" "CARGO_HOME=/opt/rustwide/cargo-home" "-e" "RUSTUP_HOME=/opt/rustwide/rustup-home" "-w" "/opt/rustwide/workdir" "-m" "1610612736" "--user" "0:0" "--network" "none" "ghcr.io/rust-lang/crates-build-env/linux@sha256:4a844ea9eb2546a2d2c7022eacef16ef2e8229c7fbb2c7d4d55a9ceca922f72d" "/opt/rustwide/cargo-home/bin/cargo" "+nightly-2024-10-28" "test" "--frozen" "--no-run" "--message-format=json", kill_on_drop: false }`
[INFO] [stdout] 3fe5f7f75e4486f294a03fb63e8a9946233af57aeffcac4a4e8daeb3357aa40e
[INFO] running `Command { std: "docker" "start" "-a" "3fe5f7f75e4486f294a03fb63e8a9946233af57aeffcac4a4e8daeb3357aa40e", kill_on_drop: false }`
[INFO] [stderr]    Compiling libc v0.2.161
[INFO] [stderr]    Compiling num-traits v0.2.19
[INFO] [stderr]    Compiling serde v1.0.214
[INFO] [stderr]    Compiling same-file v1.0.6
[INFO] [stderr]    Compiling regex v1.10.6
[INFO] [stderr]    Compiling crc32fast v1.4.2
[INFO] [stderr]    Compiling sha2 v0.10.8
[INFO] [stderr]    Compiling zerocopy-derive v0.7.35
[INFO] [stderr]    Compiling walkdir v2.5.0
[INFO] [stderr]    Compiling flate2 v1.0.34
[INFO] [stderr]    Compiling intel-mkl-tool v0.8.1
[INFO] [stderr]    Compiling byteorder v1.5.0
[INFO] [stderr]    Compiling plotters-backend v0.3.7
[INFO] [stderr]    Compiling textwrap v0.11.0
[INFO] [stderr]    Compiling itertools v0.10.5
[INFO] [stderr]    Compiling chrono v0.4.38
[INFO] [stderr]    Compiling plotters-svg v0.3.7
[INFO] [stderr]    Compiling csv-core v0.1.11
[INFO] [stderr]    Compiling zerocopy v0.7.35
[INFO] [stderr]    Compiling half v1.8.3
[INFO] [stderr]    Compiling cast v0.3.0
[INFO] [stderr]    Compiling plotters v0.3.7
[INFO] [stderr]    Compiling getrandom v0.2.15
[INFO] [stderr]    Compiling dirs-sys v0.4.1
[INFO] [stderr]    Compiling filetime v0.2.25
[INFO] [stderr]    Compiling ring v0.17.8
[INFO] [stderr]    Compiling tar v0.4.42
[INFO] [stderr]    Compiling directories v5.0.1
[INFO] [stderr]    Compiling uuid v1.11.0
[INFO] [stderr]    Compiling ppv-lite86 v0.2.20
[INFO] [stderr]    Compiling rand_core v0.6.4
[INFO] [stderr]    Compiling criterion-plot v0.4.5
[INFO] [stderr]    Compiling atty v0.2.14
[INFO] [stderr]    Compiling clap v2.34.0
[INFO] [stderr]    Compiling rand_chacha v0.3.1
[INFO] [stderr]    Compiling oorandom v11.1.4
[INFO] [stderr]    Compiling approx v0.5.1
[INFO] [stderr]    Compiling rand v0.8.5
[INFO] [stderr]    Compiling rustls-webpki v0.102.8
[INFO] [stderr]    Compiling serde_json v1.0.132
[INFO] [stderr]    Compiling serde_spanned v0.6.8
[INFO] [stderr]    Compiling toml_datetime v0.6.8
[INFO] [stderr]    Compiling csv v1.3.0
[INFO] [stderr]    Compiling serde_cbor v0.11.2
[INFO] [stderr]    Compiling rustls v0.23.16
[INFO] [stderr]    Compiling toml_edit v0.22.22
[INFO] [stderr]    Compiling oci-spec v0.6.8
[INFO] [stderr]    Compiling tinytemplate v1.2.1
[INFO] [stderr]    Compiling criterion v0.3.6
[INFO] [stderr]    Compiling toml v0.8.19
[INFO] [stderr]    Compiling ureq v2.10.1
[INFO] [stderr]    Compiling ocipkg v0.2.9
[INFO] [stderr]    Compiling intel-mkl-src v0.8.1
[INFO] [stderr]    Compiling intel-mkl-sys v0.8.1 (/opt/rustwide/workdir)
[INFO] [stdout] error: linking with `cc` failed: exit status: 1
[INFO] [stdout]   |
[INFO] [stdout]   = note: LC_ALL="C" PATH="/opt/rustwide/rustup-home/toolchains/nightly-2024-10-28-x86_64-unknown-linux-gnu/lib/rustlib/x86_64-unknown-linux-gnu/bin:/opt/rustwide/rustup-home/toolchains/nightly-2024-10-28-x86_64-unknown-linux-gnu/lib/rustlib/x86_64-unknown-linux-gnu/bin/self-contained:/opt/rustwide/cargo-home/bin:/usr/local/sbin:/usr/local/bin:/usr/sbin:/usr/bin:/sbin:/bin" VSLANG="1033" "cc" "-m64" "/tmp/rustcN1QYos/symbols.o" "/opt/rustwide/target/debug/deps/intel_mkl_sys-fd7295596896a3d0.intel_mkl_sys.35b2e0d0c62aa1a8-cgu.0.rcgu.o" "/opt/rustwide/target/debug/deps/intel_mkl_sys-fd7295596896a3d0.allnblxgn3lc89yi96dxcxx7c.rcgu.o" "-Wl,--as-needed" "-Wl,-Bstatic" "/opt/rustwide/rustup-home/toolchains/nightly-2024-10-28-x86_64-unknown-linux-gnu/lib/rustlib/x86_64-unknown-linux-gnu/lib/libtest-a09fad3b5321e7d6.rlib" "/opt/rustwide/rustup-home/toolchains/nightly-2024-10-28-x86_64-unknown-linux-gnu/lib/rustlib/x86_64-unknown-linux-gnu/lib/libgetopts-f9c3dff41ad42661.rlib" "/opt/rustwide/rustup-home/toolchains/nightly-2024-10-28-x86_64-unknown-linux-gnu/lib/rustlib/x86_64-unknown-linux-gnu/lib/libunicode_width-ad2aef31af6addd3.rlib" "/opt/rustwide/rustup-home/toolchains/nightly-2024-10-28-x86_64-unknown-linux-gnu/lib/rustlib/x86_64-unknown-linux-gnu/lib/librustc_std_workspace_std-e3f907dc03deb913.rlib" "/opt/rustwide/target/debug/deps/librand-b97502d622fe6963.rlib" "/opt/rustwide/target/debug/deps/librand_chacha-7fea7654f13f7e55.rlib" "/opt/rustwide/target/debug/deps/libppv_lite86-1d2b67e0c7c59004.rlib" "/opt/rustwide/target/debug/deps/libzerocopy-367101920b232284.rlib" "/opt/rustwide/target/debug/deps/libbyteorder-7817d47eb31dfb0c.rlib" "/opt/rustwide/target/debug/deps/librand_core-cba305c51097e260.rlib" "/opt/rustwide/target/debug/deps/libgetrandom-9a17fb66a373cb5d.rlib" "/opt/rustwide/target/debug/deps/liblibc-cf06f29c0a4f6ede.rlib" "/opt/rustwide/target/debug/deps/libcfg_if-57bf25c23e31efdb.rlib" "/opt/rustwide/target/debug/deps/libapprox-b290c8e6db5a5350.rlib" "/opt/rustwide/target/debug/deps/libnum_traits-e35ec60fee4843d4.rlib" "/opt/rustwide/target/debug/deps/libintel_mkl_src-a9a5f92e22853ba9.rlib" "/opt/rustwide/rustup-home/toolchains/nightly-2024-10-28-x86_64-unknown-linux-gnu/lib/rustlib/x86_64-unknown-linux-gnu/lib/libstd-fb8c387236db3c10.rlib" "/opt/rustwide/rustup-home/toolchains/nightly-2024-10-28-x86_64-unknown-linux-gnu/lib/rustlib/x86_64-unknown-linux-gnu/lib/libpanic_unwind-b251837809b2f64b.rlib" "/opt/rustwide/rustup-home/toolchains/nightly-2024-10-28-x86_64-unknown-linux-gnu/lib/rustlib/x86_64-unknown-linux-gnu/lib/libobject-cbef83eaa4e01f04.rlib" "/opt/rustwide/rustup-home/toolchains/nightly-2024-10-28-x86_64-unknown-linux-gnu/lib/rustlib/x86_64-unknown-linux-gnu/lib/libmemchr-12a772286de2fca7.rlib" "/opt/rustwide/rustup-home/toolchains/nightly-2024-10-28-x86_64-unknown-linux-gnu/lib/rustlib/x86_64-unknown-linux-gnu/lib/libaddr2line-023bbe5ada7abfc3.rlib" "/opt/rustwide/rustup-home/toolchains/nightly-2024-10-28-x86_64-unknown-linux-gnu/lib/rustlib/x86_64-unknown-linux-gnu/lib/libgimli-de2bcdf10ec69c2b.rlib" "/opt/rustwide/rustup-home/toolchains/nightly-2024-10-28-x86_64-unknown-linux-gnu/lib/rustlib/x86_64-unknown-linux-gnu/lib/librustc_demangle-8e1754df350800fd.rlib" "/opt/rustwide/rustup-home/toolchains/nightly-2024-10-28-x86_64-unknown-linux-gnu/lib/rustlib/x86_64-unknown-linux-gnu/lib/libstd_detect-06c2ab7b9c32e037.rlib" "/opt/rustwide/rustup-home/toolchains/nightly-2024-10-28-x86_64-unknown-linux-gnu/lib/rustlib/x86_64-unknown-linux-gnu/lib/libhashbrown-51d2621fc57a281b.rlib" "/opt/rustwide/rustup-home/toolchains/nightly-2024-10-28-x86_64-unknown-linux-gnu/lib/rustlib/x86_64-unknown-linux-gnu/lib/librustc_std_workspace_alloc-54a930408793772f.rlib" "/opt/rustwide/rustup-home/toolchains/nightly-2024-10-28-x86_64-unknown-linux-gnu/lib/rustlib/x86_64-unknown-linux-gnu/lib/libminiz_oxide-0c7d01cba400dcb2.rlib" "/opt/rustwide/rustup-home/toolchains/nightly-2024-10-28-x86_64-unknown-linux-gnu/lib/rustlib/x86_64-unknown-linux-gnu/lib/libadler-b9f84d69e331b75b.rlib" "/opt/rustwide/rustup-home/toolchains/nightly-2024-10-28-x86_64-unknown-linux-gnu/lib/rustlib/x86_64-unknown-linux-gnu/lib/libunwind-eec95493246aae39.rlib" "/opt/rustwide/rustup-home/toolchains/nightly-2024-10-28-x86_64-unknown-linux-gnu/lib/rustlib/x86_64-unknown-linux-gnu/lib/libcfg_if-6f6676c475e08ab0.rlib" "/opt/rustwide/rustup-home/toolchains/nightly-2024-10-28-x86_64-unknown-linux-gnu/lib/rustlib/x86_64-unknown-linux-gnu/lib/liblibc-799d520624f8b2e0.rlib" "/opt/rustwide/rustup-home/toolchains/nightly-2024-10-28-x86_64-unknown-linux-gnu/lib/rustlib/x86_64-unknown-linux-gnu/lib/liballoc-fcf93d4842acd9a9.rlib" "/opt/rustwide/rustup-home/toolchains/nightly-2024-10-28-x86_64-unknown-linux-gnu/lib/rustlib/x86_64-unknown-linux-gnu/lib/librustc_std_workspace_core-395a38b8e0851c9b.rlib" "/opt/rustwide/rustup-home/toolchains/nightly-2024-10-28-x86_64-unknown-linux-gnu/lib/rustlib/x86_64-unknown-linux-gnu/lib/libcore-d453bab70303062c.rlib" "/opt/rustwide/rustup-home/toolchains/nightly-2024-10-28-x86_64-unknown-linux-gnu/lib/rustlib/x86_64-unknown-linux-gnu/lib/libcompiler_builtins-0e6386368b0a24e8.rlib" "-Wl,-Bdynamic" "-lgcc_s" "-lutil" "-lrt" "-lpthread" "-lm" "-ldl" "-lc" "-B/opt/rustwide/rustup-home/toolchains/nightly-2024-10-28-x86_64-unknown-linux-gnu/lib/rustlib/x86_64-unknown-linux-gnu/bin/gcc-ld" "-fuse-ld=lld" "-Wl,--eh-frame-hdr" "-Wl,-z,noexecstack" "-L" "/opt/rustwide/rustup-home/toolchains/nightly-2024-10-28-x86_64-unknown-linux-gnu/lib/rustlib/x86_64-unknown-linux-gnu/lib" "-o" "/opt/rustwide/target/debug/deps/intel_mkl_sys-fd7295596896a3d0" "-Wl,--gc-sections" "-pie" "-Wl,-z,relro,-z,now" "-nodefaultlibs"
[INFO] [stdout]   = note: rust-lld: error: undefined symbol: vdCos
[INFO] [stdout]           >>> referenced by lib.rs:48 (src/lib.rs:48)
[INFO] [stdout]           >>>               /opt/rustwide/target/debug/deps/intel_mkl_sys-fd7295596896a3d0.intel_mkl_sys.35b2e0d0c62aa1a8-cgu.0.rcgu.o:(intel_mkl_sys::tests::cos::h3496b57b11536b51)
[INFO] [stdout]           
[INFO] [stdout]           rust-lld: error: undefined symbol: vslNewStream
[INFO] [stdout]           >>> referenced by lib.rs:64 (src/lib.rs:64)
[INFO] [stdout]           >>>               /opt/rustwide/target/debug/deps/intel_mkl_sys-fd7295596896a3d0.intel_mkl_sys.35b2e0d0c62aa1a8-cgu.0.rcgu.o:(intel_mkl_sys::tests::new_stream::h07ee285c0b24e77a)
[INFO] [stdout]           collect2: error: ld returned 1 exit status
[INFO] [stdout]           
[INFO] [stdout] 
[INFO] [stdout] 
[INFO] [stderr] error: could not compile `intel-mkl-sys` (lib test) due to 1 previous error
[INFO] running `Command { std: "docker" "inspect" "3fe5f7f75e4486f294a03fb63e8a9946233af57aeffcac4a4e8daeb3357aa40e", kill_on_drop: false }`
[INFO] running `Command { std: "docker" "rm" "-f" "3fe5f7f75e4486f294a03fb63e8a9946233af57aeffcac4a4e8daeb3357aa40e", kill_on_drop: false }`
[INFO] [stdout] 3fe5f7f75e4486f294a03fb63e8a9946233af57aeffcac4a4e8daeb3357aa40e
