[INFO] fetching crate inori-mpd 0.1.1...
[INFO] testing inori-mpd-0.1.1 against nightly-2024-10-28+rustflags=-Zrandomize-layout for randomize-layout
[INFO] extracting crate inori-mpd 0.1.1 into /workspace/builds/worker-4-tc2/source
[INFO] validating manifest of crates.io crate inori-mpd 0.1.1 on toolchain nightly-2024-10-28
[INFO] running `Command { std: CARGO_HOME="/workspace/cargo-home" RUSTUP_HOME="/workspace/rustup-home" "/workspace/cargo-home/bin/cargo" "+nightly-2024-10-28" "metadata" "--manifest-path" "Cargo.toml" "--no-deps", kill_on_drop: false }`
[INFO] started tweaking crates.io crate inori-mpd 0.1.1
[INFO] removed 0 missing examples
[INFO] removed 0 missing tests
[INFO] finished tweaking crates.io crate inori-mpd 0.1.1
[INFO] tweaked toml for crates.io crate inori-mpd 0.1.1 written to /workspace/builds/worker-4-tc2/source/Cargo.toml
[INFO] crate crates.io crate inori-mpd 0.1.1 already has a lockfile, it will not be regenerated
[INFO] running `Command { std: CARGO_HOME="/workspace/cargo-home" RUSTUP_HOME="/workspace/rustup-home" "/workspace/cargo-home/bin/cargo" "+nightly-2024-10-28" "fetch" "--manifest-path" "Cargo.toml", kill_on_drop: false }`
[INFO] running `Command { std: "docker" "create" "-v" "/var/lib/crater-agent-workspace/builds/worker-4-tc2/target:/opt/rustwide/target:rw,Z" "-v" "/var/lib/crater-agent-workspace/builds/worker-4-tc2/source:/opt/rustwide/workdir:ro,Z" "-v" "/var/lib/crater-agent-workspace/cargo-home:/opt/rustwide/cargo-home:ro,Z" "-v" "/var/lib/crater-agent-workspace/rustup-home:/opt/rustwide/rustup-home:ro,Z" "-e" "SOURCE_DIR=/opt/rustwide/workdir" "-e" "CARGO_TARGET_DIR=/opt/rustwide/target" "-e" "CARGO_HOME=/opt/rustwide/cargo-home" "-e" "RUSTUP_HOME=/opt/rustwide/rustup-home" "-w" "/opt/rustwide/workdir" "-m" "1610612736" "--user" "0:0" "--network" "none" "ghcr.io/rust-lang/crates-build-env/linux@sha256:4a844ea9eb2546a2d2c7022eacef16ef2e8229c7fbb2c7d4d55a9ceca922f72d" "/opt/rustwide/cargo-home/bin/cargo" "+nightly-2024-10-28" "metadata" "--no-deps" "--format-version=1", kill_on_drop: false }`
[INFO] [stdout] d95c1bd12f96de563d720dd196676b4ef4a742ca81e6abccd1e6d0110720e75b
[INFO] running `Command { std: "docker" "start" "-a" "d95c1bd12f96de563d720dd196676b4ef4a742ca81e6abccd1e6d0110720e75b", kill_on_drop: false }`
[INFO] running `Command { std: "docker" "inspect" "d95c1bd12f96de563d720dd196676b4ef4a742ca81e6abccd1e6d0110720e75b", kill_on_drop: false }`
[INFO] running `Command { std: "docker" "rm" "-f" "d95c1bd12f96de563d720dd196676b4ef4a742ca81e6abccd1e6d0110720e75b", kill_on_drop: false }`
[INFO] [stdout] d95c1bd12f96de563d720dd196676b4ef4a742ca81e6abccd1e6d0110720e75b
[INFO] running `Command { std: "docker" "create" "-v" "/var/lib/crater-agent-workspace/builds/worker-4-tc2/target:/opt/rustwide/target:rw,Z" "-v" "/var/lib/crater-agent-workspace/builds/worker-4-tc2/source:/opt/rustwide/workdir:ro,Z" "-v" "/var/lib/crater-agent-workspace/cargo-home:/opt/rustwide/cargo-home:ro,Z" "-v" "/var/lib/crater-agent-workspace/rustup-home:/opt/rustwide/rustup-home:ro,Z" "-e" "SOURCE_DIR=/opt/rustwide/workdir" "-e" "CARGO_TARGET_DIR=/opt/rustwide/target" "-e" "CARGO_INCREMENTAL=0" "-e" "RUST_BACKTRACE=full" "-e" "RUSTFLAGS=--cap-lints=forbid -Zrandomize-layout" "-e" "RUSTDOCFLAGS=--cap-lints=forbid" "-e" "CARGO_HOME=/opt/rustwide/cargo-home" "-e" "RUSTUP_HOME=/opt/rustwide/rustup-home" "-w" "/opt/rustwide/workdir" "-m" "1610612736" "--user" "0:0" "--network" "none" "ghcr.io/rust-lang/crates-build-env/linux@sha256:4a844ea9eb2546a2d2c7022eacef16ef2e8229c7fbb2c7d4d55a9ceca922f72d" "/opt/rustwide/cargo-home/bin/cargo" "+nightly-2024-10-28" "build" "--frozen" "--message-format=json", kill_on_drop: false }`
[INFO] [stdout] 806a78f3f265b54d8fb095b9049ea4520e1a9e2f3e8eb7e0ba5b39d7f0538bb8
[INFO] running `Command { std: "docker" "start" "-a" "806a78f3f265b54d8fb095b9049ea4520e1a9e2f3e8eb7e0ba5b39d7f0538bb8", kill_on_drop: false }`
[INFO] [stderr]    Compiling bufstream v0.1.4
[INFO] [stderr]    Compiling inori-mpd v0.1.1 (/opt/rustwide/workdir)
[INFO] [stdout] warning: elided lifetime has a name
[INFO] [stdout]   --> src/search.rs:27:42
[INFO] [stdout]    |
[INFO] [stdout] 26 | impl<'a> Filter<'a> {
[INFO] [stdout]    |      -- lifetime `'a` declared here
[INFO] [stdout] 27 |     fn new<W>(typ: Term<'a>, what: W) -> Filter
[INFO] [stdout]    |                                          ^^^^^^ this elided lifetime gets resolved as `'a`
[INFO] [stdout]    |
[INFO] [stdout]    = note: `#[warn(elided_named_lifetimes)]` on by default
[INFO] [stdout] 
[INFO] [stdout] 
[INFO] [stderr]     Finished `dev` profile [unoptimized + debuginfo] target(s) in 0.61s
[INFO] running `Command { std: "docker" "inspect" "806a78f3f265b54d8fb095b9049ea4520e1a9e2f3e8eb7e0ba5b39d7f0538bb8", kill_on_drop: false }`
[INFO] running `Command { std: "docker" "rm" "-f" "806a78f3f265b54d8fb095b9049ea4520e1a9e2f3e8eb7e0ba5b39d7f0538bb8", kill_on_drop: false }`
[INFO] [stdout] 806a78f3f265b54d8fb095b9049ea4520e1a9e2f3e8eb7e0ba5b39d7f0538bb8
[INFO] running `Command { std: "docker" "create" "-v" "/var/lib/crater-agent-workspace/builds/worker-4-tc2/target:/opt/rustwide/target:rw,Z" "-v" "/var/lib/crater-agent-workspace/builds/worker-4-tc2/source:/opt/rustwide/workdir:ro,Z" "-v" "/var/lib/crater-agent-workspace/cargo-home:/opt/rustwide/cargo-home:ro,Z" "-v" "/var/lib/crater-agent-workspace/rustup-home:/opt/rustwide/rustup-home:ro,Z" "-e" "SOURCE_DIR=/opt/rustwide/workdir" "-e" "CARGO_TARGET_DIR=/opt/rustwide/target" "-e" "CARGO_INCREMENTAL=0" "-e" "RUST_BACKTRACE=full" "-e" "RUSTFLAGS=--cap-lints=forbid -Zrandomize-layout" "-e" "RUSTDOCFLAGS=--cap-lints=forbid" "-e" "CARGO_HOME=/opt/rustwide/cargo-home" "-e" "RUSTUP_HOME=/opt/rustwide/rustup-home" "-w" "/opt/rustwide/workdir" "-m" "1610612736" "--user" "0:0" "--network" "none" "ghcr.io/rust-lang/crates-build-env/linux@sha256:4a844ea9eb2546a2d2c7022eacef16ef2e8229c7fbb2c7d4d55a9ceca922f72d" "/opt/rustwide/cargo-home/bin/cargo" "+nightly-2024-10-28" "test" "--frozen" "--no-run" "--message-format=json", kill_on_drop: false }`
[INFO] [stdout] c6e647c91dac0c669d0d912a6e58185e2478d6b96480d8bda8e1dbb293bd3652
[INFO] running `Command { std: "docker" "start" "-a" "c6e647c91dac0c669d0d912a6e58185e2478d6b96480d8bda8e1dbb293bd3652", kill_on_drop: false }`
[INFO] [stderr]    Compiling rustix v0.38.34
[INFO] [stderr]    Compiling once_cell v1.19.0
[INFO] [stdout] warning: elided lifetime has a name
[INFO] [stdout]   --> src/search.rs:27:42
[INFO] [stdout]    |
[INFO] [stdout] 26 | impl<'a> Filter<'a> {
[INFO] [stdout]    |      -- lifetime `'a` declared here
[INFO] [stdout] 27 |     fn new<W>(typ: Term<'a>, what: W) -> Filter
[INFO] [stdout]    |                                          ^^^^^^ this elided lifetime gets resolved as `'a`
[INFO] [stdout]    |
[INFO] [stdout]    = note: `#[warn(elided_named_lifetimes)]` on by default
[INFO] [stdout] 
[INFO] [stdout] 
[INFO] [stderr]    Compiling tempfile v3.12.0
[INFO] [stderr]    Compiling inori-mpd v0.1.1 (/opt/rustwide/workdir)
[INFO] [stdout] error[E0463]: can't find crate for `mpd`
[INFO] [stdout]  --> tests/options.rs:1:1
[INFO] [stdout]   |
[INFO] [stdout] 1 | extern crate mpd;
[INFO] [stdout]   | ^^^^^^^^^^^^^^^^^ can't find crate
[INFO] [stdout] 
[INFO] [stdout] 
[INFO] [stdout] error[E0463]: can't find crate for `mpd`
[INFO] [stdout]  --> tests/helpers/mod.rs:1:1
[INFO] [stdout]   |
[INFO] [stdout] 1 | extern crate mpd;
[INFO] [stdout]   | ^^^^^^^^^^^^^^^^^ can't find crate
[INFO] [stdout] 
[INFO] [stdout] 
[INFO] [stdout] error[E0463]: can't find crate for `mpd`
[INFO] [stdout]  --> examples/example.rs:1:1
[INFO] [stdout]   |
[INFO] [stdout] 1 | extern crate mpd;
[INFO] [stdout]   | ^^^^^^^^^^^^^^^^^ can't find crate
[INFO] [stdout] 
[INFO] [stdout] 
[INFO] [stdout] error[E0463]: can't find crate for `mpd`
[INFO] [stdout]  --> tests/idle.rs:1:1
[INFO] [stdout]   |
[INFO] [stdout] 1 | extern crate mpd;
[INFO] [stdout]   | ^^^^^^^^^^^^^^^^^ can't find crate
[INFO] [stdout] 
[INFO] [stdout] 
[INFO] [stdout] error[E0463]: can't find crate for `mpd`
[INFO] [stdout]  --> tests/helpers/mod.rs:1:1
[INFO] [stdout]   |
[INFO] [stdout] 1 | extern crate mpd;
[INFO] [stdout]   | ^^^^^^^^^^^^^^^^^ can't find crate
[INFO] [stdout] 
[INFO] [stdout] 
[INFO] [stdout] error[E0463]: can't find crate for `mpd`
[INFO] [stdout]  --> tests/outputs.rs:1:1
[INFO] [stdout]   |
[INFO] [stdout] 1 | extern crate mpd;
[INFO] [stdout]   | ^^^^^^^^^^^^^^^^^ can't find crate
[INFO] [stdout] 
[INFO] [stdout] 
[INFO] [stdout] For more information about this error, try `rustc --explain E0463`.
[INFO] [stdout] 
[INFO] [stdout] error[E0463]: can't find crate for `mpd`
[INFO] [stdout]  --> tests/helpers/mod.rs:1:1
[INFO] [stdout]   |
[INFO] [stdout] 1 | extern crate mpd;
[INFO] [stdout]   | ^^^^^^^^^^^^^^^^^ can't find crate
[INFO] [stdout] 
[INFO] [stdout] 
[INFO] [stdout] error[E0463]: can't find crate for `mpd`
[INFO] [stdout]  --> tests/playback.rs:1:1
[INFO] [stdout]   |
[INFO] [stdout] 1 | extern crate mpd;
[INFO] [stdout]   | ^^^^^^^^^^^^^^^^^ can't find crate
[INFO] [stdout] 
[INFO] [stdout] 
[INFO] [stdout] error[E0463]: can't find crate for `mpd`
[INFO] [stdout]  --> tests/helpers/mod.rs:1:1
[INFO] [stdout]   |
[INFO] [stdout] 1 | extern crate mpd;
[INFO] [stdout]   | ^^^^^^^^^^^^^^^^^ can't find crate
[INFO] [stdout] 
[INFO] [stdout] 
[INFO] [stdout] error[E0609]: no field `version` on type `DaemonClient`
[INFO] [stdout]   --> tests/options.rs:67:56
[INFO] [stdout]    |
[INFO] [stdout] 67 |     assert_eq!(mpd.status().unwrap().crossfade, if mpd.version >= mpd::Version(0, 19, 0) { None } else { Some(Duration::from_secs(0)) });
[INFO] [stdout]    |                                                        ^^^^^^^ unknown field
[INFO] [stdout] 
[INFO] [stdout] 
[INFO] [stdout] error[E0463]: can't find crate for `mpd`
[INFO] [stdout]  --> tests/playlist.rs:1:1
[INFO] [stdout]   |
[INFO] [stdout] 1 | extern crate mpd;
[INFO] [stdout]   | ^^^^^^^^^^^^^^^^^ can't find crate
[INFO] [stdout] 
[INFO] [stdout] 
[INFO] [stdout] error[E0463]: can't find crate for `mpd`
[INFO] [stdout]  --> tests/helpers/mod.rs:1:1
[INFO] [stdout]   |
[INFO] [stdout] 1 | extern crate mpd;
[INFO] [stdout]   | ^^^^^^^^^^^^^^^^^ can't find crate
[INFO] [stdout] 
[INFO] [stdout] 
[INFO] [stderr] error: could not compile `inori-mpd` (example "example") due to 1 previous error
[INFO] [stderr] warning: build failed, waiting for other jobs to finish...
[INFO] [stdout] Some errors have detailed explanations: E0463, E0609.
[INFO] [stdout] 
[INFO] [stdout] For more information about an error, try `rustc --explain E0463`.
[INFO] [stdout] 
[INFO] [stdout] error[E0463]: can't find crate for `mpd`
[INFO] [stdout]  --> tests/stickers.rs:1:1
[INFO] [stdout]   |
[INFO] [stdout] 1 | extern crate mpd;
[INFO] [stdout]   | ^^^^^^^^^^^^^^^^^ can't find crate
[INFO] [stdout] 
[INFO] [stdout] 
[INFO] [stdout] error[E0463]: can't find crate for `mpd`
[INFO] [stdout]  --> tests/helpers/mod.rs:1:1
[INFO] [stdout]   |
[INFO] [stdout] 1 | extern crate mpd;
[INFO] [stdout]   | ^^^^^^^^^^^^^^^^^ can't find crate
[INFO] [stdout] 
[INFO] [stdout] 
[INFO] [stdout] error[E0463]: can't find crate for `mpd`
[INFO] [stdout]  --> tests/reflect.rs:1:1
[INFO] [stdout]   |
[INFO] [stdout] 1 | extern crate mpd;
[INFO] [stdout]   | ^^^^^^^^^^^^^^^^^ can't find crate
[INFO] [stdout] 
[INFO] [stdout] 
[INFO] [stdout] error[E0463]: can't find crate for `mpd`
[INFO] [stdout]  --> tests/helpers/mod.rs:1:1
[INFO] [stdout]   |
[INFO] [stdout] 1 | extern crate mpd;
[INFO] [stdout]   | ^^^^^^^^^^^^^^^^^ can't find crate
[INFO] [stdout] 
[INFO] [stdout] 
[INFO] [stderr] error: could not compile `inori-mpd` (test "options") due to 3 previous errors
[INFO] [stdout] For more information about this error, try `rustc --explain E0463`.
[INFO] [stdout] 
[INFO] [stderr] error: could not compile `inori-mpd` (test "idle") due to 2 previous errors
[INFO] [stdout] For more information about this error, try `rustc --explain E0463`.
[INFO] [stdout] 
[INFO] [stderr] error: could not compile `inori-mpd` (test "playback") due to 2 previous errors
[INFO] [stdout] For more information about this error, try `rustc --explain E0463`.
[INFO] [stdout] 
[INFO] [stdout] error[E0609]: no field `version` on type `DaemonClient`
[INFO] [stdout]   --> tests/outputs.rs:27:12
[INFO] [stdout]    |
[INFO] [stdout] 27 |     if mpd.version >= mpd::Version(0, 17, 0) {
[INFO] [stdout]    |            ^^^^^^^ unknown field
[INFO] [stdout] 
[INFO] [stdout] 
[INFO] [stderr] error: could not compile `inori-mpd` (test "playlist") due to 2 previous errors
[INFO] [stdout] For more information about this error, try `rustc --explain E0463`.
[INFO] [stdout] 
[INFO] [stderr] error: could not compile `inori-mpd` (test "reflect") due to 2 previous errors
[INFO] [stdout] Some errors have detailed explanations: E0463, E0609.
[INFO] [stdout] 
[INFO] [stdout] For more information about an error, try `rustc --explain E0463`.
[INFO] [stdout] 
[INFO] [stdout] For more information about this error, try `rustc --explain E0463`.
[INFO] [stdout] 
[INFO] [stderr] error: could not compile `inori-mpd` (test "outputs") due to 3 previous errors
[INFO] [stderr] error: could not compile `inori-mpd` (test "stickers") due to 2 previous errors
[INFO] running `Command { std: "docker" "inspect" "c6e647c91dac0c669d0d912a6e58185e2478d6b96480d8bda8e1dbb293bd3652", kill_on_drop: false }`
[INFO] running `Command { std: "docker" "rm" "-f" "c6e647c91dac0c669d0d912a6e58185e2478d6b96480d8bda8e1dbb293bd3652", kill_on_drop: false }`
[INFO] [stdout] c6e647c91dac0c669d0d912a6e58185e2478d6b96480d8bda8e1dbb293bd3652
