[INFO] fetching crate ink-analyzer-ir 0.14.0...
[INFO] testing ink-analyzer-ir-0.14.0 against nightly-2024-10-28 for randomize-layout
[INFO] extracting crate ink-analyzer-ir 0.14.0 into /workspace/builds/worker-1-tc1/source
[INFO] validating manifest of crates.io crate ink-analyzer-ir 0.14.0 on toolchain nightly-2024-10-28
[INFO] running `Command { std: CARGO_HOME="/workspace/cargo-home" RUSTUP_HOME="/workspace/rustup-home" "/workspace/cargo-home/bin/cargo" "+nightly-2024-10-28" "metadata" "--manifest-path" "Cargo.toml" "--no-deps", kill_on_drop: false }`
[INFO] started tweaking crates.io crate ink-analyzer-ir 0.14.0
[INFO] finished tweaking crates.io crate ink-analyzer-ir 0.14.0
[INFO] tweaked toml for crates.io crate ink-analyzer-ir 0.14.0 written to /workspace/builds/worker-1-tc1/source/Cargo.toml
[INFO] running `Command { std: CARGO_HOME="/workspace/cargo-home" RUSTUP_HOME="/workspace/rustup-home" "/workspace/cargo-home/bin/cargo" "+nightly-2024-10-28" "generate-lockfile" "--manifest-path" "Cargo.toml", kill_on_drop: false }`
[INFO] [stderr]     Updating crates.io index
[INFO] [stderr]      Locking 86 packages to latest compatible versions
[INFO] [stderr]       Adding impl-serde v0.4.0 (available: v0.5.0)
[INFO] [stderr]       Adding itertools v0.12.1 (available: v0.13.0)
[INFO] [stderr]       Adding perf-event v0.4.7 (available: v0.4.8)
[INFO] [stderr]       Adding ra_ap_syntax v0.0.199 (available: v0.0.241)
[INFO] running `Command { std: CARGO_HOME="/workspace/cargo-home" RUSTUP_HOME="/workspace/rustup-home" "/workspace/cargo-home/bin/cargo" "+nightly-2024-10-28" "fetch" "--manifest-path" "Cargo.toml", kill_on_drop: false }`
[INFO] [stderr]  Downloading crates ...
[INFO] [stderr]   Downloaded always-assert v0.1.3
[INFO] [stderr]   Downloaded ra_ap_text_edit v0.0.199
[INFO] [stderr]   Downloaded ra_ap_profile v0.0.199
[INFO] [stderr]   Downloaded ra_ap_stdx v0.0.199
[INFO] [stderr]   Downloaded jod-thread v0.1.2
[INFO] [stderr]   Downloaded drop_bomb v0.1.5
[INFO] [stderr]   Downloaded ink-analyzer-macro v0.7.2
[INFO] [stderr]   Downloaded cov-mark v2.0.0
[INFO] [stderr]   Downloaded perf-event-open-sys v1.0.1
[INFO] [stderr]   Downloaded la-arena v0.3.1
[INFO] [stderr]   Downloaded ra_ap_limit v0.0.199
[INFO] [stderr]   Downloaded miow v0.6.0
[INFO] [stderr]   Downloaded ra-ap-rustc_lexer v0.33.0
[INFO] [stderr]   Downloaded ra_ap_syntax v0.0.199
[INFO] [stderr]   Downloaded perf-event v0.4.7
[INFO] [stderr]   Downloaded ra_ap_parser v0.0.199
[INFO] running `Command { std: "docker" "create" "-v" "/var/lib/crater-agent-workspace/builds/worker-1-tc1/target:/opt/rustwide/target:rw,Z" "-v" "/var/lib/crater-agent-workspace/builds/worker-1-tc1/source:/opt/rustwide/workdir:ro,Z" "-v" "/var/lib/crater-agent-workspace/cargo-home:/opt/rustwide/cargo-home:ro,Z" "-v" "/var/lib/crater-agent-workspace/rustup-home:/opt/rustwide/rustup-home:ro,Z" "-e" "SOURCE_DIR=/opt/rustwide/workdir" "-e" "CARGO_TARGET_DIR=/opt/rustwide/target" "-e" "CARGO_HOME=/opt/rustwide/cargo-home" "-e" "RUSTUP_HOME=/opt/rustwide/rustup-home" "-w" "/opt/rustwide/workdir" "-m" "1610612736" "--user" "0:0" "--network" "none" "ghcr.io/rust-lang/crates-build-env/linux@sha256:4a844ea9eb2546a2d2c7022eacef16ef2e8229c7fbb2c7d4d55a9ceca922f72d" "/opt/rustwide/cargo-home/bin/cargo" "+nightly-2024-10-28" "metadata" "--no-deps" "--format-version=1", kill_on_drop: false }`
[INFO] [stdout] 3c2eca76a4b24386c504fa034712c893b8568ea118fb8842c3e71e76da9d37a1
[INFO] running `Command { std: "docker" "start" "-a" "3c2eca76a4b24386c504fa034712c893b8568ea118fb8842c3e71e76da9d37a1", kill_on_drop: false }`
[INFO] running `Command { std: "docker" "inspect" "3c2eca76a4b24386c504fa034712c893b8568ea118fb8842c3e71e76da9d37a1", kill_on_drop: false }`
[INFO] running `Command { std: "docker" "rm" "-f" "3c2eca76a4b24386c504fa034712c893b8568ea118fb8842c3e71e76da9d37a1", kill_on_drop: false }`
[INFO] [stdout] 3c2eca76a4b24386c504fa034712c893b8568ea118fb8842c3e71e76da9d37a1
[INFO] running `Command { std: "docker" "create" "-v" "/var/lib/crater-agent-workspace/builds/worker-1-tc1/target:/opt/rustwide/target:rw,Z" "-v" "/var/lib/crater-agent-workspace/builds/worker-1-tc1/source:/opt/rustwide/workdir:ro,Z" "-v" "/var/lib/crater-agent-workspace/cargo-home:/opt/rustwide/cargo-home:ro,Z" "-v" "/var/lib/crater-agent-workspace/rustup-home:/opt/rustwide/rustup-home:ro,Z" "-e" "SOURCE_DIR=/opt/rustwide/workdir" "-e" "CARGO_TARGET_DIR=/opt/rustwide/target" "-e" "CARGO_INCREMENTAL=0" "-e" "RUST_BACKTRACE=full" "-e" "RUSTFLAGS=--cap-lints=forbid" "-e" "RUSTDOCFLAGS=--cap-lints=forbid" "-e" "CARGO_HOME=/opt/rustwide/cargo-home" "-e" "RUSTUP_HOME=/opt/rustwide/rustup-home" "-w" "/opt/rustwide/workdir" "-m" "1610612736" "--user" "0:0" "--network" "none" "ghcr.io/rust-lang/crates-build-env/linux@sha256:4a844ea9eb2546a2d2c7022eacef16ef2e8229c7fbb2c7d4d55a9ceca922f72d" "/opt/rustwide/cargo-home/bin/cargo" "+nightly-2024-10-28" "build" "--frozen" "--message-format=json", kill_on_drop: false }`
[INFO] [stdout] 8d93bc97aa5615536d6839c0f3ed4db59774830c82b79128f27ea5d645965b71
[INFO] running `Command { std: "docker" "start" "-a" "8d93bc97aa5615536d6839c0f3ed4db59774830c82b79128f27ea5d645965b71", kill_on_drop: false }`
[INFO] [stderr]    Compiling parking_lot_core v0.9.10
[INFO] [stderr]    Compiling version_check v0.9.5
[INFO] [stderr]    Compiling typenum v1.17.0
[INFO] [stderr]    Compiling hashbrown v0.14.5
[INFO] [stderr]    Compiling crossbeam-utils v0.8.20
[INFO] [stderr]    Compiling syn v2.0.86
[INFO] [stderr]    Compiling rustc-hash v1.1.0
[INFO] [stderr]    Compiling either v1.13.0
[INFO] [stderr]    Compiling strsim v0.11.1
[INFO] [stderr]    Compiling itertools v0.12.1
[INFO] [stderr]    Compiling generic-array v0.14.7
[INFO] [stderr]    Compiling perf-event-open-sys v1.0.1
[INFO] [stderr]    Compiling unicode-properties v0.1.3
[INFO] [stderr]    Compiling serde v1.0.214
[INFO] [stderr]    Compiling text-size v1.1.1
[INFO] [stderr]    Compiling unicode-xid v0.2.6
[INFO] [stderr]    Compiling always-assert v0.1.3
[INFO] [stderr]    Compiling ra-ap-rustc_lexer v0.33.0
[INFO] [stderr]    Compiling crossbeam-channel v0.5.13
[INFO] [stderr]    Compiling perf-event v0.4.7
[INFO] [stderr]    Compiling dashmap v5.5.3
[INFO] [stderr]    Compiling la-arena v0.3.1
[INFO] [stderr]    Compiling jod-thread v0.1.2
[INFO] [stderr]    Compiling ra_ap_limit v0.0.199
[INFO] [stderr]    Compiling subtle v2.6.1
[INFO] [stderr]    Compiling drop_bomb v0.1.5
[INFO] [stderr]    Compiling smol_str v0.2.2
[INFO] [stderr]    Compiling countme v3.0.1
[INFO] [stderr]    Compiling rowan v0.15.16
[INFO] [stderr]    Compiling ra_ap_profile v0.0.199
[INFO] [stderr]    Compiling ra_ap_parser v0.0.199
[INFO] [stderr]    Compiling ra_ap_stdx v0.0.199
[INFO] [stderr]    Compiling ra_ap_text_edit v0.0.199
[INFO] [stderr]    Compiling block-buffer v0.10.4
[INFO] [stderr]    Compiling crypto-common v0.1.6
[INFO] [stderr]    Compiling digest v0.10.7
[INFO] [stderr]    Compiling triomphe v0.1.14
[INFO] [stderr]    Compiling cov-mark v2.0.0
[INFO] [stderr]    Compiling blake2 v0.10.6
[INFO] [stderr]    Compiling ra_ap_syntax v0.0.199
[INFO] [stderr]    Compiling darling_core v0.20.10
[INFO] [stderr]    Compiling impl-serde v0.4.0
[INFO] [stderr]    Compiling darling_macro v0.20.10
[INFO] [stderr]    Compiling darling v0.20.10
[INFO] [stderr]    Compiling ink-analyzer-macro v0.7.2
[INFO] [stderr]    Compiling ink-analyzer-ir v0.14.0 (/opt/rustwide/workdir)
[INFO] [stderr]     Finished `dev` profile [unoptimized + debuginfo] target(s) in 20.79s
[INFO] [stderr] warning: the following packages contain code that will be rejected by a future version of Rust: ra_ap_stdx v0.0.199
[INFO] [stderr] note: to see what the problems were, use the option `--future-incompat-report`, or run `cargo report future-incompatibilities --id 1`
[INFO] running `Command { std: "docker" "inspect" "8d93bc97aa5615536d6839c0f3ed4db59774830c82b79128f27ea5d645965b71", kill_on_drop: false }`
[INFO] running `Command { std: "docker" "rm" "-f" "8d93bc97aa5615536d6839c0f3ed4db59774830c82b79128f27ea5d645965b71", kill_on_drop: false }`
[INFO] [stdout] 8d93bc97aa5615536d6839c0f3ed4db59774830c82b79128f27ea5d645965b71
[INFO] running `Command { std: "docker" "create" "-v" "/var/lib/crater-agent-workspace/builds/worker-1-tc1/target:/opt/rustwide/target:rw,Z" "-v" "/var/lib/crater-agent-workspace/builds/worker-1-tc1/source:/opt/rustwide/workdir:ro,Z" "-v" "/var/lib/crater-agent-workspace/cargo-home:/opt/rustwide/cargo-home:ro,Z" "-v" "/var/lib/crater-agent-workspace/rustup-home:/opt/rustwide/rustup-home:ro,Z" "-e" "SOURCE_DIR=/opt/rustwide/workdir" "-e" "CARGO_TARGET_DIR=/opt/rustwide/target" "-e" "CARGO_INCREMENTAL=0" "-e" "RUST_BACKTRACE=full" "-e" "RUSTFLAGS=--cap-lints=forbid" "-e" "RUSTDOCFLAGS=--cap-lints=forbid" "-e" "CARGO_HOME=/opt/rustwide/cargo-home" "-e" "RUSTUP_HOME=/opt/rustwide/rustup-home" "-w" "/opt/rustwide/workdir" "-m" "1610612736" "--user" "0:0" "--network" "none" "ghcr.io/rust-lang/crates-build-env/linux@sha256:4a844ea9eb2546a2d2c7022eacef16ef2e8229c7fbb2c7d4d55a9ceca922f72d" "/opt/rustwide/cargo-home/bin/cargo" "+nightly-2024-10-28" "test" "--frozen" "--no-run" "--message-format=json", kill_on_drop: false }`
[INFO] [stdout] 3d1c141124ca6f49e32d0f76df9cf2908f479d7d96903df1b8feb336f1ba0cdc
[INFO] running `Command { std: "docker" "start" "-a" "3d1c141124ca6f49e32d0f76df9cf2908f479d7d96903df1b8feb336f1ba0cdc", kill_on_drop: false }`
[INFO] [stderr]    Compiling unicode-ident v1.0.13
[INFO] [stderr]    Compiling proc-macro2 v1.0.89
[INFO] [stderr]    Compiling quote v1.0.37
[INFO] [stderr]    Compiling syn v2.0.86
[INFO] [stderr]    Compiling darling_core v0.20.10
[INFO] [stderr]    Compiling darling_macro v0.20.10
[INFO] [stderr]    Compiling darling v0.20.10
[INFO] [stderr]    Compiling ink-analyzer-macro v0.7.2
[INFO] [stderr]    Compiling ink-analyzer-ir v0.14.0 (/opt/rustwide/workdir)
[INFO] [stdout] error[E0432]: unresolved import `test_utils`
[INFO] [stdout]   --> src/attrs/meta/name.rs:38:9
[INFO] [stdout]    |
[INFO] [stdout] 38 |     use test_utils::quote_as_str;
[INFO] [stdout]    |         ^^^^^^^^^^ help: a similar path exists: `crate::test_utils`
[INFO] [stdout]    |
[INFO] [stdout]    = note: `use` statements changed in Rust 2018; read more at <https://doc.rust-lang.org/edition-guide/rust-2018/module-system/path-clarity.html>
[INFO] [stdout] 
[INFO] [stdout] 
[INFO] [stdout] error[E0432]: unresolved import `test_utils`
[INFO] [stdout]   --> src/attrs/meta/separator.rs:29:9
[INFO] [stdout]    |
[INFO] [stdout] 29 |     use test_utils::quote_as_str;
[INFO] [stdout]    |         ^^^^^^^^^^ help: a similar path exists: `crate::test_utils`
[INFO] [stdout]    |
[INFO] [stdout]    = note: `use` statements changed in Rust 2018; read more at <https://doc.rust-lang.org/edition-guide/rust-2018/module-system/path-clarity.html>
[INFO] [stdout] 
[INFO] [stdout] 
[INFO] [stdout] error[E0432]: unresolved import `test_utils`
[INFO] [stdout]    --> src/attrs/meta/value.rs:263:9
[INFO] [stdout]     |
[INFO] [stdout] 263 |     use test_utils::quote_as_str;
[INFO] [stdout]     |         ^^^^^^^^^^ help: a similar path exists: `crate::test_utils`
[INFO] [stdout]     |
[INFO] [stdout]     = note: `use` statements changed in Rust 2018; read more at <https://doc.rust-lang.org/edition-guide/rust-2018/module-system/path-clarity.html>
[INFO] [stdout] 
[INFO] [stdout] 
[INFO] [stdout] error[E0432]: unresolved import `test_utils`
[INFO] [stdout]    --> src/attrs/parser.rs:172:9
[INFO] [stdout]     |
[INFO] [stdout] 172 |     use test_utils::quote_as_str;
[INFO] [stdout]     |         ^^^^^^^^^^ help: a similar path exists: `crate::test_utils`
[INFO] [stdout]     |
[INFO] [stdout]     = note: `use` statements changed in Rust 2018; read more at <https://doc.rust-lang.org/edition-guide/rust-2018/module-system/path-clarity.html>
[INFO] [stdout] 
[INFO] [stdout] 
[INFO] [stdout] error[E0432]: unresolved import `test_utils`
[INFO] [stdout]    --> src/attrs.rs:374:9
[INFO] [stdout]     |
[INFO] [stdout] 374 |     use test_utils::quote_as_str;
[INFO] [stdout]     |         ^^^^^^^^^^ help: a similar path exists: `crate::test_utils`
[INFO] [stdout]     |
[INFO] [stdout]     = note: `use` statements changed in Rust 2018; read more at <https://doc.rust-lang.org/edition-guide/rust-2018/module-system/path-clarity.html>
[INFO] [stdout] 
[INFO] [stdout] 
[INFO] [stdout] error[E0432]: unresolved import `test_utils`
[INFO] [stdout]   --> src/chain_extension.rs:54:9
[INFO] [stdout]    |
[INFO] [stdout] 54 |     use test_utils::quote_as_str;
[INFO] [stdout]    |         ^^^^^^^^^^ help: a similar path exists: `crate::test_utils`
[INFO] [stdout]    |
[INFO] [stdout]    = note: `use` statements changed in Rust 2018; read more at <https://doc.rust-lang.org/edition-guide/rust-2018/module-system/path-clarity.html>
[INFO] [stdout] 
[INFO] [stdout] 
[INFO] [stdout] error[E0432]: unresolved import `test_utils`
[INFO] [stdout]   --> src/constructor.rs:24:9
[INFO] [stdout]    |
[INFO] [stdout] 24 |     use test_utils::quote_as_str;
[INFO] [stdout]    |         ^^^^^^^^^^ help: a similar path exists: `crate::test_utils`
[INFO] [stdout]    |
[INFO] [stdout]    = note: `use` statements changed in Rust 2018; read more at <https://doc.rust-lang.org/edition-guide/rust-2018/module-system/path-clarity.html>
[INFO] [stdout] 
[INFO] [stdout] 
[INFO] [stdout] error[E0432]: unresolved import `test_utils`
[INFO] [stdout]   --> src/contract.rs:45:9
[INFO] [stdout]    |
[INFO] [stdout] 45 |     use test_utils::quote_as_str;
[INFO] [stdout]    |         ^^^^^^^^^^ help: a similar path exists: `crate::test_utils`
[INFO] [stdout]    |
[INFO] [stdout]    = note: `use` statements changed in Rust 2018; read more at <https://doc.rust-lang.org/edition-guide/rust-2018/module-system/path-clarity.html>
[INFO] [stdout] 
[INFO] [stdout] 
[INFO] [stdout] error[E0432]: unresolved import `test_utils`
[INFO] [stdout]   --> src/event.rs:32:9
[INFO] [stdout]    |
[INFO] [stdout] 32 |     use test_utils::quote_as_str;
[INFO] [stdout]    |         ^^^^^^^^^^ help: a similar path exists: `crate::test_utils`
[INFO] [stdout]    |
[INFO] [stdout]    = note: `use` statements changed in Rust 2018; read more at <https://doc.rust-lang.org/edition-guide/rust-2018/module-system/path-clarity.html>
[INFO] [stdout] 
[INFO] [stdout] 
[INFO] [stdout] error[E0432]: unresolved import `test_utils`
[INFO] [stdout]   --> src/event_v2.rs:34:9
[INFO] [stdout]    |
[INFO] [stdout] 34 |     use test_utils::quote_as_str;
[INFO] [stdout]    |         ^^^^^^^^^^ help: a similar path exists: `crate::test_utils`
[INFO] [stdout]    |
[INFO] [stdout]    = note: `use` statements changed in Rust 2018; read more at <https://doc.rust-lang.org/edition-guide/rust-2018/module-system/path-clarity.html>
[INFO] [stdout] 
[INFO] [stdout] 
[INFO] [stdout] error[E0432]: unresolved import `test_utils`
[INFO] [stdout]   --> src/extension.rs:33:9
[INFO] [stdout]    |
[INFO] [stdout] 33 |     use test_utils::quote_as_str;
[INFO] [stdout]    |         ^^^^^^^^^^ help: a similar path exists: `crate::test_utils`
[INFO] [stdout]    |
[INFO] [stdout]    = note: `use` statements changed in Rust 2018; read more at <https://doc.rust-lang.org/edition-guide/rust-2018/module-system/path-clarity.html>
[INFO] [stdout] 
[INFO] [stdout] 
[INFO] [stdout] error[E0432]: unresolved import `test_utils`
[INFO] [stdout]   --> src/file.rs:44:9
[INFO] [stdout]    |
[INFO] [stdout] 44 |     use test_utils::quote_as_str;
[INFO] [stdout]    |         ^^^^^^^^^^ help: a similar path exists: `crate::test_utils`
[INFO] [stdout]    |
[INFO] [stdout]    = note: `use` statements changed in Rust 2018; read more at <https://doc.rust-lang.org/edition-guide/rust-2018/module-system/path-clarity.html>
[INFO] [stdout] 
[INFO] [stdout] 
[INFO] [stdout] error[E0432]: unresolved import `test_utils`
[INFO] [stdout]   --> src/function.rs:33:9
[INFO] [stdout]    |
[INFO] [stdout] 33 |     use test_utils::quote_as_str;
[INFO] [stdout]    |         ^^^^^^^^^^ help: a similar path exists: `crate::test_utils`
[INFO] [stdout]    |
[INFO] [stdout]    = note: `use` statements changed in Rust 2018; read more at <https://doc.rust-lang.org/edition-guide/rust-2018/module-system/path-clarity.html>
[INFO] [stdout] 
[INFO] [stdout] 
[INFO] [stdout] error[E0432]: unresolved import `test_utils`
[INFO] [stdout]   --> src/ink_e2e_test.rs:38:9
[INFO] [stdout]    |
[INFO] [stdout] 38 |     use test_utils::quote_as_str;
[INFO] [stdout]    |         ^^^^^^^^^^ help: a similar path exists: `crate::test_utils`
[INFO] [stdout]    |
[INFO] [stdout]    = note: `use` statements changed in Rust 2018; read more at <https://doc.rust-lang.org/edition-guide/rust-2018/module-system/path-clarity.html>
[INFO] [stdout] 
[INFO] [stdout] 
[INFO] [stdout] error[E0432]: unresolved import `test_utils`
[INFO] [stdout]   --> src/ink_impl.rs:89:9
[INFO] [stdout]    |
[INFO] [stdout] 89 |     use test_utils::quote_as_str;
[INFO] [stdout]    |         ^^^^^^^^^^ help: a similar path exists: `crate::test_utils`
[INFO] [stdout]    |
[INFO] [stdout]    = note: `use` statements changed in Rust 2018; read more at <https://doc.rust-lang.org/edition-guide/rust-2018/module-system/path-clarity.html>
[INFO] [stdout] 
[INFO] [stdout] 
[INFO] [stdout] error[E0432]: unresolved import `test_utils`
[INFO] [stdout]   --> src/ink_test.rs:20:9
[INFO] [stdout]    |
[INFO] [stdout] 20 |     use test_utils::quote_as_str;
[INFO] [stdout]    |         ^^^^^^^^^^ help: a similar path exists: `crate::test_utils`
[INFO] [stdout]    |
[INFO] [stdout]    = note: `use` statements changed in Rust 2018; read more at <https://doc.rust-lang.org/edition-guide/rust-2018/module-system/path-clarity.html>
[INFO] [stdout] 
[INFO] [stdout] 
[INFO] [stdout] error[E0432]: unresolved import `test_utils`
[INFO] [stdout]   --> src/message.rs:24:9
[INFO] [stdout]    |
[INFO] [stdout] 24 |     use test_utils::quote_as_str;
[INFO] [stdout]    |         ^^^^^^^^^^ help: a similar path exists: `crate::test_utils`
[INFO] [stdout]    |
[INFO] [stdout]    = note: `use` statements changed in Rust 2018; read more at <https://doc.rust-lang.org/edition-guide/rust-2018/module-system/path-clarity.html>
[INFO] [stdout] 
[INFO] [stdout] 
[INFO] [stdout] error[E0432]: unresolved import `test_utils`
[INFO] [stdout]   --> src/scale_derive.rs:28:9
[INFO] [stdout]    |
[INFO] [stdout] 28 |     use test_utils::quote_as_str;
[INFO] [stdout]    |         ^^^^^^^^^^ help: a similar path exists: `crate::test_utils`
[INFO] [stdout]    |
[INFO] [stdout]    = note: `use` statements changed in Rust 2018; read more at <https://doc.rust-lang.org/edition-guide/rust-2018/module-system/path-clarity.html>
[INFO] [stdout] 
[INFO] [stdout] 
[INFO] [stdout] error[E0432]: unresolved import `test_utils`
[INFO] [stdout]   --> src/storage.rs:20:9
[INFO] [stdout]    |
[INFO] [stdout] 20 |     use test_utils::quote_as_str;
[INFO] [stdout]    |         ^^^^^^^^^^ help: a similar path exists: `crate::test_utils`
[INFO] [stdout]    |
[INFO] [stdout]    = note: `use` statements changed in Rust 2018; read more at <https://doc.rust-lang.org/edition-guide/rust-2018/module-system/path-clarity.html>
[INFO] [stdout] 
[INFO] [stdout] 
[INFO] [stdout] error[E0432]: unresolved import `test_utils`
[INFO] [stdout]   --> src/storage_item.rs:25:9
[INFO] [stdout]    |
[INFO] [stdout] 25 |     use test_utils::quote_as_str;
[INFO] [stdout]    |         ^^^^^^^^^^ help: a similar path exists: `crate::test_utils`
[INFO] [stdout]    |
[INFO] [stdout]    = note: `use` statements changed in Rust 2018; read more at <https://doc.rust-lang.org/edition-guide/rust-2018/module-system/path-clarity.html>
[INFO] [stdout] 
[INFO] [stdout] 
[INFO] [stdout] error[E0432]: unresolved import `test_utils`
[INFO] [stdout]   --> src/topic.rs:23:9
[INFO] [stdout]    |
[INFO] [stdout] 23 |     use test_utils::quote_as_str;
[INFO] [stdout]    |         ^^^^^^^^^^ help: a similar path exists: `crate::test_utils`
[INFO] [stdout]    |
[INFO] [stdout]    = note: `use` statements changed in Rust 2018; read more at <https://doc.rust-lang.org/edition-guide/rust-2018/module-system/path-clarity.html>
[INFO] [stdout] 
[INFO] [stdout] 
[INFO] [stdout] error[E0432]: unresolved import `test_utils`
[INFO] [stdout]   --> src/trait_definition.rs:30:9
[INFO] [stdout]    |
[INFO] [stdout] 30 |     use test_utils::quote_as_str;
[INFO] [stdout]    |         ^^^^^^^^^^ help: a similar path exists: `crate::test_utils`
[INFO] [stdout]    |
[INFO] [stdout]    = note: `use` statements changed in Rust 2018; read more at <https://doc.rust-lang.org/edition-guide/rust-2018/module-system/path-clarity.html>
[INFO] [stdout] 
[INFO] [stdout] 
[INFO] [stdout] error[E0432]: unresolved import `test_utils`
[INFO] [stdout]   --> src/environment.rs:87:9
[INFO] [stdout]    |
[INFO] [stdout] 87 |     use test_utils::{quote_as_str, remove_whitespace};
[INFO] [stdout]    |         ^^^^^^^^^^ help: a similar path exists: `crate::test_utils`
[INFO] [stdout]    |
[INFO] [stdout]    = note: `use` statements changed in Rust 2018; read more at <https://doc.rust-lang.org/edition-guide/rust-2018/module-system/path-clarity.html>
[INFO] [stdout] 
[INFO] [stdout] 
[INFO] [stdout] error[E0432]: unresolved import `test_utils`
[INFO] [stdout]    --> src/selector.rs:244:9
[INFO] [stdout]     |
[INFO] [stdout] 244 |     use test_utils::quote_as_str;
[INFO] [stdout]     |         ^^^^^^^^^^ help: a similar path exists: `crate::test_utils`
[INFO] [stdout]     |
[INFO] [stdout]     = note: `use` statements changed in Rust 2018; read more at <https://doc.rust-lang.org/edition-guide/rust-2018/module-system/path-clarity.html>
[INFO] [stdout] 
[INFO] [stdout] 
[INFO] [stdout] error[E0432]: unresolved import `test_utils`
[INFO] [stdout]    --> src/tree/ast_ext.rs:411:9
[INFO] [stdout]     |
[INFO] [stdout] 411 |     use test_utils::quote_as_str;
[INFO] [stdout]     |         ^^^^^^^^^^ help: a similar path exists: `crate::test_utils`
[INFO] [stdout]     |
[INFO] [stdout]     = note: `use` statements changed in Rust 2018; read more at <https://doc.rust-lang.org/edition-guide/rust-2018/module-system/path-clarity.html>
[INFO] [stdout] 
[INFO] [stdout] 
[INFO] [stdout] error[E0432]: unresolved import `test_utils`
[INFO] [stdout]    --> src/tree/item_at_offset.rs:304:9
[INFO] [stdout]     |
[INFO] [stdout] 304 |     use test_utils::parse_offset_at;
[INFO] [stdout]     |         ^^^^^^^^^^ help: a similar path exists: `crate::test_utils`
[INFO] [stdout]     |
[INFO] [stdout]     = note: `use` statements changed in Rust 2018; read more at <https://doc.rust-lang.org/edition-guide/rust-2018/module-system/path-clarity.html>
[INFO] [stdout] 
[INFO] [stdout] 
[INFO] [stdout] error[E0432]: unresolved import `test_utils`
[INFO] [stdout]    --> src/tree/utils.rs:261:9
[INFO] [stdout]     |
[INFO] [stdout] 261 |     use test_utils::quote_as_str;
[INFO] [stdout]     |         ^^^^^^^^^^ help: a similar path exists: `crate::test_utils`
[INFO] [stdout]     |
[INFO] [stdout]     = note: `use` statements changed in Rust 2018; read more at <https://doc.rust-lang.org/edition-guide/rust-2018/module-system/path-clarity.html>
[INFO] [stdout] 
[INFO] [stdout] 
[INFO] [stdout] For more information about this error, try `rustc --explain E0432`.
[INFO] [stdout] 
[INFO] [stderr] error: could not compile `ink-analyzer-ir` (lib test) due to 27 previous errors
[INFO] [stderr] warning: build failed, waiting for other jobs to finish...
[INFO] running `Command { std: "docker" "inspect" "3d1c141124ca6f49e32d0f76df9cf2908f479d7d96903df1b8feb336f1ba0cdc", kill_on_drop: false }`
[INFO] running `Command { std: "docker" "rm" "-f" "3d1c141124ca6f49e32d0f76df9cf2908f479d7d96903df1b8feb336f1ba0cdc", kill_on_drop: false }`
[INFO] [stdout] 3d1c141124ca6f49e32d0f76df9cf2908f479d7d96903df1b8feb336f1ba0cdc
