[INFO] fetching crate inexor-rgf-plugin-arithmetic 0.9.1...
[INFO] testing inexor-rgf-plugin-arithmetic-0.9.1 against nightly-2024-10-28 for randomize-layout
[INFO] extracting crate inexor-rgf-plugin-arithmetic 0.9.1 into /workspace/builds/worker-2-tc1/source
[INFO] validating manifest of crates.io crate inexor-rgf-plugin-arithmetic 0.9.1 on toolchain nightly-2024-10-28
[INFO] running `Command { std: CARGO_HOME="/workspace/cargo-home" RUSTUP_HOME="/workspace/rustup-home" "/workspace/cargo-home/bin/cargo" "+nightly-2024-10-28" "metadata" "--manifest-path" "Cargo.toml" "--no-deps", kill_on_drop: false }`
[INFO] started tweaking crates.io crate inexor-rgf-plugin-arithmetic 0.9.1
[INFO] finished tweaking crates.io crate inexor-rgf-plugin-arithmetic 0.9.1
[INFO] tweaked toml for crates.io crate inexor-rgf-plugin-arithmetic 0.9.1 written to /workspace/builds/worker-2-tc1/source/Cargo.toml
[INFO] running `Command { std: CARGO_HOME="/workspace/cargo-home" RUSTUP_HOME="/workspace/rustup-home" "/workspace/cargo-home/bin/cargo" "+nightly-2024-10-28" "generate-lockfile" "--manifest-path" "Cargo.toml", kill_on_drop: false }`
[INFO] [stderr]     Updating crates.io index
[INFO] [stderr]      Locking 204 packages to latest compatible versions
[INFO] [stderr]       Adding dashmap v5.5.3 (available: v6.1.0)
[INFO] [stderr]       Adding indradb-lib v3.0.4 (available: v4.0.0)
[INFO] [stderr]       Adding rust-embed v6.8.1 (available: v8.5.0)
[INFO] [stderr]       Adding strum v0.24.1 (available: v0.26.3)
[INFO] [stderr]       Adding strum_macros v0.24.3 (available: v0.26.4)
[INFO] running `Command { std: CARGO_HOME="/workspace/cargo-home" RUSTUP_HOME="/workspace/rustup-home" "/workspace/cargo-home/bin/cargo" "+nightly-2024-10-28" "fetch" "--manifest-path" "Cargo.toml", kill_on_drop: false }`
[INFO] [stderr]  Downloading crates ...
[INFO] [stderr]   Downloaded libflate_lz77 v1.2.0
[INFO] [stderr]   Downloaded inexor-rgf-model-trigger v0.9.1
[INFO] [stderr]   Downloaded include-flate-codegen v0.1.4
[INFO] [stderr]   Downloaded query_interface v0.3.5
[INFO] [stderr]   Downloaded libflate v1.4.0
[INFO] [stderr]   Downloaded include-flate-codegen-exports v0.1.4
[INFO] [stderr]   Downloaded inexor-rgf-core-config v0.9.1
[INFO] [stderr]   Downloaded inexor-rgf-model-arithmetic v0.9.1
[INFO] [stderr]   Downloaded inexor-rgf-model-runtime v0.9.1
[INFO] [stderr]   Downloaded inexor-rgf-core-di v0.9.1
[INFO] [stderr]   Downloaded inexor-rgf-model-command v0.9.1
[INFO] [stderr]   Downloaded inexor-rgf-core-di-codegen v0.9.1
[INFO] [stderr]   Downloaded inexor-rgf-core-plugins v0.9.1
[INFO] [stderr]   Downloaded inexor-rgf-core-builder v0.9.1
[INFO] [stderr]   Downloaded inexor-rgf-core-model v0.9.1
[INFO] [stderr]   Downloaded indradb-lib v3.0.4
[INFO] [stderr]   Downloaded inexor-rgf-model-result v0.9.1
[INFO] [stderr]   Downloaded reword v7.0.0
[INFO] [stderr]   Downloaded inexor-rgf-core-reactive v0.9.1
[INFO] [stderr]   Downloaded inexor-rgf-core-frp v0.9.1
[INFO] [stderr]   Downloaded include-flate v0.2.0
[INFO] [stderr]   Downloaded license v3.5.1+3.25.0
[INFO] running `Command { std: "docker" "create" "-v" "/var/lib/crater-agent-workspace/builds/worker-2-tc1/target:/opt/rustwide/target:rw,Z" "-v" "/var/lib/crater-agent-workspace/builds/worker-2-tc1/source:/opt/rustwide/workdir:ro,Z" "-v" "/var/lib/crater-agent-workspace/cargo-home:/opt/rustwide/cargo-home:ro,Z" "-v" "/var/lib/crater-agent-workspace/rustup-home:/opt/rustwide/rustup-home:ro,Z" "-e" "SOURCE_DIR=/opt/rustwide/workdir" "-e" "CARGO_TARGET_DIR=/opt/rustwide/target" "-e" "CARGO_HOME=/opt/rustwide/cargo-home" "-e" "RUSTUP_HOME=/opt/rustwide/rustup-home" "-w" "/opt/rustwide/workdir" "-m" "1610612736" "--user" "0:0" "--network" "none" "ghcr.io/rust-lang/crates-build-env/linux@sha256:4a844ea9eb2546a2d2c7022eacef16ef2e8229c7fbb2c7d4d55a9ceca922f72d" "/opt/rustwide/cargo-home/bin/cargo" "+nightly-2024-10-28" "metadata" "--no-deps" "--format-version=1", kill_on_drop: false }`
[INFO] [stdout] 4186fda2b3191a1ef6a9f1575e820a8ff5efe5309415b0f3567fbd012e89089b
[INFO] running `Command { std: "docker" "start" "-a" "4186fda2b3191a1ef6a9f1575e820a8ff5efe5309415b0f3567fbd012e89089b", kill_on_drop: false }`
[INFO] running `Command { std: "docker" "inspect" "4186fda2b3191a1ef6a9f1575e820a8ff5efe5309415b0f3567fbd012e89089b", kill_on_drop: false }`
[INFO] running `Command { std: "docker" "rm" "-f" "4186fda2b3191a1ef6a9f1575e820a8ff5efe5309415b0f3567fbd012e89089b", kill_on_drop: false }`
[INFO] [stdout] 4186fda2b3191a1ef6a9f1575e820a8ff5efe5309415b0f3567fbd012e89089b
[INFO] running `Command { std: "docker" "create" "-v" "/var/lib/crater-agent-workspace/builds/worker-2-tc1/target:/opt/rustwide/target:rw,Z" "-v" "/var/lib/crater-agent-workspace/builds/worker-2-tc1/source:/opt/rustwide/workdir:ro,Z" "-v" "/var/lib/crater-agent-workspace/cargo-home:/opt/rustwide/cargo-home:ro,Z" "-v" "/var/lib/crater-agent-workspace/rustup-home:/opt/rustwide/rustup-home:ro,Z" "-e" "SOURCE_DIR=/opt/rustwide/workdir" "-e" "CARGO_TARGET_DIR=/opt/rustwide/target" "-e" "CARGO_INCREMENTAL=0" "-e" "RUST_BACKTRACE=full" "-e" "RUSTFLAGS=--cap-lints=forbid" "-e" "RUSTDOCFLAGS=--cap-lints=forbid" "-e" "CARGO_HOME=/opt/rustwide/cargo-home" "-e" "RUSTUP_HOME=/opt/rustwide/rustup-home" "-w" "/opt/rustwide/workdir" "-m" "1610612736" "--user" "0:0" "--network" "none" "ghcr.io/rust-lang/crates-build-env/linux@sha256:4a844ea9eb2546a2d2c7022eacef16ef2e8229c7fbb2c7d4d55a9ceca922f72d" "/opt/rustwide/cargo-home/bin/cargo" "+nightly-2024-10-28" "build" "--frozen" "--message-format=json", kill_on_drop: false }`
[INFO] [stdout] b40e181026df6949b06e0a512129c53c411953a15a56780f7fe4a2872ec2f2b9
[INFO] running `Command { std: "docker" "start" "-a" "b40e181026df6949b06e0a512129c53c411953a15a56780f7fe4a2872ec2f2b9", kill_on_drop: false }`
[INFO] [stderr]    Compiling memchr v2.7.4
[INFO] [stderr]    Compiling syn v1.0.109
[INFO] [stderr]    Compiling syn v2.0.86
[INFO] [stderr]    Compiling getrandom v0.2.15
[INFO] [stderr]    Compiling lock_api v0.4.12
[INFO] [stderr]    Compiling parking_lot_core v0.9.10
[INFO] [stderr]    Compiling scopeguard v1.2.0
[INFO] [stderr]    Compiling winnow v0.6.20
[INFO] [stderr]    Compiling bytemuck v1.19.0
[INFO] [stderr]    Compiling rand_core v0.6.4
[INFO] [stderr]    Compiling destructure_traitobject v0.2.0
[INFO] [stderr]    Compiling unsafe-any-ors v1.0.0
[INFO] [stderr]    Compiling atomic v0.6.0
[INFO] [stderr]    Compiling ordered-float v2.10.1
[INFO] [stderr]    Compiling unsafe-libyaml v0.2.11
[INFO] [stderr]    Compiling rustix v0.38.38
[INFO] [stderr]    Compiling sha1_smol v1.0.1
[INFO] [stderr]    Compiling parking_lot v0.12.3
[INFO] [stderr]    Compiling typemap-ors v1.0.0
[INFO] [stderr]    Compiling thread-id v4.2.2
[INFO] [stderr]    Compiling arc-swap v1.7.1
[INFO] [stderr]    Compiling humantime v2.1.0
[INFO] [stderr]    Compiling log-mdc v0.1.0
[INFO] [stderr]    Compiling bitflags v2.6.0
[INFO] [stderr]    Compiling linux-raw-sys v0.4.14
[INFO] [stderr]    Compiling rmp v0.8.14
[INFO] [stderr]    Compiling fastrand v2.1.1
[INFO] [stderr]    Compiling either v1.13.0
[INFO] [stderr]    Compiling rayon v1.10.0
[INFO] [stderr]    Compiling hashbrown v0.14.5
[INFO] [stderr]    Compiling typenum v1.17.0
[INFO] [stderr]    Compiling semver v1.0.23
[INFO] [stderr]    Compiling generic-array v0.14.7
[INFO] [stderr]    Compiling dashmap v5.5.3
[INFO] [stderr]    Compiling ahash v0.7.8
[INFO] [stderr]    Compiling ucd-trie v0.1.7
[INFO] [stderr]    Compiling unicode-segmentation v1.12.0
[INFO] [stderr]    Compiling winnow v0.5.40
[INFO] [stderr]    Compiling reword v7.0.0
[INFO] [stderr]    Compiling utf8parse v0.2.2
[INFO] [stderr]    Compiling rle-decode-fast v1.0.3
[INFO] [stderr]    Compiling anstyle-parse v0.2.6
[INFO] [stderr]    Compiling libflate_lz77 v1.2.0
[INFO] [stderr]    Compiling block-buffer v0.10.4
[INFO] [stderr]    Compiling crypto-common v0.1.6
[INFO] [stderr]    Compiling anstyle-query v1.1.2
[INFO] [stderr]    Compiling is_terminal_polyfill v1.70.1
[INFO] [stderr]    Compiling colorchoice v1.0.3
[INFO] [stderr]    Compiling adler32 v1.2.0
[INFO] [stderr]    Compiling anstream v0.6.17
[INFO] [stderr]    Compiling hashbrown v0.12.3
[INFO] [stderr]    Compiling libflate v1.4.0
[INFO] [stderr]    Compiling digest v0.10.7
[INFO] [stderr]    Compiling tempfile v3.13.0
[INFO] [stderr]    Compiling aho-corasick v1.1.3
[INFO] [stderr]    Compiling cpufeatures v0.2.14
[INFO] [stderr]    Compiling strsim v0.11.1
[INFO] [stderr]    Compiling regex-syntax v0.8.5
[INFO] [stderr]    Compiling dlv-list v0.3.0
[INFO] [stderr]    Compiling clap_builder v4.5.20
[INFO] [stderr]    Compiling ordered-multimap v0.4.3
[INFO] [stderr]    Compiling sha2 v0.10.8
[INFO] [stderr]    Compiling rustc_version v0.4.1
[INFO] [stderr]    Compiling linked-hash-map v0.5.6
[INFO] [stderr]    Compiling base64 v0.13.1
[INFO] [stderr]    Compiling yaml-rust v0.4.5
[INFO] [stderr]    Compiling rust-embed-utils v7.8.1
[INFO] [stderr]    Compiling inexor-rgf-core-plugins v0.9.1
[INFO] [stderr]    Compiling serde_derive v1.0.214
[INFO] [stderr]    Compiling thiserror-impl v1.0.66
[INFO] [stderr]    Compiling zerocopy-derive v0.7.35
[INFO] [stderr]    Compiling clap_derive v4.5.18
[INFO] [stderr]    Compiling zerocopy v0.7.35
[INFO] [stderr]    Compiling derivative v2.2.0
[INFO] [stderr]    Compiling thiserror v1.0.66
[INFO] [stderr]    Compiling strum_macros v0.24.3
[INFO] [stderr]    Compiling ppv-lite86 v0.2.20
[INFO] [stderr]    Compiling pest v2.7.14
[INFO] [stderr]    Compiling rand_chacha v0.3.1
[INFO] [stderr]    Compiling rand v0.8.5
[INFO] [stderr]    Compiling strum v0.24.1
[INFO] [stderr]    Compiling include-flate-codegen v0.1.4
[INFO] [stderr]    Compiling regex-automata v0.4.8
[INFO] [stderr]    Compiling async-trait v0.1.83
[INFO] [stderr]    Compiling clap v4.5.20
[INFO] [stderr]    Compiling nom v7.1.3
[INFO] [stderr]    Compiling pest_meta v2.7.14
[INFO] [stderr]    Compiling include-flate-codegen-exports v0.1.4
[INFO] [stderr]    Compiling rust-ini v0.18.0
[INFO] [stderr]    Compiling num_cpus v1.16.0
[INFO] [stderr]    Compiling serde v1.0.214
[INFO] [stderr]    Compiling pathdiff v0.2.2
[INFO] [stderr]    Compiling http v0.2.12
[INFO] [stderr]    Compiling include-flate v0.2.0
[INFO] [stderr]    Compiling pest_generator v2.7.14
[INFO] [stderr]    Compiling rust-embed-impl v6.8.1
[INFO] [stderr]    Compiling inexor-rgf-plugin-arithmetic v0.9.1 (/opt/rustwide/workdir)
[INFO] [stderr]    Compiling rust-embed v6.8.1
[INFO] [stderr]    Compiling query_interface v0.3.5
[INFO] [stderr]    Compiling regex v1.11.1
[INFO] [stderr]    Compiling pest_derive v2.7.14
[INFO] [stderr]    Compiling inexor-rgf-core-di-codegen v0.9.1
[INFO] [stderr]    Compiling serde_json v1.0.132
[INFO] [stderr]    Compiling serde_spanned v0.6.8
[INFO] [stderr]    Compiling toml_datetime v0.6.8
[INFO] [stderr]    Compiling chrono v0.4.38
[INFO] [stderr]    Compiling log v0.4.22
[INFO] [stderr]    Compiling uuid v1.11.0
[INFO] [stderr]    Compiling serde_yaml v0.9.34+deprecated
[INFO] [stderr]    Compiling toml_edit v0.22.22
[INFO] [stderr]    Compiling serde-value v0.7.0
[INFO] [stderr]    Compiling bincode v1.3.3
[INFO] [stderr]    Compiling rmp-serde v1.3.0
[INFO] [stderr]    Compiling toml_edit v0.19.15
[INFO] [stderr]    Compiling json5 v0.4.1
[INFO] [stderr]    Compiling ron v0.7.1
[INFO] [stderr]    Compiling toml v0.5.11
[INFO] [stderr]    Compiling indradb-lib v3.0.4
[INFO] [stderr]    Compiling license v3.5.1+3.25.0
[INFO] [stderr]    Compiling config v0.13.4
[INFO] [stderr]    Compiling toml v0.8.19
[INFO] [stderr]    Compiling toml v0.7.8
[INFO] [stderr]    Compiling log4rs v1.3.0
[INFO] [stderr]    Compiling inexor-rgf-core-di v0.9.1
[INFO] [stderr]    Compiling inexor-rgf-core-frp v0.9.1
[INFO] [stderr]    Compiling inexor-rgf-core-config v0.9.1
[INFO] [stderr]    Compiling inexor-rgf-core-model v0.9.1
[INFO] [stderr]    Compiling inexor-rgf-core-builder v0.9.1
[INFO] [stderr]    Compiling inexor-rgf-core-reactive v0.9.1
[INFO] [stdout] note: doc comments are ignored in matcher position
[INFO] [stdout]   --> /opt/rustwide/cargo-home/registry/src/index.crates.io-6f17d22bba15001f/inexor-rgf-core-reactive-0.9.1/src/behaviour/entity/behaviour.rs:15:13
[INFO] [stdout]    |
[INFO] [stdout] 15 |             /// Function name.
[INFO] [stdout]    |             ^^^^^^^^^^^^^^^^^^
[INFO] [stdout] 
[INFO] [stdout] 
[INFO] [stdout] note: doc comments are ignored in matcher position
[INFO] [stdout]   --> /opt/rustwide/cargo-home/registry/src/index.crates.io-6f17d22bba15001f/inexor-rgf-core-reactive-0.9.1/src/behaviour/entity/behaviour.rs:17:13
[INFO] [stdout]    |
[INFO] [stdout] 17 |             /// Function.
[INFO] [stdout]    |             ^^^^^^^^^^^^^
[INFO] [stdout] 
[INFO] [stdout] 
[INFO] [stdout] note: doc comments are ignored in matcher position
[INFO] [stdout]   --> /opt/rustwide/cargo-home/registry/src/index.crates.io-6f17d22bba15001f/inexor-rgf-core-reactive-0.9.1/src/behaviour/relation/behaviour.rs:15:13
[INFO] [stdout]    |
[INFO] [stdout] 15 |             /// Function name.
[INFO] [stdout]    |             ^^^^^^^^^^^^^^^^^^
[INFO] [stdout] 
[INFO] [stdout] 
[INFO] [stdout] note: doc comments are ignored in matcher position
[INFO] [stdout]   --> /opt/rustwide/cargo-home/registry/src/index.crates.io-6f17d22bba15001f/inexor-rgf-core-reactive-0.9.1/src/behaviour/relation/behaviour.rs:17:13
[INFO] [stdout]    |
[INFO] [stdout] 17 |             /// Function.
[INFO] [stdout]    |             ^^^^^^^^^^^^^
[INFO] [stdout] 
[INFO] [stdout] 
[INFO] [stderr]    Compiling inexor-rgf-model-runtime v0.9.1
[INFO] [stderr]    Compiling inexor-rgf-model-command v0.9.1
[INFO] [stderr]    Compiling inexor-rgf-model-result v0.9.1
[INFO] [stderr]    Compiling inexor-rgf-model-trigger v0.9.1
[INFO] [stderr]    Compiling inexor-rgf-model-arithmetic v0.9.1
[INFO] [stdout] note: doc comments are ignored in matcher position
[INFO] [stdout]   --> /opt/rustwide/cargo-home/registry/src/index.crates.io-6f17d22bba15001f/inexor-rgf-core-reactive-0.9.1/src/behaviour/entity/behaviour.rs:15:13
[INFO] [stdout]    |
[INFO] [stdout] 15 |             /// Function name.
[INFO] [stdout]    |             ^^^^^^^^^^^^^^^^^^
[INFO] [stdout] 
[INFO] [stdout] 
[INFO] [stdout] note: doc comments are ignored in matcher position
[INFO] [stdout]   --> /opt/rustwide/cargo-home/registry/src/index.crates.io-6f17d22bba15001f/inexor-rgf-core-reactive-0.9.1/src/behaviour/entity/behaviour.rs:17:13
[INFO] [stdout]    |
[INFO] [stdout] 17 |             /// Function.
[INFO] [stdout]    |             ^^^^^^^^^^^^^
[INFO] [stdout] 
[INFO] [stdout] 
[INFO] [stderr]     Finished `dev` profile [unoptimized + debuginfo] target(s) in 17.80s
[INFO] running `Command { std: "docker" "inspect" "b40e181026df6949b06e0a512129c53c411953a15a56780f7fe4a2872ec2f2b9", kill_on_drop: false }`
[INFO] running `Command { std: "docker" "rm" "-f" "b40e181026df6949b06e0a512129c53c411953a15a56780f7fe4a2872ec2f2b9", kill_on_drop: false }`
[INFO] [stdout] b40e181026df6949b06e0a512129c53c411953a15a56780f7fe4a2872ec2f2b9
[INFO] running `Command { std: "docker" "create" "-v" "/var/lib/crater-agent-workspace/builds/worker-2-tc1/target:/opt/rustwide/target:rw,Z" "-v" "/var/lib/crater-agent-workspace/builds/worker-2-tc1/source:/opt/rustwide/workdir:ro,Z" "-v" "/var/lib/crater-agent-workspace/cargo-home:/opt/rustwide/cargo-home:ro,Z" "-v" "/var/lib/crater-agent-workspace/rustup-home:/opt/rustwide/rustup-home:ro,Z" "-e" "SOURCE_DIR=/opt/rustwide/workdir" "-e" "CARGO_TARGET_DIR=/opt/rustwide/target" "-e" "CARGO_INCREMENTAL=0" "-e" "RUST_BACKTRACE=full" "-e" "RUSTFLAGS=--cap-lints=forbid" "-e" "RUSTDOCFLAGS=--cap-lints=forbid" "-e" "CARGO_HOME=/opt/rustwide/cargo-home" "-e" "RUSTUP_HOME=/opt/rustwide/rustup-home" "-w" "/opt/rustwide/workdir" "-m" "1610612736" "--user" "0:0" "--network" "none" "ghcr.io/rust-lang/crates-build-env/linux@sha256:4a844ea9eb2546a2d2c7022eacef16ef2e8229c7fbb2c7d4d55a9ceca922f72d" "/opt/rustwide/cargo-home/bin/cargo" "+nightly-2024-10-28" "test" "--frozen" "--no-run" "--message-format=json", kill_on_drop: false }`
[INFO] [stdout] 928aa1df78216559e0dfcd7e14cb3563ab1c7de3f072b372ea3c02e6bd203773
[INFO] running `Command { std: "docker" "start" "-a" "928aa1df78216559e0dfcd7e14cb3563ab1c7de3f072b372ea3c02e6bd203773", kill_on_drop: false }`
[INFO] [stderr]    Compiling inexor-rgf-plugin-arithmetic v0.9.1 (/opt/rustwide/workdir)
[INFO] [stdout] note: doc comments are ignored in matcher position
[INFO] [stdout]   --> /opt/rustwide/cargo-home/registry/src/index.crates.io-6f17d22bba15001f/inexor-rgf-core-reactive-0.9.1/src/behaviour/entity/behaviour.rs:15:13
[INFO] [stdout]    |
[INFO] [stdout] 15 |             /// Function name.
[INFO] [stdout]    |             ^^^^^^^^^^^^^^^^^^
[INFO] [stdout] 
[INFO] [stdout] 
[INFO] [stdout] note: doc comments are ignored in matcher position
[INFO] [stdout]   --> /opt/rustwide/cargo-home/registry/src/index.crates.io-6f17d22bba15001f/inexor-rgf-core-reactive-0.9.1/src/behaviour/entity/behaviour.rs:17:13
[INFO] [stdout]    |
[INFO] [stdout] 17 |             /// Function.
[INFO] [stdout]    |             ^^^^^^^^^^^^^
[INFO] [stdout] 
[INFO] [stdout] 
[INFO] [stdout] error[E0599]: no method named `trigger` found for struct `inexor_rgf_model_arithmetic::Counter` in the current scope
[INFO] [stdout]   --> src/tests/counter_test.rs:29:17
[INFO] [stdout]    |
[INFO] [stdout] 29 |         counter.trigger();
[INFO] [stdout]    |                 ^^^^^^^ method not found in `Counter`
[INFO] [stdout]    |
[INFO] [stdout]   ::: /opt/rustwide/cargo-home/registry/src/index.crates.io-6f17d22bba15001f/inexor-rgf-model-runtime-0.9.1/src/component/action.rs:12:1
[INFO] [stdout]    |
[INFO] [stdout] 12 | component_model!(Action, trigger);
[INFO] [stdout]    | --------------------------------- the method is available for `inexor_rgf_model_arithmetic::Counter` here
[INFO] [stdout]    |
[INFO] [stdout]    = help: items from traits can only be used if the trait is in scope
[INFO] [stdout] help: trait `Action` which provides `trigger` is implemented but not in scope; perhaps you want to import it
[INFO] [stdout]    |
[INFO] [stdout] 1  + use inexor_rgf_model_runtime::component::action::Action;
[INFO] [stdout]    |
[INFO] [stdout] 
[INFO] [stdout] 
[INFO] [stdout] error[E0599]: no method named `trigger` found for struct `inexor_rgf_model_arithmetic::Counter` in the current scope
[INFO] [stdout]   --> src/tests/counter_test.rs:31:17
[INFO] [stdout]    |
[INFO] [stdout] 31 |         counter.trigger();
[INFO] [stdout]    |                 ^^^^^^^ method not found in `Counter`
[INFO] [stdout]    |
[INFO] [stdout]   ::: /opt/rustwide/cargo-home/registry/src/index.crates.io-6f17d22bba15001f/inexor-rgf-model-runtime-0.9.1/src/component/action.rs:12:1
[INFO] [stdout]    |
[INFO] [stdout] 12 | component_model!(Action, trigger);
[INFO] [stdout]    | --------------------------------- the method is available for `inexor_rgf_model_arithmetic::Counter` here
[INFO] [stdout]    |
[INFO] [stdout]    = help: items from traits can only be used if the trait is in scope
[INFO] [stdout] help: trait `Action` which provides `trigger` is implemented but not in scope; perhaps you want to import it
[INFO] [stdout]    |
[INFO] [stdout] 1  + use inexor_rgf_model_runtime::component::action::Action;
[INFO] [stdout]    |
[INFO] [stdout] 
[INFO] [stdout] 
[INFO] [stdout] error[E0599]: no method named `trigger` found for struct `inexor_rgf_model_arithmetic::Counter` in the current scope
[INFO] [stdout]   --> src/tests/counter_test.rs:33:17
[INFO] [stdout]    |
[INFO] [stdout] 33 |         counter.trigger();
[INFO] [stdout]    |                 ^^^^^^^ method not found in `Counter`
[INFO] [stdout]    |
[INFO] [stdout]   ::: /opt/rustwide/cargo-home/registry/src/index.crates.io-6f17d22bba15001f/inexor-rgf-model-runtime-0.9.1/src/component/action.rs:12:1
[INFO] [stdout]    |
[INFO] [stdout] 12 | component_model!(Action, trigger);
[INFO] [stdout]    | --------------------------------- the method is available for `inexor_rgf_model_arithmetic::Counter` here
[INFO] [stdout]    |
[INFO] [stdout]    = help: items from traits can only be used if the trait is in scope
[INFO] [stdout] help: trait `Action` which provides `trigger` is implemented but not in scope; perhaps you want to import it
[INFO] [stdout]    |
[INFO] [stdout] 1  + use inexor_rgf_model_runtime::component::action::Action;
[INFO] [stdout]    |
[INFO] [stdout] 
[INFO] [stdout] 
[INFO] [stdout] error[E0599]: no method named `trigger` found for struct `inexor_rgf_model_arithmetic::Counter` in the current scope
[INFO] [stdout]   --> src/tests/counter_test.rs:37:13
[INFO] [stdout]    |
[INFO] [stdout] 37 |     counter.trigger();
[INFO] [stdout]    |             ^^^^^^^ method not found in `Counter`
[INFO] [stdout]    |
[INFO] [stdout]   ::: /opt/rustwide/cargo-home/registry/src/index.crates.io-6f17d22bba15001f/inexor-rgf-model-runtime-0.9.1/src/component/action.rs:12:1
[INFO] [stdout]    |
[INFO] [stdout] 12 | component_model!(Action, trigger);
[INFO] [stdout]    | --------------------------------- the method is available for `inexor_rgf_model_arithmetic::Counter` here
[INFO] [stdout]    |
[INFO] [stdout]    = help: items from traits can only be used if the trait is in scope
[INFO] [stdout] help: trait `Action` which provides `trigger` is implemented but not in scope; perhaps you want to import it
[INFO] [stdout]    |
[INFO] [stdout] 1  + use inexor_rgf_model_runtime::component::action::Action;
[INFO] [stdout]    |
[INFO] [stdout] 
[INFO] [stdout] 
[INFO] [stdout] For more information about this error, try `rustc --explain E0599`.
[INFO] [stdout] 
[INFO] [stderr] error: could not compile `inexor-rgf-plugin-arithmetic` (lib test) due to 4 previous errors
[INFO] running `Command { std: "docker" "inspect" "928aa1df78216559e0dfcd7e14cb3563ab1c7de3f072b372ea3c02e6bd203773", kill_on_drop: false }`
[INFO] running `Command { std: "docker" "rm" "-f" "928aa1df78216559e0dfcd7e14cb3563ab1c7de3f072b372ea3c02e6bd203773", kill_on_drop: false }`
[INFO] [stdout] 928aa1df78216559e0dfcd7e14cb3563ab1c7de3f072b372ea3c02e6bd203773
