[INFO] fetching crate illumos-priv 0.2.0...
[INFO] testing illumos-priv-0.2.0 against nightly-2024-10-28 for randomize-layout
[INFO] extracting crate illumos-priv 0.2.0 into /workspace/builds/worker-2-tc1/source
[INFO] validating manifest of crates.io crate illumos-priv 0.2.0 on toolchain nightly-2024-10-28
[INFO] running `Command { std: CARGO_HOME="/workspace/cargo-home" RUSTUP_HOME="/workspace/rustup-home" "/workspace/cargo-home/bin/cargo" "+nightly-2024-10-28" "metadata" "--manifest-path" "Cargo.toml" "--no-deps", kill_on_drop: false }`
[INFO] started tweaking crates.io crate illumos-priv 0.2.0
[INFO] finished tweaking crates.io crate illumos-priv 0.2.0
[INFO] tweaked toml for crates.io crate illumos-priv 0.2.0 written to /workspace/builds/worker-2-tc1/source/Cargo.toml
[INFO] crate crates.io crate illumos-priv 0.2.0 already has a lockfile, it will not be regenerated
[INFO] running `Command { std: CARGO_HOME="/workspace/cargo-home" RUSTUP_HOME="/workspace/rustup-home" "/workspace/cargo-home/bin/cargo" "+nightly-2024-10-28" "fetch" "--manifest-path" "Cargo.toml", kill_on_drop: false }`
[INFO] running `Command { std: "docker" "create" "-v" "/var/lib/crater-agent-workspace/builds/worker-2-tc1/target:/opt/rustwide/target:rw,Z" "-v" "/var/lib/crater-agent-workspace/builds/worker-2-tc1/source:/opt/rustwide/workdir:ro,Z" "-v" "/var/lib/crater-agent-workspace/cargo-home:/opt/rustwide/cargo-home:ro,Z" "-v" "/var/lib/crater-agent-workspace/rustup-home:/opt/rustwide/rustup-home:ro,Z" "-e" "SOURCE_DIR=/opt/rustwide/workdir" "-e" "CARGO_TARGET_DIR=/opt/rustwide/target" "-e" "CARGO_HOME=/opt/rustwide/cargo-home" "-e" "RUSTUP_HOME=/opt/rustwide/rustup-home" "-w" "/opt/rustwide/workdir" "-m" "1610612736" "--user" "0:0" "--network" "none" "ghcr.io/rust-lang/crates-build-env/linux@sha256:4a844ea9eb2546a2d2c7022eacef16ef2e8229c7fbb2c7d4d55a9ceca922f72d" "/opt/rustwide/cargo-home/bin/cargo" "+nightly-2024-10-28" "metadata" "--no-deps" "--format-version=1", kill_on_drop: false }`
[INFO] [stdout] 6a3f7616363ab90b25922c44db5ed80195da3213dc319b55f5ddb45a4b97af2b
[INFO] running `Command { std: "docker" "start" "-a" "6a3f7616363ab90b25922c44db5ed80195da3213dc319b55f5ddb45a4b97af2b", kill_on_drop: false }`
[INFO] running `Command { std: "docker" "inspect" "6a3f7616363ab90b25922c44db5ed80195da3213dc319b55f5ddb45a4b97af2b", kill_on_drop: false }`
[INFO] running `Command { std: "docker" "rm" "-f" "6a3f7616363ab90b25922c44db5ed80195da3213dc319b55f5ddb45a4b97af2b", kill_on_drop: false }`
[INFO] [stdout] 6a3f7616363ab90b25922c44db5ed80195da3213dc319b55f5ddb45a4b97af2b
[INFO] running `Command { std: "docker" "create" "-v" "/var/lib/crater-agent-workspace/builds/worker-2-tc1/target:/opt/rustwide/target:rw,Z" "-v" "/var/lib/crater-agent-workspace/builds/worker-2-tc1/source:/opt/rustwide/workdir:ro,Z" "-v" "/var/lib/crater-agent-workspace/cargo-home:/opt/rustwide/cargo-home:ro,Z" "-v" "/var/lib/crater-agent-workspace/rustup-home:/opt/rustwide/rustup-home:ro,Z" "-e" "SOURCE_DIR=/opt/rustwide/workdir" "-e" "CARGO_TARGET_DIR=/opt/rustwide/target" "-e" "CARGO_INCREMENTAL=0" "-e" "RUST_BACKTRACE=full" "-e" "RUSTFLAGS=--cap-lints=forbid" "-e" "RUSTDOCFLAGS=--cap-lints=forbid" "-e" "CARGO_HOME=/opt/rustwide/cargo-home" "-e" "RUSTUP_HOME=/opt/rustwide/rustup-home" "-w" "/opt/rustwide/workdir" "-m" "1610612736" "--user" "0:0" "--network" "none" "ghcr.io/rust-lang/crates-build-env/linux@sha256:4a844ea9eb2546a2d2c7022eacef16ef2e8229c7fbb2c7d4d55a9ceca922f72d" "/opt/rustwide/cargo-home/bin/cargo" "+nightly-2024-10-28" "build" "--frozen" "--message-format=json", kill_on_drop: false }`
[INFO] [stdout] b911cb54861545725102338954c10cb0948f35f7fea12eb046d1ae41fcf3a1dc
[INFO] running `Command { std: "docker" "start" "-a" "b911cb54861545725102338954c10cb0948f35f7fea12eb046d1ae41fcf3a1dc", kill_on_drop: false }`
[INFO] [stderr]    Compiling illumos-priv v0.2.0 (/opt/rustwide/workdir)
[INFO] [stderr]     Finished `dev` profile [unoptimized + debuginfo] target(s) in 0.07s
[INFO] running `Command { std: "docker" "inspect" "b911cb54861545725102338954c10cb0948f35f7fea12eb046d1ae41fcf3a1dc", kill_on_drop: false }`
[INFO] running `Command { std: "docker" "rm" "-f" "b911cb54861545725102338954c10cb0948f35f7fea12eb046d1ae41fcf3a1dc", kill_on_drop: false }`
[INFO] [stdout] b911cb54861545725102338954c10cb0948f35f7fea12eb046d1ae41fcf3a1dc
[INFO] running `Command { std: "docker" "create" "-v" "/var/lib/crater-agent-workspace/builds/worker-2-tc1/target:/opt/rustwide/target:rw,Z" "-v" "/var/lib/crater-agent-workspace/builds/worker-2-tc1/source:/opt/rustwide/workdir:ro,Z" "-v" "/var/lib/crater-agent-workspace/cargo-home:/opt/rustwide/cargo-home:ro,Z" "-v" "/var/lib/crater-agent-workspace/rustup-home:/opt/rustwide/rustup-home:ro,Z" "-e" "SOURCE_DIR=/opt/rustwide/workdir" "-e" "CARGO_TARGET_DIR=/opt/rustwide/target" "-e" "CARGO_INCREMENTAL=0" "-e" "RUST_BACKTRACE=full" "-e" "RUSTFLAGS=--cap-lints=forbid" "-e" "RUSTDOCFLAGS=--cap-lints=forbid" "-e" "CARGO_HOME=/opt/rustwide/cargo-home" "-e" "RUSTUP_HOME=/opt/rustwide/rustup-home" "-w" "/opt/rustwide/workdir" "-m" "1610612736" "--user" "0:0" "--network" "none" "ghcr.io/rust-lang/crates-build-env/linux@sha256:4a844ea9eb2546a2d2c7022eacef16ef2e8229c7fbb2c7d4d55a9ceca922f72d" "/opt/rustwide/cargo-home/bin/cargo" "+nightly-2024-10-28" "test" "--frozen" "--no-run" "--message-format=json", kill_on_drop: false }`
[INFO] [stdout] a9c4c45e1918b3a1b83cac6c74afca60684de1b7edf053c7823b5ce4dff5f6d2
[INFO] running `Command { std: "docker" "start" "-a" "a9c4c45e1918b3a1b83cac6c74afca60684de1b7edf053c7823b5ce4dff5f6d2", kill_on_drop: false }`
[INFO] [stderr]    Compiling illumos-priv v0.2.0 (/opt/rustwide/workdir)
[INFO] [stdout] error: linking with `cc` failed: exit status: 1
[INFO] [stdout]   |
[INFO] [stdout]   = note: LC_ALL="C" PATH="/opt/rustwide/rustup-home/toolchains/nightly-2024-10-28-x86_64-unknown-linux-gnu/lib/rustlib/x86_64-unknown-linux-gnu/bin:/opt/rustwide/rustup-home/toolchains/nightly-2024-10-28-x86_64-unknown-linux-gnu/lib/rustlib/x86_64-unknown-linux-gnu/bin/self-contained:/opt/rustwide/cargo-home/bin:/usr/local/sbin:/usr/local/bin:/usr/sbin:/usr/bin:/sbin:/bin" VSLANG="1033" "cc" "-m64" "/tmp/rustcx1gcEs/symbols.o" "/opt/rustwide/target/debug/examples/member-619a8c03130796c2.member.48ebe765a0104b92-cgu.0.rcgu.o" "/opt/rustwide/target/debug/examples/member-619a8c03130796c2.e58jcdpqq6coul76hbb4lp4a7.rcgu.o" "-Wl,--as-needed" "-Wl,-Bstatic" "/opt/rustwide/target/debug/deps/libillumos_priv-4f667d218d70c8e8.rlib" "/opt/rustwide/rustup-home/toolchains/nightly-2024-10-28-x86_64-unknown-linux-gnu/lib/rustlib/x86_64-unknown-linux-gnu/lib/libstd-fb8c387236db3c10.rlib" "/opt/rustwide/rustup-home/toolchains/nightly-2024-10-28-x86_64-unknown-linux-gnu/lib/rustlib/x86_64-unknown-linux-gnu/lib/libpanic_unwind-b251837809b2f64b.rlib" "/opt/rustwide/rustup-home/toolchains/nightly-2024-10-28-x86_64-unknown-linux-gnu/lib/rustlib/x86_64-unknown-linux-gnu/lib/libobject-cbef83eaa4e01f04.rlib" "/opt/rustwide/rustup-home/toolchains/nightly-2024-10-28-x86_64-unknown-linux-gnu/lib/rustlib/x86_64-unknown-linux-gnu/lib/libmemchr-12a772286de2fca7.rlib" "/opt/rustwide/rustup-home/toolchains/nightly-2024-10-28-x86_64-unknown-linux-gnu/lib/rustlib/x86_64-unknown-linux-gnu/lib/libaddr2line-023bbe5ada7abfc3.rlib" "/opt/rustwide/rustup-home/toolchains/nightly-2024-10-28-x86_64-unknown-linux-gnu/lib/rustlib/x86_64-unknown-linux-gnu/lib/libgimli-de2bcdf10ec69c2b.rlib" "/opt/rustwide/rustup-home/toolchains/nightly-2024-10-28-x86_64-unknown-linux-gnu/lib/rustlib/x86_64-unknown-linux-gnu/lib/librustc_demangle-8e1754df350800fd.rlib" "/opt/rustwide/rustup-home/toolchains/nightly-2024-10-28-x86_64-unknown-linux-gnu/lib/rustlib/x86_64-unknown-linux-gnu/lib/libstd_detect-06c2ab7b9c32e037.rlib" "/opt/rustwide/rustup-home/toolchains/nightly-2024-10-28-x86_64-unknown-linux-gnu/lib/rustlib/x86_64-unknown-linux-gnu/lib/libhashbrown-51d2621fc57a281b.rlib" "/opt/rustwide/rustup-home/toolchains/nightly-2024-10-28-x86_64-unknown-linux-gnu/lib/rustlib/x86_64-unknown-linux-gnu/lib/librustc_std_workspace_alloc-54a930408793772f.rlib" "/opt/rustwide/rustup-home/toolchains/nightly-2024-10-28-x86_64-unknown-linux-gnu/lib/rustlib/x86_64-unknown-linux-gnu/lib/libminiz_oxide-0c7d01cba400dcb2.rlib" "/opt/rustwide/rustup-home/toolchains/nightly-2024-10-28-x86_64-unknown-linux-gnu/lib/rustlib/x86_64-unknown-linux-gnu/lib/libadler-b9f84d69e331b75b.rlib" "/opt/rustwide/rustup-home/toolchains/nightly-2024-10-28-x86_64-unknown-linux-gnu/lib/rustlib/x86_64-unknown-linux-gnu/lib/libunwind-eec95493246aae39.rlib" "/opt/rustwide/rustup-home/toolchains/nightly-2024-10-28-x86_64-unknown-linux-gnu/lib/rustlib/x86_64-unknown-linux-gnu/lib/libcfg_if-6f6676c475e08ab0.rlib" "/opt/rustwide/rustup-home/toolchains/nightly-2024-10-28-x86_64-unknown-linux-gnu/lib/rustlib/x86_64-unknown-linux-gnu/lib/liblibc-799d520624f8b2e0.rlib" "/opt/rustwide/rustup-home/toolchains/nightly-2024-10-28-x86_64-unknown-linux-gnu/lib/rustlib/x86_64-unknown-linux-gnu/lib/liballoc-fcf93d4842acd9a9.rlib" "/opt/rustwide/rustup-home/toolchains/nightly-2024-10-28-x86_64-unknown-linux-gnu/lib/rustlib/x86_64-unknown-linux-gnu/lib/librustc_std_workspace_core-395a38b8e0851c9b.rlib" "/opt/rustwide/rustup-home/toolchains/nightly-2024-10-28-x86_64-unknown-linux-gnu/lib/rustlib/x86_64-unknown-linux-gnu/lib/libcore-d453bab70303062c.rlib" "/opt/rustwide/rustup-home/toolchains/nightly-2024-10-28-x86_64-unknown-linux-gnu/lib/rustlib/x86_64-unknown-linux-gnu/lib/libcompiler_builtins-0e6386368b0a24e8.rlib" "-Wl,-Bdynamic" "-lgcc_s" "-lutil" "-lrt" "-lpthread" "-lm" "-ldl" "-lc" "-B/opt/rustwide/rustup-home/toolchains/nightly-2024-10-28-x86_64-unknown-linux-gnu/lib/rustlib/x86_64-unknown-linux-gnu/bin/gcc-ld" "-fuse-ld=lld" "-Wl,--eh-frame-hdr" "-Wl,-z,noexecstack" "-L" "/opt/rustwide/rustup-home/toolchains/nightly-2024-10-28-x86_64-unknown-linux-gnu/lib/rustlib/x86_64-unknown-linux-gnu/lib" "-o" "/opt/rustwide/target/debug/examples/member-619a8c03130796c2" "-Wl,--gc-sections" "-pie" "-Wl,-z,relro,-z,now" "-nodefaultlibs"
[INFO] [stdout]   = note: rust-lld: error: undefined symbol: priv_allocset
[INFO] [stdout]           >>> referenced by lib.rs:105 (src/lib.rs:105)
[INFO] [stdout]           >>>               illumos_priv-4f667d218d70c8e8.illumos_priv.702dbea98663bdfa-cgu.0.rcgu.o:(illumos_priv::PrivSet::new_basic::h86f178cad7b16fba) in archive /opt/rustwide/target/debug/deps/libillumos_priv-4f667d218d70c8e8.rlib
[INFO] [stdout]           
[INFO] [stdout]           rust-lld: error: undefined symbol: priv_basicset
[INFO] [stdout]           >>> referenced by lib.rs:106 (src/lib.rs:106)
[INFO] [stdout]           >>>               illumos_priv-4f667d218d70c8e8.illumos_priv.702dbea98663bdfa-cgu.0.rcgu.o:(illumos_priv::PrivSet::new_basic::h86f178cad7b16fba) in archive /opt/rustwide/target/debug/deps/libillumos_priv-4f667d218d70c8e8.rlib
[INFO] [stdout]           
[INFO] [stdout]           rust-lld: error: undefined symbol: priv_delset
[INFO] [stdout]           >>> referenced by lib.rs:132 (src/lib.rs:132)
[INFO] [stdout]           >>>               illumos_priv-4f667d218d70c8e8.illumos_priv.702dbea98663bdfa-cgu.0.rcgu.o:(illumos_priv::PrivSet::delset::h5cab38cf81340873) in archive /opt/rustwide/target/debug/deps/libillumos_priv-4f667d218d70c8e8.rlib
[INFO] [stdout]           
[INFO] [stdout]           rust-lld: error: undefined symbol: priv_ismember
[INFO] [stdout]           >>> referenced by lib.rs:142 (src/lib.rs:142)
[INFO] [stdout]           >>>               illumos_priv-4f667d218d70c8e8.illumos_priv.702dbea98663bdfa-cgu.0.rcgu.o:(illumos_priv::PrivSet::is_member::h11e35313f7bbdbd2) in archive /opt/rustwide/target/debug/deps/libillumos_priv-4f667d218d70c8e8.rlib
[INFO] [stdout]           
[INFO] [stdout]           rust-lld: error: undefined symbol: priv_freeset
[INFO] [stdout]           >>> referenced by lib.rs:178 (src/lib.rs:178)
[INFO] [stdout]           >>>               illumos_priv-4f667d218d70c8e8.illumos_priv.702dbea98663bdfa-cgu.0.rcgu.o:(_$LT$illumos_priv..PrivSet$u20$as$u20$core..ops..drop..Drop$GT$::drop::h950b76ec1d4af64e) in archive /opt/rustwide/target/debug/deps/libillumos_priv-4f667d218d70c8e8.rlib
[INFO] [stdout]           collect2: error: ld returned 1 exit status
[INFO] [stdout]           
[INFO] [stdout] 
[INFO] [stdout] 
[INFO] [stderr] error: could not compile `illumos-priv` (example "member") due to 1 previous error
[INFO] [stderr] warning: build failed, waiting for other jobs to finish...
[INFO] [stdout] error: linking with `cc` failed: exit status: 1
[INFO] [stdout]   |
[INFO] [stdout]   = note: LC_ALL="C" PATH="/opt/rustwide/rustup-home/toolchains/nightly-2024-10-28-x86_64-unknown-linux-gnu/lib/rustlib/x86_64-unknown-linux-gnu/bin:/opt/rustwide/rustup-home/toolchains/nightly-2024-10-28-x86_64-unknown-linux-gnu/lib/rustlib/x86_64-unknown-linux-gnu/bin/self-contained:/opt/rustwide/cargo-home/bin:/usr/local/sbin:/usr/local/bin:/usr/sbin:/usr/bin:/sbin:/bin" VSLANG="1033" "cc" "-m64" "/tmp/rustcRlVo7R/symbols.o" "/opt/rustwide/target/debug/examples/fork_exec-ca3dd7a12dcf4bf4.fork_exec.1ae95962480f8bfe-cgu.0.rcgu.o" "/opt/rustwide/target/debug/examples/fork_exec-ca3dd7a12dcf4bf4.7qngthoxnqizp4aac203ino6b.rcgu.o" "-Wl,--as-needed" "-Wl,-Bstatic" "/opt/rustwide/target/debug/deps/libillumos_priv-4f667d218d70c8e8.rlib" "/opt/rustwide/rustup-home/toolchains/nightly-2024-10-28-x86_64-unknown-linux-gnu/lib/rustlib/x86_64-unknown-linux-gnu/lib/libstd-fb8c387236db3c10.rlib" "/opt/rustwide/rustup-home/toolchains/nightly-2024-10-28-x86_64-unknown-linux-gnu/lib/rustlib/x86_64-unknown-linux-gnu/lib/libpanic_unwind-b251837809b2f64b.rlib" "/opt/rustwide/rustup-home/toolchains/nightly-2024-10-28-x86_64-unknown-linux-gnu/lib/rustlib/x86_64-unknown-linux-gnu/lib/libobject-cbef83eaa4e01f04.rlib" "/opt/rustwide/rustup-home/toolchains/nightly-2024-10-28-x86_64-unknown-linux-gnu/lib/rustlib/x86_64-unknown-linux-gnu/lib/libmemchr-12a772286de2fca7.rlib" "/opt/rustwide/rustup-home/toolchains/nightly-2024-10-28-x86_64-unknown-linux-gnu/lib/rustlib/x86_64-unknown-linux-gnu/lib/libaddr2line-023bbe5ada7abfc3.rlib" "/opt/rustwide/rustup-home/toolchains/nightly-2024-10-28-x86_64-unknown-linux-gnu/lib/rustlib/x86_64-unknown-linux-gnu/lib/libgimli-de2bcdf10ec69c2b.rlib" "/opt/rustwide/rustup-home/toolchains/nightly-2024-10-28-x86_64-unknown-linux-gnu/lib/rustlib/x86_64-unknown-linux-gnu/lib/librustc_demangle-8e1754df350800fd.rlib" "/opt/rustwide/rustup-home/toolchains/nightly-2024-10-28-x86_64-unknown-linux-gnu/lib/rustlib/x86_64-unknown-linux-gnu/lib/libstd_detect-06c2ab7b9c32e037.rlib" "/opt/rustwide/rustup-home/toolchains/nightly-2024-10-28-x86_64-unknown-linux-gnu/lib/rustlib/x86_64-unknown-linux-gnu/lib/libhashbrown-51d2621fc57a281b.rlib" "/opt/rustwide/rustup-home/toolchains/nightly-2024-10-28-x86_64-unknown-linux-gnu/lib/rustlib/x86_64-unknown-linux-gnu/lib/librustc_std_workspace_alloc-54a930408793772f.rlib" "/opt/rustwide/rustup-home/toolchains/nightly-2024-10-28-x86_64-unknown-linux-gnu/lib/rustlib/x86_64-unknown-linux-gnu/lib/libminiz_oxide-0c7d01cba400dcb2.rlib" "/opt/rustwide/rustup-home/toolchains/nightly-2024-10-28-x86_64-unknown-linux-gnu/lib/rustlib/x86_64-unknown-linux-gnu/lib/libadler-b9f84d69e331b75b.rlib" "/opt/rustwide/rustup-home/toolchains/nightly-2024-10-28-x86_64-unknown-linux-gnu/lib/rustlib/x86_64-unknown-linux-gnu/lib/libunwind-eec95493246aae39.rlib" "/opt/rustwide/rustup-home/toolchains/nightly-2024-10-28-x86_64-unknown-linux-gnu/lib/rustlib/x86_64-unknown-linux-gnu/lib/libcfg_if-6f6676c475e08ab0.rlib" "/opt/rustwide/rustup-home/toolchains/nightly-2024-10-28-x86_64-unknown-linux-gnu/lib/rustlib/x86_64-unknown-linux-gnu/lib/liblibc-799d520624f8b2e0.rlib" "/opt/rustwide/rustup-home/toolchains/nightly-2024-10-28-x86_64-unknown-linux-gnu/lib/rustlib/x86_64-unknown-linux-gnu/lib/liballoc-fcf93d4842acd9a9.rlib" "/opt/rustwide/rustup-home/toolchains/nightly-2024-10-28-x86_64-unknown-linux-gnu/lib/rustlib/x86_64-unknown-linux-gnu/lib/librustc_std_workspace_core-395a38b8e0851c9b.rlib" "/opt/rustwide/rustup-home/toolchains/nightly-2024-10-28-x86_64-unknown-linux-gnu/lib/rustlib/x86_64-unknown-linux-gnu/lib/libcore-d453bab70303062c.rlib" "/opt/rustwide/rustup-home/toolchains/nightly-2024-10-28-x86_64-unknown-linux-gnu/lib/rustlib/x86_64-unknown-linux-gnu/lib/libcompiler_builtins-0e6386368b0a24e8.rlib" "-Wl,-Bdynamic" "-lgcc_s" "-lutil" "-lrt" "-lpthread" "-lm" "-ldl" "-lc" "-B/opt/rustwide/rustup-home/toolchains/nightly-2024-10-28-x86_64-unknown-linux-gnu/lib/rustlib/x86_64-unknown-linux-gnu/bin/gcc-ld" "-fuse-ld=lld" "-Wl,--eh-frame-hdr" "-Wl,-z,noexecstack" "-L" "/opt/rustwide/rustup-home/toolchains/nightly-2024-10-28-x86_64-unknown-linux-gnu/lib/rustlib/x86_64-unknown-linux-gnu/lib" "-o" "/opt/rustwide/target/debug/examples/fork_exec-ca3dd7a12dcf4bf4" "-Wl,--gc-sections" "-pie" "-Wl,-z,relro,-z,now" "-nodefaultlibs"
[INFO] [stdout]   = note: rust-lld: error: undefined symbol: priv_allocset
[INFO] [stdout]           >>> referenced by lib.rs:105 (src/lib.rs:105)
[INFO] [stdout]           >>>               illumos_priv-4f667d218d70c8e8.illumos_priv.702dbea98663bdfa-cgu.0.rcgu.o:(illumos_priv::PrivSet::new_basic::h86f178cad7b16fba) in archive /opt/rustwide/target/debug/deps/libillumos_priv-4f667d218d70c8e8.rlib
[INFO] [stdout]           
[INFO] [stdout]           rust-lld: error: undefined symbol: priv_basicset
[INFO] [stdout]           >>> referenced by lib.rs:106 (src/lib.rs:106)
[INFO] [stdout]           >>>               illumos_priv-4f667d218d70c8e8.illumos_priv.702dbea98663bdfa-cgu.0.rcgu.o:(illumos_priv::PrivSet::new_basic::h86f178cad7b16fba) in archive /opt/rustwide/target/debug/deps/libillumos_priv-4f667d218d70c8e8.rlib
[INFO] [stdout]           
[INFO] [stdout]           rust-lld: error: undefined symbol: priv_delset
[INFO] [stdout]           >>> referenced by lib.rs:132 (src/lib.rs:132)
[INFO] [stdout]           >>>               illumos_priv-4f667d218d70c8e8.illumos_priv.702dbea98663bdfa-cgu.0.rcgu.o:(illumos_priv::PrivSet::delset::h5cab38cf81340873) in archive /opt/rustwide/target/debug/deps/libillumos_priv-4f667d218d70c8e8.rlib
[INFO] [stdout]           
[INFO] [stdout]           rust-lld: error: undefined symbol: setppriv
[INFO] [stdout]           >>> referenced by lib.rs:159 (src/lib.rs:159)
[INFO] [stdout]           >>>               illumos_priv-4f667d218d70c8e8.illumos_priv.702dbea98663bdfa-cgu.0.rcgu.o:(illumos_priv::setppriv::h6da51f051db10e17) in archive /opt/rustwide/target/debug/deps/libillumos_priv-4f667d218d70c8e8.rlib
[INFO] [stdout]           
[INFO] [stdout]           rust-lld: error: undefined symbol: priv_freeset
[INFO] [stdout]           >>> referenced by lib.rs:178 (src/lib.rs:178)
[INFO] [stdout]           >>>               illumos_priv-4f667d218d70c8e8.illumos_priv.702dbea98663bdfa-cgu.0.rcgu.o:(_$LT$illumos_priv..PrivSet$u20$as$u20$core..ops..drop..Drop$GT$::drop::h950b76ec1d4af64e) in archive /opt/rustwide/target/debug/deps/libillumos_priv-4f667d218d70c8e8.rlib
[INFO] [stdout]           collect2: error: ld returned 1 exit status
[INFO] [stdout]           
[INFO] [stdout] 
[INFO] [stdout] 
[INFO] [stderr] error: could not compile `illumos-priv` (example "fork-exec") due to 1 previous error
[INFO] [stdout] error: linking with `cc` failed: exit status: 1
[INFO] [stdout]   |
[INFO] [stdout]   = note: LC_ALL="C" PATH="/opt/rustwide/rustup-home/toolchains/nightly-2024-10-28-x86_64-unknown-linux-gnu/lib/rustlib/x86_64-unknown-linux-gnu/bin:/opt/rustwide/rustup-home/toolchains/nightly-2024-10-28-x86_64-unknown-linux-gnu/lib/rustlib/x86_64-unknown-linux-gnu/bin/self-contained:/opt/rustwide/cargo-home/bin:/usr/local/sbin:/usr/local/bin:/usr/sbin:/usr/bin:/sbin:/bin" VSLANG="1033" "cc" "-m64" "/tmp/rustcWFJUHB/symbols.o" "/opt/rustwide/target/debug/deps/illumos_priv-16fb5d2787190d53.illumos_priv.6fce312fe67bb530-cgu.0.rcgu.o" "/opt/rustwide/target/debug/deps/illumos_priv-16fb5d2787190d53.illumos_priv.6fce312fe67bb530-cgu.1.rcgu.o" "/opt/rustwide/target/debug/deps/illumos_priv-16fb5d2787190d53.9o68plgztsz8uv66qujb43l74.rcgu.o" "-Wl,--as-needed" "-Wl,-Bstatic" "/opt/rustwide/rustup-home/toolchains/nightly-2024-10-28-x86_64-unknown-linux-gnu/lib/rustlib/x86_64-unknown-linux-gnu/lib/libtest-a09fad3b5321e7d6.rlib" "/opt/rustwide/rustup-home/toolchains/nightly-2024-10-28-x86_64-unknown-linux-gnu/lib/rustlib/x86_64-unknown-linux-gnu/lib/libgetopts-f9c3dff41ad42661.rlib" "/opt/rustwide/rustup-home/toolchains/nightly-2024-10-28-x86_64-unknown-linux-gnu/lib/rustlib/x86_64-unknown-linux-gnu/lib/libunicode_width-ad2aef31af6addd3.rlib" "/opt/rustwide/rustup-home/toolchains/nightly-2024-10-28-x86_64-unknown-linux-gnu/lib/rustlib/x86_64-unknown-linux-gnu/lib/librustc_std_workspace_std-e3f907dc03deb913.rlib" "/opt/rustwide/rustup-home/toolchains/nightly-2024-10-28-x86_64-unknown-linux-gnu/lib/rustlib/x86_64-unknown-linux-gnu/lib/libstd-fb8c387236db3c10.rlib" "/opt/rustwide/rustup-home/toolchains/nightly-2024-10-28-x86_64-unknown-linux-gnu/lib/rustlib/x86_64-unknown-linux-gnu/lib/libpanic_unwind-b251837809b2f64b.rlib" "/opt/rustwide/rustup-home/toolchains/nightly-2024-10-28-x86_64-unknown-linux-gnu/lib/rustlib/x86_64-unknown-linux-gnu/lib/libobject-cbef83eaa4e01f04.rlib" "/opt/rustwide/rustup-home/toolchains/nightly-2024-10-28-x86_64-unknown-linux-gnu/lib/rustlib/x86_64-unknown-linux-gnu/lib/libmemchr-12a772286de2fca7.rlib" "/opt/rustwide/rustup-home/toolchains/nightly-2024-10-28-x86_64-unknown-linux-gnu/lib/rustlib/x86_64-unknown-linux-gnu/lib/libaddr2line-023bbe5ada7abfc3.rlib" "/opt/rustwide/rustup-home/toolchains/nightly-2024-10-28-x86_64-unknown-linux-gnu/lib/rustlib/x86_64-unknown-linux-gnu/lib/libgimli-de2bcdf10ec69c2b.rlib" "/opt/rustwide/rustup-home/toolchains/nightly-2024-10-28-x86_64-unknown-linux-gnu/lib/rustlib/x86_64-unknown-linux-gnu/lib/librustc_demangle-8e1754df350800fd.rlib" "/opt/rustwide/rustup-home/toolchains/nightly-2024-10-28-x86_64-unknown-linux-gnu/lib/rustlib/x86_64-unknown-linux-gnu/lib/libstd_detect-06c2ab7b9c32e037.rlib" "/opt/rustwide/rustup-home/toolchains/nightly-2024-10-28-x86_64-unknown-linux-gnu/lib/rustlib/x86_64-unknown-linux-gnu/lib/libhashbrown-51d2621fc57a281b.rlib" "/opt/rustwide/rustup-home/toolchains/nightly-2024-10-28-x86_64-unknown-linux-gnu/lib/rustlib/x86_64-unknown-linux-gnu/lib/librustc_std_workspace_alloc-54a930408793772f.rlib" "/opt/rustwide/rustup-home/toolchains/nightly-2024-10-28-x86_64-unknown-linux-gnu/lib/rustlib/x86_64-unknown-linux-gnu/lib/libminiz_oxide-0c7d01cba400dcb2.rlib" "/opt/rustwide/rustup-home/toolchains/nightly-2024-10-28-x86_64-unknown-linux-gnu/lib/rustlib/x86_64-unknown-linux-gnu/lib/libadler-b9f84d69e331b75b.rlib" "/opt/rustwide/rustup-home/toolchains/nightly-2024-10-28-x86_64-unknown-linux-gnu/lib/rustlib/x86_64-unknown-linux-gnu/lib/libunwind-eec95493246aae39.rlib" "/opt/rustwide/rustup-home/toolchains/nightly-2024-10-28-x86_64-unknown-linux-gnu/lib/rustlib/x86_64-unknown-linux-gnu/lib/libcfg_if-6f6676c475e08ab0.rlib" "/opt/rustwide/rustup-home/toolchains/nightly-2024-10-28-x86_64-unknown-linux-gnu/lib/rustlib/x86_64-unknown-linux-gnu/lib/liblibc-799d520624f8b2e0.rlib" "/opt/rustwide/rustup-home/toolchains/nightly-2024-10-28-x86_64-unknown-linux-gnu/lib/rustlib/x86_64-unknown-linux-gnu/lib/liballoc-fcf93d4842acd9a9.rlib" "/opt/rustwide/rustup-home/toolchains/nightly-2024-10-28-x86_64-unknown-linux-gnu/lib/rustlib/x86_64-unknown-linux-gnu/lib/librustc_std_workspace_core-395a38b8e0851c9b.rlib" "/opt/rustwide/rustup-home/toolchains/nightly-2024-10-28-x86_64-unknown-linux-gnu/lib/rustlib/x86_64-unknown-linux-gnu/lib/libcore-d453bab70303062c.rlib" "/opt/rustwide/rustup-home/toolchains/nightly-2024-10-28-x86_64-unknown-linux-gnu/lib/rustlib/x86_64-unknown-linux-gnu/lib/libcompiler_builtins-0e6386368b0a24e8.rlib" "-Wl,-Bdynamic" "-lgcc_s" "-lutil" "-lrt" "-lpthread" "-lm" "-ldl" "-lc" "-B/opt/rustwide/rustup-home/toolchains/nightly-2024-10-28-x86_64-unknown-linux-gnu/lib/rustlib/x86_64-unknown-linux-gnu/bin/gcc-ld" "-fuse-ld=lld" "-Wl,--eh-frame-hdr" "-Wl,-z,noexecstack" "-L" "/opt/rustwide/rustup-home/toolchains/nightly-2024-10-28-x86_64-unknown-linux-gnu/lib/rustlib/x86_64-unknown-linux-gnu/lib" "-o" "/opt/rustwide/target/debug/deps/illumos_priv-16fb5d2787190d53" "-Wl,--gc-sections" "-pie" "-Wl,-z,relro,-z,now" "-nodefaultlibs"
[INFO] [stdout]   = note: rust-lld: error: undefined symbol: priv_allocset
[INFO] [stdout]           >>> referenced by lib.rs:95 (src/lib.rs:95)
[INFO] [stdout]           >>>               /opt/rustwide/target/debug/deps/illumos_priv-16fb5d2787190d53.illumos_priv.6fce312fe67bb530-cgu.0.rcgu.o:(illumos_priv::PrivSet::new_empty::hea79d1efbae82d22)
[INFO] [stdout]           >>> referenced by lib.rs:105 (src/lib.rs:105)
[INFO] [stdout]           >>>               /opt/rustwide/target/debug/deps/illumos_priv-16fb5d2787190d53.illumos_priv.6fce312fe67bb530-cgu.0.rcgu.o:(illumos_priv::PrivSet::new_basic::h9630c688247b6a76)
[INFO] [stdout]           >>> referenced by lib.rs:165 (src/lib.rs:165)
[INFO] [stdout]           >>>               /opt/rustwide/target/debug/deps/illumos_priv-16fb5d2787190d53.illumos_priv.6fce312fe67bb530-cgu.0.rcgu.o:(illumos_priv::getppriv::hc03ded8faef89f55)
[INFO] [stdout]           
[INFO] [stdout]           rust-lld: error: undefined symbol: priv_emptyset
[INFO] [stdout]           >>> referenced by lib.rs:96 (src/lib.rs:96)
[INFO] [stdout]           >>>               /opt/rustwide/target/debug/deps/illumos_priv-16fb5d2787190d53.illumos_priv.6fce312fe67bb530-cgu.0.rcgu.o:(illumos_priv::PrivSet::new_empty::hea79d1efbae82d22)
[INFO] [stdout]           >>> referenced by lib.rs:121 (src/lib.rs:121)
[INFO] [stdout]           >>>               /opt/rustwide/target/debug/deps/illumos_priv-16fb5d2787190d53.illumos_priv.6fce312fe67bb530-cgu.0.rcgu.o:(illumos_priv::PrivSet::empty::habfd55e5c8b1c601)
[INFO] [stdout]           
[INFO] [stdout]           rust-lld: error: undefined symbol: priv_basicset
[INFO] [stdout]           >>> referenced by lib.rs:106 (src/lib.rs:106)
[INFO] [stdout]           >>>               /opt/rustwide/target/debug/deps/illumos_priv-16fb5d2787190d53.illumos_priv.6fce312fe67bb530-cgu.0.rcgu.o:(illumos_priv::PrivSet::new_basic::h9630c688247b6a76)
[INFO] [stdout]           >>> referenced by lib.rs:114 (src/lib.rs:114)
[INFO] [stdout]           >>>               /opt/rustwide/target/debug/deps/illumos_priv-16fb5d2787190d53.illumos_priv.6fce312fe67bb530-cgu.0.rcgu.o:(illumos_priv::PrivSet::basic::hbc264ddaa5e37c97)
[INFO] [stdout]           
[INFO] [stdout]           rust-lld: error: undefined symbol: priv_addset
[INFO] [stdout]           >>> referenced by lib.rs:127 (src/lib.rs:127)
[INFO] [stdout]           >>>               /opt/rustwide/target/debug/deps/illumos_priv-16fb5d2787190d53.illumos_priv.6fce312fe67bb530-cgu.0.rcgu.o:(illumos_priv::PrivSet::addset::hc7ff7afaf8b75292)
[INFO] [stdout]           
[INFO] [stdout]           rust-lld: error: undefined symbol: priv_delset
[INFO] [stdout]           >>> referenced by lib.rs:132 (src/lib.rs:132)
[INFO] [stdout]           >>>               /opt/rustwide/target/debug/deps/illumos_priv-16fb5d2787190d53.illumos_priv.6fce312fe67bb530-cgu.0.rcgu.o:(illumos_priv::PrivSet::delset::h7e11aa6a5b079288)
[INFO] [stdout]           
[INFO] [stdout]           rust-lld: error: undefined symbol: priv_isemptyset
[INFO] [stdout]           >>> referenced by lib.rs:137 (src/lib.rs:137)
[INFO] [stdout]           >>>               /opt/rustwide/target/debug/deps/illumos_priv-16fb5d2787190d53.illumos_priv.6fce312fe67bb530-cgu.0.rcgu.o:(illumos_priv::PrivSet::is_empty::h6d8fe3b508fdf993)
[INFO] [stdout]           
[INFO] [stdout]           rust-lld: error: undefined symbol: priv_ismember
[INFO] [stdout]           >>> referenced by lib.rs:142 (src/lib.rs:142)
[INFO] [stdout]           >>>               /opt/rustwide/target/debug/deps/illumos_priv-16fb5d2787190d53.illumos_priv.6fce312fe67bb530-cgu.0.rcgu.o:(illumos_priv::PrivSet::is_member::h09e7f8a63eae4962)
[INFO] [stdout]           
[INFO] [stdout]           rust-lld: error: undefined symbol: priv_isequalset
[INFO] [stdout]           >>> referenced by lib.rs:147 (src/lib.rs:147)
[INFO] [stdout]           >>>               /opt/rustwide/target/debug/deps/illumos_priv-16fb5d2787190d53.illumos_priv.6fce312fe67bb530-cgu.0.rcgu.o:(illumos_priv::PrivSet::is_equal::h150deae8073a99dc)
[INFO] [stdout]           
[INFO] [stdout]           rust-lld: error: undefined symbol: setppriv
[INFO] [stdout]           >>> referenced by lib.rs:159 (src/lib.rs:159)
[INFO] [stdout]           >>>               /opt/rustwide/target/debug/deps/illumos_priv-16fb5d2787190d53.illumos_priv.6fce312fe67bb530-cgu.0.rcgu.o:(illumos_priv::setppriv::h692abd3c7e80a8b3)
[INFO] [stdout]           
[INFO] [stdout]           rust-lld: error: undefined symbol: getppriv
[INFO] [stdout]           >>> referenced by lib.rs:169 (src/lib.rs:169)
[INFO] [stdout]           >>>               /opt/rustwide/target/debug/deps/illumos_priv-16fb5d2787190d53.illumos_priv.6fce312fe67bb530-cgu.0.rcgu.o:(illumos_priv::getppriv::hc03ded8faef89f55)
[INFO] [stdout]           
[INFO] [stdout]           rust-lld: error: undefined symbol: priv_freeset
[INFO] [stdout]           >>> referenced by lib.rs:178 (src/lib.rs:178)
[INFO] [stdout]           >>>               /opt/rustwide/target/debug/deps/illumos_priv-16fb5d2787190d53.illumos_priv.6fce312fe67bb530-cgu.0.rcgu.o:(_$LT$illumos_priv..PrivSet$u20$as$u20$core..ops..drop..Drop$GT$::drop::h34e23ed271126d12)
[INFO] [stdout]           collect2: error: ld returned 1 exit status
[INFO] [stdout]           
[INFO] [stdout] 
[INFO] [stdout] 
[INFO] [stderr] error: could not compile `illumos-priv` (lib test) due to 1 previous error
[INFO] running `Command { std: "docker" "inspect" "a9c4c45e1918b3a1b83cac6c74afca60684de1b7edf053c7823b5ce4dff5f6d2", kill_on_drop: false }`
[INFO] running `Command { std: "docker" "rm" "-f" "a9c4c45e1918b3a1b83cac6c74afca60684de1b7edf053c7823b5ce4dff5f6d2", kill_on_drop: false }`
[INFO] [stdout] a9c4c45e1918b3a1b83cac6c74afca60684de1b7edf053c7823b5ce4dff5f6d2
