[INFO] fetching crate icube-sdk-sys 0.2.1...
[INFO] testing icube-sdk-sys-0.2.1 against nightly-2024-10-28+rustflags=-Zrandomize-layout for randomize-layout
[INFO] extracting crate icube-sdk-sys 0.2.1 into /workspace/builds/worker-1-tc2/source
[INFO] validating manifest of crates.io crate icube-sdk-sys 0.2.1 on toolchain nightly-2024-10-28
[INFO] running `Command { std: CARGO_HOME="/workspace/cargo-home" RUSTUP_HOME="/workspace/rustup-home" "/workspace/cargo-home/bin/cargo" "+nightly-2024-10-28" "metadata" "--manifest-path" "Cargo.toml" "--no-deps", kill_on_drop: false }`
[INFO] started tweaking crates.io crate icube-sdk-sys 0.2.1
[INFO] removed 0 missing examples
[INFO] finished tweaking crates.io crate icube-sdk-sys 0.2.1
[INFO] tweaked toml for crates.io crate icube-sdk-sys 0.2.1 written to /workspace/builds/worker-1-tc2/source/Cargo.toml
[INFO] crate crates.io crate icube-sdk-sys 0.2.1 already has a lockfile, it will not be regenerated
[INFO] running `Command { std: CARGO_HOME="/workspace/cargo-home" RUSTUP_HOME="/workspace/rustup-home" "/workspace/cargo-home/bin/cargo" "+nightly-2024-10-28" "fetch" "--manifest-path" "Cargo.toml", kill_on_drop: false }`
[INFO] running `Command { std: "docker" "create" "-v" "/var/lib/crater-agent-workspace/builds/worker-1-tc2/target:/opt/rustwide/target:rw,Z" "-v" "/var/lib/crater-agent-workspace/builds/worker-1-tc2/source:/opt/rustwide/workdir:ro,Z" "-v" "/var/lib/crater-agent-workspace/cargo-home:/opt/rustwide/cargo-home:ro,Z" "-v" "/var/lib/crater-agent-workspace/rustup-home:/opt/rustwide/rustup-home:ro,Z" "-e" "SOURCE_DIR=/opt/rustwide/workdir" "-e" "CARGO_TARGET_DIR=/opt/rustwide/target" "-e" "CARGO_HOME=/opt/rustwide/cargo-home" "-e" "RUSTUP_HOME=/opt/rustwide/rustup-home" "-w" "/opt/rustwide/workdir" "-m" "1610612736" "--user" "0:0" "--network" "none" "ghcr.io/rust-lang/crates-build-env/linux@sha256:4a844ea9eb2546a2d2c7022eacef16ef2e8229c7fbb2c7d4d55a9ceca922f72d" "/opt/rustwide/cargo-home/bin/cargo" "+nightly-2024-10-28" "metadata" "--no-deps" "--format-version=1", kill_on_drop: false }`
[INFO] [stdout] 7aeca51ab72b2fef0f171026a2defa2418248789f7dc0981b86bbc5638b46f5f
[INFO] running `Command { std: "docker" "start" "-a" "7aeca51ab72b2fef0f171026a2defa2418248789f7dc0981b86bbc5638b46f5f", kill_on_drop: false }`
[INFO] running `Command { std: "docker" "inspect" "7aeca51ab72b2fef0f171026a2defa2418248789f7dc0981b86bbc5638b46f5f", kill_on_drop: false }`
[INFO] running `Command { std: "docker" "rm" "-f" "7aeca51ab72b2fef0f171026a2defa2418248789f7dc0981b86bbc5638b46f5f", kill_on_drop: false }`
[INFO] [stdout] 7aeca51ab72b2fef0f171026a2defa2418248789f7dc0981b86bbc5638b46f5f
[INFO] running `Command { std: "docker" "create" "-v" "/var/lib/crater-agent-workspace/builds/worker-1-tc2/target:/opt/rustwide/target:rw,Z" "-v" "/var/lib/crater-agent-workspace/builds/worker-1-tc2/source:/opt/rustwide/workdir:ro,Z" "-v" "/var/lib/crater-agent-workspace/cargo-home:/opt/rustwide/cargo-home:ro,Z" "-v" "/var/lib/crater-agent-workspace/rustup-home:/opt/rustwide/rustup-home:ro,Z" "-e" "SOURCE_DIR=/opt/rustwide/workdir" "-e" "CARGO_TARGET_DIR=/opt/rustwide/target" "-e" "CARGO_INCREMENTAL=0" "-e" "RUST_BACKTRACE=full" "-e" "RUSTFLAGS=--cap-lints=forbid -Zrandomize-layout" "-e" "RUSTDOCFLAGS=--cap-lints=forbid" "-e" "CARGO_HOME=/opt/rustwide/cargo-home" "-e" "RUSTUP_HOME=/opt/rustwide/rustup-home" "-w" "/opt/rustwide/workdir" "-m" "1610612736" "--user" "0:0" "--network" "none" "ghcr.io/rust-lang/crates-build-env/linux@sha256:4a844ea9eb2546a2d2c7022eacef16ef2e8229c7fbb2c7d4d55a9ceca922f72d" "/opt/rustwide/cargo-home/bin/cargo" "+nightly-2024-10-28" "build" "--frozen" "--message-format=json", kill_on_drop: false }`
[INFO] [stdout] c0930ad2fa20133f0b335d4829600908dc9dff5725c3b9e285c2334d5fe12a7e
[INFO] running `Command { std: "docker" "start" "-a" "c0930ad2fa20133f0b335d4829600908dc9dff5725c3b9e285c2334d5fe12a7e", kill_on_drop: false }`
[INFO] [stderr]    Compiling libc v0.2.152
[INFO] [stderr]    Compiling proc-macro2 v1.0.76
[INFO] [stderr]    Compiling unicode-ident v1.0.12
[INFO] [stderr]    Compiling prettyplease v0.2.16
[INFO] [stderr]    Compiling rustix v0.38.30
[INFO] [stderr]    Compiling bitflags v2.4.2
[INFO] [stderr]    Compiling minimal-lexical v0.2.1
[INFO] [stderr]    Compiling clang-sys v1.7.0
[INFO] [stderr]    Compiling cfg-if v1.0.0
[INFO] [stderr]    Compiling regex-syntax v0.8.2
[INFO] [stderr]    Compiling memchr v2.7.1
[INFO] [stderr]    Compiling linux-raw-sys v0.4.13
[INFO] [stderr]    Compiling libloading v0.8.1
[INFO] [stderr]    Compiling bindgen v0.69.2
[INFO] [stderr]    Compiling either v1.9.0
[INFO] [stderr]    Compiling option-ext v0.2.0
[INFO] [stderr]    Compiling peeking_take_while v0.1.2
[INFO] [stderr]    Compiling log v0.4.20
[INFO] [stderr]    Compiling shlex v1.2.0
[INFO] [stderr]    Compiling lazy_static v1.4.0
[INFO] [stderr]    Compiling lazycell v1.3.0
[INFO] [stderr]    Compiling rustc-hash v1.1.0
[INFO] [stderr]    Compiling nom v7.1.3
[INFO] [stderr]    Compiling dirs-sys v0.4.1
[INFO] [stderr]    Compiling cc v1.0.83
[INFO] [stderr]    Compiling quote v1.0.35
[INFO] [stderr]    Compiling dirs v5.0.1
[INFO] [stderr]    Compiling syn v2.0.48
[INFO] [stderr]    Compiling regex-automata v0.4.3
[INFO] [stderr]    Compiling which v4.4.2
[INFO] [stderr]    Compiling cexpr v0.6.0
[INFO] [stderr]    Compiling regex v1.10.2
[INFO] [stderr]    Compiling icube-sdk-sys v0.2.1 (/opt/rustwide/workdir)
[INFO] [stderr]     Finished `dev` profile [unoptimized + debuginfo] target(s) in 16.60s
[INFO] running `Command { std: "docker" "inspect" "c0930ad2fa20133f0b335d4829600908dc9dff5725c3b9e285c2334d5fe12a7e", kill_on_drop: false }`
[INFO] running `Command { std: "docker" "rm" "-f" "c0930ad2fa20133f0b335d4829600908dc9dff5725c3b9e285c2334d5fe12a7e", kill_on_drop: false }`
[INFO] [stdout] c0930ad2fa20133f0b335d4829600908dc9dff5725c3b9e285c2334d5fe12a7e
[INFO] running `Command { std: "docker" "create" "-v" "/var/lib/crater-agent-workspace/builds/worker-1-tc2/target:/opt/rustwide/target:rw,Z" "-v" "/var/lib/crater-agent-workspace/builds/worker-1-tc2/source:/opt/rustwide/workdir:ro,Z" "-v" "/var/lib/crater-agent-workspace/cargo-home:/opt/rustwide/cargo-home:ro,Z" "-v" "/var/lib/crater-agent-workspace/rustup-home:/opt/rustwide/rustup-home:ro,Z" "-e" "SOURCE_DIR=/opt/rustwide/workdir" "-e" "CARGO_TARGET_DIR=/opt/rustwide/target" "-e" "CARGO_INCREMENTAL=0" "-e" "RUST_BACKTRACE=full" "-e" "RUSTFLAGS=--cap-lints=forbid -Zrandomize-layout" "-e" "RUSTDOCFLAGS=--cap-lints=forbid" "-e" "CARGO_HOME=/opt/rustwide/cargo-home" "-e" "RUSTUP_HOME=/opt/rustwide/rustup-home" "-w" "/opt/rustwide/workdir" "-m" "1610612736" "--user" "0:0" "--network" "none" "ghcr.io/rust-lang/crates-build-env/linux@sha256:4a844ea9eb2546a2d2c7022eacef16ef2e8229c7fbb2c7d4d55a9ceca922f72d" "/opt/rustwide/cargo-home/bin/cargo" "+nightly-2024-10-28" "test" "--frozen" "--no-run" "--message-format=json", kill_on_drop: false }`
[INFO] [stdout] 66f53338f13018fd406a62c2e229a0770d4c0654af04738a6a9dd3597e3474eb
[INFO] running `Command { std: "docker" "start" "-a" "66f53338f13018fd406a62c2e229a0770d4c0654af04738a6a9dd3597e3474eb", kill_on_drop: false }`
[INFO] [stderr]    Compiling icube-sdk-sys v0.2.1 (/opt/rustwide/workdir)
[INFO] [stdout] error[E0432]: unresolved import `icube_sdk_sys::ffi`
[INFO] [stdout]  --> examples/list_devices.rs:1:5
[INFO] [stdout]   |
[INFO] [stdout] 1 | use icube_sdk_sys::ffi;
[INFO] [stdout]   |     ^^^^^^^^^^^^^^^^^^ no `ffi` in the root
[INFO] [stdout]   |
[INFO] [stdout] help: consider importing one of these modules instead
[INFO] [stdout]   |
[INFO] [stdout] 1 | use std::ffi;
[INFO] [stdout]   |     ~~~~~~~~
[INFO] [stdout] 1 | use std::os::unix::ffi;
[INFO] [stdout]   |     ~~~~~~~~~~~~~~~~~~
[INFO] [stdout] 1 | use core::ffi;
[INFO] [stdout]   |     ~~~~~~~~~
[INFO] [stdout] 
[INFO] [stdout] 
[INFO] [stdout] error[E0425]: cannot find function `load` in crate `icube_sdk_sys`
[INFO] [stdout]  --> examples/list_devices.rs:5:27
[INFO] [stdout]   |
[INFO] [stdout] 5 |         if icube_sdk_sys::load() != ffi::IC_SUCCESS as _ {
[INFO] [stdout]   |                           ^^^^ not found in `icube_sdk_sys`
[INFO] [stdout] 
[INFO] [stdout] 
[INFO] [stdout] error[E0425]: cannot find function `unload` in crate `icube_sdk_sys`
[INFO] [stdout]   --> examples/list_devices.rs:20:24
[INFO] [stdout]    |
[INFO] [stdout] 20 |         icube_sdk_sys::unload();
[INFO] [stdout]    |                        ^^^^^^ not found in `icube_sdk_sys`
[INFO] [stdout] 
[INFO] [stdout] 
[INFO] [stdout] Some errors have detailed explanations: E0425, E0432.
[INFO] [stdout] 
[INFO] [stdout] For more information about an error, try `rustc --explain E0425`.
[INFO] [stdout] 
[INFO] [stderr] error: could not compile `icube-sdk-sys` (example "list_devices") due to 3 previous errors
[INFO] [stderr] warning: build failed, waiting for other jobs to finish...
[INFO] running `Command { std: "docker" "inspect" "66f53338f13018fd406a62c2e229a0770d4c0654af04738a6a9dd3597e3474eb", kill_on_drop: false }`
[INFO] running `Command { std: "docker" "rm" "-f" "66f53338f13018fd406a62c2e229a0770d4c0654af04738a6a9dd3597e3474eb", kill_on_drop: false }`
[INFO] [stdout] 66f53338f13018fd406a62c2e229a0770d4c0654af04738a6a9dd3597e3474eb
