[INFO] fetching crate icu_lib 0.1.11...
[INFO] testing icu_lib-0.1.11 against nightly-2024-10-28 for randomize-layout
[INFO] extracting crate icu_lib 0.1.11 into /workspace/builds/worker-3-tc1/source
[INFO] validating manifest of crates.io crate icu_lib 0.1.11 on toolchain nightly-2024-10-28
[INFO] running `Command { std: CARGO_HOME="/workspace/cargo-home" RUSTUP_HOME="/workspace/rustup-home" "/workspace/cargo-home/bin/cargo" "+nightly-2024-10-28" "metadata" "--manifest-path" "Cargo.toml" "--no-deps", kill_on_drop: false }`
[INFO] started tweaking crates.io crate icu_lib 0.1.11
[INFO] finished tweaking crates.io crate icu_lib 0.1.11
[INFO] tweaked toml for crates.io crate icu_lib 0.1.11 written to /workspace/builds/worker-3-tc1/source/Cargo.toml
[INFO] running `Command { std: CARGO_HOME="/workspace/cargo-home" RUSTUP_HOME="/workspace/rustup-home" "/workspace/cargo-home/bin/cargo" "+nightly-2024-10-28" "generate-lockfile" "--manifest-path" "Cargo.toml", kill_on_drop: false }`
[INFO] [stderr]     Updating crates.io index
[INFO] [stderr]      Locking 105 packages to latest compatible versions
[INFO] [stderr]       Adding image v0.24.9 (available: v0.25.4)
[INFO] running `Command { std: CARGO_HOME="/workspace/cargo-home" RUSTUP_HOME="/workspace/rustup-home" "/workspace/cargo-home/bin/cargo" "+nightly-2024-10-28" "fetch" "--manifest-path" "Cargo.toml", kill_on_drop: false }`
[INFO] [stderr]  Downloading crates ...
[INFO] [stderr]   Downloaded modular-bitfield v0.11.2
[INFO] [stderr]   Downloaded modular-bitfield-impl v0.11.2
[INFO] [stderr]   Downloaded exr v1.73.0
[INFO] running `Command { std: "docker" "create" "-v" "/var/lib/crater-agent-workspace/builds/worker-3-tc1/target:/opt/rustwide/target:rw,Z" "-v" "/var/lib/crater-agent-workspace/builds/worker-3-tc1/source:/opt/rustwide/workdir:ro,Z" "-v" "/var/lib/crater-agent-workspace/cargo-home:/opt/rustwide/cargo-home:ro,Z" "-v" "/var/lib/crater-agent-workspace/rustup-home:/opt/rustwide/rustup-home:ro,Z" "-e" "SOURCE_DIR=/opt/rustwide/workdir" "-e" "CARGO_TARGET_DIR=/opt/rustwide/target" "-e" "CARGO_HOME=/opt/rustwide/cargo-home" "-e" "RUSTUP_HOME=/opt/rustwide/rustup-home" "-w" "/opt/rustwide/workdir" "-m" "1610612736" "--user" "0:0" "--network" "none" "ghcr.io/rust-lang/crates-build-env/linux@sha256:4a844ea9eb2546a2d2c7022eacef16ef2e8229c7fbb2c7d4d55a9ceca922f72d" "/opt/rustwide/cargo-home/bin/cargo" "+nightly-2024-10-28" "metadata" "--no-deps" "--format-version=1", kill_on_drop: false }`
[INFO] [stdout] 2190298560ec3d28e3a46a344686f4e09ac5cad0ba0e857c80afe680871f3694
[INFO] running `Command { std: "docker" "start" "-a" "2190298560ec3d28e3a46a344686f4e09ac5cad0ba0e857c80afe680871f3694", kill_on_drop: false }`
[INFO] running `Command { std: "docker" "inspect" "2190298560ec3d28e3a46a344686f4e09ac5cad0ba0e857c80afe680871f3694", kill_on_drop: false }`
[INFO] running `Command { std: "docker" "rm" "-f" "2190298560ec3d28e3a46a344686f4e09ac5cad0ba0e857c80afe680871f3694", kill_on_drop: false }`
[INFO] [stdout] 2190298560ec3d28e3a46a344686f4e09ac5cad0ba0e857c80afe680871f3694
[INFO] running `Command { std: "docker" "create" "-v" "/var/lib/crater-agent-workspace/builds/worker-3-tc1/target:/opt/rustwide/target:rw,Z" "-v" "/var/lib/crater-agent-workspace/builds/worker-3-tc1/source:/opt/rustwide/workdir:ro,Z" "-v" "/var/lib/crater-agent-workspace/cargo-home:/opt/rustwide/cargo-home:ro,Z" "-v" "/var/lib/crater-agent-workspace/rustup-home:/opt/rustwide/rustup-home:ro,Z" "-e" "SOURCE_DIR=/opt/rustwide/workdir" "-e" "CARGO_TARGET_DIR=/opt/rustwide/target" "-e" "CARGO_INCREMENTAL=0" "-e" "RUST_BACKTRACE=full" "-e" "RUSTFLAGS=--cap-lints=forbid" "-e" "RUSTDOCFLAGS=--cap-lints=forbid" "-e" "CARGO_HOME=/opt/rustwide/cargo-home" "-e" "RUSTUP_HOME=/opt/rustwide/rustup-home" "-w" "/opt/rustwide/workdir" "-m" "1610612736" "--user" "0:0" "--network" "none" "ghcr.io/rust-lang/crates-build-env/linux@sha256:4a844ea9eb2546a2d2c7022eacef16ef2e8229c7fbb2c7d4d55a9ceca922f72d" "/opt/rustwide/cargo-home/bin/cargo" "+nightly-2024-10-28" "build" "--frozen" "--message-format=json", kill_on_drop: false }`
[INFO] [stdout] ac162e345b54c347fc106d3cf7e26decf0bfa42a769f69485d91f53ffb205a04
[INFO] running `Command { std: "docker" "start" "-a" "ac162e345b54c347fc106d3cf7e26decf0bfa42a769f69485d91f53ffb205a04", kill_on_drop: false }`
[INFO] [stderr]    Compiling simd-adler32 v0.3.7
[INFO] [stderr]    Compiling either v1.13.0
[INFO] [stderr]    Compiling weezl v0.1.8
[INFO] [stderr]    Compiling aho-corasick v1.1.3
[INFO] [stderr]    Compiling num-traits v0.2.19
[INFO] [stderr]    Compiling half v2.4.1
[INFO] [stderr]    Compiling anstyle-parse v0.2.6
[INFO] [stderr]    Compiling bytemuck v1.19.0
[INFO] [stderr]    Compiling log v0.4.22
[INFO] [stderr]    Compiling colorchoice v1.0.3
[INFO] [stderr]    Compiling anstyle v1.0.9
[INFO] [stderr]    Compiling anstyle-query v1.1.2
[INFO] [stderr]    Compiling static_assertions v1.1.0
[INFO] [stderr]    Compiling humantime v2.1.0
[INFO] [stderr]    Compiling syn v1.0.109
[INFO] [stderr]    Compiling byteorder v1.5.0
[INFO] [stderr]    Compiling miniz_oxide v0.8.0
[INFO] [stderr]    Compiling fdeflate v0.3.6
[INFO] [stderr]    Compiling zune-inflate v0.2.54
[INFO] [stderr]    Compiling rayon v1.10.0
[INFO] [stderr]    Compiling anstream v0.6.17
[INFO] [stderr]    Compiling qoi v0.4.1
[INFO] [stderr]    Compiling gif v0.13.1
[INFO] [stderr]    Compiling flate2 v1.0.34
[INFO] [stderr]    Compiling exr v1.73.0
[INFO] [stderr]    Compiling png v0.17.14
[INFO] [stderr]    Compiling regex-automata v0.4.8
[INFO] [stderr]    Compiling jpeg-decoder v0.3.1
[INFO] [stderr]    Compiling tiff v0.9.1
[INFO] [stderr]    Compiling regex v1.11.1
[INFO] [stderr]    Compiling modular-bitfield-impl v0.11.2
[INFO] [stderr]    Compiling env_filter v0.1.2
[INFO] [stderr]    Compiling image v0.24.9
[INFO] [stderr]    Compiling env_logger v0.11.5
[INFO] [stderr]    Compiling modular-bitfield v0.11.2
[INFO] [stderr]    Compiling icu_lib v0.1.11 (/opt/rustwide/workdir)
[INFO] [stderr]     Finished `dev` profile [unoptimized + debuginfo] target(s) in 8.06s
[INFO] running `Command { std: "docker" "inspect" "ac162e345b54c347fc106d3cf7e26decf0bfa42a769f69485d91f53ffb205a04", kill_on_drop: false }`
[INFO] running `Command { std: "docker" "rm" "-f" "ac162e345b54c347fc106d3cf7e26decf0bfa42a769f69485d91f53ffb205a04", kill_on_drop: false }`
[INFO] [stdout] ac162e345b54c347fc106d3cf7e26decf0bfa42a769f69485d91f53ffb205a04
[INFO] running `Command { std: "docker" "create" "-v" "/var/lib/crater-agent-workspace/builds/worker-3-tc1/target:/opt/rustwide/target:rw,Z" "-v" "/var/lib/crater-agent-workspace/builds/worker-3-tc1/source:/opt/rustwide/workdir:ro,Z" "-v" "/var/lib/crater-agent-workspace/cargo-home:/opt/rustwide/cargo-home:ro,Z" "-v" "/var/lib/crater-agent-workspace/rustup-home:/opt/rustwide/rustup-home:ro,Z" "-e" "SOURCE_DIR=/opt/rustwide/workdir" "-e" "CARGO_TARGET_DIR=/opt/rustwide/target" "-e" "CARGO_INCREMENTAL=0" "-e" "RUST_BACKTRACE=full" "-e" "RUSTFLAGS=--cap-lints=forbid" "-e" "RUSTDOCFLAGS=--cap-lints=forbid" "-e" "CARGO_HOME=/opt/rustwide/cargo-home" "-e" "RUSTUP_HOME=/opt/rustwide/rustup-home" "-w" "/opt/rustwide/workdir" "-m" "1610612736" "--user" "0:0" "--network" "none" "ghcr.io/rust-lang/crates-build-env/linux@sha256:4a844ea9eb2546a2d2c7022eacef16ef2e8229c7fbb2c7d4d55a9ceca922f72d" "/opt/rustwide/cargo-home/bin/cargo" "+nightly-2024-10-28" "test" "--frozen" "--no-run" "--message-format=json", kill_on_drop: false }`
[INFO] [stdout] c16cc0a99d7f5f15f17e73ac691bc5d24782a51be2a97805c538cfa11daa4a9c
[INFO] running `Command { std: "docker" "start" "-a" "c16cc0a99d7f5f15f17e73ac691bc5d24782a51be2a97805c538cfa11daa4a9c", kill_on_drop: false }`
[INFO] [stderr]    Compiling serde v1.0.214
[INFO] [stderr]    Compiling syn v2.0.86
[INFO] [stderr]    Compiling ciborium-io v0.2.2
[INFO] [stderr]    Compiling clap_builder v4.5.20
[INFO] [stderr]    Compiling plotters v0.3.7
[INFO] [stderr]    Compiling criterion-plot v0.5.0
[INFO] [stderr]    Compiling is-terminal v0.4.13
[INFO] [stderr]    Compiling anes v0.1.6
[INFO] [stderr]    Compiling once_cell v1.20.2
[INFO] [stderr]    Compiling jpeg-decoder v0.3.1
[INFO] [stderr]    Compiling ciborium-ll v0.2.2
[INFO] [stderr]    Compiling tiff v0.9.1
[INFO] [stderr]    Compiling image v0.24.9
[INFO] [stderr]    Compiling clap v4.5.20
[INFO] [stderr]    Compiling serde_derive v1.0.214
[INFO] [stderr]    Compiling icu_lib v0.1.11 (/opt/rustwide/workdir)
[INFO] [stderr]    Compiling serde_json v1.0.132
[INFO] [stderr]    Compiling ciborium v0.2.2
[INFO] [stderr]    Compiling tinytemplate v1.2.1
[INFO] [stderr]    Compiling criterion v0.5.1
[INFO] [stdout] error[E0063]: missing field `lvgl_version` in initializer of `EncoderParams`
[INFO] [stdout]   --> tests/tests.rs:17:17
[INFO] [stdout]    |
[INFO] [stdout] 17 |                 EncoderParams {
[INFO] [stdout]    |                 ^^^^^^^^^^^^^ missing `lvgl_version`
[INFO] [stdout] ...
[INFO] [stdout] 35 |         test_encode_decode!(DATA, RGB565);
[INFO] [stdout]    |         --------------------------------- in this macro invocation
[INFO] [stdout]    |
[INFO] [stdout]    = note: this error originates in the macro `test_encode_decode` (in Nightly builds, run with -Z macro-backtrace for more info)
[INFO] [stdout] 
[INFO] [stdout] 
[INFO] [stdout] error[E0063]: missing field `lvgl_version` in initializer of `EncoderParams`
[INFO] [stdout]   --> tests/tests.rs:17:17
[INFO] [stdout]    |
[INFO] [stdout] 17 |                 EncoderParams {
[INFO] [stdout]    |                 ^^^^^^^^^^^^^ missing `lvgl_version`
[INFO] [stdout] ...
[INFO] [stdout] 36 |         test_encode_decode!(DATA, RGB565A8);
[INFO] [stdout]    |         ----------------------------------- in this macro invocation
[INFO] [stdout]    |
[INFO] [stdout]    = note: this error originates in the macro `test_encode_decode` (in Nightly builds, run with -Z macro-backtrace for more info)
[INFO] [stdout] 
[INFO] [stdout] 
[INFO] [stdout] error[E0063]: missing field `lvgl_version` in initializer of `EncoderParams`
[INFO] [stdout]   --> tests/tests.rs:17:17
[INFO] [stdout]    |
[INFO] [stdout] 17 |                 EncoderParams {
[INFO] [stdout]    |                 ^^^^^^^^^^^^^ missing `lvgl_version`
[INFO] [stdout] ...
[INFO] [stdout] 37 |         test_encode_decode!(DATA, RGB888);
[INFO] [stdout]    |         --------------------------------- in this macro invocation
[INFO] [stdout]    |
[INFO] [stdout]    = note: this error originates in the macro `test_encode_decode` (in Nightly builds, run with -Z macro-backtrace for more info)
[INFO] [stdout] 
[INFO] [stdout] 
[INFO] [stdout] error[E0063]: missing field `lvgl_version` in initializer of `EncoderParams`
[INFO] [stdout]   --> tests/tests.rs:17:17
[INFO] [stdout]    |
[INFO] [stdout] 17 |                 EncoderParams {
[INFO] [stdout]    |                 ^^^^^^^^^^^^^ missing `lvgl_version`
[INFO] [stdout] ...
[INFO] [stdout] 38 |         test_encode_decode!(DATA, ARGB8888);
[INFO] [stdout]    |         ----------------------------------- in this macro invocation
[INFO] [stdout]    |
[INFO] [stdout]    = note: this error originates in the macro `test_encode_decode` (in Nightly builds, run with -Z macro-backtrace for more info)
[INFO] [stdout] 
[INFO] [stdout] 
[INFO] [stdout] error[E0063]: missing field `lvgl_version` in initializer of `EncoderParams`
[INFO] [stdout]   --> tests/tests.rs:17:17
[INFO] [stdout]    |
[INFO] [stdout] 17 |                 EncoderParams {
[INFO] [stdout]    |                 ^^^^^^^^^^^^^ missing `lvgl_version`
[INFO] [stdout] ...
[INFO] [stdout] 39 |         test_encode_decode!(DATA, XRGB8888);
[INFO] [stdout]    |         ----------------------------------- in this macro invocation
[INFO] [stdout]    |
[INFO] [stdout]    = note: this error originates in the macro `test_encode_decode` (in Nightly builds, run with -Z macro-backtrace for more info)
[INFO] [stdout] 
[INFO] [stdout] 
[INFO] [stdout] error[E0063]: missing field `lvgl_version` in initializer of `EncoderParams`
[INFO] [stdout]   --> tests/tests.rs:17:17
[INFO] [stdout]    |
[INFO] [stdout] 17 |                 EncoderParams {
[INFO] [stdout]    |                 ^^^^^^^^^^^^^ missing `lvgl_version`
[INFO] [stdout] ...
[INFO] [stdout] 40 |         test_encode_decode!(DATA, A1);
[INFO] [stdout]    |         ----------------------------- in this macro invocation
[INFO] [stdout]    |
[INFO] [stdout]    = note: this error originates in the macro `test_encode_decode` (in Nightly builds, run with -Z macro-backtrace for more info)
[INFO] [stdout] 
[INFO] [stdout] 
[INFO] [stdout] error[E0063]: missing field `lvgl_version` in initializer of `EncoderParams`
[INFO] [stdout]   --> tests/tests.rs:17:17
[INFO] [stdout]    |
[INFO] [stdout] 17 |                 EncoderParams {
[INFO] [stdout]    |                 ^^^^^^^^^^^^^ missing `lvgl_version`
[INFO] [stdout] ...
[INFO] [stdout] 41 |         test_encode_decode!(DATA, A2);
[INFO] [stdout]    |         ----------------------------- in this macro invocation
[INFO] [stdout]    |
[INFO] [stdout]    = note: this error originates in the macro `test_encode_decode` (in Nightly builds, run with -Z macro-backtrace for more info)
[INFO] [stdout] 
[INFO] [stdout] 
[INFO] [stdout] error[E0063]: missing field `lvgl_version` in initializer of `EncoderParams`
[INFO] [stdout]   --> tests/tests.rs:17:17
[INFO] [stdout]    |
[INFO] [stdout] 17 |                 EncoderParams {
[INFO] [stdout]    |                 ^^^^^^^^^^^^^ missing `lvgl_version`
[INFO] [stdout] ...
[INFO] [stdout] 42 |         test_encode_decode!(DATA, A4);
[INFO] [stdout]    |         ----------------------------- in this macro invocation
[INFO] [stdout]    |
[INFO] [stdout]    = note: this error originates in the macro `test_encode_decode` (in Nightly builds, run with -Z macro-backtrace for more info)
[INFO] [stdout] 
[INFO] [stdout] 
[INFO] [stdout] error[E0063]: missing field `lvgl_version` in initializer of `EncoderParams`
[INFO] [stdout]   --> tests/tests.rs:17:17
[INFO] [stdout]    |
[INFO] [stdout] 17 |                 EncoderParams {
[INFO] [stdout]    |                 ^^^^^^^^^^^^^ missing `lvgl_version`
[INFO] [stdout] ...
[INFO] [stdout] 43 |         test_encode_decode!(DATA, A8);
[INFO] [stdout]    |         ----------------------------- in this macro invocation
[INFO] [stdout]    |
[INFO] [stdout]    = note: this error originates in the macro `test_encode_decode` (in Nightly builds, run with -Z macro-backtrace for more info)
[INFO] [stdout] 
[INFO] [stdout] 
[INFO] [stdout] error[E0063]: missing field `lvgl_version` in initializer of `EncoderParams`
[INFO] [stdout]   --> tests/tests.rs:17:17
[INFO] [stdout]    |
[INFO] [stdout] 17 |                 EncoderParams {
[INFO] [stdout]    |                 ^^^^^^^^^^^^^ missing `lvgl_version`
[INFO] [stdout] ...
[INFO] [stdout] 44 |         test_encode_decode!(DATA, L8);
[INFO] [stdout]    |         ----------------------------- in this macro invocation
[INFO] [stdout]    |
[INFO] [stdout]    = note: this error originates in the macro `test_encode_decode` (in Nightly builds, run with -Z macro-backtrace for more info)
[INFO] [stdout] 
[INFO] [stdout] 
[INFO] [stdout] error[E0063]: missing field `lvgl_version` in initializer of `EncoderParams`
[INFO] [stdout]   --> tests/tests.rs:17:17
[INFO] [stdout]    |
[INFO] [stdout] 17 |                 EncoderParams {
[INFO] [stdout]    |                 ^^^^^^^^^^^^^ missing `lvgl_version`
[INFO] [stdout] ...
[INFO] [stdout] 45 |         test_encode_decode!(DATA, I1);
[INFO] [stdout]    |         ----------------------------- in this macro invocation
[INFO] [stdout]    |
[INFO] [stdout]    = note: this error originates in the macro `test_encode_decode` (in Nightly builds, run with -Z macro-backtrace for more info)
[INFO] [stdout] 
[INFO] [stdout] 
[INFO] [stdout] error[E0063]: missing field `lvgl_version` in initializer of `EncoderParams`
[INFO] [stdout]   --> tests/tests.rs:17:17
[INFO] [stdout]    |
[INFO] [stdout] 17 |                 EncoderParams {
[INFO] [stdout]    |                 ^^^^^^^^^^^^^ missing `lvgl_version`
[INFO] [stdout] ...
[INFO] [stdout] 46 |         test_encode_decode!(DATA, I2);
[INFO] [stdout]    |         ----------------------------- in this macro invocation
[INFO] [stdout]    |
[INFO] [stdout]    = note: this error originates in the macro `test_encode_decode` (in Nightly builds, run with -Z macro-backtrace for more info)
[INFO] [stdout] 
[INFO] [stdout] 
[INFO] [stdout] error[E0063]: missing field `lvgl_version` in initializer of `EncoderParams`
[INFO] [stdout]   --> tests/tests.rs:17:17
[INFO] [stdout]    |
[INFO] [stdout] 17 |                 EncoderParams {
[INFO] [stdout]    |                 ^^^^^^^^^^^^^ missing `lvgl_version`
[INFO] [stdout] ...
[INFO] [stdout] 47 |         test_encode_decode!(DATA, I4);
[INFO] [stdout]    |         ----------------------------- in this macro invocation
[INFO] [stdout]    |
[INFO] [stdout]    = note: this error originates in the macro `test_encode_decode` (in Nightly builds, run with -Z macro-backtrace for more info)
[INFO] [stdout] 
[INFO] [stdout] 
[INFO] [stdout] error[E0063]: missing field `lvgl_version` in initializer of `EncoderParams`
[INFO] [stdout]   --> tests/tests.rs:17:17
[INFO] [stdout]    |
[INFO] [stdout] 17 |                 EncoderParams {
[INFO] [stdout]    |                 ^^^^^^^^^^^^^ missing `lvgl_version`
[INFO] [stdout] ...
[INFO] [stdout] 48 |         test_encode_decode!(DATA, I8);
[INFO] [stdout]    |         ----------------------------- in this macro invocation
[INFO] [stdout]    |
[INFO] [stdout]    = note: this error originates in the macro `test_encode_decode` (in Nightly builds, run with -Z macro-backtrace for more info)
[INFO] [stdout] 
[INFO] [stdout] 
[INFO] [stdout] For more information about this error, try `rustc --explain E0063`.
[INFO] [stdout] 
[INFO] [stderr] error: could not compile `icu_lib` (test "tests") due to 14 previous errors
[INFO] [stderr] warning: build failed, waiting for other jobs to finish...
[INFO] running `Command { std: "docker" "inspect" "c16cc0a99d7f5f15f17e73ac691bc5d24782a51be2a97805c538cfa11daa4a9c", kill_on_drop: false }`
[INFO] running `Command { std: "docker" "rm" "-f" "c16cc0a99d7f5f15f17e73ac691bc5d24782a51be2a97805c538cfa11daa4a9c", kill_on_drop: false }`
[INFO] [stdout] c16cc0a99d7f5f15f17e73ac691bc5d24782a51be2a97805c538cfa11daa4a9c
