[INFO] fetching crate icu_collections 1.5.0...
[INFO] testing icu_collections-1.5.0 against nightly-2024-10-28 for randomize-layout
[INFO] extracting crate icu_collections 1.5.0 into /workspace/builds/worker-0-tc1/source
[INFO] validating manifest of crates.io crate icu_collections 1.5.0 on toolchain nightly-2024-10-28
[INFO] running `Command { std: CARGO_HOME="/workspace/cargo-home" RUSTUP_HOME="/workspace/rustup-home" "/workspace/cargo-home/bin/cargo" "+nightly-2024-10-28" "metadata" "--manifest-path" "Cargo.toml" "--no-deps", kill_on_drop: false }`
[INFO] started tweaking crates.io crate icu_collections 1.5.0
[INFO] finished tweaking crates.io crate icu_collections 1.5.0
[INFO] tweaked toml for crates.io crate icu_collections 1.5.0 written to /workspace/builds/worker-0-tc1/source/Cargo.toml
[INFO] crate crates.io crate icu_collections 1.5.0 already has a lockfile, it will not be regenerated
[INFO] running `Command { std: CARGO_HOME="/workspace/cargo-home" RUSTUP_HOME="/workspace/rustup-home" "/workspace/cargo-home/bin/cargo" "+nightly-2024-10-28" "fetch" "--manifest-path" "Cargo.toml", kill_on_drop: false }`
[INFO] [stderr]     Updating crates.io index
[INFO] [stderr]     Blocking waiting for file lock on package cache
[INFO] [stderr]  Downloading crates ...
[INFO] [stderr]   Downloaded zerofrom-derive v0.1.4
[INFO] [stderr]   Downloaded zerofrom v0.1.4
[INFO] [stderr]   Downloaded yoke-derive v0.7.4
[INFO] [stderr]   Downloaded windows-targets v0.48.5
[INFO] [stderr]   Downloaded ciborium-io v0.2.1
[INFO] [stderr]   Downloaded databake v0.1.8
[INFO] [stderr]   Downloaded databake-derive v0.1.8
[INFO] [stderr]   Downloaded proc-macro2 v1.0.82
[INFO] [stderr]   Downloaded criterion-plot v0.5.0
[INFO] [stderr]   Downloaded plotters-backend v0.3.5
[INFO] [stderr]   Downloaded wasm-bindgen-shared v0.2.87
[INFO] [stderr]   Downloaded errno v0.3.8
[INFO] [stderr]   Downloaded plotters-svg v0.3.5
[INFO] [stderr]   Downloaded same-file v1.0.6
[INFO] [stderr]   Downloaded cobs v0.2.3
[INFO] [stderr]   Downloaded windows-targets v0.52.0
[INFO] [stderr]   Downloaded once_cell v1.18.0
[INFO] [stderr]   Downloaded anes v0.1.6
[INFO] [stderr]   Downloaded clap_lex v0.4.1
[INFO] [stderr]   Downloaded hermit-abi v0.3.3
[INFO] [stderr]   Downloaded ciborium v0.2.1
[INFO] [stderr]   Downloaded half v1.8.2
[INFO] [stderr]   Downloaded num-traits v0.2.18
[INFO] [stderr]   Downloaded clap v4.2.1
[INFO] [stderr]   Downloaded bumpalo v3.14.0
[INFO] [stderr]   Downloaded clap_builder v4.2.1
[INFO] [stderr]   Downloaded serde_json v1.0.107
[INFO] [stderr]   Downloaded plotters v0.3.5
[INFO] [stderr]   Downloaded rayon v1.8.0
[INFO] [stderr]   Downloaded syn v2.0.58
[INFO] [stderr]   Downloaded wasm-bindgen v0.2.87
[INFO] [stderr]   Downloaded itertools v0.10.5
[INFO] [stderr]   Downloaded criterion v0.5.1
[INFO] [stderr]   Downloaded regex v1.8.4
[INFO] [stderr]   Downloaded zerovec v0.10.2
[INFO] [stderr]   Downloaded serde v1.0.188
[INFO] [stderr]   Downloaded regex-syntax v0.7.5
[INFO] [stderr]   Downloaded js-sys v0.3.64
[INFO] [stderr]   Downloaded crossbeam-utils v0.8.19
[INFO] [stderr]   Downloaded rustix v0.38.31
[INFO] [stderr]   Downloaded rayon-core v1.12.0
[INFO] [stderr]   Downloaded windows_x86_64_gnullvm v0.52.0
[INFO] [stderr]   Downloaded windows_aarch64_gnullvm v0.52.0
[INFO] [stderr]   Downloaded windows_x86_64_gnullvm v0.48.5
[INFO] [stderr]   Downloaded windows_aarch64_gnullvm v0.48.5
[INFO] [stderr]   Downloaded ryu v1.0.15
[INFO] [stderr]   Downloaded bitflags v2.4.2
[INFO] [stderr]   Downloaded log v0.4.20
[INFO] [stderr]   Downloaded postcard v1.0.7
[INFO] [stderr]   Downloaded toml v0.5.11
[INFO] [stderr]   Downloaded wasm-bindgen-backend v0.2.87
[INFO] [stderr]   Downloaded crossbeam-epoch v0.9.15
[INFO] [stderr]   Downloaded tinytemplate v1.2.1
[INFO] [stderr]   Downloaded serde_derive v1.0.188
[INFO] [stderr]   Downloaded cast v0.3.0
[INFO] [stderr]   Downloaded scopeguard v1.2.0
[INFO] [stderr]   Downloaded yoke v0.7.4
[INFO] [stderr]   Downloaded ciborium-ll v0.2.1
[INFO] [stderr]   Downloaded libc v0.2.153
[INFO] [stderr]   Downloaded web-sys v0.3.64
[INFO] [stderr]   Downloaded windows_x86_64_gnu v0.48.5
[INFO] [stderr]   Downloaded is-terminal v0.4.9
[INFO] [stderr]   Downloaded windows_aarch64_msvc v0.52.0
[INFO] [stderr]   Downloaded windows_x86_64_msvc v0.52.0
[INFO] [stderr]   Downloaded windows_i686_msvc v0.52.0
[INFO] [stderr]   Downloaded windows_i686_msvc v0.48.5
[INFO] [stderr]   Downloaded windows_i686_gnu v0.52.0
[INFO] [stderr]   Downloaded windows_i686_gnu v0.48.5
[INFO] [stderr]   Downloaded windows_x86_64_gnu v0.52.0
[INFO] [stderr]   Downloaded windows_aarch64_msvc v0.48.5
[INFO] [stderr]   Downloaded windows_x86_64_msvc v0.48.5
[INFO] [stderr]   Downloaded oorandom v11.1.3
[INFO] [stderr]   Downloaded wasm-bindgen-macro-support v0.2.87
[INFO] [stderr]   Downloaded wasm-bindgen-macro v0.2.87
[INFO] [stderr]   Downloaded either v1.9.0
[INFO] [stderr]   Downloaded stable_deref_trait v1.2.0
[INFO] [stderr]   Downloaded unicode-ident v1.0.12
[INFO] [stderr]   Downloaded memoffset v0.9.0
[INFO] [stderr]   Downloaded crossbeam-deque v0.8.3
[INFO] [stderr]   Downloaded winapi v0.3.9
[INFO] [stderr]   Downloaded winapi-util v0.1.6
[INFO] [stderr]   Downloaded displaydoc v0.2.4
[INFO] [stderr]   Downloaded iai v0.1.1
[INFO] [stderr]   Downloaded synstructure v0.13.1
[INFO] [stderr]   Downloaded quote v1.0.35
[INFO] [stderr]   Downloaded zerovec-derive v0.10.2
[INFO] [stderr]   Downloaded autocfg v1.1.0
[INFO] [stderr]   Downloaded walkdir v2.4.0
[INFO] [stderr]   Downloaded itoa v1.0.9
[INFO] [stderr]   Downloaded linux-raw-sys v0.4.13
[INFO] [stderr]   Downloaded windows-sys v0.52.0
[INFO] [stderr]   Downloaded windows-sys v0.48.0
[INFO] [stderr]   Downloaded winapi-i686-pc-windows-gnu v0.4.0
[INFO] [stderr]   Downloaded winapi-x86_64-pc-windows-gnu v0.4.0
[INFO] running `Command { std: "docker" "create" "-v" "/var/lib/crater-agent-workspace/builds/worker-0-tc1/target:/opt/rustwide/target:rw,Z" "-v" "/var/lib/crater-agent-workspace/builds/worker-0-tc1/source:/opt/rustwide/workdir:ro,Z" "-v" "/var/lib/crater-agent-workspace/cargo-home:/opt/rustwide/cargo-home:ro,Z" "-v" "/var/lib/crater-agent-workspace/rustup-home:/opt/rustwide/rustup-home:ro,Z" "-e" "SOURCE_DIR=/opt/rustwide/workdir" "-e" "CARGO_TARGET_DIR=/opt/rustwide/target" "-e" "CARGO_HOME=/opt/rustwide/cargo-home" "-e" "RUSTUP_HOME=/opt/rustwide/rustup-home" "-w" "/opt/rustwide/workdir" "-m" "1610612736" "--user" "0:0" "--network" "none" "ghcr.io/rust-lang/crates-build-env/linux@sha256:4a844ea9eb2546a2d2c7022eacef16ef2e8229c7fbb2c7d4d55a9ceca922f72d" "/opt/rustwide/cargo-home/bin/cargo" "+nightly-2024-10-28" "metadata" "--no-deps" "--format-version=1", kill_on_drop: false }`
[INFO] [stdout] e6df889572c9b0d977972368e2b38b93d384c1e209da3eb49cbeee4862d7e4db
[INFO] running `Command { std: "docker" "start" "-a" "e6df889572c9b0d977972368e2b38b93d384c1e209da3eb49cbeee4862d7e4db", kill_on_drop: false }`
[INFO] running `Command { std: "docker" "inspect" "e6df889572c9b0d977972368e2b38b93d384c1e209da3eb49cbeee4862d7e4db", kill_on_drop: false }`
[INFO] running `Command { std: "docker" "rm" "-f" "e6df889572c9b0d977972368e2b38b93d384c1e209da3eb49cbeee4862d7e4db", kill_on_drop: false }`
[INFO] [stdout] e6df889572c9b0d977972368e2b38b93d384c1e209da3eb49cbeee4862d7e4db
[INFO] running `Command { std: "docker" "create" "-v" "/var/lib/crater-agent-workspace/builds/worker-0-tc1/target:/opt/rustwide/target:rw,Z" "-v" "/var/lib/crater-agent-workspace/builds/worker-0-tc1/source:/opt/rustwide/workdir:ro,Z" "-v" "/var/lib/crater-agent-workspace/cargo-home:/opt/rustwide/cargo-home:ro,Z" "-v" "/var/lib/crater-agent-workspace/rustup-home:/opt/rustwide/rustup-home:ro,Z" "-e" "SOURCE_DIR=/opt/rustwide/workdir" "-e" "CARGO_TARGET_DIR=/opt/rustwide/target" "-e" "CARGO_INCREMENTAL=0" "-e" "RUST_BACKTRACE=full" "-e" "RUSTFLAGS=--cap-lints=forbid" "-e" "RUSTDOCFLAGS=--cap-lints=forbid" "-e" "CARGO_HOME=/opt/rustwide/cargo-home" "-e" "RUSTUP_HOME=/opt/rustwide/rustup-home" "-w" "/opt/rustwide/workdir" "-m" "1610612736" "--user" "0:0" "--network" "none" "ghcr.io/rust-lang/crates-build-env/linux@sha256:4a844ea9eb2546a2d2c7022eacef16ef2e8229c7fbb2c7d4d55a9ceca922f72d" "/opt/rustwide/cargo-home/bin/cargo" "+nightly-2024-10-28" "build" "--frozen" "--message-format=json", kill_on_drop: false }`
[INFO] [stdout] d0fde6dc42aee58f7017bab9e7a4aa5b1db25bf749b837dcad5ac6761e46e1a1
[INFO] running `Command { std: "docker" "start" "-a" "d0fde6dc42aee58f7017bab9e7a4aa5b1db25bf749b837dcad5ac6761e46e1a1", kill_on_drop: false }`
[INFO] [stderr]    Compiling proc-macro2 v1.0.82
[INFO] [stderr]    Compiling unicode-ident v1.0.12
[INFO] [stderr]    Compiling stable_deref_trait v1.2.0
[INFO] [stderr]    Compiling quote v1.0.35
[INFO] [stderr]    Compiling syn v2.0.58
[INFO] [stderr]    Compiling synstructure v0.13.1
[INFO] [stderr]    Compiling zerovec-derive v0.10.2
[INFO] [stderr]    Compiling displaydoc v0.2.4
[INFO] [stderr]    Compiling zerofrom-derive v0.1.4
[INFO] [stderr]    Compiling yoke-derive v0.7.4
[INFO] [stderr]    Compiling zerofrom v0.1.4
[INFO] [stderr]    Compiling yoke v0.7.4
[INFO] [stderr]    Compiling zerovec v0.10.2
[INFO] [stderr]    Compiling icu_collections v1.5.0 (/opt/rustwide/workdir)
[INFO] [stdout] warning: non-local `impl` definition, `impl` blocks should be written at the same level as their item
[INFO] [stdout]   --> src/codepointinvlist/mod.rs:74:10
[INFO] [stdout]    |
[INFO] [stdout] 74 | #[derive(Display, Debug)]
[INFO] [stdout]    |          ^------
[INFO] [stdout]    |          |
[INFO] [stdout]    |          `Display` is not local
[INFO] [stdout]    |          move the `impl` block outside of this constant `_DERIVE_Display_FOR_CodePointInversionListError`
[INFO] [stdout] 75 | pub enum CodePointInversionListError {
[INFO] [stdout]    |          --------------------------- `CodePointInversionListError` is not local
[INFO] [stdout]    |
[INFO] [stdout]    = note: the derive macro `Display` defines the non-local `impl`, and may need to be changed
[INFO] [stdout]    = note: the derive macro `Display` may come from an old version of the `displaydoc` crate, try updating your dependency with `cargo update -p displaydoc`
[INFO] [stdout]    = note: an `impl` is never scoped, even when it is nested inside an item, as it may impact type checking outside of that item, which can be the case if neither the trait or the self type are at the same nesting level as the `impl`
[INFO] [stdout]    = note: items in an anonymous const item (`const _: () = { ... }`) are treated as in the same scope as the anonymous const's declaration for the purpose of this lint
[INFO] [stdout]    = note: `#[warn(non_local_definitions)]` on by default
[INFO] [stdout]    = note: this warning originates in the derive macro `Display` (in Nightly builds, run with -Z macro-backtrace for more info)
[INFO] [stdout] 
[INFO] [stdout] 
[INFO] [stdout] warning: non-local `impl` definition, `impl` blocks should be written at the same level as their item
[INFO] [stdout]    --> src/codepointinvliststringlist/mod.rs:262:10
[INFO] [stdout]     |
[INFO] [stdout] 262 | #[derive(Display, Debug)]
[INFO] [stdout]     |          ^------
[INFO] [stdout]     |          |
[INFO] [stdout]     |          `Display` is not local
[INFO] [stdout]     |          move the `impl` block outside of this constant `_DERIVE_Display_FOR_CodePointInversionListAndStringListError`
[INFO] [stdout] 263 | pub enum CodePointInversionListAndStringListError {
[INFO] [stdout]     |          ---------------------------------------- `CodePointInversionListAndStringListError` is not local
[INFO] [stdout]     |
[INFO] [stdout]     = note: the derive macro `Display` defines the non-local `impl`, and may need to be changed
[INFO] [stdout]     = note: the derive macro `Display` may come from an old version of the `displaydoc` crate, try updating your dependency with `cargo update -p displaydoc`
[INFO] [stdout]     = note: an `impl` is never scoped, even when it is nested inside an item, as it may impact type checking outside of that item, which can be the case if neither the trait or the self type are at the same nesting level as the `impl`
[INFO] [stdout]     = note: items in an anonymous const item (`const _: () = { ... }`) are treated as in the same scope as the anonymous const's declaration for the purpose of this lint
[INFO] [stdout]     = note: this warning originates in the derive macro `Display` (in Nightly builds, run with -Z macro-backtrace for more info)
[INFO] [stdout] 
[INFO] [stdout] 
[INFO] [stdout] warning: non-local `impl` definition, `impl` blocks should be written at the same level as their item
[INFO] [stdout]   --> src/codepointtrie/error.rs:12:23
[INFO] [stdout]    |
[INFO] [stdout] 12 | #[derive(Copy, Clone, Display, Debug, PartialEq)]
[INFO] [stdout]    |                       ^------
[INFO] [stdout]    |                       |
[INFO] [stdout]    |                       `Display` is not local
[INFO] [stdout]    |                       move the `impl` block outside of this constant `_DERIVE_Display_FOR_Error`
[INFO] [stdout] 13 | #[non_exhaustive]
[INFO] [stdout] 14 | pub enum Error {
[INFO] [stdout]    |          ----- `Error` is not local
[INFO] [stdout]    |
[INFO] [stdout]    = note: the derive macro `Display` defines the non-local `impl`, and may need to be changed
[INFO] [stdout]    = note: the derive macro `Display` may come from an old version of the `displaydoc` crate, try updating your dependency with `cargo update -p displaydoc`
[INFO] [stdout]    = note: an `impl` is never scoped, even when it is nested inside an item, as it may impact type checking outside of that item, which can be the case if neither the trait or the self type are at the same nesting level as the `impl`
[INFO] [stdout]    = note: items in an anonymous const item (`const _: () = { ... }`) are treated as in the same scope as the anonymous const's declaration for the purpose of this lint
[INFO] [stdout]    = note: this warning originates in the derive macro `Display` (in Nightly builds, run with -Z macro-backtrace for more info)
[INFO] [stdout] 
[INFO] [stdout] 
[INFO] [stderr]     Finished `dev` profile [unoptimized + debuginfo] target(s) in 4.11s
[INFO] running `Command { std: "docker" "inspect" "d0fde6dc42aee58f7017bab9e7a4aa5b1db25bf749b837dcad5ac6761e46e1a1", kill_on_drop: false }`
[INFO] running `Command { std: "docker" "rm" "-f" "d0fde6dc42aee58f7017bab9e7a4aa5b1db25bf749b837dcad5ac6761e46e1a1", kill_on_drop: false }`
[INFO] [stdout] d0fde6dc42aee58f7017bab9e7a4aa5b1db25bf749b837dcad5ac6761e46e1a1
[INFO] running `Command { std: "docker" "create" "-v" "/var/lib/crater-agent-workspace/builds/worker-0-tc1/target:/opt/rustwide/target:rw,Z" "-v" "/var/lib/crater-agent-workspace/builds/worker-0-tc1/source:/opt/rustwide/workdir:ro,Z" "-v" "/var/lib/crater-agent-workspace/cargo-home:/opt/rustwide/cargo-home:ro,Z" "-v" "/var/lib/crater-agent-workspace/rustup-home:/opt/rustwide/rustup-home:ro,Z" "-e" "SOURCE_DIR=/opt/rustwide/workdir" "-e" "CARGO_TARGET_DIR=/opt/rustwide/target" "-e" "CARGO_INCREMENTAL=0" "-e" "RUST_BACKTRACE=full" "-e" "RUSTFLAGS=--cap-lints=forbid" "-e" "RUSTDOCFLAGS=--cap-lints=forbid" "-e" "CARGO_HOME=/opt/rustwide/cargo-home" "-e" "RUSTUP_HOME=/opt/rustwide/rustup-home" "-w" "/opt/rustwide/workdir" "-m" "1610612736" "--user" "0:0" "--network" "none" "ghcr.io/rust-lang/crates-build-env/linux@sha256:4a844ea9eb2546a2d2c7022eacef16ef2e8229c7fbb2c7d4d55a9ceca922f72d" "/opt/rustwide/cargo-home/bin/cargo" "+nightly-2024-10-28" "test" "--frozen" "--no-run" "--message-format=json", kill_on_drop: false }`
[INFO] [stdout] fc783ef1f3abbbcc9d08624aaf407f521af327584a793d5d90b349939d460a15
[INFO] running `Command { std: "docker" "start" "-a" "fc783ef1f3abbbcc9d08624aaf407f521af327584a793d5d90b349939d460a15", kill_on_drop: false }`
[INFO] [stderr]    Compiling autocfg v1.1.0
[INFO] [stderr]    Compiling serde v1.0.188
[INFO] [stderr]    Compiling crossbeam-utils v0.8.19
[INFO] [stderr]    Compiling scopeguard v1.2.0
[INFO] [stderr]    Compiling cfg-if v1.0.0
[INFO] [stderr]    Compiling either v1.9.0
[INFO] [stderr]    Compiling rustix v0.38.31
[INFO] [stderr]    Compiling serde_json v1.0.107
[INFO] [stderr]    Compiling rayon-core v1.12.0
[INFO] [stderr]    Compiling ciborium-io v0.2.1
[INFO] [stderr]    Compiling bitflags v1.3.2
[INFO] [stderr]    Compiling plotters-backend v0.3.5
[INFO] [stderr]    Compiling clap_lex v0.4.1
[INFO] [stderr]    Compiling itoa v1.0.9
[INFO] [stderr]    Compiling half v1.8.2
[INFO] [stderr]    Compiling serde_derive v1.0.188
[INFO] [stderr]    Compiling bitflags v2.4.2
[INFO] [stderr]    Compiling linux-raw-sys v0.4.13
[INFO] [stderr]    Compiling ryu v1.0.15
[INFO] [stderr]    Compiling same-file v1.0.6
[INFO] [stderr]    Compiling cast v0.3.0
[INFO] [stderr]    Compiling itertools v0.10.5
[INFO] [stderr]    Compiling regex-syntax v0.7.5
[INFO] [stderr]    Compiling walkdir v2.4.0
[INFO] [stderr]    Compiling clap_builder v4.2.1
[INFO] [stderr]    Compiling plotters-svg v0.3.5
[INFO] [stderr]    Compiling ciborium-ll v0.2.1
[INFO] [stderr]    Compiling cobs v0.2.3
[INFO] [stderr]    Compiling once_cell v1.18.0
[INFO] [stderr]    Compiling anes v0.1.6
[INFO] [stderr]    Compiling oorandom v11.1.3
[INFO] [stderr]    Compiling iai v0.1.1
[INFO] [stdout] warning: non-local `impl` definition, `impl` blocks should be written at the same level as their item
[INFO] [stdout]   --> src/codepointinvlist/mod.rs:74:10
[INFO] [stdout]    |
[INFO] [stdout] 74 | #[derive(Display, Debug)]
[INFO] [stdout]    |          ^------
[INFO] [stdout]    |          |
[INFO] [stdout]    |          `Display` is not local
[INFO] [stdout]    |          move the `impl` block outside of this constant `_DERIVE_Display_FOR_CodePointInversionListError`
[INFO] [stdout] 75 | pub enum CodePointInversionListError {
[INFO] [stdout]    |          --------------------------- `CodePointInversionListError` is not local
[INFO] [stdout]    |
[INFO] [stdout]    = note: the derive macro `Display` defines the non-local `impl`, and may need to be changed
[INFO] [stdout]    = note: the derive macro `Display` may come from an old version of the `displaydoc` crate, try updating your dependency with `cargo update -p displaydoc`
[INFO] [stdout]    = note: an `impl` is never scoped, even when it is nested inside an item, as it may impact type checking outside of that item, which can be the case if neither the trait or the self type are at the same nesting level as the `impl`
[INFO] [stdout]    = note: items in an anonymous const item (`const _: () = { ... }`) are treated as in the same scope as the anonymous const's declaration for the purpose of this lint
[INFO] [stdout]    = note: `#[warn(non_local_definitions)]` on by default
[INFO] [stdout]    = note: this warning originates in the derive macro `Display` (in Nightly builds, run with -Z macro-backtrace for more info)
[INFO] [stdout] 
[INFO] [stdout] 
[INFO] [stdout] warning: non-local `impl` definition, `impl` blocks should be written at the same level as their item
[INFO] [stdout]    --> src/codepointinvliststringlist/mod.rs:262:10
[INFO] [stdout]     |
[INFO] [stdout] 262 | #[derive(Display, Debug)]
[INFO] [stdout]     |          ^------
[INFO] [stdout]     |          |
[INFO] [stdout]     |          `Display` is not local
[INFO] [stdout]     |          move the `impl` block outside of this constant `_DERIVE_Display_FOR_CodePointInversionListAndStringListError`
[INFO] [stdout] 263 | pub enum CodePointInversionListAndStringListError {
[INFO] [stdout]     |          ---------------------------------------- `CodePointInversionListAndStringListError` is not local
[INFO] [stdout]     |
[INFO] [stdout]     = note: the derive macro `Display` defines the non-local `impl`, and may need to be changed
[INFO] [stdout]     = note: the derive macro `Display` may come from an old version of the `displaydoc` crate, try updating your dependency with `cargo update -p displaydoc`
[INFO] [stdout]     = note: an `impl` is never scoped, even when it is nested inside an item, as it may impact type checking outside of that item, which can be the case if neither the trait or the self type are at the same nesting level as the `impl`
[INFO] [stdout]     = note: items in an anonymous const item (`const _: () = { ... }`) are treated as in the same scope as the anonymous const's declaration for the purpose of this lint
[INFO] [stdout]     = note: this warning originates in the derive macro `Display` (in Nightly builds, run with -Z macro-backtrace for more info)
[INFO] [stdout] 
[INFO] [stdout] 
[INFO] [stdout] warning: non-local `impl` definition, `impl` blocks should be written at the same level as their item
[INFO] [stdout]   --> src/codepointtrie/error.rs:12:23
[INFO] [stdout]    |
[INFO] [stdout] 12 | #[derive(Copy, Clone, Display, Debug, PartialEq)]
[INFO] [stdout]    |                       ^------
[INFO] [stdout]    |                       |
[INFO] [stdout]    |                       `Display` is not local
[INFO] [stdout]    |                       move the `impl` block outside of this constant `_DERIVE_Display_FOR_Error`
[INFO] [stdout] 13 | #[non_exhaustive]
[INFO] [stdout] 14 | pub enum Error {
[INFO] [stdout]    |          ----- `Error` is not local
[INFO] [stdout]    |
[INFO] [stdout]    = note: the derive macro `Display` defines the non-local `impl`, and may need to be changed
[INFO] [stdout]    = note: the derive macro `Display` may come from an old version of the `displaydoc` crate, try updating your dependency with `cargo update -p displaydoc`
[INFO] [stdout]    = note: an `impl` is never scoped, even when it is nested inside an item, as it may impact type checking outside of that item, which can be the case if neither the trait or the self type are at the same nesting level as the `impl`
[INFO] [stdout]    = note: items in an anonymous const item (`const _: () = { ... }`) are treated as in the same scope as the anonymous const's declaration for the purpose of this lint
[INFO] [stdout]    = note: this warning originates in the derive macro `Display` (in Nightly builds, run with -Z macro-backtrace for more info)
[INFO] [stdout] 
[INFO] [stdout] 
[INFO] [stderr]    Compiling memoffset v0.9.0
[INFO] [stderr]    Compiling crossbeam-epoch v0.9.15
[INFO] [stderr]    Compiling num-traits v0.2.18
[INFO] [stderr]    Compiling crossbeam-deque v0.8.3
[INFO] [stderr]    Compiling is-terminal v0.4.9
[INFO] [stderr]    Compiling regex v1.8.4
[INFO] [stderr]    Compiling plotters v0.3.5
[INFO] [stderr]    Compiling rayon v1.8.0
[INFO] [stderr]    Compiling criterion-plot v0.5.0
[INFO] [stderr]    Compiling clap v4.2.1
[INFO] [stderr]    Compiling ciborium v0.2.1
[INFO] [stderr]    Compiling postcard v1.0.7
[INFO] [stderr]    Compiling toml v0.5.11
[INFO] [stderr]    Compiling tinytemplate v1.2.1
[INFO] [stderr]    Compiling criterion v0.5.1
[INFO] [stderr]    Compiling icu_collections v1.5.0 (/opt/rustwide/workdir)
[INFO] [stdout] error[E0433]: failed to resolve: use of undeclared crate or module `icu_benchmark_macros`
[INFO] [stdout]   --> examples/unicode_bmp_blocks_selector.rs:17:1
[INFO] [stdout]    |
[INFO] [stdout] 17 | icu_benchmark_macros::static_setup!();
[INFO] [stdout]    | ^^^^^^^^^^^^^^^^^^^^ use of undeclared crate or module `icu_benchmark_macros`
[INFO] [stdout] 
[INFO] [stdout] 
[INFO] [stdout] error[E0433]: failed to resolve: use of undeclared crate or module `icu_benchmark_macros`
[INFO] [stdout]   --> examples/unicode_bmp_blocks_selector.rs:70:5
[INFO] [stdout]    |
[INFO] [stdout] 70 |     icu_benchmark_macros::main_setup!();
[INFO] [stdout]    |     ^^^^^^^^^^^^^^^^^^^^ use of undeclared crate or module `icu_benchmark_macros`
[INFO] [stdout] 
[INFO] [stdout] 
[INFO] [stdout] For more information about this error, try `rustc --explain E0433`.
[INFO] [stdout] 
[INFO] [stderr] error: could not compile `icu_collections` (example "unicode_bmp_blocks_selector") due to 2 previous errors
[INFO] [stderr] warning: build failed, waiting for other jobs to finish...
[INFO] [stdout] error[E0433]: failed to resolve: use of undeclared crate or module `icu`
[INFO] [stdout]   --> src/iterator_utils.rs:64:9
[INFO] [stdout]    |
[INFO] [stdout] 64 |     use icu::collections::codepointinvlist::CodePointInversionListBuilder;
[INFO] [stdout]    |         ^^^ use of undeclared crate or module `icu`
[INFO] [stdout] 
[INFO] [stdout] 
[INFO] [stdout] error[E0433]: failed to resolve: use of undeclared crate or module `icu`
[INFO] [stdout]   --> src/iterator_utils.rs:65:9
[INFO] [stdout]    |
[INFO] [stdout] 65 |     use icu::collections::codepointtrie::TrieValue;
[INFO] [stdout]    |         ^^^ use of undeclared crate or module `icu`
[INFO] [stdout] 
[INFO] [stdout] 
[INFO] [stdout] error[E0433]: failed to resolve: use of undeclared crate or module `icu`
[INFO] [stdout]   --> src/iterator_utils.rs:66:9
[INFO] [stdout]    |
[INFO] [stdout] 66 |     use icu::properties::maps::{self, CodePointMapDataBorrowed};
[INFO] [stdout]    |         ^^^ use of undeclared crate or module `icu`
[INFO] [stdout] 
[INFO] [stdout] 
[INFO] [stdout] error[E0433]: failed to resolve: use of undeclared crate or module `icu`
[INFO] [stdout]   --> src/iterator_utils.rs:67:9
[INFO] [stdout]    |
[INFO] [stdout] 67 |     use icu::properties::sets::{self, CodePointSetDataBorrowed};
[INFO] [stdout]    |         ^^^ use of undeclared crate or module `icu`
[INFO] [stdout] 
[INFO] [stdout] 
[INFO] [stdout] error[E0433]: failed to resolve: use of undeclared crate or module `icu`
[INFO] [stdout]   --> src/iterator_utils.rs:68:9
[INFO] [stdout]    |
[INFO] [stdout] 68 |     use icu::properties::{GeneralCategory, Script};
[INFO] [stdout]    |         ^^^ use of undeclared crate or module `icu`
[INFO] [stdout] 
[INFO] [stdout] 
[INFO] [stdout] error[E0433]: failed to resolve: function `databake` is not a crate or module
[INFO] [stdout]     --> src/codepointinvlist/cpinvlist.rs:1051:9
[INFO] [stdout]      |
[INFO] [stdout] 1051 |         databake::test_bake!(
[INFO] [stdout]      |         ^^^^^^^^ function `databake` is not a crate or module
[INFO] [stdout] 
[INFO] [stdout] 
[INFO] [stdout] error[E0433]: failed to resolve: function `databake` is not a crate or module
[INFO] [stdout]     --> src/codepointtrie/cptrie.rs:1261:9
[INFO] [stdout]      |
[INFO] [stdout] 1261 |         databake::test_bake!(
[INFO] [stdout]      |         ^^^^^^^^ function `databake` is not a crate or module
[INFO] [stdout] 
[INFO] [stdout] 
[INFO] [stdout] warning: unused import: `alloc::vec::Vec`
[INFO] [stdout]     --> src/codepointtrie/cptrie.rs:1081:9
[INFO] [stdout]      |
[INFO] [stdout] 1081 |     use alloc::vec::Vec;
[INFO] [stdout]      |         ^^^^^^^^^^^^^^^
[INFO] [stdout]      |
[INFO] [stdout]      = note: `#[warn(unused_imports)]` on by default
[INFO] [stdout] 
[INFO] [stdout] 
[INFO] [stdout] For more information about this error, try `rustc --explain E0433`.
[INFO] [stdout] 
[INFO] [stderr] error: could not compile `icu_collections` (lib test) due to 7 previous errors; 1 warning emitted
[INFO] running `Command { std: "docker" "inspect" "fc783ef1f3abbbcc9d08624aaf407f521af327584a793d5d90b349939d460a15", kill_on_drop: false }`
[INFO] running `Command { std: "docker" "rm" "-f" "fc783ef1f3abbbcc9d08624aaf407f521af327584a793d5d90b349939d460a15", kill_on_drop: false }`
[INFO] [stdout] fc783ef1f3abbbcc9d08624aaf407f521af327584a793d5d90b349939d460a15
