[INFO] fetching crate iceberg 0.3.0...
[INFO] testing iceberg-0.3.0 against nightly-2024-10-28 for randomize-layout
[INFO] extracting crate iceberg 0.3.0 into /workspace/builds/worker-5-tc1/source
[INFO] validating manifest of crates.io crate iceberg 0.3.0 on toolchain nightly-2024-10-28
[INFO] running `Command { std: CARGO_HOME="/workspace/cargo-home" RUSTUP_HOME="/workspace/rustup-home" "/workspace/cargo-home/bin/cargo" "+nightly-2024-10-28" "metadata" "--manifest-path" "Cargo.toml" "--no-deps", kill_on_drop: false }`
[INFO] started tweaking crates.io crate iceberg 0.3.0
[INFO] removed 0 missing tests
[INFO] finished tweaking crates.io crate iceberg 0.3.0
[INFO] tweaked toml for crates.io crate iceberg 0.3.0 written to /workspace/builds/worker-5-tc1/source/Cargo.toml
[INFO] running `Command { std: CARGO_HOME="/workspace/cargo-home" RUSTUP_HOME="/workspace/rustup-home" "/workspace/cargo-home/bin/cargo" "+nightly-2024-10-28" "generate-lockfile" "--manifest-path" "Cargo.toml", kill_on_drop: false }`
[INFO] [stderr]     Updating crates.io index
[INFO] [stderr]      Locking 384 packages to latest compatible versions
[INFO] [stderr]       Adding arrow-arith v52.2.0 (available: v53.2.0)
[INFO] [stderr]       Adding arrow-array v52.2.0 (available: v53.2.0)
[INFO] [stderr]       Adding arrow-ord v52.2.0 (available: v53.2.0)
[INFO] [stderr]       Adding arrow-schema v52.2.0 (available: v53.2.0)
[INFO] [stderr]       Adding arrow-select v52.2.0 (available: v53.2.0)
[INFO] [stderr]       Adding arrow-string v52.2.0 (available: v53.2.0)
[INFO] [stderr]       Adding opendal v0.49.2 (available: v0.50.1)
[INFO] [stderr]       Adding parquet v52.2.0 (available: v53.2.0)
[INFO] [stderr]       Adding typed-builder v0.19.1 (available: v0.20.0)
[INFO] [stderr]       Adding zstd-sys v2.0.12+zstd.1.5.6 (available: v2.0.13+zstd.1.5.6)
[INFO] running `Command { std: CARGO_HOME="/workspace/cargo-home" RUSTUP_HOME="/workspace/rustup-home" "/workspace/cargo-home/bin/cargo" "+nightly-2024-10-28" "fetch" "--manifest-path" "Cargo.toml", kill_on_drop: false }`
[INFO] [stderr]  Downloading crates ...
[INFO] [stderr]   Downloaded typed-builder-macro v0.19.1
[INFO] [stderr]   Downloaded trim-in-place v0.1.7
[INFO] [stderr]   Downloaded quad-rand v0.2.2
[INFO] [stderr]   Downloaded typed-builder v0.19.1
[INFO] [stderr]   Downloaded arrow-schema v52.2.0
[INFO] [stderr]   Downloaded arrow-string v52.2.0
[INFO] [stderr]   Downloaded rust-ini v0.21.1
[INFO] [stderr]   Downloaded iceberg-catalog-memory v0.3.0
[INFO] [stderr]   Downloaded arrow-arith v52.2.0
[INFO] [stderr]   Downloaded arrow-ord v52.2.0
[INFO] [stderr]   Downloaded jsonwebtoken v9.3.0
[INFO] [stderr]   Downloaded arrow-data v52.2.0
[INFO] [stderr]   Downloaded reqsign v0.16.0
[INFO] [stderr]   Downloaded arrow-cast v52.2.0
[INFO] [stderr]   Downloaded arrow-array v52.2.0
[INFO] [stderr]   Downloaded quick-xml v0.35.0
[INFO] [stderr]   Downloaded arrow-ipc v52.2.0
[INFO] [stderr]   Downloaded arrow-buffer v52.2.0
[INFO] [stderr]   Downloaded apache-avro v0.17.0
[INFO] [stderr]   Downloaded iceberg v0.3.0
[INFO] [stderr]   Downloaded arrow-select v52.2.0
[INFO] [stderr]   Downloaded parquet v52.2.0
[INFO] [stderr]   Downloaded opendal v0.49.2
[INFO] running `Command { std: "docker" "create" "-v" "/var/lib/crater-agent-workspace/builds/worker-5-tc1/target:/opt/rustwide/target:rw,Z" "-v" "/var/lib/crater-agent-workspace/builds/worker-5-tc1/source:/opt/rustwide/workdir:ro,Z" "-v" "/var/lib/crater-agent-workspace/cargo-home:/opt/rustwide/cargo-home:ro,Z" "-v" "/var/lib/crater-agent-workspace/rustup-home:/opt/rustwide/rustup-home:ro,Z" "-e" "SOURCE_DIR=/opt/rustwide/workdir" "-e" "CARGO_TARGET_DIR=/opt/rustwide/target" "-e" "CARGO_HOME=/opt/rustwide/cargo-home" "-e" "RUSTUP_HOME=/opt/rustwide/rustup-home" "-w" "/opt/rustwide/workdir" "-m" "1610612736" "--user" "0:0" "--network" "none" "ghcr.io/rust-lang/crates-build-env/linux@sha256:4a844ea9eb2546a2d2c7022eacef16ef2e8229c7fbb2c7d4d55a9ceca922f72d" "/opt/rustwide/cargo-home/bin/cargo" "+nightly-2024-10-28" "metadata" "--no-deps" "--format-version=1", kill_on_drop: false }`
[INFO] [stdout] 9249da84de6950a9fba9df8e82258b2e07c715c3de4d240ae02cc934c34b7291
[INFO] running `Command { std: "docker" "start" "-a" "9249da84de6950a9fba9df8e82258b2e07c715c3de4d240ae02cc934c34b7291", kill_on_drop: false }`
[INFO] running `Command { std: "docker" "inspect" "9249da84de6950a9fba9df8e82258b2e07c715c3de4d240ae02cc934c34b7291", kill_on_drop: false }`
[INFO] running `Command { std: "docker" "rm" "-f" "9249da84de6950a9fba9df8e82258b2e07c715c3de4d240ae02cc934c34b7291", kill_on_drop: false }`
[INFO] [stdout] 9249da84de6950a9fba9df8e82258b2e07c715c3de4d240ae02cc934c34b7291
[INFO] running `Command { std: "docker" "create" "-v" "/var/lib/crater-agent-workspace/builds/worker-5-tc1/target:/opt/rustwide/target:rw,Z" "-v" "/var/lib/crater-agent-workspace/builds/worker-5-tc1/source:/opt/rustwide/workdir:ro,Z" "-v" "/var/lib/crater-agent-workspace/cargo-home:/opt/rustwide/cargo-home:ro,Z" "-v" "/var/lib/crater-agent-workspace/rustup-home:/opt/rustwide/rustup-home:ro,Z" "-e" "SOURCE_DIR=/opt/rustwide/workdir" "-e" "CARGO_TARGET_DIR=/opt/rustwide/target" "-e" "CARGO_INCREMENTAL=0" "-e" "RUST_BACKTRACE=full" "-e" "RUSTFLAGS=--cap-lints=forbid" "-e" "RUSTDOCFLAGS=--cap-lints=forbid" "-e" "CARGO_HOME=/opt/rustwide/cargo-home" "-e" "RUSTUP_HOME=/opt/rustwide/rustup-home" "-w" "/opt/rustwide/workdir" "-m" "1610612736" "--user" "0:0" "--network" "none" "ghcr.io/rust-lang/crates-build-env/linux@sha256:4a844ea9eb2546a2d2c7022eacef16ef2e8229c7fbb2c7d4d55a9ceca922f72d" "/opt/rustwide/cargo-home/bin/cargo" "+nightly-2024-10-28" "build" "--frozen" "--message-format=json", kill_on_drop: false }`
[INFO] [stdout] 5ff5aa148a32bbd209ff2be9dc4d0f9dda929a83f6228da6eca461ea82410767
[INFO] running `Command { std: "docker" "start" "-a" "5ff5aa148a32bbd209ff2be9dc4d0f9dda929a83f6228da6eca461ea82410767", kill_on_drop: false }`
[INFO] [stderr]    Compiling libm v0.2.11
[INFO] [stderr]    Compiling serde v1.0.214
[INFO] [stderr]    Compiling memchr v2.7.4
[INFO] [stderr]    Compiling allocator-api2 v0.2.18
[INFO] [stderr]    Compiling num-traits v0.2.19
[INFO] [stderr]    Compiling ahash v0.8.11
[INFO] [stderr]    Compiling typenum v1.17.0
[INFO] [stderr]    Compiling generic-array v0.14.7
[INFO] [stderr]    Compiling subtle v2.6.1
[INFO] [stderr]    Compiling semver v1.0.23
[INFO] [stderr]    Compiling futures-channel v0.3.31
[INFO] [stderr]    Compiling futures-io v0.3.31
[INFO] [stderr]    Compiling syn v2.0.86
[INFO] [stderr]    Compiling getrandom v0.2.15
[INFO] [stderr]    Compiling jobserver v0.1.32
[INFO] [stderr]    Compiling futures-task v0.3.31
[INFO] [stderr]    Compiling iana-time-zone v0.1.61
[INFO] [stderr]    Compiling static_assertions v1.1.0
[INFO] [stderr]    Compiling crunchy v0.2.2
[INFO] [stderr]    Compiling arrow-schema v52.2.0
[INFO] [stderr]    Compiling tiny-keccak v2.0.2
[INFO] [stderr]    Compiling rustls-pki-types v1.10.0
[INFO] [stderr]    Compiling lexical-util v0.8.5
[INFO] [stderr]    Compiling http v1.1.0
[INFO] [stderr]    Compiling cc v1.1.31
[INFO] [stderr]    Compiling ident_case v1.0.1
[INFO] [stderr]    Compiling const-oid v0.9.6
[INFO] [stderr]    Compiling strsim v0.11.1
[INFO] [stderr]    Compiling rustc_version v0.4.1
[INFO] [stderr]    Compiling rustls v0.23.16
[INFO] [stderr]    Compiling once_cell v1.20.2
[INFO] [stderr]    Compiling pkg-config v0.3.31
[INFO] [stderr]    Compiling smallvec v1.13.2
[INFO] [stderr]    Compiling base64 v0.22.1
[INFO] [stderr]    Compiling zeroize v1.8.1
[INFO] [stderr]    Compiling rand_core v0.6.4
[INFO] [stderr]    Compiling const-random-macro v0.1.16
[INFO] [stderr]    Compiling lexical-write-integer v0.8.5
[INFO] [stderr]    Compiling lexical-parse-integer v0.8.6
[INFO] [stderr]    Compiling flatbuffers v24.3.25
[INFO] [stderr]    Compiling webpki-roots v0.26.6
[INFO] [stderr]    Compiling lexical-parse-float v0.8.5
[INFO] [stderr]    Compiling lexical-write-float v0.8.5
[INFO] [stderr]    Compiling crc32fast v1.4.2
[INFO] [stderr]    Compiling rustversion v1.0.18
[INFO] [stderr]    Compiling anyhow v1.0.92
[INFO] [stderr]    Compiling alloc-no-stdlib v2.0.4
[INFO] [stderr]    Compiling const-random v0.1.18
[INFO] [stderr]    Compiling zstd-safe v7.2.1
[INFO] [stderr]    Compiling cpufeatures v0.2.14
[INFO] [stderr]    Compiling http-body v1.0.1
[INFO] [stderr]    Compiling dlv-list v0.5.2
[INFO] [stderr]    Compiling alloc-stdlib v0.2.2
[INFO] [stderr]    Compiling crc32c v0.6.8
[INFO] [stderr]    Compiling rustls-pemfile v2.2.0
[INFO] [stderr]    Compiling core2 v0.4.0
[INFO] [stderr]    Compiling aho-corasick v1.1.3
[INFO] [stderr]    Compiling sync_wrapper v1.0.1
[INFO] [stderr]    Compiling bigdecimal v0.4.6
[INFO] [stderr]    Compiling radium v0.7.0
[INFO] [stderr]    Compiling snap v1.1.1
[INFO] [stderr]    Compiling regex-syntax v0.8.5
[INFO] [stderr]    Compiling adler2 v2.0.0
[INFO] [stderr]    Compiling trim-in-place v0.1.7
[INFO] [stderr]    Compiling rle-decode-fast v1.0.3
[INFO] [stderr]    Compiling miniz_oxide v0.8.0
[INFO] [stderr]    Compiling lexical-core v0.8.5
[INFO] [stderr]    Compiling brotli-decompressor v4.0.1
[INFO] [stderr]    Compiling twox-hash v1.6.3
[INFO] [stderr]    Compiling hex v0.4.3
[INFO] [stderr]    Compiling num-integer v0.1.46
[INFO] [stderr]    Compiling num-complex v0.4.6
[INFO] [stderr]    Compiling chrono v0.4.38
[INFO] [stderr]    Compiling half v2.4.1
[INFO] [stderr]    Compiling crypto-common v0.1.6
[INFO] [stderr]    Compiling num-iter v0.1.45
[INFO] [stderr]    Compiling block-buffer v0.10.4
[INFO] [stderr]    Compiling atoi v2.0.0
[INFO] [stderr]    Compiling ordered-float v2.10.1
[INFO] [stderr]    Compiling dary_heap v0.3.7
[INFO] [stderr]    Compiling adler32 v1.2.0
[INFO] [stderr]    Compiling digest v0.10.7
[INFO] [stderr]    Compiling home v0.5.9
[INFO] [stderr]    Compiling tap v1.0.1
[INFO] [stderr]    Compiling integer-encoding v3.0.4
[INFO] [stderr]    Compiling rust_decimal v1.36.0
[INFO] [stderr]    Compiling fastrand v2.1.1
[INFO] [stderr]    Compiling flate2 v1.0.34
[INFO] [stderr]    Compiling wyz v0.5.1
[INFO] [stderr]    Compiling lz4_flex v0.11.3
[INFO] [stderr]    Compiling ring v0.17.8
[INFO] [stderr]    Compiling zstd-sys v2.0.12+zstd.1.5.6
[INFO] [stderr]    Compiling sha2 v0.10.8
[INFO] [stderr]    Compiling hmac v0.12.1
[INFO] [stderr]    Compiling sha1 v0.10.6
[INFO] [stderr]    Compiling thrift v0.17.0
[INFO] [stderr]    Compiling md-5 v0.10.6
[INFO] [stderr]    Compiling brotli v6.0.0
[INFO] [stderr]    Compiling arrayvec v0.7.6
[INFO] [stderr]    Compiling strum v0.26.3
[INFO] [stderr]    Compiling seq-macro v0.3.5
[INFO] [stderr]    Compiling either v1.13.0
[INFO] [stderr]    Compiling funty v2.0.0
[INFO] [stderr]    Compiling regex-lite v0.1.6
[INFO] [stderr]    Compiling flagset v0.4.6
[INFO] [stderr]    Compiling ordered-float v4.4.0
[INFO] [stderr]    Compiling bimap v0.6.3
[INFO] [stderr]    Compiling itertools v0.13.0
[INFO] [stderr]    Compiling array-init v2.1.0
[INFO] [stderr]    Compiling murmur3 v0.5.2
[INFO] [stderr]    Compiling bitvec v1.0.1
[INFO] [stderr]    Compiling regex-automata v0.4.8
[INFO] [stderr]    Compiling darling_core v0.20.10
[INFO] [stderr]    Compiling serde_derive v1.0.214
[INFO] [stderr]    Compiling zerocopy-derive v0.7.35
[INFO] [stderr]    Compiling tokio-macros v2.4.0
[INFO] [stderr]    Compiling futures-macro v0.3.31
[INFO] [stderr]    Compiling pin-project-internal v1.1.7
[INFO] [stderr]    Compiling typed-builder-macro v0.19.1
[INFO] [stderr]    Compiling thiserror-impl v1.0.66
[INFO] [stderr]    Compiling tokio v1.41.0
[INFO] [stderr]    Compiling async-trait v0.1.83
[INFO] [stderr]    Compiling zerocopy v0.7.35
[INFO] [stderr]    Compiling futures-util v0.3.31
[INFO] [stderr]    Compiling strum_macros v0.26.4
[INFO] [stderr]    Compiling ppv-lite86 v0.2.20
[INFO] [stderr]    Compiling regex v1.11.1
[INFO] [stderr]    Compiling pin-project v1.1.7
[INFO] [stderr]    Compiling hashbrown v0.14.5
[INFO] [stderr]    Compiling serde_repr v0.1.19
[INFO] [stderr]    Compiling thiserror v1.0.66
[INFO] [stderr]    Compiling rand_chacha v0.3.1
[INFO] [stderr]    Compiling typed-builder v0.19.1
[INFO] [stderr]    Compiling darling_macro v0.20.10
[INFO] [stderr]    Compiling rand v0.8.5
[INFO] [stderr]    Compiling ordered-multimap v0.7.3
[INFO] [stderr]    Compiling libflate_lz77 v2.1.0
[INFO] [stderr]    Compiling darling v0.20.10
[INFO] [stderr]    Compiling rust-ini v0.21.1
[INFO] [stderr]    Compiling derive_builder_core v0.20.2
[INFO] [stderr]    Compiling serde_with_macros v3.11.0
[INFO] [stderr]    Compiling libflate v2.1.0
[INFO] [stderr]    Compiling rustls-webpki v0.102.8
[INFO] [stderr]    Compiling zstd v0.13.2
[INFO] [stderr]    Compiling derive_builder_macro v0.20.2
[INFO] [stderr]    Compiling derive_builder v0.20.2
[INFO] [stderr]    Compiling http-body-util v0.1.2
[INFO] [stderr]    Compiling futures-executor v0.3.31
[INFO] [stderr]    Compiling futures v0.3.31
[INFO] [stderr]    Compiling hyper v1.5.0
[INFO] [stderr]    Compiling tokio-util v0.7.12
[INFO] [stderr]    Compiling backon v0.4.4
[INFO] [stderr]    Compiling hyper-util v0.1.10
[INFO] [stderr]    Compiling num-bigint v0.4.6
[INFO] [stderr]    Compiling serde_json v1.0.132
[INFO] [stderr]    Compiling serde_urlencoded v0.7.1
[INFO] [stderr]    Compiling uuid v1.11.0
[INFO] [stderr]    Compiling quick-xml v0.35.0
[INFO] [stderr]    Compiling serde_bytes v0.11.15
[INFO] [stderr]    Compiling quick-xml v0.36.2
[INFO] [stderr]    Compiling serde_with v3.11.0
[INFO] [stderr]    Compiling tokio-rustls v0.26.0
[INFO] [stderr]    Compiling hyper-rustls v0.27.3
[INFO] [stderr]    Compiling num-rational v0.4.2
[INFO] [stderr]    Compiling reqwest v0.12.9
[INFO] [stderr]    Compiling num v0.4.3
[INFO] [stderr]    Compiling arrow-buffer v52.2.0
[INFO] [stderr]    Compiling apache-avro v0.17.0
[INFO] [stderr]    Compiling arrow-data v52.2.0
[INFO] [stderr]    Compiling reqsign v0.16.0
[INFO] [stderr]    Compiling arrow-array v52.2.0
[INFO] [stderr]    Compiling opendal v0.49.2
[INFO] [stderr]    Compiling arrow-select v52.2.0
[INFO] [stderr]    Compiling arrow-arith v52.2.0
[INFO] [stderr]    Compiling arrow-cast v52.2.0
[INFO] [stderr]    Compiling arrow-ord v52.2.0
[INFO] [stderr]    Compiling arrow-string v52.2.0
[INFO] [stderr]    Compiling arrow-ipc v52.2.0
[INFO] [stderr]    Compiling parquet v52.2.0
[INFO] [stderr]    Compiling iceberg v0.3.0 (/opt/rustwide/workdir)
[INFO] [stderr]     Finished `dev` profile [unoptimized + debuginfo] target(s) in 40.11s
[INFO] running `Command { std: "docker" "inspect" "5ff5aa148a32bbd209ff2be9dc4d0f9dda929a83f6228da6eca461ea82410767", kill_on_drop: false }`
[INFO] running `Command { std: "docker" "rm" "-f" "5ff5aa148a32bbd209ff2be9dc4d0f9dda929a83f6228da6eca461ea82410767", kill_on_drop: false }`
[INFO] [stdout] 5ff5aa148a32bbd209ff2be9dc4d0f9dda929a83f6228da6eca461ea82410767
[INFO] running `Command { std: "docker" "create" "-v" "/var/lib/crater-agent-workspace/builds/worker-5-tc1/target:/opt/rustwide/target:rw,Z" "-v" "/var/lib/crater-agent-workspace/builds/worker-5-tc1/source:/opt/rustwide/workdir:ro,Z" "-v" "/var/lib/crater-agent-workspace/cargo-home:/opt/rustwide/cargo-home:ro,Z" "-v" "/var/lib/crater-agent-workspace/rustup-home:/opt/rustwide/rustup-home:ro,Z" "-e" "SOURCE_DIR=/opt/rustwide/workdir" "-e" "CARGO_TARGET_DIR=/opt/rustwide/target" "-e" "CARGO_INCREMENTAL=0" "-e" "RUST_BACKTRACE=full" "-e" "RUSTFLAGS=--cap-lints=forbid" "-e" "RUSTDOCFLAGS=--cap-lints=forbid" "-e" "CARGO_HOME=/opt/rustwide/cargo-home" "-e" "RUSTUP_HOME=/opt/rustwide/rustup-home" "-w" "/opt/rustwide/workdir" "-m" "1610612736" "--user" "0:0" "--network" "none" "ghcr.io/rust-lang/crates-build-env/linux@sha256:4a844ea9eb2546a2d2c7022eacef16ef2e8229c7fbb2c7d4d55a9ceca922f72d" "/opt/rustwide/cargo-home/bin/cargo" "+nightly-2024-10-28" "test" "--frozen" "--no-run" "--message-format=json", kill_on_drop: false }`
[INFO] [stdout] ccfe0b9b0130b37a610c74c4126e4b4070461110d211b240a1ab170e48312b73
[INFO] running `Command { std: "docker" "start" "-a" "ccfe0b9b0130b37a610c74c4126e4b4070461110d211b240a1ab170e48312b73", kill_on_drop: false }`
[INFO] [stderr]    Compiling siphasher v0.3.11
[INFO] [stderr]    Compiling aho-corasick v1.1.3
[INFO] [stderr]    Compiling const-random-macro v0.1.16
[INFO] [stderr]    Compiling rand_core v0.6.4
[INFO] [stderr]    Compiling regex-syntax v0.8.5
[INFO] [stderr]    Compiling crossbeam-utils v0.8.20
[INFO] [stderr]    Compiling ucd-trie v0.1.7
[INFO] [stderr]    Compiling bstr v1.10.0
[INFO] [stderr]    Compiling bitflags v2.6.0
[INFO] [stderr]    Compiling same-file v1.0.6
[INFO] [stderr]    Compiling unic-char-range v0.9.0
[INFO] [stderr]    Compiling unic-common v0.9.0
[INFO] [stderr]    Compiling rustix v0.38.38
[INFO] [stderr]    Compiling linux-raw-sys v0.4.14
[INFO] [stderr]    Compiling deunicode v1.6.0
[INFO] [stderr]    Compiling humansize v2.1.3
[INFO] [stderr]    Compiling rand v0.8.5
[INFO] [stderr]    Compiling unic-char-property v0.9.0
[INFO] [stderr]    Compiling unic-ucd-version v0.9.0
[INFO] [stderr]    Compiling phf_shared v0.11.2
[INFO] [stderr]    Compiling pest v2.7.14
[INFO] [stderr]    Compiling walkdir v2.5.0
[INFO] [stderr]    Compiling unic-ucd-segment v0.9.0
[INFO] [stderr]    Compiling slug v0.1.6
[INFO] [stderr]    Compiling diff v0.1.13
[INFO] [stderr]    Compiling const-random v0.1.18
[INFO] [stderr]    Compiling dlv-list v0.5.2
[INFO] [stderr]    Compiling phf v0.11.2
[INFO] [stderr]    Compiling yansi v1.0.1
[INFO] [stderr]    Compiling ctor v0.2.8
[INFO] [stderr]    Compiling phf_generator v0.11.2
[INFO] [stderr]    Compiling ordered-multimap v0.7.3
[INFO] [stderr]    Compiling phf_codegen v0.11.2
[INFO] [stderr]    Compiling pretty_assertions v1.4.1
[INFO] [stderr]    Compiling unic-segment v0.9.0
[INFO] [stderr]    Compiling crossbeam-epoch v0.9.18
[INFO] [stderr]    Compiling rust-ini v0.21.1
[INFO] [stderr]    Compiling crossbeam-deque v0.8.5
[INFO] [stderr]    Compiling reqsign v0.16.0
[INFO] [stderr]    Compiling regex-automata v0.4.8
[INFO] [stderr]    Compiling pest_meta v2.7.14
[INFO] [stderr]    Compiling tempfile v3.13.0
[INFO] [stderr]    Compiling opendal v0.49.2
[INFO] [stderr]    Compiling pest_generator v2.7.14
[INFO] [stderr]    Compiling regex v1.11.1
[INFO] [stderr]    Compiling pest_derive v2.7.14
[INFO] [stderr]    Compiling parse-zoneinfo v0.3.1
[INFO] [stderr]    Compiling globset v0.4.15
[INFO] [stderr]    Compiling chrono-tz-build v0.3.0
[INFO] [stderr]    Compiling arrow-string v52.2.0
[INFO] [stderr]    Compiling ignore v0.4.23
[INFO] [stderr]    Compiling chrono-tz v0.9.0
[INFO] [stderr]    Compiling globwalk v0.9.1
[INFO] [stderr]    Compiling tera v1.20.0
[INFO] [stderr]    Compiling iceberg v0.3.0
[INFO] [stderr]    Compiling iceberg v0.3.0 (/opt/rustwide/workdir)
[INFO] [stderr]    Compiling iceberg-catalog-memory v0.3.0
[INFO] [stdout] error[E0433]: failed to resolve: use of undeclared crate or module `iceberg_test_utils`
[INFO] [stdout]   --> tests/file_io_s3_test.rs:27:5
[INFO] [stdout]    |
[INFO] [stdout] 27 | use iceberg_test_utils::docker::DockerCompose;
[INFO] [stdout]    |     ^^^^^^^^^^^^^^^^^^ use of undeclared crate or module `iceberg_test_utils`
[INFO] [stdout] 
[INFO] [stdout] 
[INFO] [stdout] error[E0432]: unresolved import `iceberg_test_utils`
[INFO] [stdout]   --> tests/file_io_s3_test.rs:28:5
[INFO] [stdout]    |
[INFO] [stdout] 28 | use iceberg_test_utils::{normalize_test_name, set_up};
[INFO] [stdout]    |     ^^^^^^^^^^^^^^^^^^ use of undeclared crate or module `iceberg_test_utils`
[INFO] [stdout] 
[INFO] [stdout] 
[INFO] [stdout] error[E0433]: failed to resolve: use of undeclared crate or module `iceberg_test_utils`
[INFO] [stdout]   --> tests/file_io_gcs_test.rs:27:5
[INFO] [stdout]    |
[INFO] [stdout] 27 | use iceberg_test_utils::docker::DockerCompose;
[INFO] [stdout]    |     ^^^^^^^^^^^^^^^^^^ use of undeclared crate or module `iceberg_test_utils`
[INFO] [stdout] 
[INFO] [stdout] 
[INFO] [stdout] error[E0432]: unresolved imports `iceberg::io::GCS_NO_AUTH`, `iceberg::io::GCS_SERVICE_PATH`
[INFO] [stdout]   --> tests/file_io_gcs_test.rs:26:42
[INFO] [stdout]    |
[INFO] [stdout] 26 | use iceberg::io::{FileIO, FileIOBuilder, GCS_NO_AUTH, GCS_SERVICE_PATH};
[INFO] [stdout]    |                                          ^^^^^^^^^^^  ^^^^^^^^^^^^^^^^ no `GCS_SERVICE_PATH` in `io`
[INFO] [stdout]    |                                          |
[INFO] [stdout]    |                                          no `GCS_NO_AUTH` in `io`
[INFO] [stdout] 
[INFO] [stdout] 
[INFO] [stdout] error[E0432]: unresolved import `iceberg_test_utils`
[INFO] [stdout]   --> tests/file_io_gcs_test.rs:28:5
[INFO] [stdout]    |
[INFO] [stdout] 28 | use iceberg_test_utils::{normalize_test_name, set_up};
[INFO] [stdout]    |     ^^^^^^^^^^^^^^^^^^ use of undeclared crate or module `iceberg_test_utils`
[INFO] [stdout] 
[INFO] [stdout] 
[INFO] [stdout] Some errors have detailed explanations: E0432, E0433.
[INFO] [stdout] 
[INFO] [stdout] For more information about an error, try `rustc --explain E0432`.
[INFO] [stdout] 
[INFO] [stderr] error: could not compile `iceberg` (test "file_io_s3_test") due to 2 previous errors
[INFO] [stderr] warning: build failed, waiting for other jobs to finish...
[INFO] [stdout] Some errors have detailed explanations: E0432, E0433.
[INFO] [stdout] 
[INFO] [stdout] For more information about an error, try `rustc --explain E0432`.
[INFO] [stdout] 
[INFO] [stderr] error: could not compile `iceberg` (test "file_io_gcs_test") due to 3 previous errors
[INFO] running `Command { std: "docker" "inspect" "ccfe0b9b0130b37a610c74c4126e4b4070461110d211b240a1ab170e48312b73", kill_on_drop: false }`
[INFO] running `Command { std: "docker" "rm" "-f" "ccfe0b9b0130b37a610c74c4126e4b4070461110d211b240a1ab170e48312b73", kill_on_drop: false }`
[INFO] [stdout] ccfe0b9b0130b37a610c74c4126e4b4070461110d211b240a1ab170e48312b73
