[INFO] fetching crate icann-rdap-cli 0.0.18...
[INFO] testing icann-rdap-cli-0.0.18 against nightly-2024-10-28+rustflags=-Zrandomize-layout for randomize-layout
[INFO] extracting crate icann-rdap-cli 0.0.18 into /workspace/builds/worker-1-tc2/source
[INFO] validating manifest of crates.io crate icann-rdap-cli 0.0.18 on toolchain nightly-2024-10-28
[INFO] running `Command { std: CARGO_HOME="/workspace/cargo-home" RUSTUP_HOME="/workspace/rustup-home" "/workspace/cargo-home/bin/cargo" "+nightly-2024-10-28" "metadata" "--manifest-path" "Cargo.toml" "--no-deps", kill_on_drop: false }`
[INFO] started tweaking crates.io crate icann-rdap-cli 0.0.18
[INFO] finished tweaking crates.io crate icann-rdap-cli 0.0.18
[INFO] tweaked toml for crates.io crate icann-rdap-cli 0.0.18 written to /workspace/builds/worker-1-tc2/source/Cargo.toml
[INFO] crate crates.io crate icann-rdap-cli 0.0.18 already has a lockfile, it will not be regenerated
[INFO] running `Command { std: CARGO_HOME="/workspace/cargo-home" RUSTUP_HOME="/workspace/rustup-home" "/workspace/cargo-home/bin/cargo" "+nightly-2024-10-28" "fetch" "--manifest-path" "Cargo.toml", kill_on_drop: false }`
[INFO] running `Command { std: "docker" "create" "-v" "/var/lib/crater-agent-workspace/builds/worker-1-tc2/target:/opt/rustwide/target:rw,Z" "-v" "/var/lib/crater-agent-workspace/builds/worker-1-tc2/source:/opt/rustwide/workdir:ro,Z" "-v" "/var/lib/crater-agent-workspace/cargo-home:/opt/rustwide/cargo-home:ro,Z" "-v" "/var/lib/crater-agent-workspace/rustup-home:/opt/rustwide/rustup-home:ro,Z" "-e" "SOURCE_DIR=/opt/rustwide/workdir" "-e" "CARGO_TARGET_DIR=/opt/rustwide/target" "-e" "CARGO_HOME=/opt/rustwide/cargo-home" "-e" "RUSTUP_HOME=/opt/rustwide/rustup-home" "-w" "/opt/rustwide/workdir" "-m" "1610612736" "--user" "0:0" "--network" "none" "ghcr.io/rust-lang/crates-build-env/linux@sha256:4a844ea9eb2546a2d2c7022eacef16ef2e8229c7fbb2c7d4d55a9ceca922f72d" "/opt/rustwide/cargo-home/bin/cargo" "+nightly-2024-10-28" "metadata" "--no-deps" "--format-version=1", kill_on_drop: false }`
[INFO] [stdout] 4fceaa1b14adbcab7e217a08321942c55c293d545006ef834543d4b1683a21e1
[INFO] running `Command { std: "docker" "start" "-a" "4fceaa1b14adbcab7e217a08321942c55c293d545006ef834543d4b1683a21e1", kill_on_drop: false }`
[INFO] running `Command { std: "docker" "inspect" "4fceaa1b14adbcab7e217a08321942c55c293d545006ef834543d4b1683a21e1", kill_on_drop: false }`
[INFO] running `Command { std: "docker" "rm" "-f" "4fceaa1b14adbcab7e217a08321942c55c293d545006ef834543d4b1683a21e1", kill_on_drop: false }`
[INFO] [stdout] 4fceaa1b14adbcab7e217a08321942c55c293d545006ef834543d4b1683a21e1
[INFO] running `Command { std: "docker" "create" "-v" "/var/lib/crater-agent-workspace/builds/worker-1-tc2/target:/opt/rustwide/target:rw,Z" "-v" "/var/lib/crater-agent-workspace/builds/worker-1-tc2/source:/opt/rustwide/workdir:ro,Z" "-v" "/var/lib/crater-agent-workspace/cargo-home:/opt/rustwide/cargo-home:ro,Z" "-v" "/var/lib/crater-agent-workspace/rustup-home:/opt/rustwide/rustup-home:ro,Z" "-e" "SOURCE_DIR=/opt/rustwide/workdir" "-e" "CARGO_TARGET_DIR=/opt/rustwide/target" "-e" "CARGO_INCREMENTAL=0" "-e" "RUST_BACKTRACE=full" "-e" "RUSTFLAGS=--cap-lints=forbid -Zrandomize-layout" "-e" "RUSTDOCFLAGS=--cap-lints=forbid" "-e" "CARGO_HOME=/opt/rustwide/cargo-home" "-e" "RUSTUP_HOME=/opt/rustwide/rustup-home" "-w" "/opt/rustwide/workdir" "-m" "1610612736" "--user" "0:0" "--network" "none" "ghcr.io/rust-lang/crates-build-env/linux@sha256:4a844ea9eb2546a2d2c7022eacef16ef2e8229c7fbb2c7d4d55a9ceca922f72d" "/opt/rustwide/cargo-home/bin/cargo" "+nightly-2024-10-28" "build" "--frozen" "--message-format=json", kill_on_drop: false }`
[INFO] [stdout] 5c79c1bcea6299894c9dec114cbd560bbbac1d2d8f2c29a71ce0b3dccf1bf8fd
[INFO] running `Command { std: "docker" "start" "-a" "5c79c1bcea6299894c9dec114cbd560bbbac1d2d8f2c29a71ce0b3dccf1bf8fd", kill_on_drop: false }`
[INFO] [stderr]    Compiling proc-macro2 v1.0.70
[INFO] [stderr]    Compiling unicode-ident v1.0.12
[INFO] [stderr]    Compiling autocfg v1.1.0
[INFO] [stderr]    Compiling libc v0.2.151
[INFO] [stderr]    Compiling parking_lot_core v0.9.9
[INFO] [stderr]    Compiling smallvec v1.11.2
[INFO] [stderr]    Compiling log v0.4.20
[INFO] [stderr]    Compiling memchr v2.6.4
[INFO] [stderr]    Compiling itoa v1.0.10
[INFO] [stderr]    Compiling serde v1.0.193
[INFO] [stderr]    Compiling hashbrown v0.14.3
[INFO] [stderr]    Compiling pin-project-lite v0.2.13
[INFO] [stderr]    Compiling regex-syntax v0.8.2
[INFO] [stderr]    Compiling thiserror v1.0.51
[INFO] [stderr]    Compiling pkg-config v0.3.27
[INFO] [stderr]    Compiling futures-core v0.3.29
[INFO] [stderr]    Compiling syn v1.0.109
[INFO] [stderr]    Compiling bytes v1.5.0
[INFO] [stderr]    Compiling serde_json v1.0.108
[INFO] [stderr]    Compiling ryu v1.0.16
[INFO] [stderr]    Compiling crossbeam-utils v0.8.17
[INFO] [stderr]    Compiling bitflags v2.4.1
[INFO] [stderr]    Compiling futures-task v0.3.29
[INFO] [stderr]    Compiling lock_api v0.4.11
[INFO] [stderr]    Compiling num-traits v0.2.17
[INFO] [stderr]    Compiling slab v0.4.9
[INFO] [stderr]    Compiling signal-hook v0.3.17
[INFO] [stderr]    Compiling openssl v0.10.61
[INFO] [stderr]    Compiling futures-util v0.3.29
[INFO] [stderr]    Compiling futures-channel v0.3.29
[INFO] [stderr]    Compiling aho-corasick v1.1.2
[INFO] [stderr]    Compiling httparse v1.8.0
[INFO] [stderr]    Compiling http v0.2.11
[INFO] [stderr]    Compiling native-tls v0.2.11
[INFO] [stderr]    Compiling schemars v0.8.16
[INFO] [stderr]    Compiling indexmap v2.1.0
[INFO] [stderr]    Compiling lazy_static v1.4.0
[INFO] [stderr]    Compiling quote v1.0.33
[INFO] [stderr]    Compiling futures-sink v0.3.29
[INFO] [stderr]    Compiling tinyvec v1.6.0
[INFO] [stderr]    Compiling num-integer v0.1.45
[INFO] [stderr]    Compiling memoffset v0.9.0
[INFO] [stderr]    Compiling syn v2.0.41
[INFO] [stderr]    Compiling signal-hook-registry v1.4.1
[INFO] [stderr]    Compiling mio v0.8.10
[INFO] [stderr]    Compiling num_cpus v1.16.0
[INFO] [stderr]    Compiling cc v1.0.83
[INFO] [stderr]    Compiling socket2 v0.5.5
[INFO] [stderr]    Compiling once_cell v1.19.0
[INFO] [stderr]    Compiling parking_lot v0.12.1
[INFO] [stderr]    Compiling tracing-core v0.1.32
[INFO] [stderr]    Compiling dyn-clone v1.0.16
[INFO] [stderr]    Compiling ucd-trie v0.1.6
[INFO] [stderr]    Compiling unicode-normalization v0.1.22
[INFO] [stderr]    Compiling signal-hook-mio v0.2.3
[INFO] [stderr]    Compiling openssl-src v300.2.1+3.2.0
[INFO] [stderr]    Compiling http-body v0.4.6
[INFO] [stderr]    Compiling socket2 v0.4.10
[INFO] [stderr]    Compiling num-bigint v0.4.4
[INFO] [stderr]    Compiling unicode-bidi v0.3.14
[INFO] [stderr]    Compiling httpdate v1.0.3
[INFO] [stderr]    Compiling regex-automata v0.4.3
[INFO] [stderr]    Compiling heck v0.4.1
[INFO] [stderr]    Compiling rustversion v1.0.14
[INFO] [stderr]    Compiling tower-service v0.3.2
[INFO] [stderr]    Compiling unicode-xid v0.2.4
[INFO] [stderr]    Compiling utf8parse v0.2.1
[INFO] [stderr]    Compiling crossbeam-channel v0.5.9
[INFO] [stderr]    Compiling crossbeam-epoch v0.9.16
[INFO] [stderr]    Compiling const_format_proc_macros v0.2.32
[INFO] [stderr]    Compiling anstyle-parse v0.2.3
[INFO] [stderr]    Compiling idna v0.5.0
[INFO] [stderr]    Compiling encoding_rs v0.8.33
[INFO] [stderr]    Compiling openssl-sys v0.9.97
[INFO] [stderr]    Compiling cidr v0.2.2
[INFO] [stderr]    Compiling base64 v0.21.5
[INFO] [stderr]    Compiling bitflags v1.3.2
[INFO] [stderr]    Compiling regex-syntax v0.6.29
[INFO] [stderr]    Compiling url v2.5.0
[INFO] [stderr]    Compiling anstyle-query v1.0.2
[INFO] [stderr]    Compiling iana-time-zone v0.1.58
[INFO] [stderr]    Compiling colorchoice v1.0.0
[INFO] [stderr]    Compiling unicode-width v0.1.11
[INFO] [stderr]    Compiling serde_derive_internals v0.26.0
[INFO] [stderr]    Compiling anstyle v1.0.4
[INFO] [stderr]    Compiling crossterm v0.23.2
[INFO] [stderr]    Compiling anstream v0.6.5
[INFO] [stderr]    Compiling crossbeam-deque v0.8.4
[INFO] [stderr]    Compiling crossbeam-queue v0.3.9
[INFO] [stderr]    Compiling const_format v0.2.32
[INFO] [stderr]    Compiling anyhow v1.0.75
[INFO] [stderr]    Compiling strsim v0.10.0
[INFO] [stderr]    Compiling clap_lex v0.6.0
[INFO] [stderr]    Compiling option-ext v0.2.0
[INFO] [stderr]    Compiling strum v0.24.1
[INFO] [stderr]    Compiling overload v0.1.1
[INFO] [stderr]    Compiling utf8-decode v1.0.1
[INFO] [stderr]    Compiling nu-ansi-term v0.46.0
[INFO] [stderr]    Compiling clap_builder v4.4.11
[INFO] [stderr]    Compiling pct-str v1.2.0
[INFO] [stderr]    Compiling dirs-sys v0.4.1
[INFO] [stderr]    Compiling coolor v0.8.0
[INFO] [stderr]    Compiling crossbeam v0.8.2
[INFO] [stderr]    Compiling textwrap v0.16.0
[INFO] [stderr]    Compiling cidr-utils v0.6.1
[INFO] [stderr]    Compiling tracing-log v0.2.0
[INFO] [stderr]    Compiling crossterm v0.27.0
[INFO] [stderr]    Compiling thread_local v1.1.7
[INFO] [stderr]    Compiling minimad v0.13.0
[INFO] [stderr]    Compiling sharded-slab v0.1.7
[INFO] [stderr]    Compiling directories v5.0.1
[INFO] [stderr]    Compiling schemars_derive v0.8.16
[INFO] [stderr]    Compiling strum_macros v0.24.3
[INFO] [stderr]    Compiling dotenv v0.15.0
[INFO] [stderr]    Compiling regex v1.10.2
[INFO] [stderr]    Compiling regex-automata v0.1.10
[INFO] [stderr]    Compiling str_inflector v0.12.0
[INFO] [stderr]    Compiling matchers v0.1.0
[INFO] [stderr]    Compiling serde_derive v1.0.193
[INFO] [stderr]    Compiling thiserror-impl v1.0.51
[INFO] [stderr]    Compiling tokio-macros v2.2.0
[INFO] [stderr]    Compiling tracing-attributes v0.1.27
[INFO] [stderr]    Compiling openssl-macros v0.1.1
[INFO] [stderr]    Compiling try_match_inner v0.5.1
[INFO] [stderr]    Compiling clap_derive v4.4.7
[INFO] [stderr]    Compiling lazy-regex-proc_macros v3.1.0
[INFO] [stderr]    Compiling try_match v0.4.1
[INFO] [stderr]    Compiling tokio v1.35.0
[INFO] [stderr]    Compiling lazy-regex v3.1.0
[INFO] [stderr]    Compiling pest v2.7.10
[INFO] [stderr]    Compiling minus v5.5.1
[INFO] [stderr]    Compiling buildstructor v0.5.4
[INFO] [stderr]    Compiling tracing v0.1.40
[INFO] [stderr]    Compiling tracing-subscriber v0.3.18
[INFO] [stderr]    Compiling clap v4.4.11
[INFO] [stderr]    Compiling pest_meta v2.7.10
[INFO] [stderr]    Compiling pest_generator v2.7.10
[INFO] [stderr]    Compiling pest_derive v2.7.10
[INFO] [stderr]    Compiling tokio-util v0.7.10
[INFO] [stderr]    Compiling h2 v0.3.22
[INFO] [stderr]    Compiling serde_urlencoded v0.7.1
[INFO] [stderr]    Compiling chrono v0.4.31
[INFO] [stderr]    Compiling termimad v0.26.1
[INFO] [stderr]    Compiling jsonpath-rust v0.5.0
[INFO] [stderr]    Compiling jsonpath_lib v0.3.0
[INFO] [stderr]    Compiling ipnet v2.9.0
[INFO] [stderr]    Compiling hyper v0.14.27
[INFO] [stderr]    Compiling prefix-trie v0.2.4
[INFO] [stderr]    Compiling tokio-native-tls v0.3.1
[INFO] [stderr]    Compiling hyper-tls v0.5.0
[INFO] [stderr]    Compiling reqwest v0.11.22
[INFO] [stderr]    Compiling icann-rdap-common v0.0.18
[INFO] [stderr]    Compiling icann-rdap-client v0.0.18
[INFO] [stderr]    Compiling icann-rdap-cli v0.0.18 (/opt/rustwide/workdir)
[INFO] [stderr]     Finished `dev` profile [unoptimized + debuginfo] target(s) in 1m 32s
[INFO] running `Command { std: "docker" "inspect" "5c79c1bcea6299894c9dec114cbd560bbbac1d2d8f2c29a71ce0b3dccf1bf8fd", kill_on_drop: false }`
[INFO] running `Command { std: "docker" "rm" "-f" "5c79c1bcea6299894c9dec114cbd560bbbac1d2d8f2c29a71ce0b3dccf1bf8fd", kill_on_drop: false }`
[INFO] [stdout] 5c79c1bcea6299894c9dec114cbd560bbbac1d2d8f2c29a71ce0b3dccf1bf8fd
[INFO] running `Command { std: "docker" "create" "-v" "/var/lib/crater-agent-workspace/builds/worker-1-tc2/target:/opt/rustwide/target:rw,Z" "-v" "/var/lib/crater-agent-workspace/builds/worker-1-tc2/source:/opt/rustwide/workdir:ro,Z" "-v" "/var/lib/crater-agent-workspace/cargo-home:/opt/rustwide/cargo-home:ro,Z" "-v" "/var/lib/crater-agent-workspace/rustup-home:/opt/rustwide/rustup-home:ro,Z" "-e" "SOURCE_DIR=/opt/rustwide/workdir" "-e" "CARGO_TARGET_DIR=/opt/rustwide/target" "-e" "CARGO_INCREMENTAL=0" "-e" "RUST_BACKTRACE=full" "-e" "RUSTFLAGS=--cap-lints=forbid -Zrandomize-layout" "-e" "RUSTDOCFLAGS=--cap-lints=forbid" "-e" "CARGO_HOME=/opt/rustwide/cargo-home" "-e" "RUSTUP_HOME=/opt/rustwide/rustup-home" "-w" "/opt/rustwide/workdir" "-m" "1610612736" "--user" "0:0" "--network" "none" "ghcr.io/rust-lang/crates-build-env/linux@sha256:4a844ea9eb2546a2d2c7022eacef16ef2e8229c7fbb2c7d4d55a9ceca922f72d" "/opt/rustwide/cargo-home/bin/cargo" "+nightly-2024-10-28" "test" "--frozen" "--no-run" "--message-format=json", kill_on_drop: false }`
[INFO] [stdout] 1bd9a3789c18c48b955207ca7ae831a675914e0b7dae89de5bebad53b3e4e04b
[INFO] running `Command { std: "docker" "start" "-a" "1bd9a3789c18c48b955207ca7ae831a675914e0b7dae89de5bebad53b3e4e04b", kill_on_drop: false }`
[INFO] [stderr]    Compiling futures-channel v0.3.29
[INFO] [stderr]    Compiling syn v1.0.109
[INFO] [stderr]    Compiling futures-task v0.3.29
[INFO] [stderr]    Compiling futures-util v0.3.29
[INFO] [stderr]    Compiling futures-io v0.3.29
[INFO] [stderr]    Compiling regex-automata v0.4.3
[INFO] [stderr]    Compiling futures-macro v0.3.29
[INFO] [stderr]    Compiling semver v1.0.20
[INFO] [stderr]    Compiling getrandom v0.2.11
[INFO] [stderr]    Compiling either v1.9.0
[INFO] [stderr]    Compiling ppv-lite86 v0.2.17
[INFO] [stderr]    Compiling doc-comment v0.3.3
[INFO] [stderr]    Compiling predicates-core v1.0.6
[INFO] [stderr]    Compiling difflib v0.4.0
[INFO] [stderr]    Compiling termtree v0.4.1
[INFO] [stderr]    Compiling rand_core v0.6.4
[INFO] [stderr]    Compiling predicates-tree v1.0.9
[INFO] [stderr]    Compiling dashmap v5.5.3
[INFO] [stderr]    Compiling serial_test_derive v2.0.0
[INFO] [stderr]    Compiling wait-timeout v0.2.0
[INFO] [stderr]    Compiling itertools v0.11.0
[INFO] [stderr]    Compiling rand_chacha v0.3.1
[INFO] [stderr]    Compiling debug-helper v0.3.13
[INFO] [stderr]    Compiling futures-timer v3.0.2
[INFO] [stderr]    Compiling rustc_version v0.4.0
[INFO] [stderr]    Compiling rand v0.8.5
[INFO] [stderr]    Compiling rstest_macros v0.17.0
[INFO] [stderr]    Compiling test_dir v0.2.0
[INFO] [stderr]    Compiling predicates v3.0.4
[INFO] [stderr]    Compiling regex v1.10.2
[INFO] [stderr]    Compiling str_inflector v0.12.0
[INFO] [stderr]    Compiling lazy-regex-proc_macros v3.1.0
[INFO] [stderr]    Compiling buildstructor v0.5.4
[INFO] [stderr]    Compiling bstr v1.8.0
[INFO] [stderr]    Compiling jsonpath-rust v0.5.0
[INFO] [stderr]    Compiling lazy-regex v3.1.0
[INFO] [stderr]    Compiling minus v5.5.1
[INFO] [stderr]    Compiling tracing-subscriber v0.3.18
[INFO] [stderr]    Compiling cidr-utils v0.5.11
[INFO] [stderr]    Compiling termimad v0.26.1
[INFO] [stderr]    Compiling assert_cmd v2.0.12
[INFO] [stderr]    Compiling h2 v0.3.22
[INFO] [stderr]    Compiling futures-executor v0.3.29
[INFO] [stderr]    Compiling futures v0.3.29
[INFO] [stderr]    Compiling serial_test v2.0.0
[INFO] [stderr]    Compiling serde_derive_internals v0.26.0
[INFO] [stderr]    Compiling strum_macros v0.24.3
[INFO] [stderr]    Compiling schemars_derive v0.8.16
[INFO] [stderr]    Compiling schemars v0.8.16
[INFO] [stderr]    Compiling hyper v0.14.27
[INFO] [stderr]    Compiling rstest v0.17.0
[INFO] [stderr]    Compiling ipnet v2.9.0
[INFO] [stderr]    Compiling prefix-trie v0.2.4
[INFO] [stderr]    Compiling hyper-tls v0.5.0
[INFO] [stderr]    Compiling reqwest v0.11.22
[INFO] [stderr]    Compiling icann-rdap-common v0.0.18
[INFO] [stderr]    Compiling icann-rdap-client v0.0.18
[INFO] [stderr]    Compiling icann-rdap-cli v0.0.18 (/opt/rustwide/workdir)
[INFO] [stdout] error[E0433]: failed to resolve: use of undeclared crate or module `icann_rdap_srv`
[INFO] [stdout]  --> tests/integration/test_jig.rs:2:5
[INFO] [stdout]   |
[INFO] [stdout] 2 | use icann_rdap_srv::config::ListenConfig;
[INFO] [stdout]   |     ^^^^^^^^^^^^^^ use of undeclared crate or module `icann_rdap_srv`
[INFO] [stdout] 
[INFO] [stdout] 
[INFO] [stdout] error[E0433]: failed to resolve: use of undeclared crate or module `icann_rdap_srv`
[INFO] [stdout]  --> tests/integration/test_jig.rs:3:5
[INFO] [stdout]   |
[INFO] [stdout] 3 | use icann_rdap_srv::server::AppState;
[INFO] [stdout]   |     ^^^^^^^^^^^^^^ use of undeclared crate or module `icann_rdap_srv`
[INFO] [stdout] 
[INFO] [stdout] 
[INFO] [stdout] error[E0433]: failed to resolve: use of undeclared crate or module `icann_rdap_srv`
[INFO] [stdout]  --> tests/integration/test_jig.rs:4:5
[INFO] [stdout]   |
[INFO] [stdout] 4 | use icann_rdap_srv::server::Listener;
[INFO] [stdout]   |     ^^^^^^^^^^^^^^ use of undeclared crate or module `icann_rdap_srv`
[INFO] [stdout] 
[INFO] [stdout] 
[INFO] [stdout] error[E0433]: failed to resolve: use of undeclared crate or module `icann_rdap_srv`
[INFO] [stdout]  --> tests/integration/test_jig.rs:5:5
[INFO] [stdout]   |
[INFO] [stdout] 5 | use icann_rdap_srv::storage::mem::config::MemConfig;
[INFO] [stdout]   |     ^^^^^^^^^^^^^^ use of undeclared crate or module `icann_rdap_srv`
[INFO] [stdout] 
[INFO] [stdout] 
[INFO] [stdout] error[E0433]: failed to resolve: use of undeclared crate or module `icann_rdap_srv`
[INFO] [stdout]  --> tests/integration/test_jig.rs:6:5
[INFO] [stdout]   |
[INFO] [stdout] 6 | use icann_rdap_srv::storage::mem::ops::Mem;
[INFO] [stdout]   |     ^^^^^^^^^^^^^^ use of undeclared crate or module `icann_rdap_srv`
[INFO] [stdout] 
[INFO] [stdout] 
[INFO] [stdout] error[E0433]: failed to resolve: use of undeclared crate or module `icann_rdap_srv`
[INFO] [stdout]  --> tests/integration/test_jig.rs:7:5
[INFO] [stdout]   |
[INFO] [stdout] 7 | use icann_rdap_srv::storage::CommonConfig;
[INFO] [stdout]   |     ^^^^^^^^^^^^^^ use of undeclared crate or module `icann_rdap_srv`
[INFO] [stdout] 
[INFO] [stdout] 
[INFO] [stdout] error[E0433]: failed to resolve: use of undeclared crate or module `icann_rdap_srv`
[INFO] [stdout]  --> tests/integration/cache.rs:5:5
[INFO] [stdout]   |
[INFO] [stdout] 5 | use icann_rdap_srv::storage::StoreOps;
[INFO] [stdout]   |     ^^^^^^^^^^^^^^ use of undeclared crate or module `icann_rdap_srv`
[INFO] [stdout] 
[INFO] [stdout] 
[INFO] [stdout] error[E0433]: failed to resolve: use of undeclared crate or module `icann_rdap_srv`
[INFO] [stdout]  --> tests/integration/check.rs:4:5
[INFO] [stdout]   |
[INFO] [stdout] 4 | use icann_rdap_srv::storage::StoreOps;
[INFO] [stdout]   |     ^^^^^^^^^^^^^^ use of undeclared crate or module `icann_rdap_srv`
[INFO] [stdout] 
[INFO] [stdout] 
[INFO] [stdout] error[E0433]: failed to resolve: use of undeclared crate or module `icann_rdap_srv`
[INFO] [stdout]  --> tests/integration/queries.rs:6:5
[INFO] [stdout]   |
[INFO] [stdout] 6 | use icann_rdap_srv::storage::StoreOps;
[INFO] [stdout]   |     ^^^^^^^^^^^^^^ use of undeclared crate or module `icann_rdap_srv`
[INFO] [stdout] 
[INFO] [stdout] 
[INFO] [stdout] error[E0433]: failed to resolve: use of undeclared crate or module `icann_rdap_srv`
[INFO] [stdout]  --> tests/integration/source.rs:5:5
[INFO] [stdout]   |
[INFO] [stdout] 5 | use icann_rdap_srv::storage::StoreOps;
[INFO] [stdout]   |     ^^^^^^^^^^^^^^ use of undeclared crate or module `icann_rdap_srv`
[INFO] [stdout] 
[INFO] [stdout] 
[INFO] [stdout] error[E0433]: failed to resolve: use of undeclared crate or module `icann_rdap_srv`
[INFO] [stdout]  --> tests/integration/url.rs:4:5
[INFO] [stdout]   |
[INFO] [stdout] 4 | use icann_rdap_srv::storage::StoreOps;
[INFO] [stdout]   |     ^^^^^^^^^^^^^^ use of undeclared crate or module `icann_rdap_srv`
[INFO] [stdout] 
[INFO] [stdout] 
[INFO] [stdout] For more information about this error, try `rustc --explain E0433`.
[INFO] [stdout] 
[INFO] [stderr] error: could not compile `icann-rdap-cli` (test "integration") due to 11 previous errors
[INFO] [stderr] warning: build failed, waiting for other jobs to finish...
[INFO] running `Command { std: "docker" "inspect" "1bd9a3789c18c48b955207ca7ae831a675914e0b7dae89de5bebad53b3e4e04b", kill_on_drop: false }`
[INFO] running `Command { std: "docker" "rm" "-f" "1bd9a3789c18c48b955207ca7ae831a675914e0b7dae89de5bebad53b3e4e04b", kill_on_drop: false }`
[INFO] [stdout] 1bd9a3789c18c48b955207ca7ae831a675914e0b7dae89de5bebad53b3e4e04b
