[INFO] fetching crate i-slint-backend-winit 1.8.0...
[INFO] testing i-slint-backend-winit-1.8.0 against nightly-2024-10-28+rustflags=-Zrandomize-layout for randomize-layout
[INFO] extracting crate i-slint-backend-winit 1.8.0 into /workspace/builds/worker-0-tc2/source
[INFO] validating manifest of crates.io crate i-slint-backend-winit 1.8.0 on toolchain nightly-2024-10-28
[INFO] running `Command { std: CARGO_HOME="/workspace/cargo-home" RUSTUP_HOME="/workspace/rustup-home" "/workspace/cargo-home/bin/cargo" "+nightly-2024-10-28" "metadata" "--manifest-path" "Cargo.toml" "--no-deps", kill_on_drop: false }`
[INFO] started tweaking crates.io crate i-slint-backend-winit 1.8.0
[INFO] finished tweaking crates.io crate i-slint-backend-winit 1.8.0
[INFO] tweaked toml for crates.io crate i-slint-backend-winit 1.8.0 written to /workspace/builds/worker-0-tc2/source/Cargo.toml
[INFO] running `Command { std: CARGO_HOME="/workspace/cargo-home" RUSTUP_HOME="/workspace/rustup-home" "/workspace/cargo-home/bin/cargo" "+nightly-2024-10-28" "generate-lockfile" "--manifest-path" "Cargo.toml", kill_on_drop: false }`
[INFO] [stderr]     Updating crates.io index
[INFO] [stderr]      Locking 423 packages to latest compatible versions
[INFO] [stderr]       Adding accesskit v0.16.3 (available: v0.17.0)
[INFO] [stderr]       Adding accesskit_winit v0.22.4 (available: v0.23.0)
[INFO] [stderr]       Adding cocoa v0.25.0 (available: v0.26.0)
[INFO] [stderr]       Adding derive_more v0.99.18 (available: v1.0.0)
[INFO] running `Command { std: CARGO_HOME="/workspace/cargo-home" RUSTUP_HOME="/workspace/rustup-home" "/workspace/cargo-home/bin/cargo" "+nightly-2024-10-28" "fetch" "--manifest-path" "Cargo.toml", kill_on_drop: false }`
[INFO] running `Command { std: "docker" "create" "-v" "/var/lib/crater-agent-workspace/builds/worker-0-tc2/target:/opt/rustwide/target:rw,Z" "-v" "/var/lib/crater-agent-workspace/builds/worker-0-tc2/source:/opt/rustwide/workdir:ro,Z" "-v" "/var/lib/crater-agent-workspace/cargo-home:/opt/rustwide/cargo-home:ro,Z" "-v" "/var/lib/crater-agent-workspace/rustup-home:/opt/rustwide/rustup-home:ro,Z" "-e" "SOURCE_DIR=/opt/rustwide/workdir" "-e" "CARGO_TARGET_DIR=/opt/rustwide/target" "-e" "CARGO_HOME=/opt/rustwide/cargo-home" "-e" "RUSTUP_HOME=/opt/rustwide/rustup-home" "-w" "/opt/rustwide/workdir" "-m" "1610612736" "--user" "0:0" "--network" "none" "ghcr.io/rust-lang/crates-build-env/linux@sha256:4a844ea9eb2546a2d2c7022eacef16ef2e8229c7fbb2c7d4d55a9ceca922f72d" "/opt/rustwide/cargo-home/bin/cargo" "+nightly-2024-10-28" "metadata" "--no-deps" "--format-version=1", kill_on_drop: false }`
[INFO] [stdout] 7ea0d2c63f5c989ee9944102589415ef4a13444d361593e43a29c51b7b31c268
[INFO] running `Command { std: "docker" "start" "-a" "7ea0d2c63f5c989ee9944102589415ef4a13444d361593e43a29c51b7b31c268", kill_on_drop: false }`
[INFO] running `Command { std: "docker" "inspect" "7ea0d2c63f5c989ee9944102589415ef4a13444d361593e43a29c51b7b31c268", kill_on_drop: false }`
[INFO] running `Command { std: "docker" "rm" "-f" "7ea0d2c63f5c989ee9944102589415ef4a13444d361593e43a29c51b7b31c268", kill_on_drop: false }`
[INFO] [stdout] 7ea0d2c63f5c989ee9944102589415ef4a13444d361593e43a29c51b7b31c268
[INFO] running `Command { std: "docker" "create" "-v" "/var/lib/crater-agent-workspace/builds/worker-0-tc2/target:/opt/rustwide/target:rw,Z" "-v" "/var/lib/crater-agent-workspace/builds/worker-0-tc2/source:/opt/rustwide/workdir:ro,Z" "-v" "/var/lib/crater-agent-workspace/cargo-home:/opt/rustwide/cargo-home:ro,Z" "-v" "/var/lib/crater-agent-workspace/rustup-home:/opt/rustwide/rustup-home:ro,Z" "-e" "SOURCE_DIR=/opt/rustwide/workdir" "-e" "CARGO_TARGET_DIR=/opt/rustwide/target" "-e" "CARGO_INCREMENTAL=0" "-e" "RUST_BACKTRACE=full" "-e" "RUSTFLAGS=--cap-lints=forbid -Zrandomize-layout" "-e" "RUSTDOCFLAGS=--cap-lints=forbid" "-e" "CARGO_HOME=/opt/rustwide/cargo-home" "-e" "RUSTUP_HOME=/opt/rustwide/rustup-home" "-w" "/opt/rustwide/workdir" "-m" "1610612736" "--user" "0:0" "--network" "none" "ghcr.io/rust-lang/crates-build-env/linux@sha256:4a844ea9eb2546a2d2c7022eacef16ef2e8229c7fbb2c7d4d55a9ceca922f72d" "/opt/rustwide/cargo-home/bin/cargo" "+nightly-2024-10-28" "build" "--frozen" "--message-format=json", kill_on_drop: false }`
[INFO] [stdout] 3bc2d62c90e055ec3c260ff25b3030440d05f79017668aae1a57959133a7779a
[INFO] running `Command { std: "docker" "start" "-a" "3bc2d62c90e055ec3c260ff25b3030440d05f79017668aae1a57959133a7779a", kill_on_drop: false }`
[INFO] [stderr]    Compiling libm v0.2.11
[INFO] [stderr]    Compiling num-traits v0.2.19
[INFO] [stderr]    Compiling arrayvec v0.7.6
[INFO] [stderr]    Compiling log v0.4.22
[INFO] [stderr]    Compiling simd-adler32 v0.3.7
[INFO] [stderr]    Compiling semver v1.0.23
[INFO] [stderr]    Compiling bitflags v2.6.0
[INFO] [stderr]    Compiling bytemuck v1.19.0
[INFO] [stderr]    Compiling adler2 v2.0.0
[INFO] [stderr]    Compiling version_check v0.9.5
[INFO] [stderr]    Compiling portable-atomic v1.9.0
[INFO] [stderr]    Compiling memoffset v0.9.1
[INFO] [stderr]    Compiling crc32fast v1.4.2
[INFO] [stderr]    Compiling float-cmp v0.9.0
[INFO] [stderr]    Compiling critical-section v1.2.0
[INFO] [stderr]    Compiling syn v2.0.86
[INFO] [stderr]    Compiling tinyvec_macros v0.1.1
[INFO] [stderr]    Compiling roxmltree v0.20.0
[INFO] [stderr]    Compiling thiserror v1.0.66
[INFO] [stderr]    Compiling miniz_oxide v0.8.0
[INFO] [stderr]    Compiling ttf-parser v0.21.1
[INFO] [stderr]    Compiling fdeflate v0.3.6
[INFO] [stderr]    Compiling tinyvec v1.8.0
[INFO] [stderr]    Compiling strict-num v0.1.1
[INFO] [stderr]    Compiling memmap2 v0.9.5
[INFO] [stderr]    Compiling libloading v0.8.5
[INFO] [stderr]    Compiling slab v0.4.9
[INFO] [stderr]    Compiling cfg_aliases v0.2.1
[INFO] [stderr]    Compiling arrayref v0.3.9
[INFO] [stderr]    Compiling slotmap v1.0.7
[INFO] [stderr]    Compiling rustversion v1.0.18
[INFO] [stderr]    Compiling rustix v0.38.38
[INFO] [stderr]    Compiling bitflags v1.3.2
[INFO] [stderr]    Compiling tiny-skia-path v0.11.4
[INFO] [stderr]    Compiling rustc_version v0.4.1
[INFO] [stderr]    Compiling kurbo v0.11.1
[INFO] [stderr]    Compiling unicode-ccc v0.2.0
[INFO] [stderr]    Compiling siphasher v1.0.1
[INFO] [stderr]    Compiling unicode-properties v0.1.3
[INFO] [stderr]    Compiling fontconfig-parser v0.5.7
[INFO] [stderr]    Compiling flate2 v1.0.34
[INFO] [stderr]    Compiling field-offset v0.3.6
[INFO] [stderr]    Compiling linux-raw-sys v0.4.14
[INFO] [stderr]    Compiling pin-project-lite v0.2.15
[INFO] [stderr]    Compiling unicode-bidi-mirroring v0.2.0
[INFO] [stderr]    Compiling unicode-script v0.5.7
[INFO] [stderr]    Compiling tracing-core v0.1.32
[INFO] [stderr]    Compiling once_cell v1.20.2
[INFO] [stderr]    Compiling png v0.17.14
[INFO] [stderr]    Compiling simplecss v0.2.1
[INFO] [stderr]    Compiling heck v0.5.0
[INFO] [stderr]    Compiling convert_case v0.4.0
[INFO] [stderr]    Compiling pico-args v0.5.0
[INFO] [stderr]    Compiling svgtypes v0.15.2
[INFO] [stderr]    Compiling xmlwriter v0.1.0
[INFO] [stderr]    Compiling tracing v0.1.40
[INFO] [stderr]    Compiling base64 v0.22.1
[INFO] [stderr]    Compiling data-url v0.3.1
[INFO] [stderr]    Compiling imagesize v0.12.0
[INFO] [stderr]    Compiling unicode-bidi v0.3.17
[INFO] [stderr]    Compiling unicode-vo v0.1.0
[INFO] [stderr]    Compiling euclid v0.22.11
[INFO] [stderr]    Compiling dlib v0.5.2
[INFO] [stderr]    Compiling winit v0.30.5
[INFO] [stderr]    Compiling rgb v0.8.50
[INFO] [stderr]    Compiling color_quant v1.1.0
[INFO] [stderr]    Compiling jpeg-decoder v0.3.1
[INFO] [stderr]    Compiling xkeysym v0.2.1
[INFO] [stderr]    Compiling iana-time-zone v0.1.61
[INFO] [stderr]    Compiling byteorder v1.5.0
[INFO] [stderr]    Compiling stable_deref_trait v1.2.0
[INFO] [stderr]    Compiling integer-sqrt v0.1.5
[INFO] [stderr]    Compiling tiny-skia v0.11.4
[INFO] [stderr]    Compiling chrono v0.4.38
[INFO] [stderr]    Compiling i-slint-backend-winit v1.8.0 (/opt/rustwide/workdir)
[INFO] [stderr]    Compiling scoped-tls-hkt v0.1.5
[INFO] [stderr]    Compiling unicode-segmentation v1.12.0
[INFO] [stderr]    Compiling dpi v0.1.1
[INFO] [stderr]    Compiling static_assertions v1.1.0
[INFO] [stderr]    Compiling cursor-icon v1.1.0
[INFO] [stderr]    Compiling clru v0.6.2
[INFO] [stderr]    Compiling unicode-linebreak v0.1.5
[INFO] [stderr]    Compiling smol_str v0.2.2
[INFO] [stderr]    Compiling pin-weak v1.1.0
[INFO] [stderr]    Compiling image v0.24.9
[INFO] [stderr]    Compiling lyon_geom v1.0.6
[INFO] [stderr]    Compiling copypasta v0.10.1
[INFO] [stderr]    Compiling raw-window-handle v0.6.2
[INFO] [stderr]    Compiling fontdb v0.18.0
[INFO] [stderr]    Compiling rustybuzz v0.14.1
[INFO] [stderr]    Compiling xkbcommon-dl v0.4.2
[INFO] [stderr]    Compiling lyon_path v1.0.6
[INFO] [stderr]    Compiling lyon_algorithms v1.0.4
[INFO] [stderr]    Compiling derive_utils v0.14.2
[INFO] [stderr]    Compiling thiserror-impl v1.0.66
[INFO] [stderr]    Compiling const-field-offset-macro v0.1.5
[INFO] [stderr]    Compiling vtable-macro v0.2.0
[INFO] [stderr]    Compiling strum_macros v0.26.4
[INFO] [stderr]    Compiling pin-project-internal v1.1.7
[INFO] [stderr]    Compiling derive_more v0.99.18
[INFO] [stderr]    Compiling auto_enums v0.8.6
[INFO] [stderr]    Compiling i-slint-core-macros v1.8.0
[INFO] [stderr]    Compiling const-field-offset v0.1.5
[INFO] [stderr]    Compiling usvg v0.42.0
[INFO] [stderr]    Compiling polling v3.7.3
[INFO] [stderr]    Compiling vtable v0.2.0
[INFO] [stderr]    Compiling pin-project v1.1.7
[INFO] [stderr]    Compiling strum v0.26.3
[INFO] [stderr]    Compiling calloop v0.13.0
[INFO] [stderr]    Compiling lyon_extra v1.0.3
[INFO] [stderr]    Compiling i-slint-common v1.8.0
[INFO] [stdout] error: The platform you're compiling for is not supported by winit
[INFO] [stdout]   --> /opt/rustwide/cargo-home/registry/src/index.crates.io-6f17d22bba15001f/winit-0.30.5/src/platform_impl/mod.rs:78:1
[INFO] [stdout]    |
[INFO] [stdout] 78 | compile_error!("The platform you're compiling for is not supported by winit");
[INFO] [stdout]    | ^^^^^^^^^^^^^^^^^^^^^^^^^^^^^^^^^^^^^^^^^^^^^^^^^^^^^^^^^^^^^^^^^^^^^^^^^^^^^
[INFO] [stdout] 
[INFO] [stdout] 
[INFO] [stdout] error[E0432]: unresolved import `self::platform`
[INFO] [stdout]   --> /opt/rustwide/cargo-home/registry/src/index.crates.io-6f17d22bba15001f/winit-0.30.5/src/platform_impl/mod.rs:34:15
[INFO] [stdout]    |
[INFO] [stdout] 34 | pub use self::platform::*;
[INFO] [stdout]    |               ^^^^^^^^ could not find `platform` in `self`
[INFO] [stdout] 
[INFO] [stdout] 
[INFO] [stdout] error[E0432]: unresolved imports `crate::platform_impl::PlatformCustomCursor`, `crate::platform_impl::PlatformCustomCursorSource`
[INFO] [stdout]  --> /opt/rustwide/cargo-home/registry/src/index.crates.io-6f17d22bba15001f/winit-0.30.5/src/cursor.rs:8:28
[INFO] [stdout]   |
[INFO] [stdout] 8 | use crate::platform_impl::{PlatformCustomCursor, PlatformCustomCursorSource};
[INFO] [stdout]   |                            ^^^^^^^^^^^^^^^^^^^^  ^^^^^^^^^^^^^^^^^^^^^^^^^^ no `PlatformCustomCursorSource` in `platform_impl`
[INFO] [stdout]   |                            |
[INFO] [stdout]   |                            no `PlatformCustomCursor` in `platform_impl`
[INFO] [stdout] 
[INFO] [stdout] 
[INFO] [stdout] error[E0432]: unresolved import `crate::platform_impl::PlatformIcon`
[INFO] [stdout]  --> /opt/rustwide/cargo-home/registry/src/index.crates.io-6f17d22bba15001f/winit-0.30.5/src/icon.rs:1:5
[INFO] [stdout]   |
[INFO] [stdout] 1 | use crate::platform_impl::PlatformIcon;
[INFO] [stdout]   |     ^^^^^^^^^^^^^^^^^^^^^^^^^^^^^^^^^^ no `PlatformIcon` in `platform_impl`
[INFO] [stdout] 
[INFO] [stdout] 
[INFO] [stdout] error[E0432]: unresolved import `crate::platform_impl::PlatformSpecificWindowAttributes`
[INFO] [stdout]  --> /opt/rustwide/cargo-home/registry/src/index.crates.io-6f17d22bba15001f/winit-0.30.5/src/window.rs:7:34
[INFO] [stdout]   |
[INFO] [stdout] 7 | use crate::platform_impl::{self, PlatformSpecificWindowAttributes};
[INFO] [stdout]   |                                  ^^^^^^^^^^^^^^^^^^^^^^^^^^^^^^^^ no `PlatformSpecificWindowAttributes` in `platform_impl`
[INFO] [stdout] 
[INFO] [stdout] 
[INFO] [stderr]    Compiling resvg v0.42.0
[INFO] [stdout] error[E0369]: binary operation `==` cannot be applied to type `&Option<MonitorHandle>`
[INFO] [stdout]     --> /opt/rustwide/cargo-home/registry/src/index.crates.io-6f17d22bba15001f/winit-0.30.5/src/window.rs:1750:16
[INFO] [stdout]      |
[INFO] [stdout] 1745 | #[derive(Clone, Debug, PartialEq, Eq)]
[INFO] [stdout]      |                        --------- in this derive macro expansion
[INFO] [stdout] ...
[INFO] [stdout] 1750 |     Borderless(Option<MonitorHandle>),
[INFO] [stdout]      |                ^^^^^^^^^^^^^^^^^^^^^
[INFO] [stdout]      |
[INFO] [stdout]      = note: this error originates in the derive macro `PartialEq` (in Nightly builds, run with -Z macro-backtrace for more info)
[INFO] [stdout] 
[INFO] [stdout] 
[INFO] [stderr]    Compiling i-slint-core v1.8.0
[INFO] [stdout] Some errors have detailed explanations: E0369, E0432.
[INFO] [stdout] 
[INFO] [stdout] For more information about an error, try `rustc --explain E0369`.
[INFO] [stdout] 
[INFO] [stderr] error: could not compile `winit` (lib) due to 6 previous errors
[INFO] [stderr] warning: build failed, waiting for other jobs to finish...
[INFO] running `Command { std: "docker" "inspect" "3bc2d62c90e055ec3c260ff25b3030440d05f79017668aae1a57959133a7779a", kill_on_drop: false }`
[INFO] running `Command { std: "docker" "rm" "-f" "3bc2d62c90e055ec3c260ff25b3030440d05f79017668aae1a57959133a7779a", kill_on_drop: false }`
[INFO] [stdout] 3bc2d62c90e055ec3c260ff25b3030440d05f79017668aae1a57959133a7779a
