[INFO] fetching crate hyperparameter 0.5.12...
[INFO] testing hyperparameter-0.5.12 against nightly-2024-10-28 for randomize-layout
[INFO] extracting crate hyperparameter 0.5.12 into /workspace/builds/worker-6-tc1/source
[INFO] validating manifest of crates.io crate hyperparameter 0.5.12 on toolchain nightly-2024-10-28
[INFO] running `Command { std: CARGO_HOME="/workspace/cargo-home" RUSTUP_HOME="/workspace/rustup-home" "/workspace/cargo-home/bin/cargo" "+nightly-2024-10-28" "metadata" "--manifest-path" "Cargo.toml" "--no-deps", kill_on_drop: false }`
[INFO] started tweaking crates.io crate hyperparameter 0.5.12
[INFO] removed 0 missing examples
[INFO] finished tweaking crates.io crate hyperparameter 0.5.12
[INFO] tweaked toml for crates.io crate hyperparameter 0.5.12 written to /workspace/builds/worker-6-tc1/source/Cargo.toml
[INFO] crate crates.io crate hyperparameter 0.5.12 already has a lockfile, it will not be regenerated
[INFO] running `Command { std: CARGO_HOME="/workspace/cargo-home" RUSTUP_HOME="/workspace/rustup-home" "/workspace/cargo-home/bin/cargo" "+nightly-2024-10-28" "fetch" "--manifest-path" "Cargo.toml", kill_on_drop: false }`
[INFO] [stderr]     Updating crates.io index
[INFO] [stderr]  Downloading crates ...
[INFO] [stderr]   Downloaded xxhash-rust v0.8.10
[INFO] [stderr]   Downloaded linkme-impl v0.3.25
[INFO] [stderr]   Downloaded linkme v0.3.25
[INFO] [stderr]   Downloaded clap_derive v4.5.3
[INFO] [stderr]   Downloaded clap v4.5.3
[INFO] [stderr]   Downloaded toml v0.8.11
[INFO] [stderr]   Downloaded half v2.4.0
[INFO] [stderr]   Downloaded toml_edit v0.22.7
[INFO] [stderr]   Downloaded bumpalo v3.15.4
[INFO] [stderr]   Downloaded proptest v1.4.0
[INFO] [stderr]   Downloaded rayon v1.9.0
[INFO] running `Command { std: "docker" "create" "-v" "/var/lib/crater-agent-workspace/builds/worker-6-tc1/target:/opt/rustwide/target:rw,Z" "-v" "/var/lib/crater-agent-workspace/builds/worker-6-tc1/source:/opt/rustwide/workdir:ro,Z" "-v" "/var/lib/crater-agent-workspace/cargo-home:/opt/rustwide/cargo-home:ro,Z" "-v" "/var/lib/crater-agent-workspace/rustup-home:/opt/rustwide/rustup-home:ro,Z" "-e" "SOURCE_DIR=/opt/rustwide/workdir" "-e" "CARGO_TARGET_DIR=/opt/rustwide/target" "-e" "CARGO_HOME=/opt/rustwide/cargo-home" "-e" "RUSTUP_HOME=/opt/rustwide/rustup-home" "-w" "/opt/rustwide/workdir" "-m" "1610612736" "--user" "0:0" "--network" "none" "ghcr.io/rust-lang/crates-build-env/linux@sha256:4a844ea9eb2546a2d2c7022eacef16ef2e8229c7fbb2c7d4d55a9ceca922f72d" "/opt/rustwide/cargo-home/bin/cargo" "+nightly-2024-10-28" "metadata" "--no-deps" "--format-version=1", kill_on_drop: false }`
[INFO] [stdout] 046267a9f5653964c56d3b0158aa58cc9a49a3332c3261675117a4228b5bac37
[INFO] running `Command { std: "docker" "start" "-a" "046267a9f5653964c56d3b0158aa58cc9a49a3332c3261675117a4228b5bac37", kill_on_drop: false }`
[INFO] running `Command { std: "docker" "inspect" "046267a9f5653964c56d3b0158aa58cc9a49a3332c3261675117a4228b5bac37", kill_on_drop: false }`
[INFO] running `Command { std: "docker" "rm" "-f" "046267a9f5653964c56d3b0158aa58cc9a49a3332c3261675117a4228b5bac37", kill_on_drop: false }`
[INFO] [stdout] 046267a9f5653964c56d3b0158aa58cc9a49a3332c3261675117a4228b5bac37
[INFO] running `Command { std: "docker" "create" "-v" "/var/lib/crater-agent-workspace/builds/worker-6-tc1/target:/opt/rustwide/target:rw,Z" "-v" "/var/lib/crater-agent-workspace/builds/worker-6-tc1/source:/opt/rustwide/workdir:ro,Z" "-v" "/var/lib/crater-agent-workspace/cargo-home:/opt/rustwide/cargo-home:ro,Z" "-v" "/var/lib/crater-agent-workspace/rustup-home:/opt/rustwide/rustup-home:ro,Z" "-e" "SOURCE_DIR=/opt/rustwide/workdir" "-e" "CARGO_TARGET_DIR=/opt/rustwide/target" "-e" "CARGO_INCREMENTAL=0" "-e" "RUST_BACKTRACE=full" "-e" "RUSTFLAGS=--cap-lints=forbid" "-e" "RUSTDOCFLAGS=--cap-lints=forbid" "-e" "CARGO_HOME=/opt/rustwide/cargo-home" "-e" "RUSTUP_HOME=/opt/rustwide/rustup-home" "-w" "/opt/rustwide/workdir" "-m" "1610612736" "--user" "0:0" "--network" "none" "ghcr.io/rust-lang/crates-build-env/linux@sha256:4a844ea9eb2546a2d2c7022eacef16ef2e8229c7fbb2c7d4d55a9ceca922f72d" "/opt/rustwide/cargo-home/bin/cargo" "+nightly-2024-10-28" "build" "--frozen" "--message-format=json", kill_on_drop: false }`
[INFO] [stdout] d2d41cba94cca49a827b1039ce8b8a0c9941024ba856812ce3674335812e73a8
[INFO] running `Command { std: "docker" "start" "-a" "d2d41cba94cca49a827b1039ce8b8a0c9941024ba856812ce3674335812e73a8", kill_on_drop: false }`
[INFO] [stderr]    Compiling serde v1.0.197
[INFO] [stderr]    Compiling proc-macro2 v1.0.79
[INFO] [stderr]    Compiling unicode-ident v1.0.12
[INFO] [stderr]    Compiling siphasher v0.3.11
[INFO] [stderr]    Compiling utf8parse v0.2.1
[INFO] [stderr]    Compiling equivalent v1.0.1
[INFO] [stderr]    Compiling hashbrown v0.14.3
[INFO] [stderr]    Compiling rand_core v0.6.4
[INFO] [stderr]    Compiling colorchoice v1.0.0
[INFO] [stderr]    Compiling anstyle-parse v0.2.3
[INFO] [stderr]    Compiling anstyle v1.0.6
[INFO] [stderr]    Compiling serde_json v1.0.114
[INFO] [stderr]    Compiling phf_shared v0.11.2
[INFO] [stderr]    Compiling rand v0.8.5
[INFO] [stderr]    Compiling anstyle-query v1.0.2
[INFO] [stderr]    Compiling winnow v0.6.5
[INFO] [stderr]    Compiling anstream v0.6.13
[INFO] [stderr]    Compiling clap_lex v0.7.0
[INFO] [stderr]    Compiling memchr v2.7.1
[INFO] [stderr]    Compiling ryu v1.0.17
[INFO] [stderr]    Compiling itoa v1.0.10
[INFO] [stderr]    Compiling quote v1.0.35
[INFO] [stderr]    Compiling indexmap v2.2.5
[INFO] [stderr]    Compiling strsim v0.11.0
[INFO] [stderr]    Compiling phf_generator v0.11.2
[INFO] [stderr]    Compiling minimal-lexical v0.2.1
[INFO] [stderr]    Compiling syn v2.0.53
[INFO] [stderr]    Compiling nom v7.1.3
[INFO] [stderr]    Compiling clap_builder v4.5.2
[INFO] [stderr]    Compiling pathdiff v0.2.1
[INFO] [stderr]    Compiling lazy_static v1.4.0
[INFO] [stderr]    Compiling xxhash-rust v0.8.10
[INFO] [stderr]    Compiling const-str v0.5.7
[INFO] [stderr]    Compiling clap v4.5.3
[INFO] [stderr]    Compiling serde_spanned v0.6.5
[INFO] [stderr]    Compiling toml_datetime v0.6.5
[INFO] [stderr]    Compiling toml_edit v0.22.7
[INFO] [stderr]    Compiling linkme-impl v0.3.25
[INFO] [stderr]    Compiling phf_macros v0.11.2
[INFO] [stderr]    Compiling phf v0.11.2
[INFO] [stderr]    Compiling linkme v0.3.25
[INFO] [stderr]    Compiling toml v0.8.11
[INFO] [stderr]    Compiling config v0.14.0
[INFO] [stderr]    Compiling hyperparameter v0.5.12 (/opt/rustwide/workdir)
[INFO] [stdout] warning: unused import: `const_str`
[INFO] [stdout]  --> src/api.rs:4:5
[INFO] [stdout]   |
[INFO] [stdout] 4 | use const_str;
[INFO] [stdout]   |     ^^^^^^^^^
[INFO] [stdout]   |
[INFO] [stdout]   = note: `#[warn(unused_imports)]` on by default
[INFO] [stdout] 
[INFO] [stdout] 
[INFO] [stdout] warning: unused import: `xxhash_rust`
[INFO] [stdout]  --> src/api.rs:5:5
[INFO] [stdout]   |
[INFO] [stdout] 5 | use xxhash_rust;
[INFO] [stdout]   |     ^^^^^^^^^^^
[INFO] [stdout] 
[INFO] [stdout] 
[INFO] [stdout] warning: unused import: `crate::api::frozen`
[INFO] [stdout]  --> src/cfg.rs:1:9
[INFO] [stdout]   |
[INFO] [stdout] 1 | pub use crate::api::frozen;
[INFO] [stdout]   |         ^^^^^^^^^^^^^^^^^^
[INFO] [stdout] 
[INFO] [stdout] 
[INFO] [stdout] warning: unused import: `crate::storage::GetOrElse`
[INFO] [stdout]  --> src/cfg.rs:4:9
[INFO] [stdout]   |
[INFO] [stdout] 4 | pub use crate::storage::GetOrElse;
[INFO] [stdout]   |         ^^^^^^^^^^^^^^^^^^^^^^^^^
[INFO] [stdout] 
[INFO] [stdout] 
[INFO] [stdout] warning: unused import: `crate::storage::THREAD_STORAGE`
[INFO] [stdout]  --> src/cfg.rs:5:9
[INFO] [stdout]   |
[INFO] [stdout] 5 | pub use crate::storage::THREAD_STORAGE;
[INFO] [stdout]   |         ^^^^^^^^^^^^^^^^^^^^^^^^^^^^^^
[INFO] [stdout] 
[INFO] [stdout] 
[INFO] [stdout] warning: unused import: `crate::value::Value`
[INFO] [stdout]  --> src/cfg.rs:6:9
[INFO] [stdout]   |
[INFO] [stdout] 6 | pub use crate::value::Value;
[INFO] [stdout]   |         ^^^^^^^^^^^^^^^^^^^
[INFO] [stdout] 
[INFO] [stdout] 
[INFO] [stdout] warning: unused import: `crate::xxh::XXHashable`
[INFO] [stdout]  --> src/cfg.rs:7:9
[INFO] [stdout]   |
[INFO] [stdout] 7 | pub use crate::xxh::XXHashable;
[INFO] [stdout]   |         ^^^^^^^^^^^^^^^^^^^^^^
[INFO] [stdout] 
[INFO] [stdout] 
[INFO] [stdout] warning: trait `Hashable` is never used
[INFO] [stdout]    --> src/storage.rs:188:11
[INFO] [stdout]     |
[INFO] [stdout] 188 | pub trait Hashable {}
[INFO] [stdout]     |           ^^^^^^^^
[INFO] [stdout]     |
[INFO] [stdout]     = note: `#[warn(dead_code)]` on by default
[INFO] [stdout] 
[INFO] [stdout] 
[INFO] [stderr]     Finished `dev` profile [unoptimized + debuginfo] target(s) in 20.67s
[INFO] running `Command { std: "docker" "inspect" "d2d41cba94cca49a827b1039ce8b8a0c9941024ba856812ce3674335812e73a8", kill_on_drop: false }`
[INFO] running `Command { std: "docker" "rm" "-f" "d2d41cba94cca49a827b1039ce8b8a0c9941024ba856812ce3674335812e73a8", kill_on_drop: false }`
[INFO] [stdout] d2d41cba94cca49a827b1039ce8b8a0c9941024ba856812ce3674335812e73a8
[INFO] running `Command { std: "docker" "create" "-v" "/var/lib/crater-agent-workspace/builds/worker-6-tc1/target:/opt/rustwide/target:rw,Z" "-v" "/var/lib/crater-agent-workspace/builds/worker-6-tc1/source:/opt/rustwide/workdir:ro,Z" "-v" "/var/lib/crater-agent-workspace/cargo-home:/opt/rustwide/cargo-home:ro,Z" "-v" "/var/lib/crater-agent-workspace/rustup-home:/opt/rustwide/rustup-home:ro,Z" "-e" "SOURCE_DIR=/opt/rustwide/workdir" "-e" "CARGO_TARGET_DIR=/opt/rustwide/target" "-e" "CARGO_INCREMENTAL=0" "-e" "RUST_BACKTRACE=full" "-e" "RUSTFLAGS=--cap-lints=forbid" "-e" "RUSTDOCFLAGS=--cap-lints=forbid" "-e" "CARGO_HOME=/opt/rustwide/cargo-home" "-e" "RUSTUP_HOME=/opt/rustwide/rustup-home" "-w" "/opt/rustwide/workdir" "-m" "1610612736" "--user" "0:0" "--network" "none" "ghcr.io/rust-lang/crates-build-env/linux@sha256:4a844ea9eb2546a2d2c7022eacef16ef2e8229c7fbb2c7d4d55a9ceca922f72d" "/opt/rustwide/cargo-home/bin/cargo" "+nightly-2024-10-28" "test" "--frozen" "--no-run" "--message-format=json", kill_on_drop: false }`
[INFO] [stdout] 79073c8c491e03a1823c932d775f0a86c69e6b3ff5089a76133f6b4d5a74818c
[INFO] running `Command { std: "docker" "start" "-a" "79073c8c491e03a1823c932d775f0a86c69e6b3ff5089a76133f6b4d5a74818c", kill_on_drop: false }`
[INFO] [stderr]    Compiling serde v1.0.197
[INFO] [stderr]    Compiling cfg-if v1.0.0
[INFO] [stderr]    Compiling libc v0.2.153
[INFO] [stderr]    Compiling crossbeam-utils v0.8.19
[INFO] [stderr]    Compiling libm v0.2.8
[INFO] [stderr]    Compiling autocfg v1.1.0
[INFO] [stderr]    Compiling serde_derive v1.0.197
[INFO] [stderr]    Compiling rustix v0.38.31
[INFO] [stderr]    Compiling linux-raw-sys v0.4.13
[INFO] [stderr]    Compiling rayon-core v1.12.1
[INFO] [stderr]    Compiling either v1.10.0
[INFO] [stderr]    Compiling num-traits v0.2.18
[INFO] [stderr]    Compiling bitflags v2.4.2
[INFO] [stderr]    Compiling heck v0.5.0
[INFO] [stderr]    Compiling regex-syntax v0.8.2
[INFO] [stderr]    Compiling clap_derive v4.5.3
[INFO] [stderr]    Compiling crossbeam-epoch v0.9.18
[INFO] [stderr]    Compiling half v2.4.0
[INFO] [stderr]    Compiling crossbeam-deque v0.8.5
[INFO] [stderr]    Compiling getrandom v0.2.12
[INFO] [stderr]    Compiling ciborium-io v0.2.2
[INFO] [stderr]    Compiling plotters-backend v0.3.5
[INFO] [stderr]    Compiling fastrand v2.0.1
[INFO] [stderr]    Compiling rand_core v0.6.4
[INFO] [stderr]    Compiling ppv-lite86 v0.2.17
[INFO] [stderr]    Compiling plotters-svg v0.3.5
[INFO] [stderr]    Compiling rand_chacha v0.3.1
[INFO] [stderr]    Compiling ciborium-ll v0.2.2
[INFO] [stderr]    Compiling wait-timeout v0.2.0
[INFO] [stderr]    Compiling itertools v0.10.5
[INFO] [stderr]    Compiling quick-error v1.2.3
[INFO] [stderr]    Compiling same-file v1.0.6
[INFO] [stderr]    Compiling tempfile v3.10.1
[INFO] [stderr]    Compiling regex-automata v0.4.6
[INFO] [stderr]    Compiling fnv v1.0.7
[INFO] [stderr]    Compiling cast v0.3.0
[INFO] [stderr]    Compiling bit-vec v0.6.3
[INFO] [stderr]    Compiling rusty-fork v0.3.0
[INFO] [stderr]    Compiling walkdir v2.5.0
[INFO] [stderr]    Compiling bit-set v0.5.3
[INFO] [stderr]    Compiling clap v4.5.3
[INFO] [stderr]    Compiling rayon v1.9.0
[INFO] [stderr]    Compiling rand v0.8.5
[INFO] [stderr]    Compiling criterion-plot v0.5.0
[INFO] [stderr]    Compiling plotters v0.3.5
[INFO] [stderr]    Compiling rand_xorshift v0.3.0
[INFO] [stderr]    Compiling is-terminal v0.4.12
[INFO] [stderr]    Compiling anes v0.1.6
[INFO] [stderr]    Compiling once_cell v1.19.0
[INFO] [stderr]    Compiling oorandom v11.1.3
[INFO] [stderr]    Compiling unarray v0.1.4
[INFO] [stderr]    Compiling proptest v1.4.0
[INFO] [stderr]    Compiling regex v1.10.3
[INFO] [stderr]    Compiling serde_json v1.0.114
[INFO] [stderr]    Compiling serde_spanned v0.6.5
[INFO] [stderr]    Compiling toml_datetime v0.6.5
[INFO] [stderr]    Compiling ciborium v0.2.2
[INFO] [stderr]    Compiling toml_edit v0.22.7
[INFO] [stderr]    Compiling tinytemplate v1.2.1
[INFO] [stderr]    Compiling criterion v0.5.1
[INFO] [stderr]    Compiling toml v0.8.11
[INFO] [stderr]    Compiling config v0.14.0
[INFO] [stderr]    Compiling hyperparameter v0.5.12 (/opt/rustwide/workdir)
[INFO] [stdout] warning: unused import: `const_str`
[INFO] [stdout]  --> src/api.rs:4:5
[INFO] [stdout]   |
[INFO] [stdout] 4 | use const_str;
[INFO] [stdout]   |     ^^^^^^^^^
[INFO] [stdout]   |
[INFO] [stdout]   = note: `#[warn(unused_imports)]` on by default
[INFO] [stdout] 
[INFO] [stdout] 
[INFO] [stdout] warning: unused import: `xxhash_rust`
[INFO] [stdout]  --> src/api.rs:5:5
[INFO] [stdout]   |
[INFO] [stdout] 5 | use xxhash_rust;
[INFO] [stdout]   |     ^^^^^^^^^^^
[INFO] [stdout] 
[INFO] [stdout] 
[INFO] [stdout] warning: unused import: `crate::api::frozen`
[INFO] [stdout]  --> src/cfg.rs:1:9
[INFO] [stdout]   |
[INFO] [stdout] 1 | pub use crate::api::frozen;
[INFO] [stdout]   |         ^^^^^^^^^^^^^^^^^^
[INFO] [stdout] 
[INFO] [stdout] 
[INFO] [stdout] warning: unused import: `crate::storage::GetOrElse`
[INFO] [stdout]  --> src/cfg.rs:4:9
[INFO] [stdout]   |
[INFO] [stdout] 4 | pub use crate::storage::GetOrElse;
[INFO] [stdout]   |         ^^^^^^^^^^^^^^^^^^^^^^^^^
[INFO] [stdout] 
[INFO] [stdout] 
[INFO] [stdout] warning: unused import: `crate::storage::THREAD_STORAGE`
[INFO] [stdout]  --> src/cfg.rs:5:9
[INFO] [stdout]   |
[INFO] [stdout] 5 | pub use crate::storage::THREAD_STORAGE;
[INFO] [stdout]   |         ^^^^^^^^^^^^^^^^^^^^^^^^^^^^^^
[INFO] [stdout] 
[INFO] [stdout] 
[INFO] [stdout] warning: unused import: `crate::value::Value`
[INFO] [stdout]  --> src/cfg.rs:6:9
[INFO] [stdout]   |
[INFO] [stdout] 6 | pub use crate::value::Value;
[INFO] [stdout]   |         ^^^^^^^^^^^^^^^^^^^
[INFO] [stdout] 
[INFO] [stdout] 
[INFO] [stdout] warning: unused import: `crate::xxh::XXHashable`
[INFO] [stdout]  --> src/cfg.rs:7:9
[INFO] [stdout]   |
[INFO] [stdout] 7 | pub use crate::xxh::XXHashable;
[INFO] [stdout]   |         ^^^^^^^^^^^^^^^^^^^^^^
[INFO] [stdout] 
[INFO] [stdout] 
[INFO] [stdout] warning: trait `Hashable` is never used
[INFO] [stdout]    --> src/storage.rs:188:11
[INFO] [stdout]     |
[INFO] [stdout] 188 | pub trait Hashable {}
[INFO] [stdout]     |           ^^^^^^^^
[INFO] [stdout]     |
[INFO] [stdout]     = note: `#[warn(dead_code)]` on by default
[INFO] [stdout] 
[INFO] [stdout] 
[INFO] [stdout] warning: unused import: `const_str`
[INFO] [stdout]  --> src/api.rs:4:5
[INFO] [stdout]   |
[INFO] [stdout] 4 | use const_str;
[INFO] [stdout]   |     ^^^^^^^^^
[INFO] [stdout]   |
[INFO] [stdout]   = note: `#[warn(unused_imports)]` on by default
[INFO] [stdout] 
[INFO] [stdout] 
[INFO] [stdout] warning: unused import: `xxhash_rust`
[INFO] [stdout]  --> src/api.rs:5:5
[INFO] [stdout]   |
[INFO] [stdout] 5 | use xxhash_rust;
[INFO] [stdout]   |     ^^^^^^^^^^^
[INFO] [stdout] 
[INFO] [stdout] 
[INFO] [stdout] warning: unused import: `crate::api::frozen`
[INFO] [stdout]  --> src/cfg.rs:1:9
[INFO] [stdout]   |
[INFO] [stdout] 1 | pub use crate::api::frozen;
[INFO] [stdout]   |         ^^^^^^^^^^^^^^^^^^
[INFO] [stdout] 
[INFO] [stdout] 
[INFO] [stdout] warning: unused import: `crate::storage::GetOrElse`
[INFO] [stdout]  --> src/cfg.rs:4:9
[INFO] [stdout]   |
[INFO] [stdout] 4 | pub use crate::storage::GetOrElse;
[INFO] [stdout]   |         ^^^^^^^^^^^^^^^^^^^^^^^^^
[INFO] [stdout] 
[INFO] [stdout] 
[INFO] [stdout] warning: unused import: `crate::storage::THREAD_STORAGE`
[INFO] [stdout]  --> src/cfg.rs:5:9
[INFO] [stdout]   |
[INFO] [stdout] 5 | pub use crate::storage::THREAD_STORAGE;
[INFO] [stdout]   |         ^^^^^^^^^^^^^^^^^^^^^^^^^^^^^^
[INFO] [stdout] 
[INFO] [stdout] 
[INFO] [stdout] warning: unused import: `crate::value::Value`
[INFO] [stdout]  --> src/cfg.rs:6:9
[INFO] [stdout]   |
[INFO] [stdout] 6 | pub use crate::value::Value;
[INFO] [stdout]   |         ^^^^^^^^^^^^^^^^^^^
[INFO] [stdout] 
[INFO] [stdout] 
[INFO] [stdout] warning: unused import: `crate::xxh::XXHashable`
[INFO] [stdout]  --> src/cfg.rs:7:9
[INFO] [stdout]   |
[INFO] [stdout] 7 | pub use crate::xxh::XXHashable;
[INFO] [stdout]   |         ^^^^^^^^^^^^^^^^^^^^^^
[INFO] [stdout] 
[INFO] [stdout] 
[INFO] [stdout] error: linking with `cc` failed: exit status: 1
[INFO] [stdout]   |
[INFO] [stdout]   = note: LC_ALL="C" PATH="/opt/rustwide/rustup-home/toolchains/nightly-2024-10-28-x86_64-unknown-linux-gnu/lib/rustlib/x86_64-unknown-linux-gnu/bin:/opt/rustwide/rustup-home/toolchains/nightly-2024-10-28-x86_64-unknown-linux-gnu/lib/rustlib/x86_64-unknown-linux-gnu/bin/self-contained:/opt/rustwide/cargo-home/bin:/usr/local/sbin:/usr/local/bin:/usr/sbin:/usr/bin:/sbin:/bin" VSLANG="1033" "cc" "-m64" "/tmp/rustciIzhik/symbols.o" "/opt/rustwide/target/debug/examples/clap_mini-42461e66142bcce5.clap_mini.ae2494163dfcc475-cgu.0.rcgu.o" "/opt/rustwide/target/debug/examples/clap_mini-42461e66142bcce5.8zzn9r2k97m9b59ggcby8eo31.rcgu.o" "-Wl,--as-needed" "-Wl,-Bstatic" "/opt/rustwide/target/debug/deps/libhyperparameter-00189c582c0bcb17.rlib" "/opt/rustwide/target/debug/deps/libconfig-ab9d357ce328ce4d.rlib" "/opt/rustwide/target/debug/deps/libpathdiff-8198d51d3ac916c9.rlib" "/opt/rustwide/target/debug/deps/libserde_json-b031d11b8d92849b.rlib" "/opt/rustwide/target/debug/deps/libitoa-d18bc183f8825fa8.rlib" "/opt/rustwide/target/debug/deps/libryu-ae70b1064bce2df4.rlib" "/opt/rustwide/target/debug/deps/libtoml-36bc834232e4bc11.rlib" "/opt/rustwide/target/debug/deps/libtoml_edit-2940a503070d7e4c.rlib" "/opt/rustwide/target/debug/deps/libserde_spanned-d6a5fef37785056b.rlib" "/opt/rustwide/target/debug/deps/libindexmap-a03e894cd94c95cd.rlib" "/opt/rustwide/target/debug/deps/libequivalent-c1d8a102bb11761f.rlib" "/opt/rustwide/target/debug/deps/libhashbrown-aa16c3515366cc9e.rlib" "/opt/rustwide/target/debug/deps/libwinnow-93cd02895746821e.rlib" "/opt/rustwide/target/debug/deps/libtoml_datetime-1bf103aecfe6be73.rlib" "/opt/rustwide/target/debug/deps/libnom-06291e818969914c.rlib" "/opt/rustwide/target/debug/deps/libmemchr-2c36eb040b0e55d4.rlib" "/opt/rustwide/target/debug/deps/libserde-9793039f52406809.rlib" "/opt/rustwide/target/debug/deps/liblinkme-22c2b5a051157798.rlib" "/opt/rustwide/target/debug/deps/libxxhash_rust-698b9bbb02a360d9.rlib" "/opt/rustwide/target/debug/deps/libconst_str-4654d10823143616.rlib" "/opt/rustwide/target/debug/deps/libphf-b8be2ec0c874e9f6.rlib" "/opt/rustwide/target/debug/deps/libphf_shared-306f5accbb91e0ac.rlib" "/opt/rustwide/target/debug/deps/libsiphasher-606a06ee7ac6aadd.rlib" "/opt/rustwide/target/debug/deps/liblazy_static-99656fe0448a39f9.rlib" "/opt/rustwide/target/debug/deps/libclap-3fa67627577cacfa.rlib" "/opt/rustwide/target/debug/deps/libclap_builder-d19fabee3c8e5135.rlib" "/opt/rustwide/target/debug/deps/libstrsim-39df8bb1adc02728.rlib" "/opt/rustwide/target/debug/deps/libanstream-f2077648c8e11704.rlib" "/opt/rustwide/target/debug/deps/libanstyle_query-a7b7988861710af1.rlib" "/opt/rustwide/target/debug/deps/libcolorchoice-a01ced72a2877734.rlib" "/opt/rustwide/target/debug/deps/libanstyle_parse-bfc6c3376d931650.rlib" "/opt/rustwide/target/debug/deps/libutf8parse-bf5dc6ad33bf42f0.rlib" "/opt/rustwide/target/debug/deps/libclap_lex-f7d2f57ef7c6ffa8.rlib" "/opt/rustwide/target/debug/deps/libanstyle-08e7c5b0526d4102.rlib" "/opt/rustwide/rustup-home/toolchains/nightly-2024-10-28-x86_64-unknown-linux-gnu/lib/rustlib/x86_64-unknown-linux-gnu/lib/libstd-fb8c387236db3c10.rlib" "/opt/rustwide/rustup-home/toolchains/nightly-2024-10-28-x86_64-unknown-linux-gnu/lib/rustlib/x86_64-unknown-linux-gnu/lib/libpanic_unwind-b251837809b2f64b.rlib" "/opt/rustwide/rustup-home/toolchains/nightly-2024-10-28-x86_64-unknown-linux-gnu/lib/rustlib/x86_64-unknown-linux-gnu/lib/libobject-cbef83eaa4e01f04.rlib" "/opt/rustwide/rustup-home/toolchains/nightly-2024-10-28-x86_64-unknown-linux-gnu/lib/rustlib/x86_64-unknown-linux-gnu/lib/libmemchr-12a772286de2fca7.rlib" "/opt/rustwide/rustup-home/toolchains/nightly-2024-10-28-x86_64-unknown-linux-gnu/lib/rustlib/x86_64-unknown-linux-gnu/lib/libaddr2line-023bbe5ada7abfc3.rlib" "/opt/rustwide/rustup-home/toolchains/nightly-2024-10-28-x86_64-unknown-linux-gnu/lib/rustlib/x86_64-unknown-linux-gnu/lib/libgimli-de2bcdf10ec69c2b.rlib" "/opt/rustwide/rustup-home/toolchains/nightly-2024-10-28-x86_64-unknown-linux-gnu/lib/rustlib/x86_64-unknown-linux-gnu/lib/librustc_demangle-8e1754df350800fd.rlib" "/opt/rustwide/rustup-home/toolchains/nightly-2024-10-28-x86_64-unknown-linux-gnu/lib/rustlib/x86_64-unknown-linux-gnu/lib/libstd_detect-06c2ab7b9c32e037.rlib" "/opt/rustwide/rustup-home/toolchains/nightly-2024-10-28-x86_64-unknown-linux-gnu/lib/rustlib/x86_64-unknown-linux-gnu/lib/libhashbrown-51d2621fc57a281b.rlib" "/opt/rustwide/rustup-home/toolchains/nightly-2024-10-28-x86_64-unknown-linux-gnu/lib/rustlib/x86_64-unknown-linux-gnu/lib/librustc_std_workspace_alloc-54a930408793772f.rlib" "/opt/rustwide/rustup-home/toolchains/nightly-2024-10-28-x86_64-unknown-linux-gnu/lib/rustlib/x86_64-unknown-linux-gnu/lib/libminiz_oxide-0c7d01cba400dcb2.rlib" "/opt/rustwide/rustup-home/toolchains/nightly-2024-10-28-x86_64-unknown-linux-gnu/lib/rustlib/x86_64-unknown-linux-gnu/lib/libadler-b9f84d69e331b75b.rlib" "/opt/rustwide/rustup-home/toolchains/nightly-2024-10-28-x86_64-unknown-linux-gnu/lib/rustlib/x86_64-unknown-linux-gnu/lib/libunwind-eec95493246aae39.rlib" "/opt/rustwide/rustup-home/toolchains/nightly-2024-10-28-x86_64-unknown-linux-gnu/lib/rustlib/x86_64-unknown-linux-gnu/lib/libcfg_if-6f6676c475e08ab0.rlib" "/opt/rustwide/rustup-home/toolchains/nightly-2024-10-28-x86_64-unknown-linux-gnu/lib/rustlib/x86_64-unknown-linux-gnu/lib/liblibc-799d520624f8b2e0.rlib" "/opt/rustwide/rustup-home/toolchains/nightly-2024-10-28-x86_64-unknown-linux-gnu/lib/rustlib/x86_64-unknown-linux-gnu/lib/liballoc-fcf93d4842acd9a9.rlib" "/opt/rustwide/rustup-home/toolchains/nightly-2024-10-28-x86_64-unknown-linux-gnu/lib/rustlib/x86_64-unknown-linux-gnu/lib/librustc_std_workspace_core-395a38b8e0851c9b.rlib" "/opt/rustwide/rustup-home/toolchains/nightly-2024-10-28-x86_64-unknown-linux-gnu/lib/rustlib/x86_64-unknown-linux-gnu/lib/libcore-d453bab70303062c.rlib" "/opt/rustwide/rustup-home/toolchains/nightly-2024-10-28-x86_64-unknown-linux-gnu/lib/rustlib/x86_64-unknown-linux-gnu/lib/libcompiler_builtins-0e6386368b0a24e8.rlib" "-Wl,-Bdynamic" "-lgcc_s" "-lutil" "-lrt" "-lpthread" "-lm" "-ldl" "-lc" "-B/opt/rustwide/rustup-home/toolchains/nightly-2024-10-28-x86_64-unknown-linux-gnu/lib/rustlib/x86_64-unknown-linux-gnu/bin/gcc-ld" "-fuse-ld=lld" "-Wl,--eh-frame-hdr" "-Wl,-z,noexecstack" "-L" "/opt/rustwide/rustup-home/toolchains/nightly-2024-10-28-x86_64-unknown-linux-gnu/lib/rustlib/x86_64-unknown-linux-gnu/lib" "-o" "/opt/rustwide/target/debug/examples/clap_mini-42461e66142bcce5" "-Wl,--gc-sections" "-pie" "-Wl,-z,relro,-z,now" "-nodefaultlibs"
[INFO] [stdout]   = note: rust-lld: error: undefined symbol: __start_linkme_PARAMS
[INFO] [stdout]           >>> referenced by cli.rs:5 (src/cli.rs:5)
[INFO] [stdout]           >>>               hyperparameter-00189c582c0bcb17.hyperparameter.8fdb813fbc5b9395-cgu.4.rcgu.o:(hyperparameter::cli::PARAMS::h79d96162c8616200) in archive /opt/rustwide/target/debug/deps/libhyperparameter-00189c582c0bcb17.rlib
[INFO] [stdout]           >>> the encapsulation symbol needs to be retained under --gc-sections properly; consider -z nostart-stop-gc (see https://lld.llvm.org/ELF/start-stop-gc)
[INFO] [stdout]           
[INFO] [stdout]           rust-lld: error: undefined symbol: __stop_linkme_PARAMS
[INFO] [stdout]           >>> referenced by cli.rs:5 (src/cli.rs:5)
[INFO] [stdout]           >>>               hyperparameter-00189c582c0bcb17.hyperparameter.8fdb813fbc5b9395-cgu.4.rcgu.o:(hyperparameter::cli::PARAMS::h79d96162c8616200) in archive /opt/rustwide/target/debug/deps/libhyperparameter-00189c582c0bcb17.rlib
[INFO] [stdout]           
[INFO] [stdout]           rust-lld: error: undefined symbol: __start_linkm2_PARAMS
[INFO] [stdout]           >>> referenced by cli.rs:5 (src/cli.rs:5)
[INFO] [stdout]           >>>               hyperparameter-00189c582c0bcb17.hyperparameter.8fdb813fbc5b9395-cgu.4.rcgu.o:(hyperparameter::cli::PARAMS::h79d96162c8616200) in archive /opt/rustwide/target/debug/deps/libhyperparameter-00189c582c0bcb17.rlib
[INFO] [stdout]           >>> the encapsulation symbol needs to be retained under --gc-sections properly; consider -z nostart-stop-gc (see https://lld.llvm.org/ELF/start-stop-gc)
[INFO] [stdout]           
[INFO] [stdout]           rust-lld: error: undefined symbol: __stop_linkm2_PARAMS
[INFO] [stdout]           >>> referenced by cli.rs:5 (src/cli.rs:5)
[INFO] [stdout]           >>>               hyperparameter-00189c582c0bcb17.hyperparameter.8fdb813fbc5b9395-cgu.4.rcgu.o:(hyperparameter::cli::PARAMS::h79d96162c8616200) in archive /opt/rustwide/target/debug/deps/libhyperparameter-00189c582c0bcb17.rlib
[INFO] [stdout]           collect2: error: ld returned 1 exit status
[INFO] [stdout]           
[INFO] [stdout] 
[INFO] [stdout] 
[INFO] [stdout] warning: trait `Hashable` is never used
[INFO] [stdout]    --> src/storage.rs:188:11
[INFO] [stdout]     |
[INFO] [stdout] 188 | pub trait Hashable {}
[INFO] [stdout]     |           ^^^^^^^^
[INFO] [stdout]     |
[INFO] [stdout]     = note: `#[warn(dead_code)]` on by default
[INFO] [stdout] 
[INFO] [stdout] 
[INFO] [stderr] error: could not compile `hyperparameter` (example "clap_mini") due to 1 previous error
[INFO] [stderr] warning: build failed, waiting for other jobs to finish...
[INFO] [stdout] error: linking with `cc` failed: exit status: 1
[INFO] [stdout]   |
[INFO] [stdout]   = note: LC_ALL="C" PATH="/opt/rustwide/rustup-home/toolchains/nightly-2024-10-28-x86_64-unknown-linux-gnu/lib/rustlib/x86_64-unknown-linux-gnu/bin:/opt/rustwide/rustup-home/toolchains/nightly-2024-10-28-x86_64-unknown-linux-gnu/lib/rustlib/x86_64-unknown-linux-gnu/bin/self-contained:/opt/rustwide/cargo-home/bin:/usr/local/sbin:/usr/local/bin:/usr/sbin:/usr/bin:/sbin:/bin" VSLANG="1033" "cc" "-m64" "/tmp/rustcZ8bPQv/symbols.o" "/opt/rustwide/target/debug/examples/clap_full-d06a97107e5428d3.clap_full.d95609a84ae0f0c9-cgu.0.rcgu.o" "/opt/rustwide/target/debug/examples/clap_full-d06a97107e5428d3.clap_full.d95609a84ae0f0c9-cgu.1.rcgu.o" "/opt/rustwide/target/debug/examples/clap_full-d06a97107e5428d3.2nskgvtvq6ne2zm88j89qfqy0.rcgu.o" "-Wl,--as-needed" "-Wl,-Bstatic" "/opt/rustwide/target/debug/deps/libhyperparameter-00189c582c0bcb17.rlib" "/opt/rustwide/target/debug/deps/liblinkme-22c2b5a051157798.rlib" "/opt/rustwide/target/debug/deps/libxxhash_rust-698b9bbb02a360d9.rlib" "/opt/rustwide/target/debug/deps/libconst_str-4654d10823143616.rlib" "/opt/rustwide/target/debug/deps/libphf-b8be2ec0c874e9f6.rlib" "/opt/rustwide/target/debug/deps/libphf_shared-306f5accbb91e0ac.rlib" "/opt/rustwide/target/debug/deps/libsiphasher-606a06ee7ac6aadd.rlib" "/opt/rustwide/target/debug/deps/libconfig-ab9d357ce328ce4d.rlib" "/opt/rustwide/target/debug/deps/libpathdiff-8198d51d3ac916c9.rlib" "/opt/rustwide/target/debug/deps/libserde_json-b031d11b8d92849b.rlib" "/opt/rustwide/target/debug/deps/libitoa-d18bc183f8825fa8.rlib" "/opt/rustwide/target/debug/deps/libryu-ae70b1064bce2df4.rlib" "/opt/rustwide/target/debug/deps/libtoml-36bc834232e4bc11.rlib" "/opt/rustwide/target/debug/deps/libtoml_edit-2940a503070d7e4c.rlib" "/opt/rustwide/target/debug/deps/libserde_spanned-d6a5fef37785056b.rlib" "/opt/rustwide/target/debug/deps/libindexmap-a03e894cd94c95cd.rlib" "/opt/rustwide/target/debug/deps/libequivalent-c1d8a102bb11761f.rlib" "/opt/rustwide/target/debug/deps/libhashbrown-aa16c3515366cc9e.rlib" "/opt/rustwide/target/debug/deps/libwinnow-93cd02895746821e.rlib" "/opt/rustwide/target/debug/deps/libtoml_datetime-1bf103aecfe6be73.rlib" "/opt/rustwide/target/debug/deps/libnom-06291e818969914c.rlib" "/opt/rustwide/target/debug/deps/libmemchr-2c36eb040b0e55d4.rlib" "/opt/rustwide/target/debug/deps/liblazy_static-99656fe0448a39f9.rlib" "/opt/rustwide/target/debug/deps/libserde-9793039f52406809.rlib" "/opt/rustwide/target/debug/deps/libclap-3fa67627577cacfa.rlib" "/opt/rustwide/target/debug/deps/libclap_builder-d19fabee3c8e5135.rlib" "/opt/rustwide/target/debug/deps/libstrsim-39df8bb1adc02728.rlib" "/opt/rustwide/target/debug/deps/libanstream-f2077648c8e11704.rlib" "/opt/rustwide/target/debug/deps/libanstyle_query-a7b7988861710af1.rlib" "/opt/rustwide/target/debug/deps/libcolorchoice-a01ced72a2877734.rlib" "/opt/rustwide/target/debug/deps/libanstyle_parse-bfc6c3376d931650.rlib" "/opt/rustwide/target/debug/deps/libutf8parse-bf5dc6ad33bf42f0.rlib" "/opt/rustwide/target/debug/deps/libclap_lex-f7d2f57ef7c6ffa8.rlib" "/opt/rustwide/target/debug/deps/libanstyle-08e7c5b0526d4102.rlib" "/opt/rustwide/rustup-home/toolchains/nightly-2024-10-28-x86_64-unknown-linux-gnu/lib/rustlib/x86_64-unknown-linux-gnu/lib/libstd-fb8c387236db3c10.rlib" "/opt/rustwide/rustup-home/toolchains/nightly-2024-10-28-x86_64-unknown-linux-gnu/lib/rustlib/x86_64-unknown-linux-gnu/lib/libpanic_unwind-b251837809b2f64b.rlib" "/opt/rustwide/rustup-home/toolchains/nightly-2024-10-28-x86_64-unknown-linux-gnu/lib/rustlib/x86_64-unknown-linux-gnu/lib/libobject-cbef83eaa4e01f04.rlib" "/opt/rustwide/rustup-home/toolchains/nightly-2024-10-28-x86_64-unknown-linux-gnu/lib/rustlib/x86_64-unknown-linux-gnu/lib/libmemchr-12a772286de2fca7.rlib" "/opt/rustwide/rustup-home/toolchains/nightly-2024-10-28-x86_64-unknown-linux-gnu/lib/rustlib/x86_64-unknown-linux-gnu/lib/libaddr2line-023bbe5ada7abfc3.rlib" "/opt/rustwide/rustup-home/toolchains/nightly-2024-10-28-x86_64-unknown-linux-gnu/lib/rustlib/x86_64-unknown-linux-gnu/lib/libgimli-de2bcdf10ec69c2b.rlib" "/opt/rustwide/rustup-home/toolchains/nightly-2024-10-28-x86_64-unknown-linux-gnu/lib/rustlib/x86_64-unknown-linux-gnu/lib/librustc_demangle-8e1754df350800fd.rlib" "/opt/rustwide/rustup-home/toolchains/nightly-2024-10-28-x86_64-unknown-linux-gnu/lib/rustlib/x86_64-unknown-linux-gnu/lib/libstd_detect-06c2ab7b9c32e037.rlib" "/opt/rustwide/rustup-home/toolchains/nightly-2024-10-28-x86_64-unknown-linux-gnu/lib/rustlib/x86_64-unknown-linux-gnu/lib/libhashbrown-51d2621fc57a281b.rlib" "/opt/rustwide/rustup-home/toolchains/nightly-2024-10-28-x86_64-unknown-linux-gnu/lib/rustlib/x86_64-unknown-linux-gnu/lib/librustc_std_workspace_alloc-54a930408793772f.rlib" "/opt/rustwide/rustup-home/toolchains/nightly-2024-10-28-x86_64-unknown-linux-gnu/lib/rustlib/x86_64-unknown-linux-gnu/lib/libminiz_oxide-0c7d01cba400dcb2.rlib" "/opt/rustwide/rustup-home/toolchains/nightly-2024-10-28-x86_64-unknown-linux-gnu/lib/rustlib/x86_64-unknown-linux-gnu/lib/libadler-b9f84d69e331b75b.rlib" "/opt/rustwide/rustup-home/toolchains/nightly-2024-10-28-x86_64-unknown-linux-gnu/lib/rustlib/x86_64-unknown-linux-gnu/lib/libunwind-eec95493246aae39.rlib" "/opt/rustwide/rustup-home/toolchains/nightly-2024-10-28-x86_64-unknown-linux-gnu/lib/rustlib/x86_64-unknown-linux-gnu/lib/libcfg_if-6f6676c475e08ab0.rlib" "/opt/rustwide/rustup-home/toolchains/nightly-2024-10-28-x86_64-unknown-linux-gnu/lib/rustlib/x86_64-unknown-linux-gnu/lib/liblibc-799d520624f8b2e0.rlib" "/opt/rustwide/rustup-home/toolchains/nightly-2024-10-28-x86_64-unknown-linux-gnu/lib/rustlib/x86_64-unknown-linux-gnu/lib/liballoc-fcf93d4842acd9a9.rlib" "/opt/rustwide/rustup-home/toolchains/nightly-2024-10-28-x86_64-unknown-linux-gnu/lib/rustlib/x86_64-unknown-linux-gnu/lib/librustc_std_workspace_core-395a38b8e0851c9b.rlib" "/opt/rustwide/rustup-home/toolchains/nightly-2024-10-28-x86_64-unknown-linux-gnu/lib/rustlib/x86_64-unknown-linux-gnu/lib/libcore-d453bab70303062c.rlib" "/opt/rustwide/rustup-home/toolchains/nightly-2024-10-28-x86_64-unknown-linux-gnu/lib/rustlib/x86_64-unknown-linux-gnu/lib/libcompiler_builtins-0e6386368b0a24e8.rlib" "-Wl,-Bdynamic" "-lgcc_s" "-lutil" "-lrt" "-lpthread" "-lm" "-ldl" "-lc" "-B/opt/rustwide/rustup-home/toolchains/nightly-2024-10-28-x86_64-unknown-linux-gnu/lib/rustlib/x86_64-unknown-linux-gnu/bin/gcc-ld" "-fuse-ld=lld" "-Wl,--eh-frame-hdr" "-Wl,-z,noexecstack" "-L" "/opt/rustwide/rustup-home/toolchains/nightly-2024-10-28-x86_64-unknown-linux-gnu/lib/rustlib/x86_64-unknown-linux-gnu/lib" "-o" "/opt/rustwide/target/debug/examples/clap_full-d06a97107e5428d3" "-Wl,--gc-sections" "-pie" "-Wl,-z,relro,-z,now" "-nodefaultlibs"
[INFO] [stdout]   = note: rust-lld: error: undefined symbol: __start_linkme_PARAMS
[INFO] [stdout]           >>> referenced by cli.rs:5 (src/cli.rs:5)
[INFO] [stdout]           >>>               hyperparameter-00189c582c0bcb17.hyperparameter.8fdb813fbc5b9395-cgu.4.rcgu.o:(hyperparameter::cli::PARAMS::h79d96162c8616200) in archive /opt/rustwide/target/debug/deps/libhyperparameter-00189c582c0bcb17.rlib
[INFO] [stdout]           >>> the encapsulation symbol needs to be retained under --gc-sections properly; consider -z nostart-stop-gc (see https://lld.llvm.org/ELF/start-stop-gc)
[INFO] [stdout]           
[INFO] [stdout]           rust-lld: error: undefined symbol: __stop_linkme_PARAMS
[INFO] [stdout]           >>> referenced by cli.rs:5 (src/cli.rs:5)
[INFO] [stdout]           >>>               hyperparameter-00189c582c0bcb17.hyperparameter.8fdb813fbc5b9395-cgu.4.rcgu.o:(hyperparameter::cli::PARAMS::h79d96162c8616200) in archive /opt/rustwide/target/debug/deps/libhyperparameter-00189c582c0bcb17.rlib
[INFO] [stdout]           
[INFO] [stdout]           rust-lld: error: undefined symbol: __start_linkm2_PARAMS
[INFO] [stdout]           >>> referenced by cli.rs:5 (src/cli.rs:5)
[INFO] [stdout]           >>>               hyperparameter-00189c582c0bcb17.hyperparameter.8fdb813fbc5b9395-cgu.4.rcgu.o:(hyperparameter::cli::PARAMS::h79d96162c8616200) in archive /opt/rustwide/target/debug/deps/libhyperparameter-00189c582c0bcb17.rlib
[INFO] [stdout]           >>> the encapsulation symbol needs to be retained under --gc-sections properly; consider -z nostart-stop-gc (see https://lld.llvm.org/ELF/start-stop-gc)
[INFO] [stdout]           
[INFO] [stdout]           rust-lld: error: undefined symbol: __stop_linkm2_PARAMS
[INFO] [stdout]           >>> referenced by cli.rs:5 (src/cli.rs:5)
[INFO] [stdout]           >>>               hyperparameter-00189c582c0bcb17.hyperparameter.8fdb813fbc5b9395-cgu.4.rcgu.o:(hyperparameter::cli::PARAMS::h79d96162c8616200) in archive /opt/rustwide/target/debug/deps/libhyperparameter-00189c582c0bcb17.rlib
[INFO] [stdout]           collect2: error: ld returned 1 exit status
[INFO] [stdout]           
[INFO] [stdout] 
[INFO] [stdout] 
[INFO] [stderr] error: could not compile `hyperparameter` (example "clap_full") due to 1 previous error
[INFO] [stdout] error: linking with `cc` failed: exit status: 1
[INFO] [stdout]   |
[INFO] [stdout]   = note: LC_ALL="C" PATH="/opt/rustwide/rustup-home/toolchains/nightly-2024-10-28-x86_64-unknown-linux-gnu/lib/rustlib/x86_64-unknown-linux-gnu/bin:/opt/rustwide/rustup-home/toolchains/nightly-2024-10-28-x86_64-unknown-linux-gnu/lib/rustlib/x86_64-unknown-linux-gnu/bin/self-contained:/opt/rustwide/cargo-home/bin:/usr/local/sbin:/usr/local/bin:/usr/sbin:/usr/bin:/sbin:/bin" VSLANG="1033" "cc" "-m64" "/tmp/rustcJulahZ/symbols.o" "/opt/rustwide/target/debug/examples/clap_layered-e9a668780d3ab4ad.clap_layered.15e6176eb2bab6b1-cgu.0.rcgu.o" "/opt/rustwide/target/debug/examples/clap_layered-e9a668780d3ab4ad.clap_layered.15e6176eb2bab6b1-cgu.1.rcgu.o" "/opt/rustwide/target/debug/examples/clap_layered-e9a668780d3ab4ad.aunarrxbu033r6qi882wttw2m.rcgu.o" "-Wl,--as-needed" "-Wl,-Bstatic" "/opt/rustwide/target/debug/deps/libhyperparameter-00189c582c0bcb17.rlib" "/opt/rustwide/target/debug/deps/liblinkme-22c2b5a051157798.rlib" "/opt/rustwide/target/debug/deps/libxxhash_rust-698b9bbb02a360d9.rlib" "/opt/rustwide/target/debug/deps/libconst_str-4654d10823143616.rlib" "/opt/rustwide/target/debug/deps/libphf-b8be2ec0c874e9f6.rlib" "/opt/rustwide/target/debug/deps/libphf_shared-306f5accbb91e0ac.rlib" "/opt/rustwide/target/debug/deps/libsiphasher-606a06ee7ac6aadd.rlib" "/opt/rustwide/target/debug/deps/libconfig-ab9d357ce328ce4d.rlib" "/opt/rustwide/target/debug/deps/libpathdiff-8198d51d3ac916c9.rlib" "/opt/rustwide/target/debug/deps/libserde_json-b031d11b8d92849b.rlib" "/opt/rustwide/target/debug/deps/libitoa-d18bc183f8825fa8.rlib" "/opt/rustwide/target/debug/deps/libryu-ae70b1064bce2df4.rlib" "/opt/rustwide/target/debug/deps/libtoml-36bc834232e4bc11.rlib" "/opt/rustwide/target/debug/deps/libtoml_edit-2940a503070d7e4c.rlib" "/opt/rustwide/target/debug/deps/libserde_spanned-d6a5fef37785056b.rlib" "/opt/rustwide/target/debug/deps/libindexmap-a03e894cd94c95cd.rlib" "/opt/rustwide/target/debug/deps/libequivalent-c1d8a102bb11761f.rlib" "/opt/rustwide/target/debug/deps/libhashbrown-aa16c3515366cc9e.rlib" "/opt/rustwide/target/debug/deps/libwinnow-93cd02895746821e.rlib" "/opt/rustwide/target/debug/deps/libtoml_datetime-1bf103aecfe6be73.rlib" "/opt/rustwide/target/debug/deps/libnom-06291e818969914c.rlib" "/opt/rustwide/target/debug/deps/libmemchr-2c36eb040b0e55d4.rlib" "/opt/rustwide/target/debug/deps/liblazy_static-99656fe0448a39f9.rlib" "/opt/rustwide/target/debug/deps/libserde-9793039f52406809.rlib" "/opt/rustwide/target/debug/deps/libclap-3fa67627577cacfa.rlib" "/opt/rustwide/target/debug/deps/libclap_builder-d19fabee3c8e5135.rlib" "/opt/rustwide/target/debug/deps/libstrsim-39df8bb1adc02728.rlib" "/opt/rustwide/target/debug/deps/libanstream-f2077648c8e11704.rlib" "/opt/rustwide/target/debug/deps/libanstyle_query-a7b7988861710af1.rlib" "/opt/rustwide/target/debug/deps/libcolorchoice-a01ced72a2877734.rlib" "/opt/rustwide/target/debug/deps/libanstyle_parse-bfc6c3376d931650.rlib" "/opt/rustwide/target/debug/deps/libutf8parse-bf5dc6ad33bf42f0.rlib" "/opt/rustwide/target/debug/deps/libclap_lex-f7d2f57ef7c6ffa8.rlib" "/opt/rustwide/target/debug/deps/libanstyle-08e7c5b0526d4102.rlib" "/opt/rustwide/rustup-home/toolchains/nightly-2024-10-28-x86_64-unknown-linux-gnu/lib/rustlib/x86_64-unknown-linux-gnu/lib/libstd-fb8c387236db3c10.rlib" "/opt/rustwide/rustup-home/toolchains/nightly-2024-10-28-x86_64-unknown-linux-gnu/lib/rustlib/x86_64-unknown-linux-gnu/lib/libpanic_unwind-b251837809b2f64b.rlib" "/opt/rustwide/rustup-home/toolchains/nightly-2024-10-28-x86_64-unknown-linux-gnu/lib/rustlib/x86_64-unknown-linux-gnu/lib/libobject-cbef83eaa4e01f04.rlib" "/opt/rustwide/rustup-home/toolchains/nightly-2024-10-28-x86_64-unknown-linux-gnu/lib/rustlib/x86_64-unknown-linux-gnu/lib/libmemchr-12a772286de2fca7.rlib" "/opt/rustwide/rustup-home/toolchains/nightly-2024-10-28-x86_64-unknown-linux-gnu/lib/rustlib/x86_64-unknown-linux-gnu/lib/libaddr2line-023bbe5ada7abfc3.rlib" "/opt/rustwide/rustup-home/toolchains/nightly-2024-10-28-x86_64-unknown-linux-gnu/lib/rustlib/x86_64-unknown-linux-gnu/lib/libgimli-de2bcdf10ec69c2b.rlib" "/opt/rustwide/rustup-home/toolchains/nightly-2024-10-28-x86_64-unknown-linux-gnu/lib/rustlib/x86_64-unknown-linux-gnu/lib/librustc_demangle-8e1754df350800fd.rlib" "/opt/rustwide/rustup-home/toolchains/nightly-2024-10-28-x86_64-unknown-linux-gnu/lib/rustlib/x86_64-unknown-linux-gnu/lib/libstd_detect-06c2ab7b9c32e037.rlib" "/opt/rustwide/rustup-home/toolchains/nightly-2024-10-28-x86_64-unknown-linux-gnu/lib/rustlib/x86_64-unknown-linux-gnu/lib/libhashbrown-51d2621fc57a281b.rlib" "/opt/rustwide/rustup-home/toolchains/nightly-2024-10-28-x86_64-unknown-linux-gnu/lib/rustlib/x86_64-unknown-linux-gnu/lib/librustc_std_workspace_alloc-54a930408793772f.rlib" "/opt/rustwide/rustup-home/toolchains/nightly-2024-10-28-x86_64-unknown-linux-gnu/lib/rustlib/x86_64-unknown-linux-gnu/lib/libminiz_oxide-0c7d01cba400dcb2.rlib" "/opt/rustwide/rustup-home/toolchains/nightly-2024-10-28-x86_64-unknown-linux-gnu/lib/rustlib/x86_64-unknown-linux-gnu/lib/libadler-b9f84d69e331b75b.rlib" "/opt/rustwide/rustup-home/toolchains/nightly-2024-10-28-x86_64-unknown-linux-gnu/lib/rustlib/x86_64-unknown-linux-gnu/lib/libunwind-eec95493246aae39.rlib" "/opt/rustwide/rustup-home/toolchains/nightly-2024-10-28-x86_64-unknown-linux-gnu/lib/rustlib/x86_64-unknown-linux-gnu/lib/libcfg_if-6f6676c475e08ab0.rlib" "/opt/rustwide/rustup-home/toolchains/nightly-2024-10-28-x86_64-unknown-linux-gnu/lib/rustlib/x86_64-unknown-linux-gnu/lib/liblibc-799d520624f8b2e0.rlib" "/opt/rustwide/rustup-home/toolchains/nightly-2024-10-28-x86_64-unknown-linux-gnu/lib/rustlib/x86_64-unknown-linux-gnu/lib/liballoc-fcf93d4842acd9a9.rlib" "/opt/rustwide/rustup-home/toolchains/nightly-2024-10-28-x86_64-unknown-linux-gnu/lib/rustlib/x86_64-unknown-linux-gnu/lib/librustc_std_workspace_core-395a38b8e0851c9b.rlib" "/opt/rustwide/rustup-home/toolchains/nightly-2024-10-28-x86_64-unknown-linux-gnu/lib/rustlib/x86_64-unknown-linux-gnu/lib/libcore-d453bab70303062c.rlib" "/opt/rustwide/rustup-home/toolchains/nightly-2024-10-28-x86_64-unknown-linux-gnu/lib/rustlib/x86_64-unknown-linux-gnu/lib/libcompiler_builtins-0e6386368b0a24e8.rlib" "-Wl,-Bdynamic" "-lgcc_s" "-lutil" "-lrt" "-lpthread" "-lm" "-ldl" "-lc" "-B/opt/rustwide/rustup-home/toolchains/nightly-2024-10-28-x86_64-unknown-linux-gnu/lib/rustlib/x86_64-unknown-linux-gnu/bin/gcc-ld" "-fuse-ld=lld" "-Wl,--eh-frame-hdr" "-Wl,-z,noexecstack" "-L" "/opt/rustwide/rustup-home/toolchains/nightly-2024-10-28-x86_64-unknown-linux-gnu/lib/rustlib/x86_64-unknown-linux-gnu/lib" "-o" "/opt/rustwide/target/debug/examples/clap_layered-e9a668780d3ab4ad" "-Wl,--gc-sections" "-pie" "-Wl,-z,relro,-z,now" "-nodefaultlibs"
[INFO] [stdout]   = note: rust-lld: error: undefined symbol: __start_linkme_PARAMS
[INFO] [stdout]           >>> referenced by cli.rs:5 (src/cli.rs:5)
[INFO] [stdout]           >>>               hyperparameter-00189c582c0bcb17.hyperparameter.8fdb813fbc5b9395-cgu.4.rcgu.o:(hyperparameter::cli::PARAMS::h79d96162c8616200) in archive /opt/rustwide/target/debug/deps/libhyperparameter-00189c582c0bcb17.rlib
[INFO] [stdout]           >>> the encapsulation symbol needs to be retained under --gc-sections properly; consider -z nostart-stop-gc (see https://lld.llvm.org/ELF/start-stop-gc)
[INFO] [stdout]           
[INFO] [stdout]           rust-lld: error: undefined symbol: __stop_linkme_PARAMS
[INFO] [stdout]           >>> referenced by cli.rs:5 (src/cli.rs:5)
[INFO] [stdout]           >>>               hyperparameter-00189c582c0bcb17.hyperparameter.8fdb813fbc5b9395-cgu.4.rcgu.o:(hyperparameter::cli::PARAMS::h79d96162c8616200) in archive /opt/rustwide/target/debug/deps/libhyperparameter-00189c582c0bcb17.rlib
[INFO] [stdout]           
[INFO] [stdout]           rust-lld: error: undefined symbol: __start_linkm2_PARAMS
[INFO] [stdout]           >>> referenced by cli.rs:5 (src/cli.rs:5)
[INFO] [stdout]           >>>               hyperparameter-00189c582c0bcb17.hyperparameter.8fdb813fbc5b9395-cgu.4.rcgu.o:(hyperparameter::cli::PARAMS::h79d96162c8616200) in archive /opt/rustwide/target/debug/deps/libhyperparameter-00189c582c0bcb17.rlib
[INFO] [stdout]           >>> the encapsulation symbol needs to be retained under --gc-sections properly; consider -z nostart-stop-gc (see https://lld.llvm.org/ELF/start-stop-gc)
[INFO] [stdout]           
[INFO] [stdout]           rust-lld: error: undefined symbol: __stop_linkm2_PARAMS
[INFO] [stdout]           >>> referenced by cli.rs:5 (src/cli.rs:5)
[INFO] [stdout]           >>>               hyperparameter-00189c582c0bcb17.hyperparameter.8fdb813fbc5b9395-cgu.4.rcgu.o:(hyperparameter::cli::PARAMS::h79d96162c8616200) in archive /opt/rustwide/target/debug/deps/libhyperparameter-00189c582c0bcb17.rlib
[INFO] [stdout]           collect2: error: ld returned 1 exit status
[INFO] [stdout]           
[INFO] [stdout] 
[INFO] [stdout] 
[INFO] [stderr] error: could not compile `hyperparameter` (example "clap_layered") due to 1 previous error
[INFO] running `Command { std: "docker" "inspect" "79073c8c491e03a1823c932d775f0a86c69e6b3ff5089a76133f6b4d5a74818c", kill_on_drop: false }`
[INFO] running `Command { std: "docker" "rm" "-f" "79073c8c491e03a1823c932d775f0a86c69e6b3ff5089a76133f6b4d5a74818c", kill_on_drop: false }`
[INFO] [stdout] 79073c8c491e03a1823c932d775f0a86c69e6b3ff5089a76133f6b4d5a74818c
