[INFO] fetching crate hyperbolic_graph_generator 0.1.3...
[INFO] testing hyperbolic_graph_generator-0.1.3 against nightly-2024-10-28 for randomize-layout
[INFO] extracting crate hyperbolic_graph_generator 0.1.3 into /workspace/builds/worker-6-tc1/source
[INFO] validating manifest of crates.io crate hyperbolic_graph_generator 0.1.3 on toolchain nightly-2024-10-28
[INFO] running `Command { std: CARGO_HOME="/workspace/cargo-home" RUSTUP_HOME="/workspace/rustup-home" "/workspace/cargo-home/bin/cargo" "+nightly-2024-10-28" "metadata" "--manifest-path" "Cargo.toml" "--no-deps", kill_on_drop: false }`
[INFO] started tweaking crates.io crate hyperbolic_graph_generator 0.1.3
[INFO] finished tweaking crates.io crate hyperbolic_graph_generator 0.1.3
[INFO] tweaked toml for crates.io crate hyperbolic_graph_generator 0.1.3 written to /workspace/builds/worker-6-tc1/source/Cargo.toml
[INFO] running `Command { std: CARGO_HOME="/workspace/cargo-home" RUSTUP_HOME="/workspace/rustup-home" "/workspace/cargo-home/bin/cargo" "+nightly-2024-10-28" "generate-lockfile" "--manifest-path" "Cargo.toml", kill_on_drop: false }`
[INFO] [stderr]     Updating crates.io index
[INFO] [stderr]      Locking 4 packages to latest compatible versions
[INFO] [stderr]       Adding GSL v1.1.0 (available: v7.0.0)
[INFO] [stderr]       Adding c_vec v1.0.12 (available: v1.3.3)
[INFO] running `Command { std: CARGO_HOME="/workspace/cargo-home" RUSTUP_HOME="/workspace/rustup-home" "/workspace/cargo-home/bin/cargo" "+nightly-2024-10-28" "fetch" "--manifest-path" "Cargo.toml", kill_on_drop: false }`
[INFO] [stderr]  Downloading crates ...
[INFO] [stderr]   Downloaded c_vec v1.0.12
[INFO] [stderr]   Downloaded GSL v1.1.0
[INFO] running `Command { std: "docker" "create" "-v" "/var/lib/crater-agent-workspace/builds/worker-6-tc1/target:/opt/rustwide/target:rw,Z" "-v" "/var/lib/crater-agent-workspace/builds/worker-6-tc1/source:/opt/rustwide/workdir:ro,Z" "-v" "/var/lib/crater-agent-workspace/cargo-home:/opt/rustwide/cargo-home:ro,Z" "-v" "/var/lib/crater-agent-workspace/rustup-home:/opt/rustwide/rustup-home:ro,Z" "-e" "SOURCE_DIR=/opt/rustwide/workdir" "-e" "CARGO_TARGET_DIR=/opt/rustwide/target" "-e" "CARGO_HOME=/opt/rustwide/cargo-home" "-e" "RUSTUP_HOME=/opt/rustwide/rustup-home" "-w" "/opt/rustwide/workdir" "-m" "1610612736" "--user" "0:0" "--network" "none" "ghcr.io/rust-lang/crates-build-env/linux@sha256:4a844ea9eb2546a2d2c7022eacef16ef2e8229c7fbb2c7d4d55a9ceca922f72d" "/opt/rustwide/cargo-home/bin/cargo" "+nightly-2024-10-28" "metadata" "--no-deps" "--format-version=1", kill_on_drop: false }`
[INFO] [stdout] 5b6dceedea185ce4c7a39c6c59d6d28f8202757f1610ac091a71841b5de6641b
[INFO] running `Command { std: "docker" "start" "-a" "5b6dceedea185ce4c7a39c6c59d6d28f8202757f1610ac091a71841b5de6641b", kill_on_drop: false }`
[INFO] running `Command { std: "docker" "inspect" "5b6dceedea185ce4c7a39c6c59d6d28f8202757f1610ac091a71841b5de6641b", kill_on_drop: false }`
[INFO] running `Command { std: "docker" "rm" "-f" "5b6dceedea185ce4c7a39c6c59d6d28f8202757f1610ac091a71841b5de6641b", kill_on_drop: false }`
[INFO] [stdout] 5b6dceedea185ce4c7a39c6c59d6d28f8202757f1610ac091a71841b5de6641b
[INFO] running `Command { std: "docker" "create" "-v" "/var/lib/crater-agent-workspace/builds/worker-6-tc1/target:/opt/rustwide/target:rw,Z" "-v" "/var/lib/crater-agent-workspace/builds/worker-6-tc1/source:/opt/rustwide/workdir:ro,Z" "-v" "/var/lib/crater-agent-workspace/cargo-home:/opt/rustwide/cargo-home:ro,Z" "-v" "/var/lib/crater-agent-workspace/rustup-home:/opt/rustwide/rustup-home:ro,Z" "-e" "SOURCE_DIR=/opt/rustwide/workdir" "-e" "CARGO_TARGET_DIR=/opt/rustwide/target" "-e" "CARGO_INCREMENTAL=0" "-e" "RUST_BACKTRACE=full" "-e" "RUSTFLAGS=--cap-lints=forbid" "-e" "RUSTDOCFLAGS=--cap-lints=forbid" "-e" "CARGO_HOME=/opt/rustwide/cargo-home" "-e" "RUSTUP_HOME=/opt/rustwide/rustup-home" "-w" "/opt/rustwide/workdir" "-m" "1610612736" "--user" "0:0" "--network" "none" "ghcr.io/rust-lang/crates-build-env/linux@sha256:4a844ea9eb2546a2d2c7022eacef16ef2e8229c7fbb2c7d4d55a9ceca922f72d" "/opt/rustwide/cargo-home/bin/cargo" "+nightly-2024-10-28" "build" "--frozen" "--message-format=json", kill_on_drop: false }`
[INFO] [stdout] e28e05f832006d88677a8679c7fed8a4b0de393966acce3da6ec3311ea2cbca9
[INFO] running `Command { std: "docker" "start" "-a" "e28e05f832006d88677a8679c7fed8a4b0de393966acce3da6ec3311ea2cbca9", kill_on_drop: false }`
[INFO] [stderr]    Compiling GSL v1.1.0
[INFO] [stderr]    Compiling c_vec v1.0.12
[INFO] [stderr]    Compiling hyperbolic_graph_generator v0.1.3 (/opt/rustwide/workdir)
[INFO] [stdout] warning: unused import: `crate::hg_debug::*`
[INFO] [stdout]   --> src/hg_math.rs:31:5
[INFO] [stdout]    |
[INFO] [stdout] 31 | use crate::hg_debug::*;
[INFO] [stdout]    |     ^^^^^^^^^^^^^^^^^^
[INFO] [stdout]    |
[INFO] [stdout]    = note: `#[warn(unused_imports)]` on by default
[INFO] [stdout] 
[INFO] [stdout] 
[INFO] [stdout] warning: unused import: `crate::hg_debug::*`
[INFO] [stdout]   --> src/hg_gen_algorithms.rs:30:5
[INFO] [stdout]    |
[INFO] [stdout] 30 | use crate::hg_debug::*;
[INFO] [stdout]    |     ^^^^^^^^^^^^^^^^^^
[INFO] [stdout] 
[INFO] [stdout] 
[INFO] [stdout] warning: trait objects without an explicit `dyn` are deprecated
[INFO] [stdout]   --> src/hg_utils.rs:66:60
[INFO] [stdout]    |
[INFO] [stdout] 66 | pub fn hg_uniform_radial_coordinate(radius: f64, rnd: &mut FnMut() -> f64) -> f64 {
[INFO] [stdout]    |                                                            ^^^^^^^^^^^^^^
[INFO] [stdout]    |
[INFO] [stdout]    = warning: this is accepted in the current edition (Rust 2018) but is a hard error in Rust 2021!
[INFO] [stdout]    = note: for more information, see <https://doc.rust-lang.org/nightly/edition-guide/rust-2021/warnings-promoted-to-error.html>
[INFO] [stdout]    = note: `#[warn(bare_trait_objects)]` on by default
[INFO] [stdout] help: if this is a dyn-compatible trait, use `dyn`
[INFO] [stdout]    |
[INFO] [stdout] 66 | pub fn hg_uniform_radial_coordinate(radius: f64, rnd: &mut dyn FnMut() -> f64) -> f64 {
[INFO] [stdout]    |                                                            +++
[INFO] [stdout] 
[INFO] [stdout] 
[INFO] [stdout] warning: trait objects without an explicit `dyn` are deprecated
[INFO] [stdout]   --> src/hg_utils.rs:87:78
[INFO] [stdout]    |
[INFO] [stdout] 87 | pub fn hg_quasi_uniform_radial_coordinate(radius: f64, alpha: f64, rnd: &mut FnMut() -> f64) -> f64 {
[INFO] [stdout]    |                                                                              ^^^^^^^^^^^^^^
[INFO] [stdout]    |
[INFO] [stdout]    = warning: this is accepted in the current edition (Rust 2018) but is a hard error in Rust 2021!
[INFO] [stdout]    = note: for more information, see <https://doc.rust-lang.org/nightly/edition-guide/rust-2021/warnings-promoted-to-error.html>
[INFO] [stdout] help: if this is a dyn-compatible trait, use `dyn`
[INFO] [stdout]    |
[INFO] [stdout] 87 | pub fn hg_quasi_uniform_radial_coordinate(radius: f64, alpha: f64, rnd: &mut dyn FnMut() -> f64) -> f64 {
[INFO] [stdout]    |                                                                              +++
[INFO] [stdout] 
[INFO] [stdout] 
[INFO] [stdout] warning: trait objects without an explicit `dyn` are deprecated
[INFO] [stdout]    --> src/hg_utils.rs:106:48
[INFO] [stdout]     |
[INFO] [stdout] 106 | pub fn hg_uniform_angular_coordinate(rnd: &mut FnMut() -> f64) -> f64 {
[INFO] [stdout]     |                                                ^^^^^^^^^^^^^^
[INFO] [stdout]     |
[INFO] [stdout]     = warning: this is accepted in the current edition (Rust 2018) but is a hard error in Rust 2021!
[INFO] [stdout]     = note: for more information, see <https://doc.rust-lang.org/nightly/edition-guide/rust-2021/warnings-promoted-to-error.html>
[INFO] [stdout] help: if this is a dyn-compatible trait, use `dyn`
[INFO] [stdout]     |
[INFO] [stdout] 106 | pub fn hg_uniform_angular_coordinate(rnd: &mut dyn FnMut() -> f64) -> f64 {
[INFO] [stdout]     |                                                +++
[INFO] [stdout] 
[INFO] [stdout] 
[INFO] [stdout] warning: trait objects without an explicit `dyn` are deprecated
[INFO] [stdout]   --> src/hg_gen_algorithms.rs:66:22
[INFO] [stdout]    |
[INFO] [stdout] 66 |         rnd_01: &mut FnMut() -> f64) {
[INFO] [stdout]    |                      ^^^^^^^^^^^^^^
[INFO] [stdout]    |
[INFO] [stdout]    = warning: this is accepted in the current edition (Rust 2018) but is a hard error in Rust 2021!
[INFO] [stdout]    = note: for more information, see <https://doc.rust-lang.org/nightly/edition-guide/rust-2021/warnings-promoted-to-error.html>
[INFO] [stdout] help: if this is a dyn-compatible trait, use `dyn`
[INFO] [stdout]    |
[INFO] [stdout] 66 |         rnd_01: &mut dyn FnMut() -> f64) {
[INFO] [stdout]    |                      +++
[INFO] [stdout] 
[INFO] [stdout] 
[INFO] [stdout] warning: trait objects without an explicit `dyn` are deprecated
[INFO] [stdout]    --> src/hg_gen_algorithms.rs:172:22
[INFO] [stdout]     |
[INFO] [stdout] 172 |         rnd_01: &mut FnMut() -> f64,
[INFO] [stdout]     |                      ^^^^^^^^^^^^^^
[INFO] [stdout]     |
[INFO] [stdout]     = warning: this is accepted in the current edition (Rust 2018) but is a hard error in Rust 2021!
[INFO] [stdout]     = note: for more information, see <https://doc.rust-lang.org/nightly/edition-guide/rust-2021/warnings-promoted-to-error.html>
[INFO] [stdout] help: if this is a dyn-compatible trait, use `dyn`
[INFO] [stdout]     |
[INFO] [stdout] 172 |         rnd_01: &mut dyn FnMut() -> f64,
[INFO] [stdout]     |                      +++
[INFO] [stdout] 
[INFO] [stdout] 
[INFO] [stdout] warning: trait objects without an explicit `dyn` are deprecated
[INFO] [stdout]    --> src/hg_gen_algorithms.rs:246:22
[INFO] [stdout]     |
[INFO] [stdout] 246 |         rnd_01: &mut FnMut() -> f64,
[INFO] [stdout]     |                      ^^^^^^^^^^^^^^
[INFO] [stdout]     |
[INFO] [stdout]     = warning: this is accepted in the current edition (Rust 2018) but is a hard error in Rust 2021!
[INFO] [stdout]     = note: for more information, see <https://doc.rust-lang.org/nightly/edition-guide/rust-2021/warnings-promoted-to-error.html>
[INFO] [stdout] help: if this is a dyn-compatible trait, use `dyn`
[INFO] [stdout]     |
[INFO] [stdout] 246 |         rnd_01: &mut dyn FnMut() -> f64,
[INFO] [stdout]     |                      +++
[INFO] [stdout] 
[INFO] [stdout] 
[INFO] [stdout] warning: trait objects without an explicit `dyn` are deprecated
[INFO] [stdout]    --> src/hg_gen_algorithms.rs:331:22
[INFO] [stdout]     |
[INFO] [stdout] 331 |         rnd_01: &mut FnMut() -> f64,
[INFO] [stdout]     |                      ^^^^^^^^^^^^^^
[INFO] [stdout]     |
[INFO] [stdout]     = warning: this is accepted in the current edition (Rust 2018) but is a hard error in Rust 2021!
[INFO] [stdout]     = note: for more information, see <https://doc.rust-lang.org/nightly/edition-guide/rust-2021/warnings-promoted-to-error.html>
[INFO] [stdout] help: if this is a dyn-compatible trait, use `dyn`
[INFO] [stdout]     |
[INFO] [stdout] 331 |         rnd_01: &mut dyn FnMut() -> f64,
[INFO] [stdout]     |                      +++
[INFO] [stdout] 
[INFO] [stdout] 
[INFO] [stdout] warning: trait objects without an explicit `dyn` are deprecated
[INFO] [stdout]    --> src/hg_gen_algorithms.rs:405:22
[INFO] [stdout]     |
[INFO] [stdout] 405 |         rnd_01: &mut FnMut() -> f64,
[INFO] [stdout]     |                      ^^^^^^^^^^^^^^
[INFO] [stdout]     |
[INFO] [stdout]     = warning: this is accepted in the current edition (Rust 2018) but is a hard error in Rust 2021!
[INFO] [stdout]     = note: for more information, see <https://doc.rust-lang.org/nightly/edition-guide/rust-2021/warnings-promoted-to-error.html>
[INFO] [stdout] help: if this is a dyn-compatible trait, use `dyn`
[INFO] [stdout]     |
[INFO] [stdout] 405 |         rnd_01: &mut dyn FnMut() -> f64,
[INFO] [stdout]     |                      +++
[INFO] [stdout] 
[INFO] [stdout] 
[INFO] [stdout] warning: trait objects without an explicit `dyn` are deprecated
[INFO] [stdout]    --> src/hg_gen_algorithms.rs:455:22
[INFO] [stdout]     |
[INFO] [stdout] 455 |         rnd_01: &mut FnMut() -> f64,
[INFO] [stdout]     |                      ^^^^^^^^^^^^^^
[INFO] [stdout]     |
[INFO] [stdout]     = warning: this is accepted in the current edition (Rust 2018) but is a hard error in Rust 2021!
[INFO] [stdout]     = note: for more information, see <https://doc.rust-lang.org/nightly/edition-guide/rust-2021/warnings-promoted-to-error.html>
[INFO] [stdout] help: if this is a dyn-compatible trait, use `dyn`
[INFO] [stdout]     |
[INFO] [stdout] 455 |         rnd_01: &mut dyn FnMut() -> f64,
[INFO] [stdout]     |                      +++
[INFO] [stdout] 
[INFO] [stdout] 
[INFO] [stdout] warning: trait objects without an explicit `dyn` are deprecated
[INFO] [stdout]    --> src/hg_gen_algorithms.rs:520:22
[INFO] [stdout]     |
[INFO] [stdout] 520 |         rnd_01: &mut FnMut() -> f64,
[INFO] [stdout]     |                      ^^^^^^^^^^^^^^
[INFO] [stdout]     |
[INFO] [stdout]     = warning: this is accepted in the current edition (Rust 2018) but is a hard error in Rust 2021!
[INFO] [stdout]     = note: for more information, see <https://doc.rust-lang.org/nightly/edition-guide/rust-2021/warnings-promoted-to-error.html>
[INFO] [stdout] help: if this is a dyn-compatible trait, use `dyn`
[INFO] [stdout]     |
[INFO] [stdout] 520 |         rnd_01: &mut dyn FnMut() -> f64,
[INFO] [stdout]     |                      +++
[INFO] [stdout] 
[INFO] [stdout] 
[INFO] [stdout] warning: fields `expected_gamma` and `starting_id` are never read
[INFO] [stdout]   --> src/hg_formats.rs:64:7
[INFO] [stdout]    |
[INFO] [stdout] 60 | pub struct HgParametersType {
[INFO] [stdout]    |            ---------------- fields in this struct
[INFO] [stdout] ...
[INFO] [stdout] 64 |   pub expected_gamma: f64,
[INFO] [stdout]    |       ^^^^^^^^^^^^^^
[INFO] [stdout] ...
[INFO] [stdout] 67 |   pub starting_id: usize
[INFO] [stdout]    |       ^^^^^^^^^^^
[INFO] [stdout]    |
[INFO] [stdout]    = note: `#[warn(dead_code)]` on by default
[INFO] [stdout] 
[INFO] [stdout] 
[INFO] [stdout] warning: function `hg_uniform_radial_coordinate` is never used
[INFO] [stdout]   --> src/hg_utils.rs:66:8
[INFO] [stdout]    |
[INFO] [stdout] 66 | pub fn hg_uniform_radial_coordinate(radius: f64, rnd: &mut FnMut() -> f64) -> f64 {
[INFO] [stdout]    |        ^^^^^^^^^^^^^^^^^^^^^^^^^^^^
[INFO] [stdout] 
[INFO] [stdout] 
[INFO] [stdout] warning: unused import: `crate::hg_debug::*`
[INFO] [stdout]   --> src/hg_math.rs:31:5
[INFO] [stdout]    |
[INFO] [stdout] 31 | use crate::hg_debug::*;
[INFO] [stdout]    |     ^^^^^^^^^^^^^^^^^^
[INFO] [stdout]    |
[INFO] [stdout]    = note: `#[warn(unused_imports)]` on by default
[INFO] [stdout] 
[INFO] [stdout] 
[INFO] [stdout] warning: unused import: `crate::hg_debug::*`
[INFO] [stdout]   --> src/hg_gen_algorithms.rs:30:5
[INFO] [stdout]    |
[INFO] [stdout] 30 | use crate::hg_debug::*;
[INFO] [stdout]    |     ^^^^^^^^^^^^^^^^^^
[INFO] [stdout] 
[INFO] [stdout] 
[INFO] [stdout] warning: trait objects without an explicit `dyn` are deprecated
[INFO] [stdout]   --> src/hg_utils.rs:66:60
[INFO] [stdout]    |
[INFO] [stdout] 66 | pub fn hg_uniform_radial_coordinate(radius: f64, rnd: &mut FnMut() -> f64) -> f64 {
[INFO] [stdout]    |                                                            ^^^^^^^^^^^^^^
[INFO] [stdout]    |
[INFO] [stdout]    = warning: this is accepted in the current edition (Rust 2018) but is a hard error in Rust 2021!
[INFO] [stdout]    = note: for more information, see <https://doc.rust-lang.org/nightly/edition-guide/rust-2021/warnings-promoted-to-error.html>
[INFO] [stdout]    = note: `#[warn(bare_trait_objects)]` on by default
[INFO] [stdout] help: if this is a dyn-compatible trait, use `dyn`
[INFO] [stdout]    |
[INFO] [stdout] 66 | pub fn hg_uniform_radial_coordinate(radius: f64, rnd: &mut dyn FnMut() -> f64) -> f64 {
[INFO] [stdout]    |                                                            +++
[INFO] [stdout] 
[INFO] [stdout] 
[INFO] [stdout] warning: trait objects without an explicit `dyn` are deprecated
[INFO] [stdout]   --> src/hg_utils.rs:87:78
[INFO] [stdout]    |
[INFO] [stdout] 87 | pub fn hg_quasi_uniform_radial_coordinate(radius: f64, alpha: f64, rnd: &mut FnMut() -> f64) -> f64 {
[INFO] [stdout]    |                                                                              ^^^^^^^^^^^^^^
[INFO] [stdout]    |
[INFO] [stdout]    = warning: this is accepted in the current edition (Rust 2018) but is a hard error in Rust 2021!
[INFO] [stdout]    = note: for more information, see <https://doc.rust-lang.org/nightly/edition-guide/rust-2021/warnings-promoted-to-error.html>
[INFO] [stdout] help: if this is a dyn-compatible trait, use `dyn`
[INFO] [stdout]    |
[INFO] [stdout] 87 | pub fn hg_quasi_uniform_radial_coordinate(radius: f64, alpha: f64, rnd: &mut dyn FnMut() -> f64) -> f64 {
[INFO] [stdout]    |                                                                              +++
[INFO] [stdout] 
[INFO] [stdout] 
[INFO] [stdout] warning: trait objects without an explicit `dyn` are deprecated
[INFO] [stdout]    --> src/hg_utils.rs:106:48
[INFO] [stdout]     |
[INFO] [stdout] 106 | pub fn hg_uniform_angular_coordinate(rnd: &mut FnMut() -> f64) -> f64 {
[INFO] [stdout]     |                                                ^^^^^^^^^^^^^^
[INFO] [stdout]     |
[INFO] [stdout]     = warning: this is accepted in the current edition (Rust 2018) but is a hard error in Rust 2021!
[INFO] [stdout]     = note: for more information, see <https://doc.rust-lang.org/nightly/edition-guide/rust-2021/warnings-promoted-to-error.html>
[INFO] [stdout] help: if this is a dyn-compatible trait, use `dyn`
[INFO] [stdout]     |
[INFO] [stdout] 106 | pub fn hg_uniform_angular_coordinate(rnd: &mut dyn FnMut() -> f64) -> f64 {
[INFO] [stdout]     |                                                +++
[INFO] [stdout] 
[INFO] [stdout] 
[INFO] [stdout] warning: trait objects without an explicit `dyn` are deprecated
[INFO] [stdout]   --> src/hg_gen_algorithms.rs:66:22
[INFO] [stdout]    |
[INFO] [stdout] 66 |         rnd_01: &mut FnMut() -> f64) {
[INFO] [stdout]    |                      ^^^^^^^^^^^^^^
[INFO] [stdout]    |
[INFO] [stdout]    = warning: this is accepted in the current edition (Rust 2018) but is a hard error in Rust 2021!
[INFO] [stdout]    = note: for more information, see <https://doc.rust-lang.org/nightly/edition-guide/rust-2021/warnings-promoted-to-error.html>
[INFO] [stdout] help: if this is a dyn-compatible trait, use `dyn`
[INFO] [stdout]    |
[INFO] [stdout] 66 |         rnd_01: &mut dyn FnMut() -> f64) {
[INFO] [stdout]    |                      +++
[INFO] [stdout] 
[INFO] [stdout] 
[INFO] [stdout] warning: trait objects without an explicit `dyn` are deprecated
[INFO] [stdout]    --> src/hg_gen_algorithms.rs:172:22
[INFO] [stdout]     |
[INFO] [stdout] 172 |         rnd_01: &mut FnMut() -> f64,
[INFO] [stdout]     |                      ^^^^^^^^^^^^^^
[INFO] [stdout]     |
[INFO] [stdout]     = warning: this is accepted in the current edition (Rust 2018) but is a hard error in Rust 2021!
[INFO] [stdout]     = note: for more information, see <https://doc.rust-lang.org/nightly/edition-guide/rust-2021/warnings-promoted-to-error.html>
[INFO] [stdout] help: if this is a dyn-compatible trait, use `dyn`
[INFO] [stdout]     |
[INFO] [stdout] 172 |         rnd_01: &mut dyn FnMut() -> f64,
[INFO] [stdout]     |                      +++
[INFO] [stdout] 
[INFO] [stdout] 
[INFO] [stdout] warning: trait objects without an explicit `dyn` are deprecated
[INFO] [stdout]    --> src/hg_gen_algorithms.rs:246:22
[INFO] [stdout]     |
[INFO] [stdout] 246 |         rnd_01: &mut FnMut() -> f64,
[INFO] [stdout]     |                      ^^^^^^^^^^^^^^
[INFO] [stdout]     |
[INFO] [stdout]     = warning: this is accepted in the current edition (Rust 2018) but is a hard error in Rust 2021!
[INFO] [stdout]     = note: for more information, see <https://doc.rust-lang.org/nightly/edition-guide/rust-2021/warnings-promoted-to-error.html>
[INFO] [stdout] help: if this is a dyn-compatible trait, use `dyn`
[INFO] [stdout]     |
[INFO] [stdout] 246 |         rnd_01: &mut dyn FnMut() -> f64,
[INFO] [stdout]     |                      +++
[INFO] [stdout] 
[INFO] [stdout] 
[INFO] [stdout] warning: trait objects without an explicit `dyn` are deprecated
[INFO] [stdout]    --> src/hg_gen_algorithms.rs:331:22
[INFO] [stdout]     |
[INFO] [stdout] 331 |         rnd_01: &mut FnMut() -> f64,
[INFO] [stdout]     |                      ^^^^^^^^^^^^^^
[INFO] [stdout]     |
[INFO] [stdout]     = warning: this is accepted in the current edition (Rust 2018) but is a hard error in Rust 2021!
[INFO] [stdout]     = note: for more information, see <https://doc.rust-lang.org/nightly/edition-guide/rust-2021/warnings-promoted-to-error.html>
[INFO] [stdout] help: if this is a dyn-compatible trait, use `dyn`
[INFO] [stdout]     |
[INFO] [stdout] 331 |         rnd_01: &mut dyn FnMut() -> f64,
[INFO] [stdout]     |                      +++
[INFO] [stdout] 
[INFO] [stdout] 
[INFO] [stdout] warning: trait objects without an explicit `dyn` are deprecated
[INFO] [stdout]    --> src/hg_gen_algorithms.rs:405:22
[INFO] [stdout]     |
[INFO] [stdout] 405 |         rnd_01: &mut FnMut() -> f64,
[INFO] [stdout]     |                      ^^^^^^^^^^^^^^
[INFO] [stdout]     |
[INFO] [stdout]     = warning: this is accepted in the current edition (Rust 2018) but is a hard error in Rust 2021!
[INFO] [stdout]     = note: for more information, see <https://doc.rust-lang.org/nightly/edition-guide/rust-2021/warnings-promoted-to-error.html>
[INFO] [stdout] help: if this is a dyn-compatible trait, use `dyn`
[INFO] [stdout]     |
[INFO] [stdout] 405 |         rnd_01: &mut dyn FnMut() -> f64,
[INFO] [stdout]     |                      +++
[INFO] [stdout] 
[INFO] [stdout] 
[INFO] [stdout] warning: trait objects without an explicit `dyn` are deprecated
[INFO] [stdout]    --> src/hg_gen_algorithms.rs:455:22
[INFO] [stdout]     |
[INFO] [stdout] 455 |         rnd_01: &mut FnMut() -> f64,
[INFO] [stdout]     |                      ^^^^^^^^^^^^^^
[INFO] [stdout]     |
[INFO] [stdout]     = warning: this is accepted in the current edition (Rust 2018) but is a hard error in Rust 2021!
[INFO] [stdout]     = note: for more information, see <https://doc.rust-lang.org/nightly/edition-guide/rust-2021/warnings-promoted-to-error.html>
[INFO] [stdout] help: if this is a dyn-compatible trait, use `dyn`
[INFO] [stdout]     |
[INFO] [stdout] 455 |         rnd_01: &mut dyn FnMut() -> f64,
[INFO] [stdout]     |                      +++
[INFO] [stdout] 
[INFO] [stdout] 
[INFO] [stdout] warning: trait objects without an explicit `dyn` are deprecated
[INFO] [stdout]    --> src/hg_gen_algorithms.rs:520:22
[INFO] [stdout]     |
[INFO] [stdout] 520 |         rnd_01: &mut FnMut() -> f64,
[INFO] [stdout]     |                      ^^^^^^^^^^^^^^
[INFO] [stdout]     |
[INFO] [stdout]     = warning: this is accepted in the current edition (Rust 2018) but is a hard error in Rust 2021!
[INFO] [stdout]     = note: for more information, see <https://doc.rust-lang.org/nightly/edition-guide/rust-2021/warnings-promoted-to-error.html>
[INFO] [stdout] help: if this is a dyn-compatible trait, use `dyn`
[INFO] [stdout]     |
[INFO] [stdout] 520 |         rnd_01: &mut dyn FnMut() -> f64,
[INFO] [stdout]     |                      +++
[INFO] [stdout] 
[INFO] [stdout] 
[INFO] [stdout] warning: fields `expected_gamma` and `starting_id` are never read
[INFO] [stdout]   --> src/hg_formats.rs:64:7
[INFO] [stdout]    |
[INFO] [stdout] 60 | pub struct HgParametersType {
[INFO] [stdout]    |            ---------------- fields in this struct
[INFO] [stdout] ...
[INFO] [stdout] 64 |   pub expected_gamma: f64,
[INFO] [stdout]    |       ^^^^^^^^^^^^^^
[INFO] [stdout] ...
[INFO] [stdout] 67 |   pub starting_id: usize
[INFO] [stdout]    |       ^^^^^^^^^^^
[INFO] [stdout]    |
[INFO] [stdout]    = note: `#[warn(dead_code)]` on by default
[INFO] [stdout] 
[INFO] [stdout] 
[INFO] [stdout] warning: function `hg_uniform_radial_coordinate` is never used
[INFO] [stdout]   --> src/hg_utils.rs:66:8
[INFO] [stdout]    |
[INFO] [stdout] 66 | pub fn hg_uniform_radial_coordinate(radius: f64, rnd: &mut FnMut() -> f64) -> f64 {
[INFO] [stdout]    |        ^^^^^^^^^^^^^^^^^^^^^^^^^^^^
[INFO] [stdout] 
[INFO] [stdout] 
[INFO] [stdout] warning: function `hg_hyperbolic_distance_hyperbolic_rgg_standard` is never used
[INFO] [stdout]    --> src/hg_gen_algorithms.rs:149:8
[INFO] [stdout]     |
[INFO] [stdout] 149 | pub fn hg_hyperbolic_distance_hyperbolic_rgg_standard(
[INFO] [stdout]     |        ^^^^^^^^^^^^^^^^^^^^^^^^^^^^^^^^^^^^^^^^^^^^^^
[INFO] [stdout] 
[INFO] [stdout] 
[INFO] [stdout] warning: function `hg_hyperbolic_distance_er` is never used
[INFO] [stdout]    --> src/hg_gen_algorithms.rs:498:8
[INFO] [stdout]     |
[INFO] [stdout] 498 | pub fn hg_hyperbolic_distance_er(
[INFO] [stdout]     |        ^^^^^^^^^^^^^^^^^^^^^^^^^
[INFO] [stdout] 
[INFO] [stdout] 
[INFO] [stdout] warning: function `hg_hyperbolic_distance` is never used
[INFO] [stdout]   --> src/hg_graphs_lib.rs:32:8
[INFO] [stdout]    |
[INFO] [stdout] 32 | pub fn hg_hyperbolic_distance(
[INFO] [stdout]    |        ^^^^^^^^^^^^^^^^^^^^^^
[INFO] [stdout] 
[INFO] [stdout] 
[INFO] [stdout] error: linking with `cc` failed: exit status: 1
[INFO] [stdout]   |
[INFO] [stdout]   = note: LC_ALL="C" PATH="/opt/rustwide/rustup-home/toolchains/nightly-2024-10-28-x86_64-unknown-linux-gnu/lib/rustlib/x86_64-unknown-linux-gnu/bin:/opt/rustwide/rustup-home/toolchains/nightly-2024-10-28-x86_64-unknown-linux-gnu/lib/rustlib/x86_64-unknown-linux-gnu/bin/self-contained:/opt/rustwide/cargo-home/bin:/usr/local/sbin:/usr/local/bin:/usr/sbin:/usr/bin:/sbin:/bin" VSLANG="1033" "cc" "-m64" "/tmp/rustchkRqSj/symbols.o" "/opt/rustwide/target/debug/deps/hyperbolic_graph_generator-81d480b68d17a603.hyperbolic_graph_generator.73bba5a0db41aadb-cgu.0.rcgu.o" "/opt/rustwide/target/debug/deps/hyperbolic_graph_generator-81d480b68d17a603.hyperbolic_graph_generator.73bba5a0db41aadb-cgu.1.rcgu.o" "/opt/rustwide/target/debug/deps/hyperbolic_graph_generator-81d480b68d17a603.hyperbolic_graph_generator.73bba5a0db41aadb-cgu.2.rcgu.o" "/opt/rustwide/target/debug/deps/hyperbolic_graph_generator-81d480b68d17a603.4hy6fxoszronniobod31994ap.rcgu.o" "-Wl,--as-needed" "-Wl,-Bstatic" "/opt/rustwide/target/debug/deps/librgsl-c8df635dfdc504e3.rlib" "/opt/rustwide/target/debug/deps/libc_vec-26b23bb851f63735.rlib" "/opt/rustwide/target/debug/deps/liblibc-663f09ba3db1840e.rlib" "/opt/rustwide/rustup-home/toolchains/nightly-2024-10-28-x86_64-unknown-linux-gnu/lib/rustlib/x86_64-unknown-linux-gnu/lib/libstd-fb8c387236db3c10.rlib" "/opt/rustwide/rustup-home/toolchains/nightly-2024-10-28-x86_64-unknown-linux-gnu/lib/rustlib/x86_64-unknown-linux-gnu/lib/libpanic_unwind-b251837809b2f64b.rlib" "/opt/rustwide/rustup-home/toolchains/nightly-2024-10-28-x86_64-unknown-linux-gnu/lib/rustlib/x86_64-unknown-linux-gnu/lib/libobject-cbef83eaa4e01f04.rlib" "/opt/rustwide/rustup-home/toolchains/nightly-2024-10-28-x86_64-unknown-linux-gnu/lib/rustlib/x86_64-unknown-linux-gnu/lib/libmemchr-12a772286de2fca7.rlib" "/opt/rustwide/rustup-home/toolchains/nightly-2024-10-28-x86_64-unknown-linux-gnu/lib/rustlib/x86_64-unknown-linux-gnu/lib/libaddr2line-023bbe5ada7abfc3.rlib" "/opt/rustwide/rustup-home/toolchains/nightly-2024-10-28-x86_64-unknown-linux-gnu/lib/rustlib/x86_64-unknown-linux-gnu/lib/libgimli-de2bcdf10ec69c2b.rlib" "/opt/rustwide/rustup-home/toolchains/nightly-2024-10-28-x86_64-unknown-linux-gnu/lib/rustlib/x86_64-unknown-linux-gnu/lib/librustc_demangle-8e1754df350800fd.rlib" "/opt/rustwide/rustup-home/toolchains/nightly-2024-10-28-x86_64-unknown-linux-gnu/lib/rustlib/x86_64-unknown-linux-gnu/lib/libstd_detect-06c2ab7b9c32e037.rlib" "/opt/rustwide/rustup-home/toolchains/nightly-2024-10-28-x86_64-unknown-linux-gnu/lib/rustlib/x86_64-unknown-linux-gnu/lib/libhashbrown-51d2621fc57a281b.rlib" "/opt/rustwide/rustup-home/toolchains/nightly-2024-10-28-x86_64-unknown-linux-gnu/lib/rustlib/x86_64-unknown-linux-gnu/lib/librustc_std_workspace_alloc-54a930408793772f.rlib" "/opt/rustwide/rustup-home/toolchains/nightly-2024-10-28-x86_64-unknown-linux-gnu/lib/rustlib/x86_64-unknown-linux-gnu/lib/libminiz_oxide-0c7d01cba400dcb2.rlib" "/opt/rustwide/rustup-home/toolchains/nightly-2024-10-28-x86_64-unknown-linux-gnu/lib/rustlib/x86_64-unknown-linux-gnu/lib/libadler-b9f84d69e331b75b.rlib" "/opt/rustwide/rustup-home/toolchains/nightly-2024-10-28-x86_64-unknown-linux-gnu/lib/rustlib/x86_64-unknown-linux-gnu/lib/libunwind-eec95493246aae39.rlib" "/opt/rustwide/rustup-home/toolchains/nightly-2024-10-28-x86_64-unknown-linux-gnu/lib/rustlib/x86_64-unknown-linux-gnu/lib/libcfg_if-6f6676c475e08ab0.rlib" "/opt/rustwide/rustup-home/toolchains/nightly-2024-10-28-x86_64-unknown-linux-gnu/lib/rustlib/x86_64-unknown-linux-gnu/lib/liblibc-799d520624f8b2e0.rlib" "/opt/rustwide/rustup-home/toolchains/nightly-2024-10-28-x86_64-unknown-linux-gnu/lib/rustlib/x86_64-unknown-linux-gnu/lib/liballoc-fcf93d4842acd9a9.rlib" "/opt/rustwide/rustup-home/toolchains/nightly-2024-10-28-x86_64-unknown-linux-gnu/lib/rustlib/x86_64-unknown-linux-gnu/lib/librustc_std_workspace_core-395a38b8e0851c9b.rlib" "/opt/rustwide/rustup-home/toolchains/nightly-2024-10-28-x86_64-unknown-linux-gnu/lib/rustlib/x86_64-unknown-linux-gnu/lib/libcore-d453bab70303062c.rlib" "/opt/rustwide/rustup-home/toolchains/nightly-2024-10-28-x86_64-unknown-linux-gnu/lib/rustlib/x86_64-unknown-linux-gnu/lib/libcompiler_builtins-0e6386368b0a24e8.rlib" "-Wl,-Bdynamic" "-lgcc_s" "-lutil" "-lrt" "-lpthread" "-lm" "-ldl" "-lc" "-B/opt/rustwide/rustup-home/toolchains/nightly-2024-10-28-x86_64-unknown-linux-gnu/lib/rustlib/x86_64-unknown-linux-gnu/bin/gcc-ld" "-fuse-ld=lld" "-Wl,--eh-frame-hdr" "-Wl,-z,noexecstack" "-L" "/opt/rustwide/rustup-home/toolchains/nightly-2024-10-28-x86_64-unknown-linux-gnu/lib/rustlib/x86_64-unknown-linux-gnu/lib" "-o" "/opt/rustwide/target/debug/deps/hyperbolic_graph_generator-81d480b68d17a603" "-Wl,--gc-sections" "-pie" "-Wl,-z,relro,-z,now" "-nodefaultlibs"
[INFO] [stdout]   = note: rust-lld: error: undefined symbol: gsl_monte_miser_alloc
[INFO] [stdout]           >>> referenced by monte_carlo.rs:219 (src/types/monte_carlo.rs:219)
[INFO] [stdout]           >>>               rgsl-c8df635dfdc504e3.rgsl.c84ce1ea4e395ff2-cgu.0.rcgu.o:(rgsl::types::monte_carlo::MiserMonteCarlo::new::h2f628490b839e1a5) in archive /opt/rustwide/target/debug/deps/librgsl-c8df635dfdc504e3.rlib
[INFO] [stdout]           
[INFO] [stdout]           rust-lld: error: undefined symbol: gsl_monte_miser_free
[INFO] [stdout]           >>> referenced by monte_carlo.rs:306 (src/types/monte_carlo.rs:306)
[INFO] [stdout]           >>>               rgsl-c8df635dfdc504e3.rgsl.c84ce1ea4e395ff2-cgu.0.rcgu.o:(_$LT$rgsl..types..monte_carlo..MiserMonteCarlo$u20$as$u20$core..ops..drop..Drop$GT$::drop::h7874fc97dc28584e) in archive /opt/rustwide/target/debug/deps/librgsl-c8df635dfdc504e3.rlib
[INFO] [stdout]           
[INFO] [stdout]           rust-lld: error: undefined symbol: gsl_rng_alloc
[INFO] [stdout]           >>> referenced by rng.rs:93 (src/types/rng.rs:93)
[INFO] [stdout]           >>>               rgsl-c8df635dfdc504e3.rgsl.c84ce1ea4e395ff2-cgu.2.rcgu.o:(rgsl::types::rng::Rng::new::h6fed8a6a0087af33) in archive /opt/rustwide/target/debug/deps/librgsl-c8df635dfdc504e3.rlib
[INFO] [stdout]           
[INFO] [stdout]           rust-lld: error: undefined symbol: gsl_rng_set
[INFO] [stdout]           >>> referenced by rng.rs:112 (src/types/rng.rs:112)
[INFO] [stdout]           >>>               rgsl-c8df635dfdc504e3.rgsl.c84ce1ea4e395ff2-cgu.2.rcgu.o:(rgsl::types::rng::Rng::set::h434928040a0841f7) in archive /opt/rustwide/target/debug/deps/librgsl-c8df635dfdc504e3.rlib
[INFO] [stdout]           
[INFO] [stdout]           rust-lld: error: undefined symbol: gsl_rng_uniform
[INFO] [stdout]           >>> referenced by rng.rs:125 (src/types/rng.rs:125)
[INFO] [stdout]           >>>               rgsl-c8df635dfdc504e3.rgsl.c84ce1ea4e395ff2-cgu.2.rcgu.o:(rgsl::types::rng::Rng::uniform::h0bc51df6d1f0fa63) in archive /opt/rustwide/target/debug/deps/librgsl-c8df635dfdc504e3.rlib
[INFO] [stdout]           
[INFO] [stdout]           rust-lld: error: undefined symbol: gsl_rng_free
[INFO] [stdout]           >>> referenced by rng.rs:215 (src/types/rng.rs:215)
[INFO] [stdout]           >>>               rgsl-c8df635dfdc504e3.rgsl.c84ce1ea4e395ff2-cgu.2.rcgu.o:(_$LT$rgsl..types..rng..Rng$u20$as$u20$core..ops..drop..Drop$GT$::drop::h9afa851369bcdb32) in archive /opt/rustwide/target/debug/deps/librgsl-c8df635dfdc504e3.rlib
[INFO] [stdout]           
[INFO] [stdout]           rust-lld: error: undefined symbol: gsl_rng_env_setup
[INFO] [stdout]           >>> referenced by rng.rs:327 (src/types/rng.rs:327)
[INFO] [stdout]           >>>               rgsl-c8df635dfdc504e3.rgsl.c84ce1ea4e395ff2-cgu.2.rcgu.o:(rgsl::types::rng::RngType::env_setup::h7372148dc92dda1b) in archive /opt/rustwide/target/debug/deps/librgsl-c8df635dfdc504e3.rlib
[INFO] [stdout]           
[INFO] [stdout]           rust-lld: error: undefined symbol: gsl_rng_default
[INFO] [stdout]           >>> referenced by macros.rs:26 (src/macros.rs:26)
[INFO] [stdout]           >>>               rgsl-c8df635dfdc504e3.rgsl.c84ce1ea4e395ff2-cgu.2.rcgu.o:(rgsl::types::rng::default::h618983f6972c4a08) in archive /opt/rustwide/target/debug/deps/librgsl-c8df635dfdc504e3.rlib
[INFO] [stdout]           
[INFO] [stdout]           rust-lld: error: undefined symbol: gsl_sf_hyperg_2F1
[INFO] [stdout]           >>> referenced by hypergeometric.rs:100 (src/hypergeometric.rs:100)
[INFO] [stdout]           >>>               rgsl-c8df635dfdc504e3.rgsl.c84ce1ea4e395ff2-cgu.2.rcgu.o:(rgsl::hypergeometric::hyperg_2F1::h01808d311b707bf4) in archive /opt/rustwide/target/debug/deps/librgsl-c8df635dfdc504e3.rlib
[INFO] [stdout]           
[INFO] [stdout]           rust-lld: error: undefined symbol: gsl_rng_mt19937
[INFO] [stdout]           >>> referenced by macros.rs:26 (src/macros.rs:26)
[INFO] [stdout]           >>>               rgsl-c8df635dfdc504e3.rgsl.c84ce1ea4e395ff2-cgu.5.rcgu.o:(rgsl::types::rng::algorithms::mt19937::h2c45fca93638c42c) in archive /opt/rustwide/target/debug/deps/librgsl-c8df635dfdc504e3.rlib
[INFO] [stdout]           
[INFO] [stdout]           rust-lld: error: undefined symbol: gsl_monte_miser_integrate
[INFO] [stdout]           >>> referenced by monte_carlo.rs:262 (/opt/rustwide/cargo-home/registry/src/index.crates.io-6f17d22bba15001f/GSL-1.1.0/src/types/monte_carlo.rs:262)
[INFO] [stdout]           >>>               /opt/rustwide/target/debug/deps/hyperbolic_graph_generator-81d480b68d17a603.hyperbolic_graph_generator.73bba5a0db41aadb-cgu.0.rcgu.o:(rgsl::types::monte_carlo::MiserMonteCarlo::integrate::heeda64279e8f9b44)
[INFO] [stdout]           collect2: error: ld returned 1 exit status
[INFO] [stdout]           
[INFO] [stdout] 
[INFO] [stdout] 
[INFO] [stderr] error: could not compile `hyperbolic_graph_generator` (bin "hyperbolic_graph_generator") due to 1 previous error; 17 warnings emitted
[INFO] running `Command { std: "docker" "inspect" "e28e05f832006d88677a8679c7fed8a4b0de393966acce3da6ec3311ea2cbca9", kill_on_drop: false }`
[INFO] running `Command { std: "docker" "rm" "-f" "e28e05f832006d88677a8679c7fed8a4b0de393966acce3da6ec3311ea2cbca9", kill_on_drop: false }`
[INFO] [stdout] e28e05f832006d88677a8679c7fed8a4b0de393966acce3da6ec3311ea2cbca9
