[INFO] fetching crate hyper-client-sockets 0.2.0...
[INFO] testing hyper-client-sockets-0.2.0 against nightly-2024-10-28+rustflags=-Zrandomize-layout for randomize-layout
[INFO] extracting crate hyper-client-sockets 0.2.0 into /workspace/builds/worker-0-tc2/source
[INFO] validating manifest of crates.io crate hyper-client-sockets 0.2.0 on toolchain nightly-2024-10-28
[INFO] running `Command { std: CARGO_HOME="/workspace/cargo-home" RUSTUP_HOME="/workspace/rustup-home" "/workspace/cargo-home/bin/cargo" "+nightly-2024-10-28" "metadata" "--manifest-path" "Cargo.toml" "--no-deps", kill_on_drop: false }`
[INFO] started tweaking crates.io crate hyper-client-sockets 0.2.0
[INFO] removed 0 missing tests
[INFO] finished tweaking crates.io crate hyper-client-sockets 0.2.0
[INFO] tweaked toml for crates.io crate hyper-client-sockets 0.2.0 written to /workspace/builds/worker-0-tc2/source/Cargo.toml
[INFO] running `Command { std: CARGO_HOME="/workspace/cargo-home" RUSTUP_HOME="/workspace/rustup-home" "/workspace/cargo-home/bin/cargo" "+nightly-2024-10-28" "generate-lockfile" "--manifest-path" "Cargo.toml", kill_on_drop: false }`
[INFO] [stderr]     Updating crates.io index
[INFO] [stderr]      Locking 75 packages to latest compatible versions
[INFO] running `Command { std: CARGO_HOME="/workspace/cargo-home" RUSTUP_HOME="/workspace/rustup-home" "/workspace/cargo-home/bin/cargo" "+nightly-2024-10-28" "fetch" "--manifest-path" "Cargo.toml", kill_on_drop: false }`
[INFO] running `Command { std: "docker" "create" "-v" "/var/lib/crater-agent-workspace/builds/worker-0-tc2/target:/opt/rustwide/target:rw,Z" "-v" "/var/lib/crater-agent-workspace/builds/worker-0-tc2/source:/opt/rustwide/workdir:ro,Z" "-v" "/var/lib/crater-agent-workspace/cargo-home:/opt/rustwide/cargo-home:ro,Z" "-v" "/var/lib/crater-agent-workspace/rustup-home:/opt/rustwide/rustup-home:ro,Z" "-e" "SOURCE_DIR=/opt/rustwide/workdir" "-e" "CARGO_TARGET_DIR=/opt/rustwide/target" "-e" "CARGO_HOME=/opt/rustwide/cargo-home" "-e" "RUSTUP_HOME=/opt/rustwide/rustup-home" "-w" "/opt/rustwide/workdir" "-m" "1610612736" "--user" "0:0" "--network" "none" "ghcr.io/rust-lang/crates-build-env/linux@sha256:4a844ea9eb2546a2d2c7022eacef16ef2e8229c7fbb2c7d4d55a9ceca922f72d" "/opt/rustwide/cargo-home/bin/cargo" "+nightly-2024-10-28" "metadata" "--no-deps" "--format-version=1", kill_on_drop: false }`
[INFO] [stdout] d91dd4dd36354c7339bd4b2a0855ef58f54e02ef57091c50fdeb9488889fae4f
[INFO] running `Command { std: "docker" "start" "-a" "d91dd4dd36354c7339bd4b2a0855ef58f54e02ef57091c50fdeb9488889fae4f", kill_on_drop: false }`
[INFO] running `Command { std: "docker" "inspect" "d91dd4dd36354c7339bd4b2a0855ef58f54e02ef57091c50fdeb9488889fae4f", kill_on_drop: false }`
[INFO] running `Command { std: "docker" "rm" "-f" "d91dd4dd36354c7339bd4b2a0855ef58f54e02ef57091c50fdeb9488889fae4f", kill_on_drop: false }`
[INFO] [stdout] d91dd4dd36354c7339bd4b2a0855ef58f54e02ef57091c50fdeb9488889fae4f
[INFO] running `Command { std: "docker" "create" "-v" "/var/lib/crater-agent-workspace/builds/worker-0-tc2/target:/opt/rustwide/target:rw,Z" "-v" "/var/lib/crater-agent-workspace/builds/worker-0-tc2/source:/opt/rustwide/workdir:ro,Z" "-v" "/var/lib/crater-agent-workspace/cargo-home:/opt/rustwide/cargo-home:ro,Z" "-v" "/var/lib/crater-agent-workspace/rustup-home:/opt/rustwide/rustup-home:ro,Z" "-e" "SOURCE_DIR=/opt/rustwide/workdir" "-e" "CARGO_TARGET_DIR=/opt/rustwide/target" "-e" "CARGO_INCREMENTAL=0" "-e" "RUST_BACKTRACE=full" "-e" "RUSTFLAGS=--cap-lints=forbid -Zrandomize-layout" "-e" "RUSTDOCFLAGS=--cap-lints=forbid" "-e" "CARGO_HOME=/opt/rustwide/cargo-home" "-e" "RUSTUP_HOME=/opt/rustwide/rustup-home" "-w" "/opt/rustwide/workdir" "-m" "1610612736" "--user" "0:0" "--network" "none" "ghcr.io/rust-lang/crates-build-env/linux@sha256:4a844ea9eb2546a2d2c7022eacef16ef2e8229c7fbb2c7d4d55a9ceca922f72d" "/opt/rustwide/cargo-home/bin/cargo" "+nightly-2024-10-28" "build" "--frozen" "--message-format=json", kill_on_drop: false }`
[INFO] [stdout] 966dc7dc9ee4229685fc71539e036a09501a1b9596ab033747746c06276aaa7e
[INFO] running `Command { std: "docker" "start" "-a" "966dc7dc9ee4229685fc71539e036a09501a1b9596ab033747746c06276aaa7e", kill_on_drop: false }`
[INFO] [stderr]    Compiling futures-task v0.3.31
[INFO] [stderr]    Compiling futures-channel v0.3.31
[INFO] [stderr]    Compiling hex v0.4.3
[INFO] [stderr]    Compiling tokio v1.41.0
[INFO] [stderr]    Compiling futures-util v0.3.31
[INFO] [stderr]    Compiling hyper v1.5.0
[INFO] [stderr]    Compiling hyper-util v0.1.10
[INFO] [stderr]    Compiling hyper-client-sockets v0.2.0 (/opt/rustwide/workdir)
[INFO] [stderr]     Finished `dev` profile [unoptimized + debuginfo] target(s) in 3.44s
[INFO] running `Command { std: "docker" "inspect" "966dc7dc9ee4229685fc71539e036a09501a1b9596ab033747746c06276aaa7e", kill_on_drop: false }`
[INFO] running `Command { std: "docker" "rm" "-f" "966dc7dc9ee4229685fc71539e036a09501a1b9596ab033747746c06276aaa7e", kill_on_drop: false }`
[INFO] [stdout] 966dc7dc9ee4229685fc71539e036a09501a1b9596ab033747746c06276aaa7e
[INFO] running `Command { std: "docker" "create" "-v" "/var/lib/crater-agent-workspace/builds/worker-0-tc2/target:/opt/rustwide/target:rw,Z" "-v" "/var/lib/crater-agent-workspace/builds/worker-0-tc2/source:/opt/rustwide/workdir:ro,Z" "-v" "/var/lib/crater-agent-workspace/cargo-home:/opt/rustwide/cargo-home:ro,Z" "-v" "/var/lib/crater-agent-workspace/rustup-home:/opt/rustwide/rustup-home:ro,Z" "-e" "SOURCE_DIR=/opt/rustwide/workdir" "-e" "CARGO_TARGET_DIR=/opt/rustwide/target" "-e" "CARGO_INCREMENTAL=0" "-e" "RUST_BACKTRACE=full" "-e" "RUSTFLAGS=--cap-lints=forbid -Zrandomize-layout" "-e" "RUSTDOCFLAGS=--cap-lints=forbid" "-e" "CARGO_HOME=/opt/rustwide/cargo-home" "-e" "RUSTUP_HOME=/opt/rustwide/rustup-home" "-w" "/opt/rustwide/workdir" "-m" "1610612736" "--user" "0:0" "--network" "none" "ghcr.io/rust-lang/crates-build-env/linux@sha256:4a844ea9eb2546a2d2c7022eacef16ef2e8229c7fbb2c7d4d55a9ceca922f72d" "/opt/rustwide/cargo-home/bin/cargo" "+nightly-2024-10-28" "test" "--frozen" "--no-run" "--message-format=json", kill_on_drop: false }`
[INFO] [stdout] eaa5f9ad1b3203610dd89ee65d021e54dc0b1d693b5f85e1e5e481dc85ee62c9
[INFO] running `Command { std: "docker" "start" "-a" "eaa5f9ad1b3203610dd89ee65d021e54dc0b1d693b5f85e1e5e481dc85ee62c9", kill_on_drop: false }`
[INFO] [stderr]    Compiling byteorder v1.5.0
[INFO] [stderr]    Compiling syn v2.0.86
[INFO] [stderr]    Compiling getrandom v0.2.15
[INFO] [stderr]    Compiling http-body-util v0.1.2
[INFO] [stderr]    Compiling rand_core v0.6.4
[INFO] [stderr]    Compiling uuid v1.11.0
[INFO] [stderr]    Compiling zerocopy-derive v0.7.35
[INFO] [stderr]    Compiling tokio-macros v2.4.0
[INFO] [stderr]    Compiling tokio v1.41.0
[INFO] [stderr]    Compiling zerocopy v0.7.35
[INFO] [stderr]    Compiling ppv-lite86 v0.2.20
[INFO] [stderr]    Compiling rand_chacha v0.3.1
[INFO] [stderr]    Compiling rand v0.8.5
[INFO] [stderr]    Compiling hyper v1.5.0
[INFO] [stderr]    Compiling hyper-util v0.1.10
[INFO] [stderr]    Compiling hyper-client-sockets v0.2.0 (/opt/rustwide/workdir)
[INFO] [stdout] error[E0432]: unresolved imports `hyper_client_sockets::FirecrackerUriExt`, `hyper_client_sockets::HyperFirecrackerConnector`, `hyper_client_sockets::HyperFirecrackerStream`, `hyper_client_sockets::HyperUnixConnector`, `hyper_client_sockets::HyperUnixStream`, `hyper_client_sockets::HyperVsockConnector`, `hyper_client_sockets::HyperVsockStream`, `hyper_client_sockets::UnixUriExt`, `hyper_client_sockets::VsockUriExt`
[INFO] [stdout]  --> tests/tests.rs:7:5
[INFO] [stdout]   |
[INFO] [stdout] 7 |     FirecrackerUriExt, HyperFirecrackerConnector, HyperFirecrackerStream, HyperUnixConnector, HyperUnixStream,
[INFO] [stdout]   |     ^^^^^^^^^^^^^^^^^  ^^^^^^^^^^^^^^^^^^^^^^^^^  ^^^^^^^^^^^^^^^^^^^^^^  ^^^^^^^^^^^^^^^^^^  ^^^^^^^^^^^^^^^ no `HyperUnixStream` in the root
[INFO] [stdout]   |     |                  |                          |                       |
[INFO] [stdout]   |     |                  |                          |                       no `HyperUnixConnector` in the root
[INFO] [stdout]   |     |                  |                          no `HyperFirecrackerStream` in the root
[INFO] [stdout]   |     |                  no `HyperFirecrackerConnector` in the root
[INFO] [stdout]   |     no `FirecrackerUriExt` in the root
[INFO] [stdout] 8 |     HyperVsockConnector, HyperVsockStream, UnixUriExt, VsockUriExt,
[INFO] [stdout]   |     ^^^^^^^^^^^^^^^^^^^  ^^^^^^^^^^^^^^^^  ^^^^^^^^^^  ^^^^^^^^^^^ no `VsockUriExt` in the root
[INFO] [stdout]   |     |                    |                 |
[INFO] [stdout]   |     |                    |                 no `UnixUriExt` in the root
[INFO] [stdout]   |     |                    no `HyperVsockStream` in the root
[INFO] [stdout]   |     no `HyperVsockConnector` in the root
[INFO] [stdout] 
[INFO] [stdout] 
[INFO] [stdout] error[E0432]: unresolved imports `tokio::io::AsyncBufReadExt`, `tokio::io::AsyncWriteExt`, `tokio::io::BufReader`
[INFO] [stdout]    --> tests/tests.rs:17:10
[INFO] [stdout]     |
[INFO] [stdout] 17  |     io::{AsyncBufReadExt, AsyncWriteExt, BufReader},
[INFO] [stdout]     |          ^^^^^^^^^^^^^^^  ^^^^^^^^^^^^^  ^^^^^^^^^ no `BufReader` in `io`
[INFO] [stdout]     |          |                |
[INFO] [stdout]     |          |                no `AsyncWriteExt` in `io`
[INFO] [stdout]     |          no `AsyncBufReadExt` in `io`
[INFO] [stdout]     |
[INFO] [stdout] note: found an item that was configured out
[INFO] [stdout]    --> /opt/rustwide/cargo-home/registry/src/index.crates.io-6f17d22bba15001f/tokio-1.41.0/src/io/mod.rs:274:114
[INFO] [stdout]     |
[INFO] [stdout] 274 | ...   copy, copy_bidirectional, copy_bidirectional_with_sizes, copy_buf, duplex, empty, repeat, sink, simplex, AsyncBufReadExt, AsyncRead...
[INFO] [stdout]     |                                                                                                                ^^^^^^^^^^^^^^^
[INFO] [stdout] note: the item is gated behind the `io-util` feature
[INFO] [stdout]    --> /opt/rustwide/cargo-home/registry/src/index.crates.io-6f17d22bba15001f/tokio-1.41.0/src/io/mod.rs:265:1
[INFO] [stdout]     |
[INFO] [stdout] 265 | / cfg_io_util! {
[INFO] [stdout] 266 | |     mod split;
[INFO] [stdout] 267 | |     pub use split::{split, ReadHalf, WriteHalf};
[INFO] [stdout] 268 | |     mod join;
[INFO] [stdout] ...   |
[INFO] [stdout] 276 | |     };
[INFO] [stdout] 277 | | }
[INFO] [stdout]     | |_^
[INFO] [stdout] note: found an item that was configured out
[INFO] [stdout]    --> /opt/rustwide/cargo-home/registry/src/index.crates.io-6f17d22bba15001f/tokio-1.41.0/src/io/mod.rs:274:159
[INFO] [stdout]     |
[INFO] [stdout] 274 | ...sink, simplex, AsyncBufReadExt, AsyncReadExt, AsyncSeekExt, AsyncWriteExt,
[INFO] [stdout]     |                                                                ^^^^^^^^^^^^^
[INFO] [stdout] note: the item is gated behind the `io-util` feature
[INFO] [stdout]    --> /opt/rustwide/cargo-home/registry/src/index.crates.io-6f17d22bba15001f/tokio-1.41.0/src/io/mod.rs:265:1
[INFO] [stdout]     |
[INFO] [stdout] 265 | / cfg_io_util! {
[INFO] [stdout] 266 | |     mod split;
[INFO] [stdout] 267 | |     pub use split::{split, ReadHalf, WriteHalf};
[INFO] [stdout] 268 | |     mod join;
[INFO] [stdout] ...   |
[INFO] [stdout] 276 | |     };
[INFO] [stdout] 277 | | }
[INFO] [stdout]     | |_^
[INFO] [stdout]     = help: consider importing this struct instead:
[INFO] [stdout]             std::io::BufReader
[INFO] [stdout] note: found an item that was configured out
[INFO] [stdout]    --> /opt/rustwide/cargo-home/registry/src/index.crates.io-6f17d22bba15001f/tokio-1.41.0/src/io/mod.rs:275:9
[INFO] [stdout]     |
[INFO] [stdout] 275 |         BufReader, BufStream, BufWriter, DuplexStream, Empty, Lines, Repeat, Sink, Split, Take, SimplexStream,
[INFO] [stdout]     |         ^^^^^^^^^
[INFO] [stdout] note: the item is gated behind the `io-util` feature
[INFO] [stdout]    --> /opt/rustwide/cargo-home/registry/src/index.crates.io-6f17d22bba15001f/tokio-1.41.0/src/io/mod.rs:265:1
[INFO] [stdout]     |
[INFO] [stdout] 265 | / cfg_io_util! {
[INFO] [stdout] 266 | |     mod split;
[INFO] [stdout] 267 | |     pub use split::{split, ReadHalf, WriteHalf};
[INFO] [stdout] 268 | |     mod join;
[INFO] [stdout] ...   |
[INFO] [stdout] 276 | |     };
[INFO] [stdout] 277 | | }
[INFO] [stdout]     | |_^
[INFO] [stdout]     = note: this error originates in the macro `cfg_io_util` (in Nightly builds, run with -Z macro-backtrace for more info)
[INFO] [stdout] help: a similar name exists in the module
[INFO] [stdout]     |
[INFO] [stdout] 17  |     io::{AsyncBufRead, AsyncWriteExt, BufReader},
[INFO] [stdout]     |          ~~~~~~~~~~~~
[INFO] [stdout] help: a similar name exists in the module
[INFO] [stdout]     |
[INFO] [stdout] 17  |     io::{AsyncBufReadExt, AsyncWrite, BufReader},
[INFO] [stdout]     |                           ~~~~~~~~~~
[INFO] [stdout] 
[INFO] [stdout] 
[INFO] [stdout] error[E0432]: unresolved import `tokio_vsock`
[INFO] [stdout]   --> tests/tests.rs:20:5
[INFO] [stdout]    |
[INFO] [stdout] 20 | use tokio_vsock::{VsockAddr, VsockListener, VMADDR_CID_LOCAL};
[INFO] [stdout]    |     ^^^^^^^^^^^ use of undeclared crate or module `tokio_vsock`
[INFO] [stdout] 
[INFO] [stdout] 
[INFO] [stdout] error[E0599]: no method named `write_all` found for struct `tokio::net::UnixStream` in the current scope
[INFO] [stdout]   --> tests/tests.rs:99:20
[INFO] [stdout]    |
[INFO] [stdout] 99 |             stream.write_all(b"OK\n").await.unwrap();
[INFO] [stdout]    |                    ^^^^^^^^^ method not found in `UnixStream`
[INFO] [stdout] 
[INFO] [stdout] 
[INFO] [stdout] error[E0599]: no method named `write_all` found for struct `tokio::net::UnixStream` in the current scope
[INFO] [stdout]    --> tests/tests.rs:101:20
[INFO] [stdout]     |
[INFO] [stdout] 101 |             stream.write_all(b"REJECTED\n").await.unwrap();
[INFO] [stdout]     |                    ^^^^^^^^^ method not found in `UnixStream`
[INFO] [stdout] 
[INFO] [stdout] 
[INFO] [stdout] error[E0599]: no function or associated item named `unix` found for struct `Uri` in the current scope
[INFO] [stdout]    --> tests/tests.rs:123:19
[INFO] [stdout]     |
[INFO] [stdout] 123 |         .uri(Uri::unix(path, "/").unwrap())
[INFO] [stdout]     |                   ^^^^ function or associated item not found in `Uri`
[INFO] [stdout]     |
[INFO] [stdout] note: if you're trying to build a new `Uri` consider using one of the following associated functions:
[INFO] [stdout]       Uri::from_parts
[INFO] [stdout]       Uri::from_maybe_shared
[INFO] [stdout]       Uri::from_static
[INFO] [stdout]    --> /opt/rustwide/cargo-home/registry/src/index.crates.io-6f17d22bba15001f/http-1.1.0/src/uri/mod.rs:239:5
[INFO] [stdout]     |
[INFO] [stdout] 239 |       pub fn from_parts(src: Parts) -> Result<Uri, InvalidUriParts> {
[INFO] [stdout]     |       ^^^^^^^^^^^^^^^^^^^^^^^^^^^^^^^^^^^^^^^^^^^^^^^^^^^^^^^^^^^^^
[INFO] [stdout] ...
[INFO] [stdout] 280 | /     pub fn from_maybe_shared<T>(src: T) -> Result<Self, InvalidUri>
[INFO] [stdout] 281 | |     where
[INFO] [stdout] 282 | |         T: AsRef<[u8]> + 'static,
[INFO] [stdout]     | |_________________________________^
[INFO] [stdout] ...
[INFO] [stdout] 360 |       pub fn from_static(src: &'static str) -> Self {
[INFO] [stdout]     |       ^^^^^^^^^^^^^^^^^^^^^^^^^^^^^^^^^^^^^^^^^^^^^
[INFO] [stdout] 
[INFO] [stdout] 
[INFO] [stdout] error[E0599]: no function or associated item named `vsock` found for struct `Uri` in the current scope
[INFO] [stdout]    --> tests/tests.rs:156:27
[INFO] [stdout]     |
[INFO] [stdout] 156 |                 .uri(Uri::vsock(cid, port, "/").unwrap())
[INFO] [stdout]     |                           ^^^^^ function or associated item not found in `Uri`
[INFO] [stdout]     |
[INFO] [stdout] note: if you're trying to build a new `Uri` consider using one of the following associated functions:
[INFO] [stdout]       Uri::from_parts
[INFO] [stdout]       Uri::from_maybe_shared
[INFO] [stdout]       Uri::from_static
[INFO] [stdout]    --> /opt/rustwide/cargo-home/registry/src/index.crates.io-6f17d22bba15001f/http-1.1.0/src/uri/mod.rs:239:5
[INFO] [stdout]     |
[INFO] [stdout] 239 |       pub fn from_parts(src: Parts) -> Result<Uri, InvalidUriParts> {
[INFO] [stdout]     |       ^^^^^^^^^^^^^^^^^^^^^^^^^^^^^^^^^^^^^^^^^^^^^^^^^^^^^^^^^^^^^
[INFO] [stdout] ...
[INFO] [stdout] 280 | /     pub fn from_maybe_shared<T>(src: T) -> Result<Self, InvalidUri>
[INFO] [stdout] 281 | |     where
[INFO] [stdout] 282 | |         T: AsRef<[u8]> + 'static,
[INFO] [stdout]     | |_________________________________^
[INFO] [stdout] ...
[INFO] [stdout] 360 |       pub fn from_static(src: &'static str) -> Self {
[INFO] [stdout]     |       ^^^^^^^^^^^^^^^^^^^^^^^^^^^^^^^^^^^^^^^^^^^^^
[INFO] [stdout] 
[INFO] [stdout] 
[INFO] [stdout] error[E0599]: no function or associated item named `firecracker` found for struct `Uri` in the current scope
[INFO] [stdout]    --> tests/tests.rs:188:27
[INFO] [stdout]     |
[INFO] [stdout] 188 |                 .uri(Uri::firecracker(path, port, "/").unwrap())
[INFO] [stdout]     |                           ^^^^^^^^^^^ function or associated item not found in `Uri`
[INFO] [stdout]     |
[INFO] [stdout] note: if you're trying to build a new `Uri` consider using one of the following associated functions:
[INFO] [stdout]       Uri::from_parts
[INFO] [stdout]       Uri::from_maybe_shared
[INFO] [stdout]       Uri::from_static
[INFO] [stdout]    --> /opt/rustwide/cargo-home/registry/src/index.crates.io-6f17d22bba15001f/http-1.1.0/src/uri/mod.rs:239:5
[INFO] [stdout]     |
[INFO] [stdout] 239 |       pub fn from_parts(src: Parts) -> Result<Uri, InvalidUriParts> {
[INFO] [stdout]     |       ^^^^^^^^^^^^^^^^^^^^^^^^^^^^^^^^^^^^^^^^^^^^^^^^^^^^^^^^^^^^^
[INFO] [stdout] ...
[INFO] [stdout] 280 | /     pub fn from_maybe_shared<T>(src: T) -> Result<Self, InvalidUri>
[INFO] [stdout] 281 | |     where
[INFO] [stdout] 282 | |         T: AsRef<[u8]> + 'static,
[INFO] [stdout]     | |_________________________________^
[INFO] [stdout] ...
[INFO] [stdout] 360 |       pub fn from_static(src: &'static str) -> Self {
[INFO] [stdout]     |       ^^^^^^^^^^^^^^^^^^^^^^^^^^^^^^^^^^^^^^^^^^^^^
[INFO] [stdout] 
[INFO] [stdout] 
[INFO] [stdout] Some errors have detailed explanations: E0432, E0599.
[INFO] [stdout] 
[INFO] [stdout] For more information about an error, try `rustc --explain E0432`.
[INFO] [stdout] 
[INFO] [stderr] error: could not compile `hyper-client-sockets` (test "tests") due to 8 previous errors
[INFO] running `Command { std: "docker" "inspect" "eaa5f9ad1b3203610dd89ee65d021e54dc0b1d693b5f85e1e5e481dc85ee62c9", kill_on_drop: false }`
[INFO] running `Command { std: "docker" "rm" "-f" "eaa5f9ad1b3203610dd89ee65d021e54dc0b1d693b5f85e1e5e481dc85ee62c9", kill_on_drop: false }`
[INFO] [stdout] eaa5f9ad1b3203610dd89ee65d021e54dc0b1d693b5f85e1e5e481dc85ee62c9
