[INFO] fetching crate hydroper_razen 0.1.5...
[INFO] testing hydroper_razen-0.1.5 against nightly-2024-10-28 for randomize-layout
[INFO] extracting crate hydroper_razen 0.1.5 into /workspace/builds/worker-6-tc1/source
[INFO] validating manifest of crates.io crate hydroper_razen 0.1.5 on toolchain nightly-2024-10-28
[INFO] running `Command { std: CARGO_HOME="/workspace/cargo-home" RUSTUP_HOME="/workspace/rustup-home" "/workspace/cargo-home/bin/cargo" "+nightly-2024-10-28" "metadata" "--manifest-path" "Cargo.toml" "--no-deps", kill_on_drop: false }`
[INFO] started tweaking crates.io crate hydroper_razen 0.1.5
[INFO] finished tweaking crates.io crate hydroper_razen 0.1.5
[INFO] tweaked toml for crates.io crate hydroper_razen 0.1.5 written to /workspace/builds/worker-6-tc1/source/Cargo.toml
[INFO] running `Command { std: CARGO_HOME="/workspace/cargo-home" RUSTUP_HOME="/workspace/rustup-home" "/workspace/cargo-home/bin/cargo" "+nightly-2024-10-28" "generate-lockfile" "--manifest-path" "Cargo.toml", kill_on_drop: false }`
[INFO] [stderr]     Updating crates.io index
[INFO] [stderr]     Blocking waiting for file lock on package cache
[INFO] [stderr]      Locking 63 packages to latest compatible versions
[INFO] running `Command { std: CARGO_HOME="/workspace/cargo-home" RUSTUP_HOME="/workspace/rustup-home" "/workspace/cargo-home/bin/cargo" "+nightly-2024-10-28" "fetch" "--manifest-path" "Cargo.toml", kill_on_drop: false }`
[INFO] [stderr]  Downloading crates ...
[INFO] [stderr]   Downloaded lzma-rs v0.3.0
[INFO] [stderr]   Downloaded late_format v1.0.0
[INFO] [stderr]   Downloaded smodel v1.0.13
[INFO] [stderr]   Downloaded smodel-proc v1.0.11
[INFO] [stderr]   Downloaded file_paths v1.0.0
[INFO] [stderr]   Downloaded lazy-regex-proc_macros v3.3.0
[INFO] [stderr]   Downloaded lazy-regex v3.3.0
[INFO] [stderr]   Downloaded hydroper_source_text v1.0.3
[INFO] [stderr]   Downloaded htmlentity v1.3.2
[INFO] [stderr]   Downloaded as3_parser v1.0.25
[INFO] [stderr]   Downloaded hydroper_swf v0.3.0
[INFO] running `Command { std: "docker" "create" "-v" "/var/lib/crater-agent-workspace/builds/worker-6-tc1/target:/opt/rustwide/target:rw,Z" "-v" "/var/lib/crater-agent-workspace/builds/worker-6-tc1/source:/opt/rustwide/workdir:ro,Z" "-v" "/var/lib/crater-agent-workspace/cargo-home:/opt/rustwide/cargo-home:ro,Z" "-v" "/var/lib/crater-agent-workspace/rustup-home:/opt/rustwide/rustup-home:ro,Z" "-e" "SOURCE_DIR=/opt/rustwide/workdir" "-e" "CARGO_TARGET_DIR=/opt/rustwide/target" "-e" "CARGO_HOME=/opt/rustwide/cargo-home" "-e" "RUSTUP_HOME=/opt/rustwide/rustup-home" "-w" "/opt/rustwide/workdir" "-m" "1610612736" "--user" "0:0" "--network" "none" "ghcr.io/rust-lang/crates-build-env/linux@sha256:4a844ea9eb2546a2d2c7022eacef16ef2e8229c7fbb2c7d4d55a9ceca922f72d" "/opt/rustwide/cargo-home/bin/cargo" "+nightly-2024-10-28" "metadata" "--no-deps" "--format-version=1", kill_on_drop: false }`
[INFO] [stdout] c52a82a555e019f57ff959ef32cd45f40db8eed4549e80d08efa9e12ded850dc
[INFO] running `Command { std: "docker" "start" "-a" "c52a82a555e019f57ff959ef32cd45f40db8eed4549e80d08efa9e12ded850dc", kill_on_drop: false }`
[INFO] running `Command { std: "docker" "inspect" "c52a82a555e019f57ff959ef32cd45f40db8eed4549e80d08efa9e12ded850dc", kill_on_drop: false }`
[INFO] running `Command { std: "docker" "rm" "-f" "c52a82a555e019f57ff959ef32cd45f40db8eed4549e80d08efa9e12ded850dc", kill_on_drop: false }`
[INFO] [stdout] c52a82a555e019f57ff959ef32cd45f40db8eed4549e80d08efa9e12ded850dc
[INFO] running `Command { std: "docker" "create" "-v" "/var/lib/crater-agent-workspace/builds/worker-6-tc1/target:/opt/rustwide/target:rw,Z" "-v" "/var/lib/crater-agent-workspace/builds/worker-6-tc1/source:/opt/rustwide/workdir:ro,Z" "-v" "/var/lib/crater-agent-workspace/cargo-home:/opt/rustwide/cargo-home:ro,Z" "-v" "/var/lib/crater-agent-workspace/rustup-home:/opt/rustwide/rustup-home:ro,Z" "-e" "SOURCE_DIR=/opt/rustwide/workdir" "-e" "CARGO_TARGET_DIR=/opt/rustwide/target" "-e" "CARGO_INCREMENTAL=0" "-e" "RUST_BACKTRACE=full" "-e" "RUSTFLAGS=--cap-lints=forbid" "-e" "RUSTDOCFLAGS=--cap-lints=forbid" "-e" "CARGO_HOME=/opt/rustwide/cargo-home" "-e" "RUSTUP_HOME=/opt/rustwide/rustup-home" "-w" "/opt/rustwide/workdir" "-m" "1610612736" "--user" "0:0" "--network" "none" "ghcr.io/rust-lang/crates-build-env/linux@sha256:4a844ea9eb2546a2d2c7022eacef16ef2e8229c7fbb2c7d4d55a9ceca922f72d" "/opt/rustwide/cargo-home/bin/cargo" "+nightly-2024-10-28" "build" "--frozen" "--message-format=json", kill_on_drop: false }`
[INFO] [stdout] 0ff48680add8ca9c0e6d5f769414ddb623c36686dcb9e6eeea29fbb098c3ecef
[INFO] running `Command { std: "docker" "start" "-a" "0ff48680add8ca9c0e6d5f769414ddb623c36686dcb9e6eeea29fbb098c3ecef", kill_on_drop: false }`
[INFO] [stderr]    Compiling proc-macro2 v1.0.89
[INFO] [stderr]    Compiling regex-syntax v0.8.5
[INFO] [stderr]    Compiling serde v1.0.214
[INFO] [stderr]    Compiling num-traits v0.2.19
[INFO] [stderr]    Compiling aho-corasick v1.1.3
[INFO] [stderr]    Compiling anyhow v1.0.92
[INFO] [stderr]    Compiling by_address v1.2.1
[INFO] [stderr]    Compiling unicode-general-category v0.6.0
[INFO] [stderr]    Compiling time-macros v0.2.18
[INFO] [stderr]    Compiling crc-catalog v2.4.0
[INFO] [stderr]    Compiling crc32fast v1.4.2
[INFO] [stderr]    Compiling maplit v1.0.2
[INFO] [stderr]    Compiling miniz_oxide v0.8.0
[INFO] [stderr]    Compiling custom_derive v0.1.7
[INFO] [stderr]    Compiling encoding_rs v0.8.35
[INFO] [stderr]    Compiling bitstream-io v2.5.3
[INFO] [stderr]    Compiling crc v3.2.1
[INFO] [stderr]    Compiling conv v0.3.3
[INFO] [stderr]    Compiling hydroper_source_text v1.0.3
[INFO] [stderr]    Compiling dotenvy v0.15.7
[INFO] [stderr]    Compiling lzma-rs v0.3.0
[INFO] [stderr]    Compiling flate2 v1.0.34
[INFO] [stderr]    Compiling quote v1.0.37
[INFO] [stderr]    Compiling syn v2.0.86
[INFO] [stderr]    Compiling time v0.3.36
[INFO] [stderr]    Compiling num-integer v0.1.46
[INFO] [stderr]    Compiling num-bigint v0.4.6
[INFO] [stderr]    Compiling regex-automata v0.4.8
[INFO] [stderr]    Compiling serde_derive v1.0.214
[INFO] [stderr]    Compiling thiserror-impl v1.0.66
[INFO] [stderr]    Compiling enum-map-derive v0.17.0
[INFO] [stderr]    Compiling num-derive v0.4.2
[INFO] [stderr]    Compiling smodel-proc v1.0.11
[INFO] [stderr]    Compiling enum-map v2.7.3
[INFO] [stderr]    Compiling regex v1.11.1
[INFO] [stderr]    Compiling thiserror v1.0.66
[INFO] [stderr]    Compiling smodel v1.0.13
[INFO] [stderr]    Compiling simple_asn1 v0.6.2
[INFO] [stderr]    Compiling htmlentity v1.3.2
[INFO] [stderr]    Compiling lazy-regex-proc_macros v3.3.0
[INFO] [stderr]    Compiling lazy-regex v3.3.0
[INFO] [stderr]    Compiling late_format v1.0.0
[INFO] [stderr]    Compiling file_paths v1.0.0
[INFO] [stderr]    Compiling bitflags v2.6.0
[INFO] [stderr]    Compiling serde_json v1.0.132
[INFO] [stderr]    Compiling hydroper_swf v0.3.0
[INFO] [stderr]    Compiling as3_parser v1.0.25
[INFO] [stderr]    Compiling hydroper_razen v0.1.5 (/opt/rustwide/workdir)
[INFO] [stdout] error[E0425]: cannot find function `todo_here` in this scope
[INFO] [stdout]    --> verifier/verifier.rs:101:9
[INFO] [stdout]     |
[INFO] [stdout] 101 |         todo_here();
[INFO] [stdout]     |         ^^^^^^^^^ not found in this scope
[INFO] [stdout] 
[INFO] [stdout] 
[INFO] [stdout] error[E0425]: cannot find function `todo_here` in this scope
[INFO] [stdout]    --> verifier/verifier.rs:107:9
[INFO] [stdout]     |
[INFO] [stdout] 107 |         todo_here();
[INFO] [stdout]     |         ^^^^^^^^^ not found in this scope
[INFO] [stdout] 
[INFO] [stdout] 
[INFO] [stdout] error[E0425]: cannot find function `todo_here` in this scope
[INFO] [stdout]    --> verifier/verifier.rs:110:9
[INFO] [stdout]     |
[INFO] [stdout] 110 |         todo_here();
[INFO] [stdout]     |         ^^^^^^^^^ not found in this scope
[INFO] [stdout] 
[INFO] [stdout] 
[INFO] [stdout] error[E0425]: cannot find function `todo_here` in this scope
[INFO] [stdout]    --> verifier/verifier.rs:113:9
[INFO] [stdout]     |
[INFO] [stdout] 113 |         todo_here();
[INFO] [stdout]     |         ^^^^^^^^^ not found in this scope
[INFO] [stdout] 
[INFO] [stdout] 
[INFO] [stdout] error[E0425]: cannot find function `todo_here` in this scope
[INFO] [stdout]  --> verifier/statement.rs:7:9
[INFO] [stdout]   |
[INFO] [stdout] 7 |         todo_here();
[INFO] [stdout]   |         ^^^^^^^^^ not found in this scope
[INFO] [stdout] 
[INFO] [stdout] 
[INFO] [stdout] For more information about this error, try `rustc --explain E0425`.
[INFO] [stdout] 
[INFO] [stderr] error: could not compile `hydroper_razen` (lib) due to 5 previous errors
[INFO] running `Command { std: "docker" "inspect" "0ff48680add8ca9c0e6d5f769414ddb623c36686dcb9e6eeea29fbb098c3ecef", kill_on_drop: false }`
[INFO] running `Command { std: "docker" "rm" "-f" "0ff48680add8ca9c0e6d5f769414ddb623c36686dcb9e6eeea29fbb098c3ecef", kill_on_drop: false }`
[INFO] [stdout] 0ff48680add8ca9c0e6d5f769414ddb623c36686dcb9e6eeea29fbb098c3ecef
