[INFO] fetching crate human-royalty 0.1.0...
[INFO] testing human-royalty-0.1.0 against nightly-2024-10-28 for randomize-layout
[INFO] extracting crate human-royalty 0.1.0 into /workspace/builds/worker-7-tc1/source
[INFO] validating manifest of crates.io crate human-royalty 0.1.0 on toolchain nightly-2024-10-28
[INFO] running `Command { std: CARGO_HOME="/workspace/cargo-home" RUSTUP_HOME="/workspace/rustup-home" "/workspace/cargo-home/bin/cargo" "+nightly-2024-10-28" "metadata" "--manifest-path" "Cargo.toml" "--no-deps", kill_on_drop: false }`
[INFO] started tweaking crates.io crate human-royalty 0.1.0
[INFO] finished tweaking crates.io crate human-royalty 0.1.0
[INFO] tweaked toml for crates.io crate human-royalty 0.1.0 written to /workspace/builds/worker-7-tc1/source/Cargo.toml
[INFO] running `Command { std: CARGO_HOME="/workspace/cargo-home" RUSTUP_HOME="/workspace/rustup-home" "/workspace/cargo-home/bin/cargo" "+nightly-2024-10-28" "generate-lockfile" "--manifest-path" "Cargo.toml", kill_on_drop: false }`
[INFO] [stderr]     Updating crates.io index
[INFO] [stderr]      Locking 574 packages to latest compatible versions
[INFO] [stderr]       Adding blake3 v1.5.1 (available: v1.5.4)
[INFO] [stderr]       Adding borsh v0.9.3 (available: v1.5.1)
[INFO] [stderr]       Adding solana-program v1.18.26 (available: v2.1.0)
[INFO] [stderr]       Adding solana-program-test v1.18.26 (available: v2.1.0)
[INFO] [stderr]       Adding solana-sdk v1.18.26 (available: v2.1.0)
[INFO] [stderr]       Adding solana_rbpf v0.8.3 (available: v0.8.5)
[INFO] [stderr]       Adding spl-associated-token-account v1.1.3 (available: v5.0.1)
[INFO] [stderr]       Adding spl-governance v3.1.1 (available: v4.0.0)
[INFO] [stderr]       Adding spl-math v0.1.0 (available: v0.3.0)
[INFO] [stderr]       Adding spl-memo v4.0.0 (available: v4.0.4)
[INFO] [stderr]       Adding spl-token v3.5.0 (available: v6.0.0)
[INFO] [stderr]       Adding spl-token v4.0.0 (available: v4.0.3)
[INFO] [stderr]       Adding subtle v2.4.1 (available: v2.6.1)
[INFO] [stderr]       Adding zeroize v1.3.0 (available: v1.8.1)
[INFO] running `Command { std: CARGO_HOME="/workspace/cargo-home" RUSTUP_HOME="/workspace/rustup-home" "/workspace/cargo-home/bin/cargo" "+nightly-2024-10-28" "fetch" "--manifest-path" "Cargo.toml", kill_on_drop: false }`
[INFO] [stderr]  Downloading crates ...
[INFO] [stderr]   Downloaded borsh-derive v0.8.2
[INFO] [stderr]   Downloaded uint v0.8.5
[INFO] [stderr]   Downloaded borsh-derive-internal v0.8.2
[INFO] [stderr]   Downloaded borsh-derive v0.7.2
[INFO] [stderr]   Downloaded spl-math v0.1.0
[INFO] [stderr]   Downloaded borsh v0.7.2
[INFO] [stderr]   Downloaded borsh-schema-derive-internal v0.8.2
[INFO] [stderr]   Downloaded spl-token v3.5.0
[INFO] [stderr]   Downloaded solana-version v1.18.26
[INFO] [stderr]   Downloaded borsh-schema-derive-internal v0.7.2
[INFO] [stderr]   Downloaded solana-compute-budget-program v1.18.26
[INFO] [stderr]   Downloaded solana-banks-client v1.18.26
[INFO] [stderr]   Downloaded solana-program-runtime v1.18.26
[INFO] [stderr]   Downloaded solana-quic-client v1.18.26
[INFO] [stderr]   Downloaded solana-client v1.18.26
[INFO] [stderr]   Downloaded spl-tlv-account-resolution v0.5.1
[INFO] [stderr]   Downloaded solana-streamer v1.18.26
[INFO] [stderr]   Downloaded solana-rpc-client v1.18.26
[INFO] [stderr]   Downloaded spl-token-metadata-interface v0.2.0
[INFO] [stderr]   Downloaded spl-associated-token-account v2.3.0
[INFO] [stderr]   Downloaded solana-banks-interface v1.18.26
[INFO] [stderr]   Downloaded solana-system-program v1.18.26
[INFO] [stderr]   Downloaded solana-clap-utils v1.18.26
[INFO] [stderr]   Downloaded solana-account-decoder v1.18.26
[INFO] [stderr]   Downloaded solana-remote-wallet v1.18.26
[INFO] [stderr]   Downloaded solana-net-utils v1.18.26
[INFO] [stderr]   Downloaded spl-token-2022 v0.6.1
[INFO] [stderr]   Downloaded solana-transaction-status v1.18.26
[INFO] [stderr]   Downloaded solana-pubsub-client v1.18.26
[INFO] [stderr]   Downloaded solana-program-test v1.18.26
[INFO] [stderr]   Downloaded solana-sdk v1.18.26
[INFO] [stderr]   Downloaded solana-runtime v1.18.26
[INFO] [stderr]   Downloaded spl-token-2022 v1.0.0
[INFO] [stderr]   Downloaded solana-bpf-loader-program v1.18.26
[INFO] [stderr]   Downloaded solana-thin-client v1.18.26
[INFO] [stderr]   Downloaded solana-connection-cache v1.18.26
[INFO] [stderr]   Downloaded solana-accounts-db v1.18.26
[INFO] [stderr]   Downloaded solana-address-lookup-table-program v1.18.26
[INFO] [stderr]   Downloaded solana-metrics v1.18.26
[INFO] [stderr]   Downloaded solana-tpu-client v1.18.26
[INFO] [stderr]   Downloaded solana-cost-model v1.18.26
[INFO] [stderr]   Downloaded solana-loader-v4-program v1.18.26
[INFO] [stderr]   Downloaded spl-token v4.0.0
[INFO] [stderr]   Downloaded solana-udp-client v1.18.26
[INFO] [stderr]   Downloaded spl-memo v4.0.0
[INFO] [stderr]   Downloaded spl-transfer-hook-interface v0.4.1
[INFO] [stderr]   Downloaded spl-discriminator-syn v0.1.2
[INFO] [stderr]   Downloaded spl-discriminator v0.1.0
[INFO] [stderr]   Downloaded spl-pod v0.1.0
[INFO] [stderr]   Downloaded solana-rpc-client-api v1.18.26
[INFO] [stderr]   Downloaded solana-rayon-threadlimit v1.18.26
[INFO] [stderr]   Downloaded solana-measure v1.18.26
[INFO] [stderr]   Downloaded solana-logger v1.18.26
[INFO] [stderr]   Downloaded spl-program-error v0.3.0
[INFO] [stderr]   Downloaded solana-banks-server v1.18.26
[INFO] [stderr]   Downloaded solana-vote v1.18.26
[INFO] [stderr]   Downloaded solana-zk-token-proof-program v1.18.26
[INFO] [stderr]   Downloaded solana_rbpf v0.8.3
[INFO] [stderr]   Downloaded spl-associated-token-account v1.1.3
[INFO] [stderr]   Downloaded spl-governance-tools v0.1.4
[INFO] [stderr]   Downloaded spl-governance-addin-api v0.1.4
[INFO] [stderr]   Downloaded solana-config-program v1.18.26
[INFO] [stderr]   Downloaded solana-vote-program v1.18.26
[INFO] [stderr]   Downloaded borsh-derive-internal v0.7.2
[INFO] [stderr]   Downloaded solana-bucket-map v1.18.26
[INFO] [stderr]   Downloaded solana-perf v1.18.26
[INFO] [stderr]   Downloaded solana-stake-program v1.18.26
[INFO] [stderr]   Downloaded aes-gcm-siv v0.10.3
[INFO] [stderr]   Downloaded spl-type-length-value v0.3.0
[INFO] [stderr]   Downloaded solana-send-transaction-service v1.18.26
[INFO] [stderr]   Downloaded index_list v0.2.13
[INFO] [stderr]   Downloaded solana-rpc-client-nonce-utils v1.18.26
[INFO] [stderr]   Downloaded solana-zk-token-sdk v1.18.26
[INFO] [stderr]   Downloaded spl-token-group-interface v0.1.0
[INFO] [stderr]   Downloaded spl-discriminator-derive v0.1.2
[INFO] [stderr]   Downloaded spl-governance v3.1.1
[INFO] [stderr]   Downloaded spl-program-error-derive v0.3.2
[INFO] [stderr]   Downloaded human-common v0.1.0
[INFO] running `Command { std: "docker" "create" "-v" "/var/lib/crater-agent-workspace/builds/worker-7-tc1/target:/opt/rustwide/target:rw,Z" "-v" "/var/lib/crater-agent-workspace/builds/worker-7-tc1/source:/opt/rustwide/workdir:ro,Z" "-v" "/var/lib/crater-agent-workspace/cargo-home:/opt/rustwide/cargo-home:ro,Z" "-v" "/var/lib/crater-agent-workspace/rustup-home:/opt/rustwide/rustup-home:ro,Z" "-e" "SOURCE_DIR=/opt/rustwide/workdir" "-e" "CARGO_TARGET_DIR=/opt/rustwide/target" "-e" "CARGO_HOME=/opt/rustwide/cargo-home" "-e" "RUSTUP_HOME=/opt/rustwide/rustup-home" "-w" "/opt/rustwide/workdir" "-m" "1610612736" "--user" "0:0" "--network" "none" "ghcr.io/rust-lang/crates-build-env/linux@sha256:4a844ea9eb2546a2d2c7022eacef16ef2e8229c7fbb2c7d4d55a9ceca922f72d" "/opt/rustwide/cargo-home/bin/cargo" "+nightly-2024-10-28" "metadata" "--no-deps" "--format-version=1", kill_on_drop: false }`
[INFO] [stdout] 9680d9e1facf484b1e98cef62e27633e8bb0cc67477a54532ed1e5b6735f9a8e
[INFO] running `Command { std: "docker" "start" "-a" "9680d9e1facf484b1e98cef62e27633e8bb0cc67477a54532ed1e5b6735f9a8e", kill_on_drop: false }`
[INFO] running `Command { std: "docker" "inspect" "9680d9e1facf484b1e98cef62e27633e8bb0cc67477a54532ed1e5b6735f9a8e", kill_on_drop: false }`
[INFO] running `Command { std: "docker" "rm" "-f" "9680d9e1facf484b1e98cef62e27633e8bb0cc67477a54532ed1e5b6735f9a8e", kill_on_drop: false }`
[INFO] [stdout] 9680d9e1facf484b1e98cef62e27633e8bb0cc67477a54532ed1e5b6735f9a8e
[INFO] running `Command { std: "docker" "create" "-v" "/var/lib/crater-agent-workspace/builds/worker-7-tc1/target:/opt/rustwide/target:rw,Z" "-v" "/var/lib/crater-agent-workspace/builds/worker-7-tc1/source:/opt/rustwide/workdir:ro,Z" "-v" "/var/lib/crater-agent-workspace/cargo-home:/opt/rustwide/cargo-home:ro,Z" "-v" "/var/lib/crater-agent-workspace/rustup-home:/opt/rustwide/rustup-home:ro,Z" "-e" "SOURCE_DIR=/opt/rustwide/workdir" "-e" "CARGO_TARGET_DIR=/opt/rustwide/target" "-e" "CARGO_INCREMENTAL=0" "-e" "RUST_BACKTRACE=full" "-e" "RUSTFLAGS=--cap-lints=forbid" "-e" "RUSTDOCFLAGS=--cap-lints=forbid" "-e" "CARGO_HOME=/opt/rustwide/cargo-home" "-e" "RUSTUP_HOME=/opt/rustwide/rustup-home" "-w" "/opt/rustwide/workdir" "-m" "1610612736" "--user" "0:0" "--network" "none" "ghcr.io/rust-lang/crates-build-env/linux@sha256:4a844ea9eb2546a2d2c7022eacef16ef2e8229c7fbb2c7d4d55a9ceca922f72d" "/opt/rustwide/cargo-home/bin/cargo" "+nightly-2024-10-28" "build" "--frozen" "--message-format=json", kill_on_drop: false }`
[INFO] [stdout] bd687d5eed08ef49f80607e4e46d31693ee88c219504f40b1e466b509314c656
[INFO] running `Command { std: "docker" "start" "-a" "bd687d5eed08ef49f80607e4e46d31693ee88c219504f40b1e466b509314c656", kill_on_drop: false }`
[INFO] [stderr]    Compiling version_check v0.9.5
[INFO] [stderr]    Compiling serde v1.0.214
[INFO] [stderr]    Compiling typenum v1.17.0
[INFO] [stderr]    Compiling libc v0.2.161
[INFO] [stderr]    Compiling syn v1.0.109
[INFO] [stderr]    Compiling subtle v2.4.1
[INFO] [stderr]    Compiling byteorder v1.5.0
[INFO] [stderr]    Compiling libm v0.2.11
[INFO] [stderr]    Compiling semver v1.0.23
[INFO] [stderr]    Compiling equivalent v1.0.1
[INFO] [stderr]    Compiling hashbrown v0.15.0
[INFO] [stderr]    Compiling num-traits v0.2.19
[INFO] [stderr]    Compiling toml_datetime v0.6.8
[INFO] [stderr]    Compiling cpufeatures v0.2.14
[INFO] [stderr]    Compiling getrandom v0.1.16
[INFO] [stderr]    Compiling syn v2.0.86
[INFO] [stderr]    Compiling crunchy v0.2.2
[INFO] [stderr]    Compiling opaque-debug v0.3.1
[INFO] [stderr]    Compiling either v1.13.0
[INFO] [stderr]    Compiling paste v1.0.15
[INFO] [stderr]    Compiling block-padding v0.2.1
[INFO] [stderr]    Compiling log v0.4.22
[INFO] [stderr]    Compiling winnow v0.6.20
[INFO] [stderr]    Compiling memchr v2.7.4
[INFO] [stderr]    Compiling wasm-bindgen-shared v0.2.95
[INFO] [stderr]    Compiling itertools v0.10.5
[INFO] [stderr]    Compiling generic-array v0.14.7
[INFO] [stderr]    Compiling ahash v0.8.11
[INFO] [stderr]    Compiling proc-macro-error-attr v1.0.4
[INFO] [stderr]    Compiling proc-macro-error v1.0.4
[INFO] [stderr]    Compiling rustc_version v0.4.1
[INFO] [stderr]    Compiling ahash v0.7.8
[INFO] [stderr]    Compiling feature-probe v0.1.1
[INFO] [stderr]    Compiling indexmap v2.6.0
[INFO] [stderr]    Compiling bumpalo v3.16.0
[INFO] [stderr]    Compiling im v15.1.0
[INFO] [stderr]    Compiling bv v0.11.1
[INFO] [stderr]    Compiling solana-frozen-abi-macro v1.18.26
[INFO] [stderr]    Compiling cfg_aliases v0.2.1
[INFO] [stderr]    Compiling keccak v0.1.5
[INFO] [stderr]    Compiling anyhow v1.0.92
[INFO] [stderr]    Compiling borsh v1.5.1
[INFO] [stderr]    Compiling bitmaps v2.1.0
[INFO] [stderr]    Compiling solana-frozen-abi v1.18.26
[INFO] [stderr]    Compiling rayon v1.10.0
[INFO] [stderr]    Compiling memoffset v0.9.1
[INFO] [stderr]    Compiling wasm-bindgen v0.2.95
[INFO] [stderr]    Compiling bs58 v0.4.0
[INFO] [stderr]    Compiling arrayref v0.3.9
[INFO] [stderr]    Compiling unicode-normalization v0.1.24
[INFO] [stderr]    Compiling arrayvec v0.7.6
[INFO] [stderr]    Compiling winnow v0.5.40
[INFO] [stderr]    Compiling base64 v0.12.3
[INFO] [stderr]    Compiling constant_time_eq v0.3.1
[INFO] [stderr]    Compiling rustc-hash v1.1.0
[INFO] [stderr]    Compiling num-integer v0.1.46
[INFO] [stderr]    Compiling ident_case v1.0.1
[INFO] [stderr]    Compiling strsim v0.11.1
[INFO] [stderr]    Compiling aho-corasick v1.1.3
[INFO] [stderr]    Compiling regex-syntax v0.8.5
[INFO] [stderr]    Compiling signature v1.6.4
[INFO] [stderr]    Compiling humantime v2.1.0
[INFO] [stderr]    Compiling ed25519 v1.5.3
[INFO] [stderr]    Compiling num-bigint v0.4.6
[INFO] [stderr]    Compiling sized-chunks v0.6.5
[INFO] [stderr]    Compiling getrandom v0.2.15
[INFO] [stderr]    Compiling jobserver v0.1.32
[INFO] [stderr]    Compiling memmap2 v0.5.10
[INFO] [stderr]    Compiling atty v0.2.14
[INFO] [stderr]    Compiling rand_core v0.6.4
[INFO] [stderr]    Compiling rand_core v0.5.1
[INFO] [stderr]    Compiling toml_edit v0.22.22
[INFO] [stderr]    Compiling cc v1.1.31
[INFO] [stderr]    Compiling termcolor v1.4.1
[INFO] [stderr]    Compiling solana-sdk v1.18.26
[INFO] [stderr]    Compiling iana-time-zone v0.1.61
[INFO] [stderr]    Compiling rand_xoshiro v0.6.0
[INFO] [stderr]    Compiling derivation-path v0.2.0
[INFO] [stderr]    Compiling qstring v0.7.2
[INFO] [stderr]    Compiling hashbrown v0.11.2
[INFO] [stderr]    Compiling uriparse v0.6.4
[INFO] [stderr]    Compiling siphasher v0.3.11
[INFO] [stderr]    Compiling assert_matches v1.5.0
[INFO] [stderr]    Compiling static_assertions v1.1.0
[INFO] [stderr]    Compiling rustc-hex v2.1.0
[INFO] [stderr]    Compiling uint v0.8.5
[INFO] [stderr]    Compiling blake3 v1.5.1
[INFO] [stderr]    Compiling solana-program v1.18.26
[INFO] [stderr]    Compiling toml_edit v0.19.15
[INFO] [stderr]    Compiling regex-automata v0.4.8
[INFO] [stderr]    Compiling proc-macro-crate v3.2.0
[INFO] [stderr]    Compiling wasm-bindgen-backend v0.2.95
[INFO] [stderr]    Compiling darling_core v0.20.10
[INFO] [stderr]    Compiling borsh-schema-derive-internal v0.9.3
[INFO] [stderr]    Compiling borsh-schema-derive-internal v0.10.4
[INFO] [stderr]    Compiling borsh-derive-internal v0.10.4
[INFO] [stderr]    Compiling borsh-derive-internal v0.9.3
[INFO] [stderr]    Compiling borsh-derive-internal v0.7.2
[INFO] [stderr]    Compiling borsh-schema-derive-internal v0.7.2
[INFO] [stderr]    Compiling borsh-derive-internal v0.8.2
[INFO] [stderr]    Compiling borsh-schema-derive-internal v0.8.2
[INFO] [stderr]    Compiling serde_derive v1.0.214
[INFO] [stderr]    Compiling zerocopy-derive v0.7.35
[INFO] [stderr]    Compiling zeroize_derive v1.4.2
[INFO] [stderr]    Compiling thiserror-impl v1.0.66
[INFO] [stderr]    Compiling bytemuck_derive v1.8.0
[INFO] [stderr]    Compiling num-derive v0.4.2
[INFO] [stderr]    Compiling solana-sdk-macro v1.18.26
[INFO] [stderr]    Compiling num_enum_derive v0.7.3
[INFO] [stderr]    Compiling qualifier_attr v0.2.2
[INFO] [stderr]    Compiling wasm-bindgen-macro-support v0.2.95
[INFO] [stderr]    Compiling proc-macro-crate v1.3.1
[INFO] [stderr]    Compiling zeroize v1.3.0
[INFO] [stderr]    Compiling merlin v3.0.0
[INFO] [stderr]    Compiling zerocopy v0.7.35
[INFO] [stderr]    Compiling regex v1.11.1
[INFO] [stderr]    Compiling thiserror v1.0.66
[INFO] [stderr]    Compiling num_enum v0.7.3
[INFO] [stderr]    Compiling env_logger v0.9.3
[INFO] [stderr]    Compiling bytemuck v1.19.0
[INFO] [stderr]    Compiling ark-serialize-derive v0.4.2
[INFO] [stderr]    Compiling ark-ff-asm v0.4.2
[INFO] [stderr]    Compiling derivative v2.2.0
[INFO] [stderr]    Compiling ark-ff-macros v0.4.2
[INFO] [stderr]    Compiling syn_derive v0.1.8
[INFO] [stderr]    Compiling num-derive v0.3.3
[INFO] [stderr]    Compiling wasm-bindgen-macro v0.2.95
[INFO] [stderr]    Compiling darling_macro v0.20.10
[INFO] [stderr]    Compiling num_enum_derive v0.5.11
[INFO] [stderr]    Compiling num_enum_derive v0.6.1
[INFO] [stderr]    Compiling ppv-lite86 v0.2.20
[INFO] [stderr]    Compiling darling v0.20.10
[INFO] [stderr]    Compiling solana-logger v1.18.26
[INFO] [stderr]    Compiling serde_with_macros v2.3.3
[INFO] [stderr]    Compiling hashbrown v0.13.2
[INFO] [stderr]    Compiling borsh-derive v0.7.2
[INFO] [stderr]    Compiling borsh-derive v1.5.1
[INFO] [stderr]    Compiling rand_chacha v0.3.1
[INFO] [stderr]    Compiling rand_chacha v0.2.2
[INFO] [stderr]    Compiling borsh v0.7.2
[INFO] [stderr]    Compiling rand v0.8.5
[INFO] [stderr]    Compiling rand v0.7.3
[INFO] [stderr]    Compiling num_enum v0.5.11
[INFO] [stderr]    Compiling num_enum v0.6.1
[INFO] [stderr]    Compiling ark-std v0.4.0
[INFO] [stderr]    Compiling toml v0.5.11
[INFO] [stderr]    Compiling serde_bytes v0.11.15
[INFO] [stderr]    Compiling serde_json v1.0.132
[INFO] [stderr]    Compiling bincode v1.3.3
[INFO] [stderr]    Compiling bitflags v2.6.0
[INFO] [stderr]    Compiling serde_with v2.3.3
[INFO] [stderr]    Compiling chrono v0.4.38
[INFO] [stderr]    Compiling digest v0.9.0
[INFO] [stderr]    Compiling block-buffer v0.10.4
[INFO] [stderr]    Compiling crypto-common v0.1.6
[INFO] [stderr]    Compiling block-buffer v0.9.0
[INFO] [stderr]    Compiling crypto-mac v0.8.0
[INFO] [stderr]    Compiling cipher v0.3.0
[INFO] [stderr]    Compiling universal-hash v0.4.1
[INFO] [stderr]    Compiling aead v0.4.3
[INFO] [stderr]    Compiling polyval v0.5.3
[INFO] [stderr]    Compiling libsecp256k1-core v0.2.2
[INFO] [stderr]    Compiling sha2 v0.9.9
[INFO] [stderr]    Compiling hmac v0.8.1
[INFO] [stderr]    Compiling curve25519-dalek v3.2.1
[INFO] [stderr]    Compiling digest v0.10.7
[INFO] [stderr]    Compiling pbkdf2 v0.4.0
[INFO] [stderr]    Compiling sha3 v0.9.1
[INFO] [stderr]    Compiling aes v0.7.5
[INFO] [stderr]    Compiling hmac-drbg v0.3.0
[INFO] [stderr]    Compiling ctr v0.8.0
[INFO] [stderr]    Compiling ark-serialize v0.4.2
[INFO] [stderr]    Compiling sha2 v0.10.8
[INFO] [stderr]    Compiling sha3 v0.10.8
[INFO] [stderr]    Compiling hmac v0.12.1
[INFO] [stderr]    Compiling proc-macro-crate v0.1.5
[INFO] [stderr]    Compiling pbkdf2 v0.11.0
[INFO] [stderr]    Compiling tiny-bip39 v0.8.2
[INFO] [stderr]    Compiling ark-ff v0.4.2
[INFO] [stderr]    Compiling aes-gcm-siv v0.10.3
[INFO] [stderr]    Compiling borsh-derive v0.9.3
[INFO] [stderr]    Compiling borsh-derive v0.10.4
[INFO] [stderr]    Compiling borsh-derive v0.8.2
[INFO] [stderr]    Compiling libsecp256k1-gen-genmult v0.2.1
[INFO] [stderr]    Compiling libsecp256k1-gen-ecmult v0.2.1
[INFO] [stderr]    Compiling ed25519-dalek v1.0.1
[INFO] [stderr]    Compiling ed25519-dalek-bip32 v0.2.0
[INFO] [stderr]    Compiling libsecp256k1 v0.6.0
[INFO] [stderr]    Compiling borsh v0.10.4
[INFO] [stderr]    Compiling borsh v0.9.3
[INFO] [stderr]    Compiling ark-poly v0.4.2
[INFO] [stderr]    Compiling ark-ec v0.4.2
[INFO] [stderr]    Compiling ark-bn254 v0.4.0
[INFO] [stderr]    Compiling light-poseidon v0.2.0
[INFO] [stderr]    Compiling spl-token v3.5.0
[INFO] [stderr]    Compiling spl-token v4.0.0
[INFO] [stderr]    Compiling spl-memo v3.0.1
[INFO] [stderr]    Compiling spl-math v0.1.0
[INFO] [stderr]    Compiling spl-governance-tools v0.1.4
[INFO] [stderr]    Compiling spl-governance-addin-api v0.1.4
[INFO] [stderr]    Compiling spl-governance v3.1.1
[INFO] [stdout] error[E0277]: the trait bound `SignatoryRecordV2: borsh::ser::BorshSerialize` is not satisfied
[INFO] [stdout]   --> /opt/rustwide/cargo-home/registry/src/index.crates.io-6f17d22bba15001f/spl-governance-3.1.1/src/processor/process_add_signatory.rs:57:43
[INFO] [stdout]    |
[INFO] [stdout] 57 |     create_and_serialize_account_signed::<SignatoryRecordV2>(
[INFO] [stdout]    |                                           ^^^^^^^^^^^^^^^^^ the trait `borsh::ser::BorshSerialize` is not implemented for `SignatoryRecordV2`
[INFO] [stdout]    |
[INFO] [stdout]    = help: the following other types implement trait `borsh::ser::BorshSerialize`:
[INFO] [stdout]              &T
[INFO] [stdout]              ()
[INFO] [stdout]              (T0, T1)
[INFO] [stdout]              (T0, T1, T2)
[INFO] [stdout]              (T0, T1, T2, T3)
[INFO] [stdout]              (T0, T1, T2, T3, T4)
[INFO] [stdout]              (T0, T1, T2, T3, T4, T5)
[INFO] [stdout]              (T0, T1, T2, T3, T4, T5, T6)
[INFO] [stdout]            and 78 others
[INFO] [stdout] note: required by a bound in `create_and_serialize_account_signed`
[INFO] [stdout]   --> /opt/rustwide/cargo-home/registry/src/index.crates.io-6f17d22bba15001f/spl-governance-tools-0.1.4/src/account.rs:88:51
[INFO] [stdout]    |
[INFO] [stdout] 88 | pub fn create_and_serialize_account_signed<'a, T: BorshSerialize + AccountMaxSize>(
[INFO] [stdout]    |                                                   ^^^^^^^^^^^^^^ required by this bound in `create_and_serialize_account_signed`
[INFO] [stdout] 
[INFO] [stdout] 
[INFO] [stdout] error[E0277]: the trait bound `VoteRecordV2: borsh::ser::BorshSerialize` is not satisfied
[INFO] [stdout]    --> /opt/rustwide/cargo-home/registry/src/index.crates.io-6f17d22bba15001f/spl-governance-3.1.1/src/processor/process_cast_vote.rs:209:43
[INFO] [stdout]     |
[INFO] [stdout] 209 |     create_and_serialize_account_signed::<VoteRecordV2>(
[INFO] [stdout]     |                                           ^^^^^^^^^^^^ the trait `borsh::ser::BorshSerialize` is not implemented for `VoteRecordV2`
[INFO] [stdout]     |
[INFO] [stdout]     = help: the following other types implement trait `borsh::ser::BorshSerialize`:
[INFO] [stdout]               &T
[INFO] [stdout]               ()
[INFO] [stdout]               (T0, T1)
[INFO] [stdout]               (T0, T1, T2)
[INFO] [stdout]               (T0, T1, T2, T3)
[INFO] [stdout]               (T0, T1, T2, T3, T4)
[INFO] [stdout]               (T0, T1, T2, T3, T4, T5)
[INFO] [stdout]               (T0, T1, T2, T3, T4, T5, T6)
[INFO] [stdout]             and 78 others
[INFO] [stdout] note: required by a bound in `create_and_serialize_account_signed`
[INFO] [stdout]    --> /opt/rustwide/cargo-home/registry/src/index.crates.io-6f17d22bba15001f/spl-governance-tools-0.1.4/src/account.rs:88:51
[INFO] [stdout]     |
[INFO] [stdout] 88  | pub fn create_and_serialize_account_signed<'a, T: BorshSerialize + AccountMaxSize>(
[INFO] [stdout]     |                                                   ^^^^^^^^^^^^^^ required by this bound in `create_and_serialize_account_signed`
[INFO] [stdout] 
[INFO] [stdout] 
[INFO] [stdout] error[E0277]: the trait bound `GovernanceV2: borsh::ser::BorshSerialize` is not satisfied
[INFO] [stdout]   --> /opt/rustwide/cargo-home/registry/src/index.crates.io-6f17d22bba15001f/spl-governance-3.1.1/src/processor/process_create_governance.rs:67:43
[INFO] [stdout]    |
[INFO] [stdout] 67 |     create_and_serialize_account_signed::<GovernanceV2>(
[INFO] [stdout]    |                                           ^^^^^^^^^^^^ the trait `borsh::ser::BorshSerialize` is not implemented for `GovernanceV2`
[INFO] [stdout]    |
[INFO] [stdout]    = help: the following other types implement trait `borsh::ser::BorshSerialize`:
[INFO] [stdout]              &T
[INFO] [stdout]              ()
[INFO] [stdout]              (T0, T1)
[INFO] [stdout]              (T0, T1, T2)
[INFO] [stdout]              (T0, T1, T2, T3)
[INFO] [stdout]              (T0, T1, T2, T3, T4)
[INFO] [stdout]              (T0, T1, T2, T3, T4, T5)
[INFO] [stdout]              (T0, T1, T2, T3, T4, T5, T6)
[INFO] [stdout]            and 78 others
[INFO] [stdout] note: required by a bound in `create_and_serialize_account_signed`
[INFO] [stdout]   --> /opt/rustwide/cargo-home/registry/src/index.crates.io-6f17d22bba15001f/spl-governance-tools-0.1.4/src/account.rs:88:51
[INFO] [stdout]    |
[INFO] [stdout] 88 | pub fn create_and_serialize_account_signed<'a, T: BorshSerialize + AccountMaxSize>(
[INFO] [stdout]    |                                                   ^^^^^^^^^^^^^^ required by this bound in `create_and_serialize_account_signed`
[INFO] [stdout] 
[INFO] [stdout] 
[INFO] [stdout] error[E0277]: the trait bound `GovernanceV2: borsh::ser::BorshSerialize` is not satisfied
[INFO] [stdout]   --> /opt/rustwide/cargo-home/registry/src/index.crates.io-6f17d22bba15001f/spl-governance-3.1.1/src/processor/process_create_mint_governance.rs:77:43
[INFO] [stdout]    |
[INFO] [stdout] 77 |     create_and_serialize_account_signed::<GovernanceV2>(
[INFO] [stdout]    |                                           ^^^^^^^^^^^^ the trait `borsh::ser::BorshSerialize` is not implemented for `GovernanceV2`
[INFO] [stdout]    |
[INFO] [stdout]    = help: the following other types implement trait `borsh::ser::BorshSerialize`:
[INFO] [stdout]              &T
[INFO] [stdout]              ()
[INFO] [stdout]              (T0, T1)
[INFO] [stdout]              (T0, T1, T2)
[INFO] [stdout]              (T0, T1, T2, T3)
[INFO] [stdout]              (T0, T1, T2, T3, T4)
[INFO] [stdout]              (T0, T1, T2, T3, T4, T5)
[INFO] [stdout]              (T0, T1, T2, T3, T4, T5, T6)
[INFO] [stdout]            and 78 others
[INFO] [stdout] note: required by a bound in `create_and_serialize_account_signed`
[INFO] [stdout]   --> /opt/rustwide/cargo-home/registry/src/index.crates.io-6f17d22bba15001f/spl-governance-tools-0.1.4/src/account.rs:88:51
[INFO] [stdout]    |
[INFO] [stdout] 88 | pub fn create_and_serialize_account_signed<'a, T: BorshSerialize + AccountMaxSize>(
[INFO] [stdout]    |                                                   ^^^^^^^^^^^^^^ required by this bound in `create_and_serialize_account_signed`
[INFO] [stdout] 
[INFO] [stdout] 
[INFO] [stdout] error[E0277]: the trait bound `NativeTreasury: borsh::ser::BorshSerialize` is not satisfied
[INFO] [stdout]    --> /opt/rustwide/cargo-home/registry/src/index.crates.io-6f17d22bba15001f/spl-governance-3.1.1/src/processor/process_create_native_treasury.rs:39:9
[INFO] [stdout]     |
[INFO] [stdout] 36  |     create_and_serialize_account_with_owner_signed(
[INFO] [stdout]     |     ---------------------------------------------- required by a bound introduced by this call
[INFO] [stdout] ...
[INFO] [stdout] 39  |         &native_treasury_data,
[INFO] [stdout]     |         ^^^^^^^^^^^^^^^^^^^^^ the trait `borsh::ser::BorshSerialize` is not implemented for `NativeTreasury`
[INFO] [stdout]     |
[INFO] [stdout]     = help: the following other types implement trait `borsh::ser::BorshSerialize`:
[INFO] [stdout]               &T
[INFO] [stdout]               ()
[INFO] [stdout]               (T0, T1)
[INFO] [stdout]               (T0, T1, T2)
[INFO] [stdout]               (T0, T1, T2, T3)
[INFO] [stdout]               (T0, T1, T2, T3, T4)
[INFO] [stdout]               (T0, T1, T2, T3, T4, T5)
[INFO] [stdout]               (T0, T1, T2, T3, T4, T5, T6)
[INFO] [stdout]             and 78 others
[INFO] [stdout] note: required by a bound in `create_and_serialize_account_with_owner_signed`
[INFO] [stdout]    --> /opt/rustwide/cargo-home/registry/src/index.crates.io-6f17d22bba15001f/spl-governance-tools-0.1.4/src/account.rs:115:62
[INFO] [stdout]     |
[INFO] [stdout] 115 | pub fn create_and_serialize_account_with_owner_signed<'a, T: BorshSerialize + AccountMaxSize>(
[INFO] [stdout]     |                                                              ^^^^^^^^^^^^^^ required by this bound in `create_and_serialize_account_with_owner_signed`
[INFO] [stdout] 
[INFO] [stdout] 
[INFO] [stdout] error[E0277]: the trait bound `GovernanceV2: borsh::ser::BorshSerialize` is not satisfied
[INFO] [stdout]   --> /opt/rustwide/cargo-home/registry/src/index.crates.io-6f17d22bba15001f/spl-governance-3.1.1/src/processor/process_create_program_governance.rs:79:43
[INFO] [stdout]    |
[INFO] [stdout] 79 |     create_and_serialize_account_signed::<GovernanceV2>(
[INFO] [stdout]    |                                           ^^^^^^^^^^^^ the trait `borsh::ser::BorshSerialize` is not implemented for `GovernanceV2`
[INFO] [stdout]    |
[INFO] [stdout]    = help: the following other types implement trait `borsh::ser::BorshSerialize`:
[INFO] [stdout]              &T
[INFO] [stdout]              ()
[INFO] [stdout]              (T0, T1)
[INFO] [stdout]              (T0, T1, T2)
[INFO] [stdout]              (T0, T1, T2, T3)
[INFO] [stdout]              (T0, T1, T2, T3, T4)
[INFO] [stdout]              (T0, T1, T2, T3, T4, T5)
[INFO] [stdout]              (T0, T1, T2, T3, T4, T5, T6)
[INFO] [stdout]            and 78 others
[INFO] [stdout] note: required by a bound in `create_and_serialize_account_signed`
[INFO] [stdout]   --> /opt/rustwide/cargo-home/registry/src/index.crates.io-6f17d22bba15001f/spl-governance-tools-0.1.4/src/account.rs:88:51
[INFO] [stdout]    |
[INFO] [stdout] 88 | pub fn create_and_serialize_account_signed<'a, T: BorshSerialize + AccountMaxSize>(
[INFO] [stdout]    |                                                   ^^^^^^^^^^^^^^ required by this bound in `create_and_serialize_account_signed`
[INFO] [stdout] 
[INFO] [stdout] 
[INFO] [stdout] error[E0277]: the trait bound `ProposalV2: borsh::ser::BorshSerialize` is not satisfied
[INFO] [stdout]    --> /opt/rustwide/cargo-home/registry/src/index.crates.io-6f17d22bba15001f/spl-governance-3.1.1/src/processor/process_create_proposal.rs:168:43
[INFO] [stdout]     |
[INFO] [stdout] 168 |     create_and_serialize_account_signed::<ProposalV2>(
[INFO] [stdout]     |                                           ^^^^^^^^^^ the trait `borsh::ser::BorshSerialize` is not implemented for `ProposalV2`
[INFO] [stdout]     |
[INFO] [stdout]     = help: the following other types implement trait `borsh::ser::BorshSerialize`:
[INFO] [stdout]               &T
[INFO] [stdout]               ()
[INFO] [stdout]               (T0, T1)
[INFO] [stdout]               (T0, T1, T2)
[INFO] [stdout]               (T0, T1, T2, T3)
[INFO] [stdout]               (T0, T1, T2, T3, T4)
[INFO] [stdout]               (T0, T1, T2, T3, T4, T5)
[INFO] [stdout]               (T0, T1, T2, T3, T4, T5, T6)
[INFO] [stdout]             and 78 others
[INFO] [stdout] note: required by a bound in `create_and_serialize_account_signed`
[INFO] [stdout]    --> /opt/rustwide/cargo-home/registry/src/index.crates.io-6f17d22bba15001f/spl-governance-tools-0.1.4/src/account.rs:88:51
[INFO] [stdout]     |
[INFO] [stdout] 88  | pub fn create_and_serialize_account_signed<'a, T: BorshSerialize + AccountMaxSize>(
[INFO] [stdout]     |                                                   ^^^^^^^^^^^^^^ required by this bound in `create_and_serialize_account_signed`
[INFO] [stdout] 
[INFO] [stdout] 
[INFO] [stdout] error[E0277]: the trait bound `ProposalDeposit: borsh::ser::BorshSerialize` is not satisfied
[INFO] [stdout]    --> /opt/rustwide/cargo-home/registry/src/index.crates.io-6f17d22bba15001f/spl-governance-3.1.1/src/processor/process_create_proposal.rs:199:47
[INFO] [stdout]     |
[INFO] [stdout] 199 |         create_and_serialize_account_signed::<ProposalDeposit>(
[INFO] [stdout]     |                                               ^^^^^^^^^^^^^^^ the trait `borsh::ser::BorshSerialize` is not implemented for `ProposalDeposit`
[INFO] [stdout]     |
[INFO] [stdout]     = help: the following other types implement trait `borsh::ser::BorshSerialize`:
[INFO] [stdout]               &T
[INFO] [stdout]               ()
[INFO] [stdout]               (T0, T1)
[INFO] [stdout]               (T0, T1, T2)
[INFO] [stdout]               (T0, T1, T2, T3)
[INFO] [stdout]               (T0, T1, T2, T3, T4)
[INFO] [stdout]               (T0, T1, T2, T3, T4, T5)
[INFO] [stdout]               (T0, T1, T2, T3, T4, T5, T6)
[INFO] [stdout]             and 78 others
[INFO] [stdout] note: required by a bound in `create_and_serialize_account_signed`
[INFO] [stdout]    --> /opt/rustwide/cargo-home/registry/src/index.crates.io-6f17d22bba15001f/spl-governance-tools-0.1.4/src/account.rs:88:51
[INFO] [stdout]     |
[INFO] [stdout] 88  | pub fn create_and_serialize_account_signed<'a, T: BorshSerialize + AccountMaxSize>(
[INFO] [stdout]     |                                                   ^^^^^^^^^^^^^^ required by this bound in `create_and_serialize_account_signed`
[INFO] [stdout] 
[INFO] [stdout] 
[INFO] [stdout] error[E0277]: the trait bound `RealmConfigAccount: borsh::ser::BorshSerialize` is not satisfied
[INFO] [stdout]    --> /opt/rustwide/cargo-home/registry/src/index.crates.io-6f17d22bba15001f/spl-governance-3.1.1/src/processor/process_create_realm.rs:113:43
[INFO] [stdout]     |
[INFO] [stdout] 113 |     create_and_serialize_account_signed::<RealmConfigAccount>(
[INFO] [stdout]     |                                           ^^^^^^^^^^^^^^^^^^ the trait `borsh::ser::BorshSerialize` is not implemented for `RealmConfigAccount`
[INFO] [stdout]     |
[INFO] [stdout]     = help: the following other types implement trait `borsh::ser::BorshSerialize`:
[INFO] [stdout]               &T
[INFO] [stdout]               ()
[INFO] [stdout]               (T0, T1)
[INFO] [stdout]               (T0, T1, T2)
[INFO] [stdout]               (T0, T1, T2, T3)
[INFO] [stdout]               (T0, T1, T2, T3, T4)
[INFO] [stdout]               (T0, T1, T2, T3, T4, T5)
[INFO] [stdout]               (T0, T1, T2, T3, T4, T5, T6)
[INFO] [stdout]             and 78 others
[INFO] [stdout] note: required by a bound in `create_and_serialize_account_signed`
[INFO] [stdout]    --> /opt/rustwide/cargo-home/registry/src/index.crates.io-6f17d22bba15001f/spl-governance-tools-0.1.4/src/account.rs:88:51
[INFO] [stdout]     |
[INFO] [stdout] 88  | pub fn create_and_serialize_account_signed<'a, T: BorshSerialize + AccountMaxSize>(
[INFO] [stdout]     |                                                   ^^^^^^^^^^^^^^ required by this bound in `create_and_serialize_account_signed`
[INFO] [stdout] 
[INFO] [stdout] 
[INFO] [stdout] error[E0277]: the trait bound `RealmV2: borsh::ser::BorshSerialize` is not satisfied
[INFO] [stdout]    --> /opt/rustwide/cargo-home/registry/src/index.crates.io-6f17d22bba15001f/spl-governance-3.1.1/src/processor/process_create_realm.rs:146:43
[INFO] [stdout]     |
[INFO] [stdout] 146 |     create_and_serialize_account_signed::<RealmV2>(
[INFO] [stdout]     |                                           ^^^^^^^ the trait `borsh::ser::BorshSerialize` is not implemented for `RealmV2`
[INFO] [stdout]     |
[INFO] [stdout]     = help: the following other types implement trait `borsh::ser::BorshSerialize`:
[INFO] [stdout]               &T
[INFO] [stdout]               ()
[INFO] [stdout]               (T0, T1)
[INFO] [stdout]               (T0, T1, T2)
[INFO] [stdout]               (T0, T1, T2, T3)
[INFO] [stdout]               (T0, T1, T2, T3, T4)
[INFO] [stdout]               (T0, T1, T2, T3, T4, T5)
[INFO] [stdout]               (T0, T1, T2, T3, T4, T5, T6)
[INFO] [stdout]             and 78 others
[INFO] [stdout] note: required by a bound in `create_and_serialize_account_signed`
[INFO] [stdout]    --> /opt/rustwide/cargo-home/registry/src/index.crates.io-6f17d22bba15001f/spl-governance-tools-0.1.4/src/account.rs:88:51
[INFO] [stdout]     |
[INFO] [stdout] 88  | pub fn create_and_serialize_account_signed<'a, T: BorshSerialize + AccountMaxSize>(
[INFO] [stdout]     |                                                   ^^^^^^^^^^^^^^ required by this bound in `create_and_serialize_account_signed`
[INFO] [stdout] 
[INFO] [stdout] 
[INFO] [stdout] error[E0277]: the trait bound `GovernanceV2: borsh::ser::BorshSerialize` is not satisfied
[INFO] [stdout]   --> /opt/rustwide/cargo-home/registry/src/index.crates.io-6f17d22bba15001f/spl-governance-3.1.1/src/processor/process_create_token_governance.rs:77:43
[INFO] [stdout]    |
[INFO] [stdout] 77 |     create_and_serialize_account_signed::<GovernanceV2>(
[INFO] [stdout]    |                                           ^^^^^^^^^^^^ the trait `borsh::ser::BorshSerialize` is not implemented for `GovernanceV2`
[INFO] [stdout]    |
[INFO] [stdout]    = help: the following other types implement trait `borsh::ser::BorshSerialize`:
[INFO] [stdout]              &T
[INFO] [stdout]              ()
[INFO] [stdout]              (T0, T1)
[INFO] [stdout]              (T0, T1, T2)
[INFO] [stdout]              (T0, T1, T2, T3)
[INFO] [stdout]              (T0, T1, T2, T3, T4)
[INFO] [stdout]              (T0, T1, T2, T3, T4, T5)
[INFO] [stdout]              (T0, T1, T2, T3, T4, T5, T6)
[INFO] [stdout]            and 78 others
[INFO] [stdout] note: required by a bound in `create_and_serialize_account_signed`
[INFO] [stdout]   --> /opt/rustwide/cargo-home/registry/src/index.crates.io-6f17d22bba15001f/spl-governance-tools-0.1.4/src/account.rs:88:51
[INFO] [stdout]    |
[INFO] [stdout] 88 | pub fn create_and_serialize_account_signed<'a, T: BorshSerialize + AccountMaxSize>(
[INFO] [stdout]    |                                                   ^^^^^^^^^^^^^^ required by this bound in `create_and_serialize_account_signed`
[INFO] [stdout] 
[INFO] [stdout] 
[INFO] [stdout] error[E0277]: the trait bound `TokenOwnerRecordV2: borsh::ser::BorshSerialize` is not satisfied
[INFO] [stdout]   --> /opt/rustwide/cargo-home/registry/src/index.crates.io-6f17d22bba15001f/spl-governance-3.1.1/src/processor/process_create_token_owner_record.rs:63:9
[INFO] [stdout]    |
[INFO] [stdout] 60 |     create_and_serialize_account_signed(
[INFO] [stdout]    |     ----------------------------------- required by a bound introduced by this call
[INFO] [stdout] ...
[INFO] [stdout] 63 |         &token_owner_record_data,
[INFO] [stdout]    |         ^^^^^^^^^^^^^^^^^^^^^^^^ the trait `borsh::ser::BorshSerialize` is not implemented for `TokenOwnerRecordV2`
[INFO] [stdout]    |
[INFO] [stdout]    = help: the following other types implement trait `borsh::ser::BorshSerialize`:
[INFO] [stdout]              &T
[INFO] [stdout]              ()
[INFO] [stdout]              (T0, T1)
[INFO] [stdout]              (T0, T1, T2)
[INFO] [stdout]              (T0, T1, T2, T3)
[INFO] [stdout]              (T0, T1, T2, T3, T4)
[INFO] [stdout]              (T0, T1, T2, T3, T4, T5)
[INFO] [stdout]              (T0, T1, T2, T3, T4, T5, T6)
[INFO] [stdout]            and 78 others
[INFO] [stdout] note: required by a bound in `create_and_serialize_account_signed`
[INFO] [stdout]   --> /opt/rustwide/cargo-home/registry/src/index.crates.io-6f17d22bba15001f/spl-governance-tools-0.1.4/src/account.rs:88:51
[INFO] [stdout]    |
[INFO] [stdout] 88 | pub fn create_and_serialize_account_signed<'a, T: BorshSerialize + AccountMaxSize>(
[INFO] [stdout]    |                                                   ^^^^^^^^^^^^^^ required by this bound in `create_and_serialize_account_signed`
[INFO] [stdout] 
[INFO] [stdout] 
[INFO] [stdout] error[E0277]: the trait bound `TokenOwnerRecordV2: borsh::ser::BorshSerialize` is not satisfied
[INFO] [stdout]    --> /opt/rustwide/cargo-home/registry/src/index.crates.io-6f17d22bba15001f/spl-governance-3.1.1/src/processor/process_deposit_governing_tokens.rs:116:13
[INFO] [stdout]     |
[INFO] [stdout] 113 |         create_and_serialize_account_signed(
[INFO] [stdout]     |         ----------------------------------- required by a bound introduced by this call
[INFO] [stdout] ...
[INFO] [stdout] 116 |             &token_owner_record_data,
[INFO] [stdout]     |             ^^^^^^^^^^^^^^^^^^^^^^^^ the trait `borsh::ser::BorshSerialize` is not implemented for `TokenOwnerRecordV2`
[INFO] [stdout]     |
[INFO] [stdout]     = help: the following other types implement trait `borsh::ser::BorshSerialize`:
[INFO] [stdout]               &T
[INFO] [stdout]               ()
[INFO] [stdout]               (T0, T1)
[INFO] [stdout]               (T0, T1, T2)
[INFO] [stdout]               (T0, T1, T2, T3)
[INFO] [stdout]               (T0, T1, T2, T3, T4)
[INFO] [stdout]               (T0, T1, T2, T3, T4, T5)
[INFO] [stdout]               (T0, T1, T2, T3, T4, T5, T6)
[INFO] [stdout]             and 78 others
[INFO] [stdout] note: required by a bound in `create_and_serialize_account_signed`
[INFO] [stdout]    --> /opt/rustwide/cargo-home/registry/src/index.crates.io-6f17d22bba15001f/spl-governance-tools-0.1.4/src/account.rs:88:51
[INFO] [stdout]     |
[INFO] [stdout] 88  | pub fn create_and_serialize_account_signed<'a, T: BorshSerialize + AccountMaxSize>(
[INFO] [stdout]     |                                                   ^^^^^^^^^^^^^^ required by this bound in `create_and_serialize_account_signed`
[INFO] [stdout] 
[INFO] [stdout] 
[INFO] [stdout] error[E0277]: the trait bound `ProposalTransactionV2: borsh::ser::BorshSerialize` is not satisfied
[INFO] [stdout]    --> /opt/rustwide/cargo-home/registry/src/index.crates.io-6f17d22bba15001f/spl-governance-3.1.1/src/processor/process_insert_transaction.rs:100:43
[INFO] [stdout]     |
[INFO] [stdout] 100 |     create_and_serialize_account_signed::<ProposalTransactionV2>(
[INFO] [stdout]     |                                           ^^^^^^^^^^^^^^^^^^^^^ the trait `borsh::ser::BorshSerialize` is not implemented for `ProposalTransactionV2`
[INFO] [stdout]     |
[INFO] [stdout]     = help: the following other types implement trait `borsh::ser::BorshSerialize`:
[INFO] [stdout]               &T
[INFO] [stdout]               ()
[INFO] [stdout]               (T0, T1)
[INFO] [stdout]               (T0, T1, T2)
[INFO] [stdout]               (T0, T1, T2, T3)
[INFO] [stdout]               (T0, T1, T2, T3, T4)
[INFO] [stdout]               (T0, T1, T2, T3, T4, T5)
[INFO] [stdout]               (T0, T1, T2, T3, T4, T5, T6)
[INFO] [stdout]             and 78 others
[INFO] [stdout] note: required by a bound in `create_and_serialize_account_signed`
[INFO] [stdout]    --> /opt/rustwide/cargo-home/registry/src/index.crates.io-6f17d22bba15001f/spl-governance-tools-0.1.4/src/account.rs:88:51
[INFO] [stdout]     |
[INFO] [stdout] 88  | pub fn create_and_serialize_account_signed<'a, T: BorshSerialize + AccountMaxSize>(
[INFO] [stdout]     |                                                   ^^^^^^^^^^^^^^ required by this bound in `create_and_serialize_account_signed`
[INFO] [stdout] 
[INFO] [stdout] 
[INFO] [stdout] error[E0277]: the trait bound `RealmConfigAccount: borsh::ser::BorshSerialize` is not satisfied
[INFO] [stdout]    --> /opt/rustwide/cargo-home/registry/src/index.crates.io-6f17d22bba15001f/spl-governance-3.1.1/src/processor/process_set_realm_config.rs:103:47
[INFO] [stdout]     |
[INFO] [stdout] 103 |         create_and_serialize_account_signed::<RealmConfigAccount>(
[INFO] [stdout]     |                                               ^^^^^^^^^^^^^^^^^^ the trait `borsh::ser::BorshSerialize` is not implemented for `RealmConfigAccount`
[INFO] [stdout]     |
[INFO] [stdout]     = help: the following other types implement trait `borsh::ser::BorshSerialize`:
[INFO] [stdout]               &T
[INFO] [stdout]               ()
[INFO] [stdout]               (T0, T1)
[INFO] [stdout]               (T0, T1, T2)
[INFO] [stdout]               (T0, T1, T2, T3)
[INFO] [stdout]               (T0, T1, T2, T3, T4)
[INFO] [stdout]               (T0, T1, T2, T3, T4, T5)
[INFO] [stdout]               (T0, T1, T2, T3, T4, T5, T6)
[INFO] [stdout]             and 78 others
[INFO] [stdout] note: required by a bound in `create_and_serialize_account_signed`
[INFO] [stdout]    --> /opt/rustwide/cargo-home/registry/src/index.crates.io-6f17d22bba15001f/spl-governance-tools-0.1.4/src/account.rs:88:51
[INFO] [stdout]     |
[INFO] [stdout] 88  | pub fn create_and_serialize_account_signed<'a, T: BorshSerialize + AccountMaxSize>(
[INFO] [stdout]     |                                                   ^^^^^^^^^^^^^^ required by this bound in `create_and_serialize_account_signed`
[INFO] [stdout] 
[INFO] [stdout] 
[INFO] [stdout] error[E0277]: the trait bound `ProgramMetadata: borsh::ser::BorshSerialize` is not satisfied
[INFO] [stdout]   --> /opt/rustwide/cargo-home/registry/src/index.crates.io-6f17d22bba15001f/spl-governance-3.1.1/src/processor/process_update_program_metadata.rs:49:13
[INFO] [stdout]    |
[INFO] [stdout] 46 |         create_and_serialize_account_signed(
[INFO] [stdout]    |         ----------------------------------- required by a bound introduced by this call
[INFO] [stdout] ...
[INFO] [stdout] 49 |             &program_metadata_data,
[INFO] [stdout]    |             ^^^^^^^^^^^^^^^^^^^^^^ the trait `borsh::ser::BorshSerialize` is not implemented for `ProgramMetadata`
[INFO] [stdout]    |
[INFO] [stdout]    = help: the following other types implement trait `borsh::ser::BorshSerialize`:
[INFO] [stdout]              &T
[INFO] [stdout]              ()
[INFO] [stdout]              (T0, T1)
[INFO] [stdout]              (T0, T1, T2)
[INFO] [stdout]              (T0, T1, T2, T3)
[INFO] [stdout]              (T0, T1, T2, T3, T4)
[INFO] [stdout]              (T0, T1, T2, T3, T4, T5)
[INFO] [stdout]              (T0, T1, T2, T3, T4, T5, T6)
[INFO] [stdout]            and 78 others
[INFO] [stdout] note: required by a bound in `create_and_serialize_account_signed`
[INFO] [stdout]   --> /opt/rustwide/cargo-home/registry/src/index.crates.io-6f17d22bba15001f/spl-governance-tools-0.1.4/src/account.rs:88:51
[INFO] [stdout]    |
[INFO] [stdout] 88 | pub fn create_and_serialize_account_signed<'a, T: BorshSerialize + AccountMaxSize>(
[INFO] [stdout]    |                                                   ^^^^^^^^^^^^^^ required by this bound in `create_and_serialize_account_signed`
[INFO] [stdout] 
[INFO] [stdout] 
[INFO] [stdout] error[E0277]: the trait bound `GovernanceInstruction: borsh::de::BorshDeserialize` is not satisfied
[INFO] [stdout]   --> /opt/rustwide/cargo-home/registry/src/index.crates.io-6f17d22bba15001f/spl-governance-3.1.1/src/processor/mod.rs:79:9
[INFO] [stdout]    |
[INFO] [stdout] 79 |         try_from_slice_unchecked(input).map_err(|_| ProgramError::InvalidInstructionData)?;
[INFO] [stdout]    |         ^^^^^^^^^^^^^^^^^^^^^^^^^^^^^^^ the trait `borsh::de::BorshDeserialize` is not implemented for `GovernanceInstruction`
[INFO] [stdout]    |
[INFO] [stdout]    = help: the following other types implement trait `borsh::de::BorshDeserialize`:
[INFO] [stdout]              ()
[INFO] [stdout]              (T0, T1)
[INFO] [stdout]              (T0, T1, T2)
[INFO] [stdout]              (T0, T1, T2, T3)
[INFO] [stdout]              (T0, T1, T2, T3, T4)
[INFO] [stdout]              (T0, T1, T2, T3, T4, T5)
[INFO] [stdout]              (T0, T1, T2, T3, T4, T5, T6)
[INFO] [stdout]              (T0, T1, T2, T3, T4, T5, T6, T7)
[INFO] [stdout]            and 75 others
[INFO] [stdout] note: required by a bound in `solana_program::borsh::try_from_slice_unchecked`
[INFO] [stdout]   --> /opt/rustwide/cargo-home/registry/src/index.crates.io-6f17d22bba15001f/solana-program-1.18.26/src/borsh.rs:39:36
[INFO] [stdout]    |
[INFO] [stdout] 39 | pub fn try_from_slice_unchecked<T: BorshDeserialize>(data: &[u8]) -> Result<T, Error> {
[INFO] [stdout]    |                                    ^^^^^^^^^^^^^^^^ required by this bound in `try_from_slice_unchecked`
[INFO] [stdout] 
[INFO] [stdout] 
[INFO] [stdout] error[E0277]: the trait bound `GovernanceAccountType: borsh::de::BorshDeserialize` is not satisfied
[INFO] [stdout]    --> /opt/rustwide/cargo-home/registry/src/index.crates.io-6f17d22bba15001f/spl-governance-3.1.1/src/state/governance.rs:379:47
[INFO] [stdout]     |
[INFO] [stdout] 379 |     let account_type: GovernanceAccountType = get_account_type(program_id, governance_info)?;
[INFO] [stdout]     |                                               ^^^^^^^^^^^^^^^^^^^^^^^^^^^^^^^^^^^^^^^^^^^^^ the trait `borsh::de::BorshDeserialize` is not implemented for `GovernanceAccountType`
[INFO] [stdout]     |
[INFO] [stdout]     = help: the following other types implement trait `borsh::de::BorshDeserialize`:
[INFO] [stdout]               ()
[INFO] [stdout]               (T0, T1)
[INFO] [stdout]               (T0, T1, T2)
[INFO] [stdout]               (T0, T1, T2, T3)
[INFO] [stdout]               (T0, T1, T2, T3, T4)
[INFO] [stdout]               (T0, T1, T2, T3, T4, T5)
[INFO] [stdout]               (T0, T1, T2, T3, T4, T5, T6)
[INFO] [stdout]               (T0, T1, T2, T3, T4, T5, T6, T7)
[INFO] [stdout]             and 75 others
[INFO] [stdout] note: required by a bound in `get_account_type`
[INFO] [stdout]    --> /opt/rustwide/cargo-home/registry/src/index.crates.io-6f17d22bba15001f/spl-governance-tools-0.1.4/src/account.rs:239:28
[INFO] [stdout]     |
[INFO] [stdout] 239 | pub fn get_account_type<T: BorshDeserialize>(
[INFO] [stdout]     |                            ^^^^^^^^^^^^^^^^ required by this bound in `get_account_type`
[INFO] [stdout] 
[INFO] [stdout] 
[INFO] [stdout] error[E0277]: the trait bound `GovernanceV1: borsh::de::BorshDeserialize` is not satisfied
[INFO] [stdout]    --> /opt/rustwide/cargo-home/registry/src/index.crates.io-6f17d22bba15001f/spl-governance-3.1.1/src/state/governance.rs:383:53
[INFO] [stdout]     |
[INFO] [stdout] 383 |         let governance_data_v1 = get_account_data::<GovernanceV1>(program_id, governance_info)?;
[INFO] [stdout]     |                                                     ^^^^^^^^^^^^ the trait `borsh::de::BorshDeserialize` is not implemented for `GovernanceV1`
[INFO] [stdout]     |
[INFO] [stdout]     = help: the following other types implement trait `borsh::de::BorshDeserialize`:
[INFO] [stdout]               ()
[INFO] [stdout]               (T0, T1)
[INFO] [stdout]               (T0, T1, T2)
[INFO] [stdout]               (T0, T1, T2, T3)
[INFO] [stdout]               (T0, T1, T2, T3, T4)
[INFO] [stdout]               (T0, T1, T2, T3, T4, T5)
[INFO] [stdout]               (T0, T1, T2, T3, T4, T5, T6)
[INFO] [stdout]               (T0, T1, T2, T3, T4, T5, T6, T7)
[INFO] [stdout]             and 75 others
[INFO] [stdout] note: required by a bound in `get_account_data`
[INFO] [stdout]    --> /opt/rustwide/cargo-home/registry/src/index.crates.io-6f17d22bba15001f/spl-governance-tools-0.1.4/src/account.rs:218:28
[INFO] [stdout]     |
[INFO] [stdout] 218 | pub fn get_account_data<T: BorshDeserialize + IsInitialized>(
[INFO] [stdout]     |                            ^^^^^^^^^^^^^^^^ required by this bound in `get_account_data`
[INFO] [stdout] 
[INFO] [stdout] 
[INFO] [stdout] error[E0277]: the trait bound `GovernanceV2: borsh::de::BorshDeserialize` is not satisfied
[INFO] [stdout]    --> /opt/rustwide/cargo-home/registry/src/index.crates.io-6f17d22bba15001f/spl-governance-3.1.1/src/state/governance.rs:397:28
[INFO] [stdout]     |
[INFO] [stdout] 397 |         get_account_data::<GovernanceV2>(program_id, governance_info)?
[INFO] [stdout]     |                            ^^^^^^^^^^^^ the trait `borsh::de::BorshDeserialize` is not implemented for `GovernanceV2`
[INFO] [stdout]     |
[INFO] [stdout]     = help: the following other types implement trait `borsh::de::BorshDeserialize`:
[INFO] [stdout]               ()
[INFO] [stdout]               (T0, T1)
[INFO] [stdout]               (T0, T1, T2)
[INFO] [stdout]               (T0, T1, T2, T3)
[INFO] [stdout]               (T0, T1, T2, T3, T4)
[INFO] [stdout]               (T0, T1, T2, T3, T4, T5)
[INFO] [stdout]               (T0, T1, T2, T3, T4, T5, T6)
[INFO] [stdout]               (T0, T1, T2, T3, T4, T5, T6, T7)
[INFO] [stdout]             and 75 others
[INFO] [stdout] note: required by a bound in `get_account_data`
[INFO] [stdout]    --> /opt/rustwide/cargo-home/registry/src/index.crates.io-6f17d22bba15001f/spl-governance-tools-0.1.4/src/account.rs:218:28
[INFO] [stdout]     |
[INFO] [stdout] 218 | pub fn get_account_data<T: BorshDeserialize + IsInitialized>(
[INFO] [stdout]     |                            ^^^^^^^^^^^^^^^^ required by this bound in `get_account_data`
[INFO] [stdout] 
[INFO] [stdout] 
[INFO] [stdout] error[E0277]: the trait bound `GovernanceAccountType: borsh::de::BorshDeserialize` is not satisfied
[INFO] [stdout]    --> /opt/rustwide/cargo-home/registry/src/index.crates.io-6f17d22bba15001f/spl-governance-3.1.1/src/state/governance.rs:564:5
[INFO] [stdout]     |
[INFO] [stdout] 564 |     assert_is_valid_account_of_types(program_id, governance_info, is_governance_account_type)
[INFO] [stdout]     |     ^^^^^^^^^^^^^^^^^^^^^^^^^^^^^^^^^^^^^^^^^^^^^^^^^^^^^^^^^^^^^^^^^^^^^^^^^^^^^^^^^^^^^^^^^ the trait `borsh::de::BorshDeserialize` is not implemented for `GovernanceAccountType`
[INFO] [stdout]     |
[INFO] [stdout]     = help: the following other types implement trait `borsh::de::BorshDeserialize`:
[INFO] [stdout]               ()
[INFO] [stdout]               (T0, T1)
[INFO] [stdout]               (T0, T1, T2)
[INFO] [stdout]               (T0, T1, T2, T3)
[INFO] [stdout]               (T0, T1, T2, T3, T4)
[INFO] [stdout]               (T0, T1, T2, T3, T4, T5)
[INFO] [stdout]               (T0, T1, T2, T3, T4, T5, T6)
[INFO] [stdout]               (T0, T1, T2, T3, T4, T5, T6, T7)
[INFO] [stdout]             and 75 others
[INFO] [stdout] note: required by a bound in `assert_is_valid_account_of_types`
[INFO] [stdout]    --> /opt/rustwide/cargo-home/registry/src/index.crates.io-6f17d22bba15001f/spl-governance-tools-0.1.4/src/account.rs:271:44
[INFO] [stdout]     |
[INFO] [stdout] 271 | pub fn assert_is_valid_account_of_types<T: BorshDeserialize + PartialEq, F: Fn(&T) -> bool>(
[INFO] [stdout]     |                                            ^^^^^^^^^^^^^^^^ required by this bound in `assert_is_valid_account_of_types`
[INFO] [stdout] 
[INFO] [stdout] 
[INFO] [stdout] error[E0277]: the trait bound `ProgramMetadata: borsh::de::BorshDeserialize` is not satisfied
[INFO] [stdout]    --> /opt/rustwide/cargo-home/registry/src/index.crates.io-6f17d22bba15001f/spl-governance-3.1.1/src/state/program_metadata.rs:56:24
[INFO] [stdout]     |
[INFO] [stdout] 56  |     get_account_data::<ProgramMetadata>(program_id, program_metadata_info)
[INFO] [stdout]     |                        ^^^^^^^^^^^^^^^ the trait `borsh::de::BorshDeserialize` is not implemented for `ProgramMetadata`
[INFO] [stdout]     |
[INFO] [stdout]     = help: the following other types implement trait `borsh::de::BorshDeserialize`:
[INFO] [stdout]               ()
[INFO] [stdout]               (T0, T1)
[INFO] [stdout]               (T0, T1, T2)
[INFO] [stdout]               (T0, T1, T2, T3)
[INFO] [stdout]               (T0, T1, T2, T3, T4)
[INFO] [stdout]               (T0, T1, T2, T3, T4, T5)
[INFO] [stdout]               (T0, T1, T2, T3, T4, T5, T6)
[INFO] [stdout]               (T0, T1, T2, T3, T4, T5, T6, T7)
[INFO] [stdout]             and 75 others
[INFO] [stdout] note: required by a bound in `get_account_data`
[INFO] [stdout]    --> /opt/rustwide/cargo-home/registry/src/index.crates.io-6f17d22bba15001f/spl-governance-tools-0.1.4/src/account.rs:218:28
[INFO] [stdout]     |
[INFO] [stdout] 218 | pub fn get_account_data<T: BorshDeserialize + IsInitialized>(
[INFO] [stdout]     |                            ^^^^^^^^^^^^^^^^ required by this bound in `get_account_data`
[INFO] [stdout] 
[INFO] [stdout] 
[INFO] [stdout] error[E0277]: the trait bound `GovernanceAccountType: borsh::de::BorshDeserialize` is not satisfied
[INFO] [stdout]     --> /opt/rustwide/cargo-home/registry/src/index.crates.io-6f17d22bba15001f/spl-governance-3.1.1/src/state/proposal.rs:1046:47
[INFO] [stdout]      |
[INFO] [stdout] 1046 |     let account_type: GovernanceAccountType = get_account_type(program_id, proposal_info)?;
[INFO] [stdout]      |                                               ^^^^^^^^^^^^^^^^^^^^^^^^^^^^^^^^^^^^^^^^^^^ the trait `borsh::de::BorshDeserialize` is not implemented for `GovernanceAccountType`
[INFO] [stdout]      |
[INFO] [stdout]      = help: the following other types implement trait `borsh::de::BorshDeserialize`:
[INFO] [stdout]                ()
[INFO] [stdout]                (T0, T1)
[INFO] [stdout]                (T0, T1, T2)
[INFO] [stdout]                (T0, T1, T2, T3)
[INFO] [stdout]                (T0, T1, T2, T3, T4)
[INFO] [stdout]                (T0, T1, T2, T3, T4, T5)
[INFO] [stdout]                (T0, T1, T2, T3, T4, T5, T6)
[INFO] [stdout]                (T0, T1, T2, T3, T4, T5, T6, T7)
[INFO] [stdout]              and 75 others
[INFO] [stdout] note: required by a bound in `get_account_type`
[INFO] [stdout]     --> /opt/rustwide/cargo-home/registry/src/index.crates.io-6f17d22bba15001f/spl-governance-tools-0.1.4/src/account.rs:239:28
[INFO] [stdout]      |
[INFO] [stdout] 239  | pub fn get_account_type<T: BorshDeserialize>(
[INFO] [stdout]      |                            ^^^^^^^^^^^^^^^^ required by this bound in `get_account_type`
[INFO] [stdout] 
[INFO] [stdout] 
[INFO] [stdout] error[E0277]: the trait bound `ProposalV1: borsh::de::BorshDeserialize` is not satisfied
[INFO] [stdout]     --> /opt/rustwide/cargo-home/registry/src/index.crates.io-6f17d22bba15001f/spl-governance-3.1.1/src/state/proposal.rs:1050:51
[INFO] [stdout]      |
[INFO] [stdout] 1050 |         let proposal_data_v1 = get_account_data::<ProposalV1>(program_id, proposal_info)?;
[INFO] [stdout]      |                                                   ^^^^^^^^^^ the trait `borsh::de::BorshDeserialize` is not implemented for `ProposalV1`
[INFO] [stdout]      |
[INFO] [stdout]      = help: the following other types implement trait `borsh::de::BorshDeserialize`:
[INFO] [stdout]                ()
[INFO] [stdout]                (T0, T1)
[INFO] [stdout]                (T0, T1, T2)
[INFO] [stdout]                (T0, T1, T2, T3)
[INFO] [stdout]                (T0, T1, T2, T3, T4)
[INFO] [stdout]                (T0, T1, T2, T3, T4, T5)
[INFO] [stdout]                (T0, T1, T2, T3, T4, T5, T6)
[INFO] [stdout]                (T0, T1, T2, T3, T4, T5, T6, T7)
[INFO] [stdout]              and 75 others
[INFO] [stdout] note: required by a bound in `get_account_data`
[INFO] [stdout]     --> /opt/rustwide/cargo-home/registry/src/index.crates.io-6f17d22bba15001f/spl-governance-tools-0.1.4/src/account.rs:218:28
[INFO] [stdout]      |
[INFO] [stdout] 218  | pub fn get_account_data<T: BorshDeserialize + IsInitialized>(
[INFO] [stdout]      |                            ^^^^^^^^^^^^^^^^ required by this bound in `get_account_data`
[INFO] [stdout] 
[INFO] [stdout] 
[INFO] [stdout] error[E0277]: the trait bound `ProposalV2: borsh::de::BorshDeserialize` is not satisfied
[INFO] [stdout]     --> /opt/rustwide/cargo-home/registry/src/index.crates.io-6f17d22bba15001f/spl-governance-3.1.1/src/state/proposal.rs:1103:24
[INFO] [stdout]      |
[INFO] [stdout] 1103 |     get_account_data::<ProposalV2>(program_id, proposal_info)
[INFO] [stdout]      |                        ^^^^^^^^^^ the trait `borsh::de::BorshDeserialize` is not implemented for `ProposalV2`
[INFO] [stdout]      |
[INFO] [stdout]      = help: the following other types implement trait `borsh::de::BorshDeserialize`:
[INFO] [stdout]                ()
[INFO] [stdout]                (T0, T1)
[INFO] [stdout]                (T0, T1, T2)
[INFO] [stdout]                (T0, T1, T2, T3)
[INFO] [stdout]                (T0, T1, T2, T3, T4)
[INFO] [stdout]                (T0, T1, T2, T3, T4, T5)
[INFO] [stdout]                (T0, T1, T2, T3, T4, T5, T6)
[INFO] [stdout]                (T0, T1, T2, T3, T4, T5, T6, T7)
[INFO] [stdout]              and 75 others
[INFO] [stdout] note: required by a bound in `get_account_data`
[INFO] [stdout]     --> /opt/rustwide/cargo-home/registry/src/index.crates.io-6f17d22bba15001f/spl-governance-tools-0.1.4/src/account.rs:218:28
[INFO] [stdout]      |
[INFO] [stdout] 218  | pub fn get_account_data<T: BorshDeserialize + IsInitialized>(
[INFO] [stdout]      |                            ^^^^^^^^^^^^^^^^ required by this bound in `get_account_data`
[INFO] [stdout] 
[INFO] [stdout] 
[INFO] [stdout] error[E0277]: the trait bound `ProposalDeposit: borsh::de::BorshDeserialize` is not satisfied
[INFO] [stdout]    --> /opt/rustwide/cargo-home/registry/src/index.crates.io-6f17d22bba15001f/spl-governance-3.1.1/src/state/proposal_deposit.rs:71:24
[INFO] [stdout]     |
[INFO] [stdout] 71  |     get_account_data::<ProposalDeposit>(program_id, proposal_deposit_info)
[INFO] [stdout]     |                        ^^^^^^^^^^^^^^^ the trait `borsh::de::BorshDeserialize` is not implemented for `ProposalDeposit`
[INFO] [stdout]     |
[INFO] [stdout]     = help: the following other types implement trait `borsh::de::BorshDeserialize`:
[INFO] [stdout]               ()
[INFO] [stdout]               (T0, T1)
[INFO] [stdout]               (T0, T1, T2)
[INFO] [stdout]               (T0, T1, T2, T3)
[INFO] [stdout]               (T0, T1, T2, T3, T4)
[INFO] [stdout]               (T0, T1, T2, T3, T4, T5)
[INFO] [stdout]               (T0, T1, T2, T3, T4, T5, T6)
[INFO] [stdout]               (T0, T1, T2, T3, T4, T5, T6, T7)
[INFO] [stdout]             and 75 others
[INFO] [stdout] note: required by a bound in `get_account_data`
[INFO] [stdout]    --> /opt/rustwide/cargo-home/registry/src/index.crates.io-6f17d22bba15001f/spl-governance-tools-0.1.4/src/account.rs:218:28
[INFO] [stdout]     |
[INFO] [stdout] 218 | pub fn get_account_data<T: BorshDeserialize + IsInitialized>(
[INFO] [stdout]     |                            ^^^^^^^^^^^^^^^^ required by this bound in `get_account_data`
[INFO] [stdout] 
[INFO] [stdout] 
[INFO] [stdout] error[E0277]: the trait bound `GovernanceAccountType: borsh::de::BorshDeserialize` is not satisfied
[INFO] [stdout]    --> /opt/rustwide/cargo-home/registry/src/index.crates.io-6f17d22bba15001f/spl-governance-3.1.1/src/state/proposal_transaction.rs:209:9
[INFO] [stdout]     |
[INFO] [stdout] 209 |         get_account_type(program_id, proposal_transaction_info)?;
[INFO] [stdout]     |         ^^^^^^^^^^^^^^^^^^^^^^^^^^^^^^^^^^^^^^^^^^^^^^^^^^^^^^^ the trait `borsh::de::BorshDeserialize` is not implemented for `GovernanceAccountType`
[INFO] [stdout]     |
[INFO] [stdout]     = help: the following other types implement trait `borsh::de::BorshDeserialize`:
[INFO] [stdout]               ()
[INFO] [stdout]               (T0, T1)
[INFO] [stdout]               (T0, T1, T2)
[INFO] [stdout]               (T0, T1, T2, T3)
[INFO] [stdout]               (T0, T1, T2, T3, T4)
[INFO] [stdout]               (T0, T1, T2, T3, T4, T5)
[INFO] [stdout]               (T0, T1, T2, T3, T4, T5, T6)
[INFO] [stdout]               (T0, T1, T2, T3, T4, T5, T6, T7)
[INFO] [stdout]             and 75 others
[INFO] [stdout] note: required by a bound in `get_account_type`
[INFO] [stdout]    --> /opt/rustwide/cargo-home/registry/src/index.crates.io-6f17d22bba15001f/spl-governance-tools-0.1.4/src/account.rs:239:28
[INFO] [stdout]     |
[INFO] [stdout] 239 | pub fn get_account_type<T: BorshDeserialize>(
[INFO] [stdout]     |                            ^^^^^^^^^^^^^^^^ required by this bound in `get_account_type`
[INFO] [stdout] 
[INFO] [stdout] 
[INFO] [stdout] error[E0277]: the trait bound `ProposalInstructionV1: borsh::de::BorshDeserialize` is not satisfied
[INFO] [stdout]    --> /opt/rustwide/cargo-home/registry/src/index.crates.io-6f17d22bba15001f/spl-governance-3.1.1/src/state/proposal_transaction.rs:214:32
[INFO] [stdout]     |
[INFO] [stdout] 214 |             get_account_data::<ProposalInstructionV1>(program_id, proposal_transaction_info)?;
[INFO] [stdout]     |                                ^^^^^^^^^^^^^^^^^^^^^ the trait `borsh::de::BorshDeserialize` is not implemented for `ProposalInstructionV1`
[INFO] [stdout]     |
[INFO] [stdout]     = help: the following other types implement trait `borsh::de::BorshDeserialize`:
[INFO] [stdout]               ()
[INFO] [stdout]               (T0, T1)
[INFO] [stdout]               (T0, T1, T2)
[INFO] [stdout]               (T0, T1, T2, T3)
[INFO] [stdout]               (T0, T1, T2, T3, T4)
[INFO] [stdout]               (T0, T1, T2, T3, T4, T5)
[INFO] [stdout]               (T0, T1, T2, T3, T4, T5, T6)
[INFO] [stdout]               (T0, T1, T2, T3, T4, T5, T6, T7)
[INFO] [stdout]             and 75 others
[INFO] [stdout] note: required by a bound in `get_account_data`
[INFO] [stdout]    --> /opt/rustwide/cargo-home/registry/src/index.crates.io-6f17d22bba15001f/spl-governance-tools-0.1.4/src/account.rs:218:28
[INFO] [stdout]     |
[INFO] [stdout] 218 | pub fn get_account_data<T: BorshDeserialize + IsInitialized>(
[INFO] [stdout]     |                            ^^^^^^^^^^^^^^^^ required by this bound in `get_account_data`
[INFO] [stdout] 
[INFO] [stdout] 
[INFO] [stdout] error[E0277]: the trait bound `ProposalTransactionV2: borsh::de::BorshDeserialize` is not satisfied
[INFO] [stdout]    --> /opt/rustwide/cargo-home/registry/src/index.crates.io-6f17d22bba15001f/spl-governance-3.1.1/src/state/proposal_transaction.rs:229:24
[INFO] [stdout]     |
[INFO] [stdout] 229 |     get_account_data::<ProposalTransactionV2>(program_id, proposal_transaction_info)
[INFO] [stdout]     |                        ^^^^^^^^^^^^^^^^^^^^^ the trait `borsh::de::BorshDeserialize` is not implemented for `ProposalTransactionV2`
[INFO] [stdout]     |
[INFO] [stdout]     = help: the following other types implement trait `borsh::de::BorshDeserialize`:
[INFO] [stdout]               ()
[INFO] [stdout]               (T0, T1)
[INFO] [stdout]               (T0, T1, T2)
[INFO] [stdout]               (T0, T1, T2, T3)
[INFO] [stdout]               (T0, T1, T2, T3, T4)
[INFO] [stdout]               (T0, T1, T2, T3, T4, T5)
[INFO] [stdout]               (T0, T1, T2, T3, T4, T5, T6)
[INFO] [stdout]               (T0, T1, T2, T3, T4, T5, T6, T7)
[INFO] [stdout]             and 75 others
[INFO] [stdout] note: required by a bound in `get_account_data`
[INFO] [stdout]    --> /opt/rustwide/cargo-home/registry/src/index.crates.io-6f17d22bba15001f/spl-governance-tools-0.1.4/src/account.rs:218:28
[INFO] [stdout]     |
[INFO] [stdout] 218 | pub fn get_account_data<T: BorshDeserialize + IsInitialized>(
[INFO] [stdout]     |                            ^^^^^^^^^^^^^^^^ required by this bound in `get_account_data`
[INFO] [stdout] 
[INFO] [stdout] 
[INFO] [stdout] error[E0277]: the trait bound `GovernanceAccountType: borsh::de::BorshDeserialize` is not satisfied
[INFO] [stdout]    --> /opt/rustwide/cargo-home/registry/src/index.crates.io-6f17d22bba15001f/spl-governance-3.1.1/src/state/realm.rs:339:5
[INFO] [stdout]     |
[INFO] [stdout] 339 |     assert_is_valid_account_of_types(program_id, realm_info, is_realm_account_type)
[INFO] [stdout]     |     ^^^^^^^^^^^^^^^^^^^^^^^^^^^^^^^^^^^^^^^^^^^^^^^^^^^^^^^^^^^^^^^^^^^^^^^^^^^^^^^ the trait `borsh::de::BorshDeserialize` is not implemented for `GovernanceAccountType`
[INFO] [stdout]     |
[INFO] [stdout]     = help: the following other types implement trait `borsh::de::BorshDeserialize`:
[INFO] [stdout]               ()
[INFO] [stdout]               (T0, T1)
[INFO] [stdout]               (T0, T1, T2)
[INFO] [stdout]               (T0, T1, T2, T3)
[INFO] [stdout]               (T0, T1, T2, T3, T4)
[INFO] [stdout]               (T0, T1, T2, T3, T4, T5)
[INFO] [stdout]               (T0, T1, T2, T3, T4, T5, T6)
[INFO] [stdout]               (T0, T1, T2, T3, T4, T5, T6, T7)
[INFO] [stdout]             and 75 others
[INFO] [stdout] note: required by a bound in `assert_is_valid_account_of_types`
[INFO] [stdout]    --> /opt/rustwide/cargo-home/registry/src/index.crates.io-6f17d22bba15001f/spl-governance-tools-0.1.4/src/account.rs:271:44
[INFO] [stdout]     |
[INFO] [stdout] 271 | pub fn assert_is_valid_account_of_types<T: BorshDeserialize + PartialEq, F: Fn(&T) -> bool>(
[INFO] [stdout]     |                                            ^^^^^^^^^^^^^^^^ required by this bound in `assert_is_valid_account_of_types`
[INFO] [stdout] 
[INFO] [stdout] 
[INFO] [stdout] error[E0277]: the trait bound `GovernanceAccountType: borsh::de::BorshDeserialize` is not satisfied
[INFO] [stdout]    --> /opt/rustwide/cargo-home/registry/src/index.crates.io-6f17d22bba15001f/spl-governance-3.1.1/src/state/realm.rs:347:47
[INFO] [stdout]     |
[INFO] [stdout] 347 |     let account_type: GovernanceAccountType = get_account_type(program_id, realm_info)?;
[INFO] [stdout]     |                                               ^^^^^^^^^^^^^^^^^^^^^^^^^^^^^^^^^^^^^^^^ the trait `borsh::de::BorshDeserialize` is not implemented for `GovernanceAccountType`
[INFO] [stdout]     |
[INFO] [stdout]     = help: the following other types implement trait `borsh::de::BorshDeserialize`:
[INFO] [stdout]               ()
[INFO] [stdout]               (T0, T1)
[INFO] [stdout]               (T0, T1, T2)
[INFO] [stdout]               (T0, T1, T2, T3)
[INFO] [stdout]               (T0, T1, T2, T3, T4)
[INFO] [stdout]               (T0, T1, T2, T3, T4, T5)
[INFO] [stdout]               (T0, T1, T2, T3, T4, T5, T6)
[INFO] [stdout]               (T0, T1, T2, T3, T4, T5, T6, T7)
[INFO] [stdout]             and 75 others
[INFO] [stdout] note: required by a bound in `get_account_type`
[INFO] [stdout]    --> /opt/rustwide/cargo-home/registry/src/index.crates.io-6f17d22bba15001f/spl-governance-tools-0.1.4/src/account.rs:239:28
[INFO] [stdout]     |
[INFO] [stdout] 239 | pub fn get_account_type<T: BorshDeserialize>(
[INFO] [stdout]     |                            ^^^^^^^^^^^^^^^^ required by this bound in `get_account_type`
[INFO] [stdout] 
[INFO] [stdout] 
[INFO] [stdout] error[E0277]: the trait bound `RealmV1: borsh::de::BorshDeserialize` is not satisfied
[INFO] [stdout]    --> /opt/rustwide/cargo-home/registry/src/index.crates.io-6f17d22bba15001f/spl-governance-3.1.1/src/state/realm.rs:351:48
[INFO] [stdout]     |
[INFO] [stdout] 351 |         let realm_data_v1 = get_account_data::<RealmV1>(program_id, realm_info)?;
[INFO] [stdout]     |                                                ^^^^^^^ the trait `borsh::de::BorshDeserialize` is not implemented for `RealmV1`
[INFO] [stdout]     |
[INFO] [stdout]     = help: the following other types implement trait `borsh::de::BorshDeserialize`:
[INFO] [stdout]               ()
[INFO] [stdout]               (T0, T1)
[INFO] [stdout]               (T0, T1, T2)
[INFO] [stdout]               (T0, T1, T2, T3)
[INFO] [stdout]               (T0, T1, T2, T3, T4)
[INFO] [stdout]               (T0, T1, T2, T3, T4, T5)
[INFO] [stdout]               (T0, T1, T2, T3, T4, T5, T6)
[INFO] [stdout]               (T0, T1, T2, T3, T4, T5, T6, T7)
[INFO] [stdout]             and 75 others
[INFO] [stdout] note: required by a bound in `get_account_data`
[INFO] [stdout]    --> /opt/rustwide/cargo-home/registry/src/index.crates.io-6f17d22bba15001f/spl-governance-tools-0.1.4/src/account.rs:218:28
[INFO] [stdout]     |
[INFO] [stdout] 218 | pub fn get_account_data<T: BorshDeserialize + IsInitialized>(
[INFO] [stdout]     |                            ^^^^^^^^^^^^^^^^ required by this bound in `get_account_data`
[INFO] [stdout] 
[INFO] [stdout] 
[INFO] [stdout] error[E0277]: the trait bound `RealmV2: borsh::de::BorshDeserialize` is not satisfied
[INFO] [stdout]    --> /opt/rustwide/cargo-home/registry/src/index.crates.io-6f17d22bba15001f/spl-governance-3.1.1/src/state/realm.rs:366:24
[INFO] [stdout]     |
[INFO] [stdout] 366 |     get_account_data::<RealmV2>(program_id, realm_info)
[INFO] [stdout]     |                        ^^^^^^^ the trait `borsh::de::BorshDeserialize` is not implemented for `RealmV2`
[INFO] [stdout]     |
[INFO] [stdout]     = help: the following other types implement trait `borsh::de::BorshDeserialize`:
[INFO] [stdout]               ()
[INFO] [stdout]               (T0, T1)
[INFO] [stdout]               (T0, T1, T2)
[INFO] [stdout]               (T0, T1, T2, T3)
[INFO] [stdout]               (T0, T1, T2, T3, T4)
[INFO] [stdout]               (T0, T1, T2, T3, T4, T5)
[INFO] [stdout]               (T0, T1, T2, T3, T4, T5, T6)
[INFO] [stdout]               (T0, T1, T2, T3, T4, T5, T6, T7)
[INFO] [stdout]             and 75 others
[INFO] [stdout] note: required by a bound in `get_account_data`
[INFO] [stdout]    --> /opt/rustwide/cargo-home/registry/src/index.crates.io-6f17d22bba15001f/spl-governance-tools-0.1.4/src/account.rs:218:28
[INFO] [stdout]     |
[INFO] [stdout] 218 | pub fn get_account_data<T: BorshDeserialize + IsInitialized>(
[INFO] [stdout]     |                            ^^^^^^^^^^^^^^^^ required by this bound in `get_account_data`
[INFO] [stdout] 
[INFO] [stdout] 
[INFO] [stdout] error[E0277]: the trait bound `RealmConfigAccount: borsh::de::BorshDeserialize` is not satisfied
[INFO] [stdout]    --> /opt/rustwide/cargo-home/registry/src/index.crates.io-6f17d22bba15001f/spl-governance-3.1.1/src/state/realm_config.rs:206:24
[INFO] [stdout]     |
[INFO] [stdout] 206 |     get_account_data::<RealmConfigAccount>(program_id, realm_config_info)
[INFO] [stdout]     |                        ^^^^^^^^^^^^^^^^^^ the trait `borsh::de::BorshDeserialize` is not implemented for `RealmConfigAccount`
[INFO] [stdout]     |
[INFO] [stdout]     = help: the following other types implement trait `borsh::de::BorshDeserialize`:
[INFO] [stdout]               ()
[INFO] [stdout]               (T0, T1)
[INFO] [stdout]               (T0, T1, T2)
[INFO] [stdout]               (T0, T1, T2, T3)
[INFO] [stdout]               (T0, T1, T2, T3, T4)
[INFO] [stdout]               (T0, T1, T2, T3, T4, T5)
[INFO] [stdout]               (T0, T1, T2, T3, T4, T5, T6)
[INFO] [stdout]               (T0, T1, T2, T3, T4, T5, T6, T7)
[INFO] [stdout]             and 75 others
[INFO] [stdout] note: required by a bound in `get_account_data`
[INFO] [stdout]    --> /opt/rustwide/cargo-home/registry/src/index.crates.io-6f17d22bba15001f/spl-governance-tools-0.1.4/src/account.rs:218:28
[INFO] [stdout]     |
[INFO] [stdout] 218 | pub fn get_account_data<T: BorshDeserialize + IsInitialized>(
[INFO] [stdout]     |                            ^^^^^^^^^^^^^^^^ required by this bound in `get_account_data`
[INFO] [stdout] 
[INFO] [stdout] 
[INFO] [stdout] error[E0277]: the trait bound `GovernanceAccountType: borsh::de::BorshDeserialize` is not satisfied
[INFO] [stdout]    --> /opt/rustwide/cargo-home/registry/src/index.crates.io-6f17d22bba15001f/spl-governance-3.1.1/src/state/signatory_record.rs:124:47
[INFO] [stdout]     |
[INFO] [stdout] 124 |     let account_type: GovernanceAccountType = get_account_type(program_id, signatory_record_info)?;
[INFO] [stdout]     |                                               ^^^^^^^^^^^^^^^^^^^^^^^^^^^^^^^^^^^^^^^^^^^^^^^^^^^ the trait `borsh::de::BorshDeserialize` is not implemented for `GovernanceAccountType`
[INFO] [stdout]     |
[INFO] [stdout]     = help: the following other types implement trait `borsh::de::BorshDeserialize`:
[INFO] [stdout]               ()
[INFO] [stdout]               (T0, T1)
[INFO] [stdout]               (T0, T1, T2)
[INFO] [stdout]               (T0, T1, T2, T3)
[INFO] [stdout]               (T0, T1, T2, T3, T4)
[INFO] [stdout]               (T0, T1, T2, T3, T4, T5)
[INFO] [stdout]               (T0, T1, T2, T3, T4, T5, T6)
[INFO] [stdout]               (T0, T1, T2, T3, T4, T5, T6, T7)
[INFO] [stdout]             and 75 others
[INFO] [stdout] note: required by a bound in `get_account_type`
[INFO] [stdout]    --> /opt/rustwide/cargo-home/registry/src/index.crates.io-6f17d22bba15001f/spl-governance-tools-0.1.4/src/account.rs:239:28
[INFO] [stdout]     |
[INFO] [stdout] 239 | pub fn get_account_type<T: BorshDeserialize>(
[INFO] [stdout]     |                            ^^^^^^^^^^^^^^^^ required by this bound in `get_account_type`
[INFO] [stdout] 
[INFO] [stdout] 
[INFO] [stdout] error[E0277]: the trait bound `SignatoryRecordV1: borsh::de::BorshDeserialize` is not satisfied
[INFO] [stdout]    --> /opt/rustwide/cargo-home/registry/src/index.crates.io-6f17d22bba15001f/spl-governance-3.1.1/src/state/signatory_record.rs:129:32
[INFO] [stdout]     |
[INFO] [stdout] 129 |             get_account_data::<SignatoryRecordV1>(program_id, signatory_record_info)?;
[INFO] [stdout]     |                                ^^^^^^^^^^^^^^^^^ the trait `borsh::de::BorshDeserialize` is not implemented for `SignatoryRecordV1`
[INFO] [stdout]     |
[INFO] [stdout]     = help: the following other types implement trait `borsh::de::BorshDeserialize`:
[INFO] [stdout]               ()
[INFO] [stdout]               (T0, T1)
[INFO] [stdout]               (T0, T1, T2)
[INFO] [stdout]               (T0, T1, T2, T3)
[INFO] [stdout]               (T0, T1, T2, T3, T4)
[INFO] [stdout]               (T0, T1, T2, T3, T4, T5)
[INFO] [stdout]               (T0, T1, T2, T3, T4, T5, T6)
[INFO] [stdout]               (T0, T1, T2, T3, T4, T5, T6, T7)
[INFO] [stdout]             and 75 others
[INFO] [stdout] note: required by a bound in `get_account_data`
[INFO] [stdout]    --> /opt/rustwide/cargo-home/registry/src/index.crates.io-6f17d22bba15001f/spl-governance-tools-0.1.4/src/account.rs:218:28
[INFO] [stdout]     |
[INFO] [stdout] 218 | pub fn get_account_data<T: BorshDeserialize + IsInitialized>(
[INFO] [stdout]     |                            ^^^^^^^^^^^^^^^^ required by this bound in `get_account_data`
[INFO] [stdout] 
[INFO] [stdout] 
[INFO] [stdout] error[E0277]: the trait bound `SignatoryRecordV2: borsh::de::BorshDeserialize` is not satisfied
[INFO] [stdout]    --> /opt/rustwide/cargo-home/registry/src/index.crates.io-6f17d22bba15001f/spl-governance-3.1.1/src/state/signatory_record.rs:143:24
[INFO] [stdout]     |
[INFO] [stdout] 143 |     get_account_data::<SignatoryRecordV2>(program_id, signatory_record_info)
[INFO] [stdout]     |                        ^^^^^^^^^^^^^^^^^ the trait `borsh::de::BorshDeserialize` is not implemented for `SignatoryRecordV2`
[INFO] [stdout]     |
[INFO] [stdout]     = help: the following other types implement trait `borsh::de::BorshDeserialize`:
[INFO] [stdout]               ()
[INFO] [stdout]               (T0, T1)
[INFO] [stdout]               (T0, T1, T2)
[INFO] [stdout]               (T0, T1, T2, T3)
[INFO] [stdout]               (T0, T1, T2, T3, T4)
[INFO] [stdout]               (T0, T1, T2, T3, T4, T5)
[INFO] [stdout]               (T0, T1, T2, T3, T4, T5, T6)
[INFO] [stdout]               (T0, T1, T2, T3, T4, T5, T6, T7)
[INFO] [stdout]             and 75 others
[INFO] [stdout] note: required by a bound in `get_account_data`
[INFO] [stdout]    --> /opt/rustwide/cargo-home/registry/src/index.crates.io-6f17d22bba15001f/spl-governance-tools-0.1.4/src/account.rs:218:28
[INFO] [stdout]     |
[INFO] [stdout] 218 | pub fn get_account_data<T: BorshDeserialize + IsInitialized>(
[INFO] [stdout]     |                            ^^^^^^^^^^^^^^^^ required by this bound in `get_account_data`
[INFO] [stdout] 
[INFO] [stdout] 
[INFO] [stdout] error[E0277]: the trait bound `GovernanceAccountType: borsh::de::BorshDeserialize` is not satisfied
[INFO] [stdout]    --> /opt/rustwide/cargo-home/registry/src/index.crates.io-6f17d22bba15001f/spl-governance-3.1.1/src/state/token_owner_record.rs:322:9
[INFO] [stdout]     |
[INFO] [stdout] 322 |         get_account_type(program_id, token_owner_record_info)?;
[INFO] [stdout]     |         ^^^^^^^^^^^^^^^^^^^^^^^^^^^^^^^^^^^^^^^^^^^^^^^^^^^^^ the trait `borsh::de::BorshDeserialize` is not implemented for `GovernanceAccountType`
[INFO] [stdout]     |
[INFO] [stdout]     = help: the following other types implement trait `borsh::de::BorshDeserialize`:
[INFO] [stdout]               ()
[INFO] [stdout]               (T0, T1)
[INFO] [stdout]               (T0, T1, T2)
[INFO] [stdout]               (T0, T1, T2, T3)
[INFO] [stdout]               (T0, T1, T2, T3, T4)
[INFO] [stdout]               (T0, T1, T2, T3, T4, T5)
[INFO] [stdout]               (T0, T1, T2, T3, T4, T5, T6)
[INFO] [stdout]               (T0, T1, T2, T3, T4, T5, T6, T7)
[INFO] [stdout]             and 75 others
[INFO] [stdout] note: required by a bound in `get_account_type`
[INFO] [stdout]    --> /opt/rustwide/cargo-home/registry/src/index.crates.io-6f17d22bba15001f/spl-governance-tools-0.1.4/src/account.rs:239:28
[INFO] [stdout]     |
[INFO] [stdout] 239 | pub fn get_account_type<T: BorshDeserialize>(
[INFO] [stdout]     |                            ^^^^^^^^^^^^^^^^ required by this bound in `get_account_type`
[INFO] [stdout] 
[INFO] [stdout] 
[INFO] [stdout] error[E0277]: the trait bound `TokenOwnerRecordV1: borsh::de::BorshDeserialize` is not satisfied
[INFO] [stdout]    --> /opt/rustwide/cargo-home/registry/src/index.crates.io-6f17d22bba15001f/spl-governance-3.1.1/src/state/token_owner_record.rs:327:32
[INFO] [stdout]     |
[INFO] [stdout] 327 |             get_account_data::<TokenOwnerRecordV1>(program_id, token_owner_record_info)?;
[INFO] [stdout]     |                                ^^^^^^^^^^^^^^^^^^ the trait `borsh::de::BorshDeserialize` is not implemented for `TokenOwnerRecordV1`
[INFO] [stdout]     |
[INFO] [stdout]     = help: the following other types implement trait `borsh::de::BorshDeserialize`:
[INFO] [stdout]               ()
[INFO] [stdout]               (T0, T1)
[INFO] [stdout]               (T0, T1, T2)
[INFO] [stdout]               (T0, T1, T2, T3)
[INFO] [stdout]               (T0, T1, T2, T3, T4)
[INFO] [stdout]               (T0, T1, T2, T3, T4, T5)
[INFO] [stdout]               (T0, T1, T2, T3, T4, T5, T6)
[INFO] [stdout]               (T0, T1, T2, T3, T4, T5, T6, T7)
[INFO] [stdout]             and 75 others
[INFO] [stdout] note: required by a bound in `get_account_data`
[INFO] [stdout]    --> /opt/rustwide/cargo-home/registry/src/index.crates.io-6f17d22bba15001f/spl-governance-tools-0.1.4/src/account.rs:218:28
[INFO] [stdout]     |
[INFO] [stdout] 218 | pub fn get_account_data<T: BorshDeserialize + IsInitialized>(
[INFO] [stdout]     |                            ^^^^^^^^^^^^^^^^ required by this bound in `get_account_data`
[INFO] [stdout] 
[INFO] [stdout] 
[INFO] [stdout] error[E0277]: the trait bound `TokenOwnerRecordV2: borsh::de::BorshDeserialize` is not satisfied
[INFO] [stdout]    --> /opt/rustwide/cargo-home/registry/src/index.crates.io-6f17d22bba15001f/spl-governance-3.1.1/src/state/token_owner_record.rs:346:28
[INFO] [stdout]     |
[INFO] [stdout] 346 |         get_account_data::<TokenOwnerRecordV2>(program_id, token_owner_record_info)?
[INFO] [stdout]     |                            ^^^^^^^^^^^^^^^^^^ the trait `borsh::de::BorshDeserialize` is not implemented for `TokenOwnerRecordV2`
[INFO] [stdout]     |
[INFO] [stdout]     = help: the following other types implement trait `borsh::de::BorshDeserialize`:
[INFO] [stdout]               ()
[INFO] [stdout]               (T0, T1)
[INFO] [stdout]               (T0, T1, T2)
[INFO] [stdout]               (T0, T1, T2, T3)
[INFO] [stdout]               (T0, T1, T2, T3, T4)
[INFO] [stdout]               (T0, T1, T2, T3, T4, T5)
[INFO] [stdout]               (T0, T1, T2, T3, T4, T5, T6)
[INFO] [stdout]               (T0, T1, T2, T3, T4, T5, T6, T7)
[INFO] [stdout]             and 75 others
[INFO] [stdout] note: required by a bound in `get_account_data`
[INFO] [stdout]    --> /opt/rustwide/cargo-home/registry/src/index.crates.io-6f17d22bba15001f/spl-governance-tools-0.1.4/src/account.rs:218:28
[INFO] [stdout]     |
[INFO] [stdout] 218 | pub fn get_account_data<T: BorshDeserialize + IsInitialized>(
[INFO] [stdout]     |                            ^^^^^^^^^^^^^^^^ required by this bound in `get_account_data`
[INFO] [stdout] 
[INFO] [stdout] 
[INFO] [stdout] error[E0277]: the trait bound `GovernanceAccountType: borsh::de::BorshDeserialize` is not satisfied
[INFO] [stdout]    --> /opt/rustwide/cargo-home/registry/src/index.crates.io-6f17d22bba15001f/spl-governance-3.1.1/src/state/vote_record.rs:174:47
[INFO] [stdout]     |
[INFO] [stdout] 174 |     let account_type: GovernanceAccountType = get_account_type(program_id, vote_record_info)?;
[INFO] [stdout]     |                                               ^^^^^^^^^^^^^^^^^^^^^^^^^^^^^^^^^^^^^^^^^^^^^^ the trait `borsh::de::BorshDeserialize` is not implemented for `GovernanceAccountType`
[INFO] [stdout]     |
[INFO] [stdout]     = help: the following other types implement trait `borsh::de::BorshDeserialize`:
[INFO] [stdout]               ()
[INFO] [stdout]               (T0, T1)
[INFO] [stdout]               (T0, T1, T2)
[INFO] [stdout]               (T0, T1, T2, T3)
[INFO] [stdout]               (T0, T1, T2, T3, T4)
[INFO] [stdout]               (T0, T1, T2, T3, T4, T5)
[INFO] [stdout]               (T0, T1, T2, T3, T4, T5, T6)
[INFO] [stdout]               (T0, T1, T2, T3, T4, T5, T6, T7)
[INFO] [stdout]             and 75 others
[INFO] [stdout] note: required by a bound in `get_account_type`
[INFO] [stdout]    --> /opt/rustwide/cargo-home/registry/src/index.crates.io-6f17d22bba15001f/spl-governance-tools-0.1.4/src/account.rs:239:28
[INFO] [stdout]     |
[INFO] [stdout] 239 | pub fn get_account_type<T: BorshDeserialize>(
[INFO] [stdout]     |                            ^^^^^^^^^^^^^^^^ required by this bound in `get_account_type`
[INFO] [stdout] 
[INFO] [stdout] 
[INFO] [stdout] error[E0277]: the trait bound `VoteRecordV1: borsh::de::BorshDeserialize` is not satisfied
[INFO] [stdout]    --> /opt/rustwide/cargo-home/registry/src/index.crates.io-6f17d22bba15001f/spl-governance-3.1.1/src/state/vote_record.rs:178:54
[INFO] [stdout]     |
[INFO] [stdout] 178 |         let vote_record_data_v1 = get_account_data::<VoteRecordV1>(program_id, vote_record_info)?;
[INFO] [stdout]     |                                                      ^^^^^^^^^^^^ the trait `borsh::de::BorshDeserialize` is not implemented for `VoteRecordV1`
[INFO] [stdout]     |
[INFO] [stdout]     = help: the following other types implement trait `borsh::de::BorshDeserialize`:
[INFO] [stdout]               ()
[INFO] [stdout]               (T0, T1)
[INFO] [stdout]               (T0, T1, T2)
[INFO] [stdout]               (T0, T1, T2, T3)
[INFO] [stdout]               (T0, T1, T2, T3, T4)
[INFO] [stdout]               (T0, T1, T2, T3, T4, T5)
[INFO] [stdout]               (T0, T1, T2, T3, T4, T5, T6)
[INFO] [stdout]               (T0, T1, T2, T3, T4, T5, T6, T7)
[INFO] [stdout]             and 75 others
[INFO] [stdout] note: required by a bound in `get_account_data`
[INFO] [stdout]    --> /opt/rustwide/cargo-home/registry/src/index.crates.io-6f17d22bba15001f/spl-governance-tools-0.1.4/src/account.rs:218:28
[INFO] [stdout]     |
[INFO] [stdout] 218 | pub fn get_account_data<T: BorshDeserialize + IsInitialized>(
[INFO] [stdout]     |                            ^^^^^^^^^^^^^^^^ required by this bound in `get_account_data`
[INFO] [stdout] 
[INFO] [stdout] 
[INFO] [stdout] error[E0277]: the trait bound `VoteRecordV2: borsh::de::BorshDeserialize` is not satisfied
[INFO] [stdout]    --> /opt/rustwide/cargo-home/registry/src/index.crates.io-6f17d22bba15001f/spl-governance-3.1.1/src/state/vote_record.rs:202:24
[INFO] [stdout]     |
[INFO] [stdout] 202 |     get_account_data::<VoteRecordV2>(program_id, vote_record_info)
[INFO] [stdout]     |                        ^^^^^^^^^^^^ the trait `borsh::de::BorshDeserialize` is not implemented for `VoteRecordV2`
[INFO] [stdout]     |
[INFO] [stdout]     = help: the following other types implement trait `borsh::de::BorshDeserialize`:
[INFO] [stdout]               ()
[INFO] [stdout]               (T0, T1)
[INFO] [stdout]               (T0, T1, T2)
[INFO] [stdout]               (T0, T1, T2, T3)
[INFO] [stdout]               (T0, T1, T2, T3, T4)
[INFO] [stdout]               (T0, T1, T2, T3, T4, T5)
[INFO] [stdout]               (T0, T1, T2, T3, T4, T5, T6)
[INFO] [stdout]               (T0, T1, T2, T3, T4, T5, T6, T7)
[INFO] [stdout]             and 75 others
[INFO] [stdout] note: required by a bound in `get_account_data`
[INFO] [stdout]    --> /opt/rustwide/cargo-home/registry/src/index.crates.io-6f17d22bba15001f/spl-governance-tools-0.1.4/src/account.rs:218:28
[INFO] [stdout]     |
[INFO] [stdout] 218 | pub fn get_account_data<T: BorshDeserialize + IsInitialized>(
[INFO] [stdout]     |                            ^^^^^^^^^^^^^^^^ required by this bound in `get_account_data`
[INFO] [stdout] 
[INFO] [stdout] 
[INFO] [stdout] For more information about this error, try `rustc --explain E0277`.
[INFO] [stdout] 
[INFO] [stderr] error: could not compile `spl-governance` (lib) due to 43 previous errors
[INFO] [stderr] warning: build failed, waiting for other jobs to finish...
[INFO] running `Command { std: "docker" "inspect" "bd687d5eed08ef49f80607e4e46d31693ee88c219504f40b1e466b509314c656", kill_on_drop: false }`
[INFO] running `Command { std: "docker" "rm" "-f" "bd687d5eed08ef49f80607e4e46d31693ee88c219504f40b1e466b509314c656", kill_on_drop: false }`
[INFO] [stdout] bd687d5eed08ef49f80607e4e46d31693ee88c219504f40b1e466b509314c656
