[INFO] fetching crate httpbis 0.9.1...
[INFO] testing httpbis-0.9.1 against nightly-2024-10-28+rustflags=-Zrandomize-layout for randomize-layout
[INFO] extracting crate httpbis 0.9.1 into /workspace/builds/worker-1-tc2/source
[INFO] validating manifest of crates.io crate httpbis 0.9.1 on toolchain nightly-2024-10-28
[INFO] running `Command { std: CARGO_HOME="/workspace/cargo-home" RUSTUP_HOME="/workspace/rustup-home" "/workspace/cargo-home/bin/cargo" "+nightly-2024-10-28" "metadata" "--manifest-path" "Cargo.toml" "--no-deps", kill_on_drop: false }`
[INFO] started tweaking crates.io crate httpbis 0.9.1
[INFO] finished tweaking crates.io crate httpbis 0.9.1
[INFO] tweaked toml for crates.io crate httpbis 0.9.1 written to /workspace/builds/worker-1-tc2/source/Cargo.toml
[INFO] crate crates.io crate httpbis 0.9.1 already has a lockfile, it will not be regenerated
[INFO] running `Command { std: CARGO_HOME="/workspace/cargo-home" RUSTUP_HOME="/workspace/rustup-home" "/workspace/cargo-home/bin/cargo" "+nightly-2024-10-28" "fetch" "--manifest-path" "Cargo.toml", kill_on_drop: false }`
[INFO] running `Command { std: "docker" "create" "-v" "/var/lib/crater-agent-workspace/builds/worker-1-tc2/target:/opt/rustwide/target:rw,Z" "-v" "/var/lib/crater-agent-workspace/builds/worker-1-tc2/source:/opt/rustwide/workdir:ro,Z" "-v" "/var/lib/crater-agent-workspace/cargo-home:/opt/rustwide/cargo-home:ro,Z" "-v" "/var/lib/crater-agent-workspace/rustup-home:/opt/rustwide/rustup-home:ro,Z" "-e" "SOURCE_DIR=/opt/rustwide/workdir" "-e" "CARGO_TARGET_DIR=/opt/rustwide/target" "-e" "CARGO_HOME=/opt/rustwide/cargo-home" "-e" "RUSTUP_HOME=/opt/rustwide/rustup-home" "-w" "/opt/rustwide/workdir" "-m" "1610612736" "--user" "0:0" "--network" "none" "ghcr.io/rust-lang/crates-build-env/linux@sha256:4a844ea9eb2546a2d2c7022eacef16ef2e8229c7fbb2c7d4d55a9ceca922f72d" "/opt/rustwide/cargo-home/bin/cargo" "+nightly-2024-10-28" "metadata" "--no-deps" "--format-version=1", kill_on_drop: false }`
[INFO] [stdout] a23bf97fee9939f4f6556c58fa28ae81706fd12f71e1016b98cd6f1f3f96f944
[INFO] running `Command { std: "docker" "start" "-a" "a23bf97fee9939f4f6556c58fa28ae81706fd12f71e1016b98cd6f1f3f96f944", kill_on_drop: false }`
[INFO] running `Command { std: "docker" "inspect" "a23bf97fee9939f4f6556c58fa28ae81706fd12f71e1016b98cd6f1f3f96f944", kill_on_drop: false }`
[INFO] running `Command { std: "docker" "rm" "-f" "a23bf97fee9939f4f6556c58fa28ae81706fd12f71e1016b98cd6f1f3f96f944", kill_on_drop: false }`
[INFO] [stdout] a23bf97fee9939f4f6556c58fa28ae81706fd12f71e1016b98cd6f1f3f96f944
[INFO] running `Command { std: "docker" "create" "-v" "/var/lib/crater-agent-workspace/builds/worker-1-tc2/target:/opt/rustwide/target:rw,Z" "-v" "/var/lib/crater-agent-workspace/builds/worker-1-tc2/source:/opt/rustwide/workdir:ro,Z" "-v" "/var/lib/crater-agent-workspace/cargo-home:/opt/rustwide/cargo-home:ro,Z" "-v" "/var/lib/crater-agent-workspace/rustup-home:/opt/rustwide/rustup-home:ro,Z" "-e" "SOURCE_DIR=/opt/rustwide/workdir" "-e" "CARGO_TARGET_DIR=/opt/rustwide/target" "-e" "CARGO_INCREMENTAL=0" "-e" "RUST_BACKTRACE=full" "-e" "RUSTFLAGS=--cap-lints=forbid -Zrandomize-layout" "-e" "RUSTDOCFLAGS=--cap-lints=forbid" "-e" "CARGO_HOME=/opt/rustwide/cargo-home" "-e" "RUSTUP_HOME=/opt/rustwide/rustup-home" "-w" "/opt/rustwide/workdir" "-m" "1610612736" "--user" "0:0" "--network" "none" "ghcr.io/rust-lang/crates-build-env/linux@sha256:4a844ea9eb2546a2d2c7022eacef16ef2e8229c7fbb2c7d4d55a9ceca922f72d" "/opt/rustwide/cargo-home/bin/cargo" "+nightly-2024-10-28" "build" "--frozen" "--message-format=json", kill_on_drop: false }`
[INFO] [stdout] f49b5bd6226501724614ba03ddddcf025ce63c8d7d4b10b43af33e3e8ae015dc
[INFO] running `Command { std: "docker" "start" "-a" "f49b5bd6226501724614ba03ddddcf025ce63c8d7d4b10b43af33e3e8ae015dc", kill_on_drop: false }`
[INFO] [stderr]    Compiling libc v0.2.69
[INFO] [stderr]    Compiling log v0.4.8
[INFO] [stderr]    Compiling slab v0.4.2
[INFO] [stderr]    Compiling memchr v2.3.0
[INFO] [stderr]    Compiling proc-macro2 v1.0.10
[INFO] [stderr]    Compiling unicode-xid v0.2.0
[INFO] [stderr]    Compiling syn v1.0.17
[INFO] [stderr]    Compiling proc-macro-nested v0.1.4
[INFO] [stderr]    Compiling proc-macro-hack v0.5.15
[INFO] [stderr]    Compiling futures-sink v0.3.4
[INFO] [stderr]    Compiling futures-core v0.3.4
[INFO] [stderr]    Compiling futures-io v0.3.4
[INFO] [stderr]    Compiling futures-channel v0.3.4
[INFO] [stderr]    Compiling futures-task v0.3.4
[INFO] [stderr]    Compiling pin-project-lite v0.1.4
[INFO] [stderr]    Compiling pin-utils v0.1.0-alpha.4
[INFO] [stderr]    Compiling lazy_static v1.4.0
[INFO] [stderr]    Compiling bytes v0.5.4
[INFO] [stderr]    Compiling void v1.0.2
[INFO] [stderr]    Compiling httpbis v0.9.1 (/opt/rustwide/workdir)
[INFO] [stderr]    Compiling log-ndc v0.2.0
[INFO] [stderr]    Compiling quote v1.0.3
[INFO] [stderr]    Compiling net2 v0.2.33
[INFO] [stderr]    Compiling iovec v0.1.4
[INFO] [stderr]    Compiling rand v0.5.6
[INFO] [stderr]    Compiling unix_socket v0.5.0
[INFO] [stderr]    Compiling mio v0.6.21
[INFO] [stderr]    Compiling mio-uds v0.6.7
[INFO] [stderr]    Compiling tokio v0.2.18
[INFO] [stderr]    Compiling tls-api v0.4.0
[INFO] [stderr]    Compiling tls-api-stub v0.4.0
[INFO] [stderr]    Compiling futures-macro v0.3.4
[INFO] [stderr]    Compiling futures-util v0.3.4
[INFO] [stderr]    Compiling futures-executor v0.3.4
[INFO] [stderr]    Compiling futures v0.3.4
[INFO] [stdout] warning: lint `intra_doc_link_resolution_failure` has been removed: use `rustdoc::broken_intra_doc_links` instead
[INFO] [stdout]  --> src/lib.rs:1:9
[INFO] [stdout]   |
[INFO] [stdout] 1 | #![deny(intra_doc_link_resolution_failure)]
[INFO] [stdout]   |         ^^^^^^^^^^^^^^^^^^^^^^^^^^^^^^^^^
[INFO] [stdout]   |
[INFO] [stdout]   = note: `#[warn(renamed_and_removed_lints)]` on by default
[INFO] [stdout] 
[INFO] [stdout] 
[INFO] [stdout] warning: unused import: `crate::resp::Response`
[INFO] [stdout]   --> src/common/conn.rs:24:9
[INFO] [stdout]    |
[INFO] [stdout] 24 | pub use crate::resp::Response;
[INFO] [stdout]    |         ^^^^^^^^^^^^^^^^^^^^^
[INFO] [stdout]    |
[INFO] [stdout]    = note: `#[warn(unused_imports)]` on by default
[INFO] [stdout] 
[INFO] [stdout] 
[INFO] [stdout] warning: unexpected `cfg` condition value: `interop_tests`
[INFO] [stdout]     --> src/hpack/decoder.rs:1517:7
[INFO] [stdout]      |
[INFO] [stdout] 1517 | #[cfg(feature = "interop_tests")]
[INFO] [stdout]      |       ^^^^^^^^^^^^^^^^^^^^^^^^^ help: remove the condition
[INFO] [stdout]      |
[INFO] [stdout]      = note: no expected values for `feature`
[INFO] [stdout]      = help: consider adding `interop_tests` as a feature in `Cargo.toml`
[INFO] [stdout]      = note: see <https://doc.rust-lang.org/nightly/rustc/check-cfg/cargo-specifics.html> for more information about checking conditional configuration
[INFO] [stdout]      = note: `#[warn(unexpected_cfgs)]` on by default
[INFO] [stdout] 
[INFO] [stdout] 
[INFO] [stdout] warning: method `goaway` is never used
[INFO] [stdout]    --> src/client/conn.rs:222:8
[INFO] [stdout]     |
[INFO] [stdout] 220 | pub trait ClientConnCallbacks: Send + 'static {
[INFO] [stdout]     |           ------------------- method in this trait
[INFO] [stdout] 221 |     // called at most once
[INFO] [stdout] 222 |     fn goaway(&self, stream_id: StreamId, raw_error_code: u32);
[INFO] [stdout]     |        ^^^^^^
[INFO] [stdout]     |
[INFO] [stdout]     = note: `#[warn(dead_code)]` on by default
[INFO] [stdout] 
[INFO] [stdout] 
[INFO] [stdout] warning: trait `ConnSpecific` is never used
[INFO] [stdout]   --> src/common/conn.rs:60:11
[INFO] [stdout]    |
[INFO] [stdout] 60 | pub trait ConnSpecific: Send + 'static {}
[INFO] [stdout]    |           ^^^^^^^^^^^^
[INFO] [stdout] 
[INFO] [stdout] 
[INFO] [stdout] warning: field `specific` is never read
[INFO] [stdout]   --> src/common/stream.rs:67:9
[INFO] [stdout]    |
[INFO] [stdout] 66 | pub(crate) struct HttpStreamCommon<T: Types> {
[INFO] [stdout]    |                   ---------------- field in this struct
[INFO] [stdout] 67 |     pub specific: T::HttpStreamSpecific,
[INFO] [stdout]    |         ^^^^^^^^
[INFO] [stdout] 
[INFO] [stdout] 
[INFO] [stdout] warning: trait `HttpStreamDataSpecific` is never used
[INFO] [stdout]    --> src/common/stream.rs:278:18
[INFO] [stdout]     |
[INFO] [stdout] 278 | pub(crate) trait HttpStreamDataSpecific: Send + 'static {}
[INFO] [stdout]     |                  ^^^^^^^^^^^^^^^^^^^^^^
[INFO] [stdout] 
[INFO] [stdout] 
[INFO] [stdout] warning: method `execute` is never used
[INFO] [stdout]  --> src/exec.rs:6:8
[INFO] [stdout]   |
[INFO] [stdout] 5 | pub trait Executor {
[INFO] [stdout]   |           -------- method in this trait
[INFO] [stdout] 6 |     fn execute(&self, f: Pin<Box<dyn Future<Output = ()> + Send + 'static>>);
[INFO] [stdout]   |        ^^^^^^^
[INFO] [stdout] 
[INFO] [stdout] 
[INFO] [stdout] warning: calls to `std::mem::drop` with a value that implements `Copy` does nothing
[INFO] [stdout]    --> src/client/mod.rs:582:9
[INFO] [stdout]     |
[INFO] [stdout] 582 |         drop(done_tx.send(()));
[INFO] [stdout]     |         ^^^^^----------------^
[INFO] [stdout]     |              |
[INFO] [stdout]     |              argument has type `std::result::Result<(), ()>`
[INFO] [stdout]     |
[INFO] [stdout]     = note: `#[warn(dropping_copy_types)]` on by default
[INFO] [stdout] help: use `let _ = ...` to ignore the expression or result
[INFO] [stdout]     |
[INFO] [stdout] 582 -         drop(done_tx.send(()));
[INFO] [stdout] 582 +         let _ = done_tx.send(());
[INFO] [stdout]     |
[INFO] [stdout] 
[INFO] [stdout] 
[INFO] [stdout] warning: unused return value of `std::mem::replace` that must be used
[INFO] [stdout]   --> src/client/req.rs:60:9
[INFO] [stdout]    |
[INFO] [stdout] 60 |         mem::replace(&mut self.drop_callback, None);
[INFO] [stdout]    |         ^^^^^^^^^^^^^^^^^^^^^^^^^^^^^^^^^^^^^^^^^^^
[INFO] [stdout]    |
[INFO] [stdout]    = note: if you don't need the old value, you can just assign the new value directly
[INFO] [stdout]    = note: `#[warn(unused_must_use)]` on by default
[INFO] [stdout] help: use `let _ = ...` to ignore the resulting value
[INFO] [stdout]    |
[INFO] [stdout] 60 |         let _ = mem::replace(&mut self.drop_callback, None);
[INFO] [stdout]    |         +++++++
[INFO] [stdout] 
[INFO] [stdout] 
[INFO] [stdout] warning: calls to `std::mem::drop` with a value that implements `Copy` does nothing
[INFO] [stdout]    --> src/server/mod.rs:378:9
[INFO] [stdout]     |
[INFO] [stdout] 378 |         drop(done_tx.send(()));
[INFO] [stdout]     |         ^^^^^----------------^
[INFO] [stdout]     |              |
[INFO] [stdout]     |              argument has type `std::result::Result<(), ()>`
[INFO] [stdout]     |
[INFO] [stdout] help: use `let _ = ...` to ignore the expression or result
[INFO] [stdout]     |
[INFO] [stdout] 378 -         drop(done_tx.send(()));
[INFO] [stdout] 378 +         let _ = done_tx.send(());
[INFO] [stdout]     |
[INFO] [stdout] 
[INFO] [stdout] 
[INFO] [stdout] warning: non-local `impl` definition, `impl` blocks should be written at the same level as their item
[INFO] [stdout]    --> src/server/handler_paths.rs:148:9
[INFO] [stdout]     |
[INFO] [stdout] 141 | /     pub fn set_service_fn<F>(&mut self, path: &str, service: F)
[INFO] [stdout] 142 | |     where
[INFO] [stdout] 143 | |         F: Fn(ServerHandlerContext, ServerRequest, ServerResponse) -> result::Result<()>
[INFO] [stdout] 144 | |             + Send
[INFO] [stdout] 145 | |             + Sync
[INFO] [stdout] 146 | |             + 'static,
[INFO] [stdout]     | |______________________- move the `impl` block outside of this method `set_service_fn`
[INFO] [stdout] 147 |       {
[INFO] [stdout] 148 | /         impl<
[INFO] [stdout] 149 | |                 F: Fn(ServerHandlerContext, ServerRequest, ServerResponse) -> result::Result<()>
[INFO] [stdout] 150 | |                     + Send
[INFO] [stdout] 151 | |                     + Sync
[INFO] [stdout] 152 | |                     + 'static,
[INFO] [stdout] 153 | |             > ServerHandler for F
[INFO] [stdout]     | |_______________-------------_____^
[INFO] [stdout]     |                 |
[INFO] [stdout]     |                 `ServerHandler` is not local
[INFO] [stdout]     |
[INFO] [stdout]     = note: an `impl` is never scoped, even when it is nested inside an item, as it may impact type checking outside of that item, which can be the case if neither the trait or the self type are at the same nesting level as the `impl`
[INFO] [stdout]     = note: `#[warn(non_local_definitions)]` on by default
[INFO] [stdout] 
[INFO] [stdout] 
[INFO] [stdout] warning: unused return value of `std::mem::replace` that must be used
[INFO] [stdout]   --> src/server/resp.rs:60:9
[INFO] [stdout]    |
[INFO] [stdout] 60 |         mem::replace(&mut self.drop_callback, None);
[INFO] [stdout]    |         ^^^^^^^^^^^^^^^^^^^^^^^^^^^^^^^^^^^^^^^^^^^
[INFO] [stdout]    |
[INFO] [stdout]    = note: if you don't need the old value, you can just assign the new value directly
[INFO] [stdout] help: use `let _ = ...` to ignore the resulting value
[INFO] [stdout]    |
[INFO] [stdout] 60 |         let _ = mem::replace(&mut self.drop_callback, None);
[INFO] [stdout]    |         +++++++
[INFO] [stdout] 
[INFO] [stdout] 
[INFO] [stdout] warning: unused return value of `Box::<T>::from_raw` that must be used
[INFO] [stdout]   --> src/common/atomic_box_option.rs:17:17
[INFO] [stdout]    |
[INFO] [stdout] 17 |                 Box::from_raw(ptr);
[INFO] [stdout]    |                 ^^^^^^^^^^^^^^^^^^
[INFO] [stdout]    |
[INFO] [stdout]    = note: call `drop(Box::from_raw(ptr))` if you intend to drop the `Box`
[INFO] [stdout] help: use `let _ = ...` to ignore the resulting value
[INFO] [stdout]    |
[INFO] [stdout] 17 |                 let _ = Box::from_raw(ptr);
[INFO] [stdout]    |                 +++++++
[INFO] [stdout] 
[INFO] [stdout] 
[INFO] [stdout] warning: calls to `std::mem::drop` with a value that implements `Copy` does nothing
[INFO] [stdout]   --> src/hpack/encoder.rs:19:9
[INFO] [stdout]    |
[INFO] [stdout] 19 |         drop(additional);
[INFO] [stdout]    |         ^^^^^----------^
[INFO] [stdout]    |              |
[INFO] [stdout]    |              argument has type `usize`
[INFO] [stdout]    |
[INFO] [stdout] help: use `let _ = ...` to ignore the expression or result
[INFO] [stdout]    |
[INFO] [stdout] 19 -         drop(additional);
[INFO] [stdout] 19 +         let _ = additional;
[INFO] [stdout]    |
[INFO] [stdout] 
[INFO] [stdout] 
[INFO] [stderr]     Finished `dev` profile [unoptimized + debuginfo] target(s) in 15.95s
[INFO] running `Command { std: "docker" "inspect" "f49b5bd6226501724614ba03ddddcf025ce63c8d7d4b10b43af33e3e8ae015dc", kill_on_drop: false }`
[INFO] running `Command { std: "docker" "rm" "-f" "f49b5bd6226501724614ba03ddddcf025ce63c8d7d4b10b43af33e3e8ae015dc", kill_on_drop: false }`
[INFO] [stdout] f49b5bd6226501724614ba03ddddcf025ce63c8d7d4b10b43af33e3e8ae015dc
[INFO] running `Command { std: "docker" "create" "-v" "/var/lib/crater-agent-workspace/builds/worker-1-tc2/target:/opt/rustwide/target:rw,Z" "-v" "/var/lib/crater-agent-workspace/builds/worker-1-tc2/source:/opt/rustwide/workdir:ro,Z" "-v" "/var/lib/crater-agent-workspace/cargo-home:/opt/rustwide/cargo-home:ro,Z" "-v" "/var/lib/crater-agent-workspace/rustup-home:/opt/rustwide/rustup-home:ro,Z" "-e" "SOURCE_DIR=/opt/rustwide/workdir" "-e" "CARGO_TARGET_DIR=/opt/rustwide/target" "-e" "CARGO_INCREMENTAL=0" "-e" "RUST_BACKTRACE=full" "-e" "RUSTFLAGS=--cap-lints=forbid -Zrandomize-layout" "-e" "RUSTDOCFLAGS=--cap-lints=forbid" "-e" "CARGO_HOME=/opt/rustwide/cargo-home" "-e" "RUSTUP_HOME=/opt/rustwide/rustup-home" "-w" "/opt/rustwide/workdir" "-m" "1610612736" "--user" "0:0" "--network" "none" "ghcr.io/rust-lang/crates-build-env/linux@sha256:4a844ea9eb2546a2d2c7022eacef16ef2e8229c7fbb2c7d4d55a9ceca922f72d" "/opt/rustwide/cargo-home/bin/cargo" "+nightly-2024-10-28" "test" "--frozen" "--no-run" "--message-format=json", kill_on_drop: false }`
[INFO] [stdout] 07cb5f2f08705834dea43751091c62d7824a1f01436a9641c8032500190710f7
[INFO] running `Command { std: "docker" "start" "-a" "07cb5f2f08705834dea43751091c62d7824a1f01436a9641c8032500190710f7", kill_on_drop: false }`
[INFO] [stderr]    Compiling pkg-config v0.3.17
[INFO] [stderr]    Compiling autocfg v1.0.0
[INFO] [stderr]    Compiling cc v1.0.50
[INFO] [stderr]    Compiling bitflags v1.2.1
[INFO] [stderr]    Compiling matches v0.1.8
[INFO] [stderr]    Compiling openssl v0.10.28
[INFO] [stderr]    Compiling smallvec v1.2.0
[INFO] [stderr]    Compiling foreign-types-shared v0.1.1
[INFO] [stderr]    Compiling unicode-bidi v0.3.4
[INFO] [stderr]    Compiling foreign-types v0.3.2
[INFO] [stderr]    Compiling tls-api-openssl v0.4.0
[INFO] [stderr]    Compiling unicode-normalization v0.1.12
[INFO] [stderr]    Compiling percent-encoding v1.0.1
[INFO] [stdout] warning: lint `intra_doc_link_resolution_failure` has been removed: use `rustdoc::broken_intra_doc_links` instead
[INFO] [stdout]  --> src/lib.rs:1:9
[INFO] [stdout]   |
[INFO] [stdout] 1 | #![deny(intra_doc_link_resolution_failure)]
[INFO] [stdout]   |         ^^^^^^^^^^^^^^^^^^^^^^^^^^^^^^^^^
[INFO] [stdout]   |
[INFO] [stdout]   = note: `#[warn(renamed_and_removed_lints)]` on by default
[INFO] [stdout] 
[INFO] [stdout] 
[INFO] [stdout] warning: unused import: `crate::resp::Response`
[INFO] [stdout]   --> src/common/conn.rs:24:9
[INFO] [stdout]    |
[INFO] [stdout] 24 | pub use crate::resp::Response;
[INFO] [stdout]    |         ^^^^^^^^^^^^^^^^^^^^^
[INFO] [stdout]    |
[INFO] [stdout]    = note: `#[warn(unused_imports)]` on by default
[INFO] [stdout] 
[INFO] [stdout] 
[INFO] [stdout] warning: unexpected `cfg` condition value: `interop_tests`
[INFO] [stdout]     --> src/hpack/decoder.rs:1517:7
[INFO] [stdout]      |
[INFO] [stdout] 1517 | #[cfg(feature = "interop_tests")]
[INFO] [stdout]      |       ^^^^^^^^^^^^^^^^^^^^^^^^^ help: remove the condition
[INFO] [stdout]      |
[INFO] [stdout]      = note: no expected values for `feature`
[INFO] [stdout]      = help: consider adding `interop_tests` as a feature in `Cargo.toml`
[INFO] [stdout]      = note: see <https://doc.rust-lang.org/nightly/rustc/check-cfg/cargo-specifics.html> for more information about checking conditional configuration
[INFO] [stdout]      = note: `#[warn(unexpected_cfgs)]` on by default
[INFO] [stdout] 
[INFO] [stdout] 
[INFO] [stdout] warning: method `goaway` is never used
[INFO] [stdout]    --> src/client/conn.rs:222:8
[INFO] [stdout]     |
[INFO] [stdout] 220 | pub trait ClientConnCallbacks: Send + 'static {
[INFO] [stdout]     |           ------------------- method in this trait
[INFO] [stdout] 221 |     // called at most once
[INFO] [stdout] 222 |     fn goaway(&self, stream_id: StreamId, raw_error_code: u32);
[INFO] [stdout]     |        ^^^^^^
[INFO] [stdout]     |
[INFO] [stdout]     = note: `#[warn(dead_code)]` on by default
[INFO] [stdout] 
[INFO] [stdout] 
[INFO] [stdout] warning: trait `ConnSpecific` is never used
[INFO] [stdout]   --> src/common/conn.rs:60:11
[INFO] [stdout]    |
[INFO] [stdout] 60 | pub trait ConnSpecific: Send + 'static {}
[INFO] [stdout]    |           ^^^^^^^^^^^^
[INFO] [stdout] 
[INFO] [stdout] 
[INFO] [stdout] warning: field `specific` is never read
[INFO] [stdout]   --> src/common/stream.rs:67:9
[INFO] [stdout]    |
[INFO] [stdout] 66 | pub(crate) struct HttpStreamCommon<T: Types> {
[INFO] [stdout]    |                   ---------------- field in this struct
[INFO] [stdout] 67 |     pub specific: T::HttpStreamSpecific,
[INFO] [stdout]    |         ^^^^^^^^
[INFO] [stdout] 
[INFO] [stdout] 
[INFO] [stdout] warning: trait `HttpStreamDataSpecific` is never used
[INFO] [stdout]    --> src/common/stream.rs:278:18
[INFO] [stdout]     |
[INFO] [stdout] 278 | pub(crate) trait HttpStreamDataSpecific: Send + 'static {}
[INFO] [stdout]     |                  ^^^^^^^^^^^^^^^^^^^^^^
[INFO] [stdout] 
[INFO] [stdout] 
[INFO] [stdout] warning: method `execute` is never used
[INFO] [stdout]  --> src/exec.rs:6:8
[INFO] [stdout]   |
[INFO] [stdout] 5 | pub trait Executor {
[INFO] [stdout]   |           -------- method in this trait
[INFO] [stdout] 6 |     fn execute(&self, f: Pin<Box<dyn Future<Output = ()> + Send + 'static>>);
[INFO] [stdout]   |        ^^^^^^^
[INFO] [stdout] 
[INFO] [stdout] 
[INFO] [stdout] warning: calls to `std::mem::drop` with a value that implements `Copy` does nothing
[INFO] [stdout]    --> src/client/mod.rs:582:9
[INFO] [stdout]     |
[INFO] [stdout] 582 |         drop(done_tx.send(()));
[INFO] [stdout]     |         ^^^^^----------------^
[INFO] [stdout]     |              |
[INFO] [stdout]     |              argument has type `std::result::Result<(), ()>`
[INFO] [stdout]     |
[INFO] [stdout]     = note: `#[warn(dropping_copy_types)]` on by default
[INFO] [stdout] help: use `let _ = ...` to ignore the expression or result
[INFO] [stdout]     |
[INFO] [stdout] 582 -         drop(done_tx.send(()));
[INFO] [stdout] 582 +         let _ = done_tx.send(());
[INFO] [stdout]     |
[INFO] [stdout] 
[INFO] [stdout] 
[INFO] [stdout] warning: unused return value of `std::mem::replace` that must be used
[INFO] [stdout]   --> src/client/req.rs:60:9
[INFO] [stdout]    |
[INFO] [stdout] 60 |         mem::replace(&mut self.drop_callback, None);
[INFO] [stdout]    |         ^^^^^^^^^^^^^^^^^^^^^^^^^^^^^^^^^^^^^^^^^^^
[INFO] [stdout]    |
[INFO] [stdout]    = note: if you don't need the old value, you can just assign the new value directly
[INFO] [stdout]    = note: `#[warn(unused_must_use)]` on by default
[INFO] [stdout] help: use `let _ = ...` to ignore the resulting value
[INFO] [stdout]    |
[INFO] [stdout] 60 |         let _ = mem::replace(&mut self.drop_callback, None);
[INFO] [stdout]    |         +++++++
[INFO] [stdout] 
[INFO] [stdout] 
[INFO] [stdout] warning: calls to `std::mem::drop` with a value that implements `Copy` does nothing
[INFO] [stdout]    --> src/server/mod.rs:378:9
[INFO] [stdout]     |
[INFO] [stdout] 378 |         drop(done_tx.send(()));
[INFO] [stdout]     |         ^^^^^----------------^
[INFO] [stdout]     |              |
[INFO] [stdout]     |              argument has type `std::result::Result<(), ()>`
[INFO] [stdout]     |
[INFO] [stdout] help: use `let _ = ...` to ignore the expression or result
[INFO] [stdout]     |
[INFO] [stdout] 378 -         drop(done_tx.send(()));
[INFO] [stdout] 378 +         let _ = done_tx.send(());
[INFO] [stdout]     |
[INFO] [stdout] 
[INFO] [stdout] 
[INFO] [stdout] warning: non-local `impl` definition, `impl` blocks should be written at the same level as their item
[INFO] [stdout]    --> src/server/handler_paths.rs:148:9
[INFO] [stdout]     |
[INFO] [stdout] 141 | /     pub fn set_service_fn<F>(&mut self, path: &str, service: F)
[INFO] [stdout] 142 | |     where
[INFO] [stdout] 143 | |         F: Fn(ServerHandlerContext, ServerRequest, ServerResponse) -> result::Result<()>
[INFO] [stdout] 144 | |             + Send
[INFO] [stdout] 145 | |             + Sync
[INFO] [stdout] 146 | |             + 'static,
[INFO] [stdout]     | |______________________- move the `impl` block outside of this method `set_service_fn`
[INFO] [stdout] 147 |       {
[INFO] [stdout] 148 | /         impl<
[INFO] [stdout] 149 | |                 F: Fn(ServerHandlerContext, ServerRequest, ServerResponse) -> result::Result<()>
[INFO] [stdout] 150 | |                     + Send
[INFO] [stdout] 151 | |                     + Sync
[INFO] [stdout] 152 | |                     + 'static,
[INFO] [stdout] 153 | |             > ServerHandler for F
[INFO] [stdout]     | |_______________-------------_____^
[INFO] [stdout]     |                 |
[INFO] [stdout]     |                 `ServerHandler` is not local
[INFO] [stdout]     |
[INFO] [stdout]     = note: an `impl` is never scoped, even when it is nested inside an item, as it may impact type checking outside of that item, which can be the case if neither the trait or the self type are at the same nesting level as the `impl`
[INFO] [stdout]     = note: `#[warn(non_local_definitions)]` on by default
[INFO] [stdout] 
[INFO] [stdout] 
[INFO] [stdout] warning: unused return value of `std::mem::replace` that must be used
[INFO] [stdout]   --> src/server/resp.rs:60:9
[INFO] [stdout]    |
[INFO] [stdout] 60 |         mem::replace(&mut self.drop_callback, None);
[INFO] [stdout]    |         ^^^^^^^^^^^^^^^^^^^^^^^^^^^^^^^^^^^^^^^^^^^
[INFO] [stdout]    |
[INFO] [stdout]    = note: if you don't need the old value, you can just assign the new value directly
[INFO] [stdout] help: use `let _ = ...` to ignore the resulting value
[INFO] [stdout]    |
[INFO] [stdout] 60 |         let _ = mem::replace(&mut self.drop_callback, None);
[INFO] [stdout]    |         +++++++
[INFO] [stdout] 
[INFO] [stdout] 
[INFO] [stdout] warning: unused return value of `Box::<T>::from_raw` that must be used
[INFO] [stdout]   --> src/common/atomic_box_option.rs:17:17
[INFO] [stdout]    |
[INFO] [stdout] 17 |                 Box::from_raw(ptr);
[INFO] [stdout]    |                 ^^^^^^^^^^^^^^^^^^
[INFO] [stdout]    |
[INFO] [stdout]    = note: call `drop(Box::from_raw(ptr))` if you intend to drop the `Box`
[INFO] [stdout] help: use `let _ = ...` to ignore the resulting value
[INFO] [stdout]    |
[INFO] [stdout] 17 |                 let _ = Box::from_raw(ptr);
[INFO] [stdout]    |                 +++++++
[INFO] [stdout] 
[INFO] [stdout] 
[INFO] [stdout] warning: calls to `std::mem::drop` with a value that implements `Copy` does nothing
[INFO] [stdout]   --> src/hpack/encoder.rs:19:9
[INFO] [stdout]    |
[INFO] [stdout] 19 |         drop(additional);
[INFO] [stdout]    |         ^^^^^----------^
[INFO] [stdout]    |              |
[INFO] [stdout]    |              argument has type `usize`
[INFO] [stdout]    |
[INFO] [stdout] help: use `let _ = ...` to ignore the expression or result
[INFO] [stdout]    |
[INFO] [stdout] 19 -         drop(additional);
[INFO] [stdout] 19 +         let _ = additional;
[INFO] [stdout]    |
[INFO] [stdout] 
[INFO] [stdout] 
[INFO] [stderr]    Compiling openssl-sys v0.9.54
[INFO] [stderr]    Compiling idna v0.1.5
[INFO] [stderr] The following warnings were emitted during compilation:
[INFO] [stderr] 
[INFO] [stderr] warning: openssl-sys@0.9.54: build/expando.c:4:24: error: pasting "RUST_VERSION_OPENSSL_" and "(" does not give a valid preprocessing token
[INFO] [stderr] warning: openssl-sys@0.9.54:     4 | #define VERSION2(n, v) RUST_VERSION_##n##_##v
[INFO] [stderr] warning: openssl-sys@0.9.54:       |                        ^~~~~~~~~~~~~
[INFO] [stderr] warning: openssl-sys@0.9.54: build/expando.c:5:23: note: in expansion of macro 'VERSION2'
[INFO] [stderr] warning: openssl-sys@0.9.54:     5 | #define VERSION(n, v) VERSION2(n, v)
[INFO] [stderr] warning: openssl-sys@0.9.54:       |                       ^~~~~~~~
[INFO] [stderr] warning: openssl-sys@0.9.54: build/expando.c:10:1: note: in expansion of macro 'VERSION'
[INFO] [stderr] warning: openssl-sys@0.9.54:    10 | VERSION(OPENSSL, OPENSSL_VERSION_NUMBER)
[INFO] [stderr] warning: openssl-sys@0.9.54:       | ^~~~~~~
[INFO] [stderr] 
[INFO] [stderr] error: failed to run custom build command for `openssl-sys v0.9.54`
[INFO] [stderr] note: To improve backtraces for build dependencies, set the CARGO_PROFILE_TEST_BUILD_OVERRIDE_DEBUG=true environment variable to enable debug information generation.
[INFO] [stderr] 
[INFO] [stderr] Caused by:
[INFO] [stderr]   process didn't exit successfully: `/opt/rustwide/target/debug/build/openssl-sys-984fd73771386efc/build-script-main` (exit status: 101)
[INFO] [stderr]   --- stdout
[INFO] [stderr]   cargo:rustc-cfg=const_fn
[INFO] [stderr]   cargo:rerun-if-env-changed=X86_64_UNKNOWN_LINUX_GNU_OPENSSL_LIB_DIR
[INFO] [stderr]   X86_64_UNKNOWN_LINUX_GNU_OPENSSL_LIB_DIR unset
[INFO] [stderr]   cargo:rerun-if-env-changed=OPENSSL_LIB_DIR
[INFO] [stderr]   OPENSSL_LIB_DIR unset
[INFO] [stderr]   cargo:rerun-if-env-changed=X86_64_UNKNOWN_LINUX_GNU_OPENSSL_INCLUDE_DIR
[INFO] [stderr]   X86_64_UNKNOWN_LINUX_GNU_OPENSSL_INCLUDE_DIR unset
[INFO] [stderr]   cargo:rerun-if-env-changed=OPENSSL_INCLUDE_DIR
[INFO] [stderr]   OPENSSL_INCLUDE_DIR unset
[INFO] [stderr]   cargo:rerun-if-env-changed=X86_64_UNKNOWN_LINUX_GNU_OPENSSL_DIR
[INFO] [stderr]   X86_64_UNKNOWN_LINUX_GNU_OPENSSL_DIR unset
[INFO] [stderr]   cargo:rerun-if-env-changed=OPENSSL_DIR
[INFO] [stderr]   OPENSSL_DIR unset
[INFO] [stderr]   cargo:rustc-link-lib=ssl
[INFO] [stderr]   cargo:rustc-link-lib=crypto
[INFO] [stderr]   OPT_LEVEL = Some("0")
[INFO] [stderr]   TARGET = Some("x86_64-unknown-linux-gnu")
[INFO] [stderr]   HOST = Some("x86_64-unknown-linux-gnu")
[INFO] [stderr]   CC_x86_64-unknown-linux-gnu = None
[INFO] [stderr]   CC_x86_64_unknown_linux_gnu = None
[INFO] [stderr]   HOST_CC = None
[INFO] [stderr]   CC = None
[INFO] [stderr]   CFLAGS_x86_64-unknown-linux-gnu = None
[INFO] [stderr]   CFLAGS_x86_64_unknown_linux_gnu = None
[INFO] [stderr]   HOST_CFLAGS = None
[INFO] [stderr]   CFLAGS = None
[INFO] [stderr]   CRATE_CC_NO_DEFAULTS = None
[INFO] [stderr]   DEBUG = Some("true")
[INFO] [stderr]   CARGO_CFG_TARGET_FEATURE = Some("fxsr,sse,sse2")
[INFO] [stderr]   running: "cc" "-O0" "-ffunction-sections" "-fdata-sections" "-fPIC" "-g" "-fno-omit-frame-pointer" "-m64" "-I" "/usr/include" "-Wall" "-Wextra" "-E" "build/expando.c"
[INFO] [stderr]   cargo:warning=build/expando.c:4:24: error: pasting "RUST_VERSION_OPENSSL_" and "(" does not give a valid preprocessing token
[INFO] [stderr]   cargo:warning=    4 | #define VERSION2(n, v) RUST_VERSION_##n##_##v
[INFO] [stderr]   cargo:warning=      |                        ^~~~~~~~~~~~~
[INFO] [stderr]   cargo:warning=build/expando.c:5:23: note: in expansion of macro 'VERSION2'
[INFO] [stderr]   cargo:warning=    5 | #define VERSION(n, v) VERSION2(n, v)
[INFO] [stderr]   cargo:warning=      |                       ^~~~~~~~
[INFO] [stderr]   cargo:warning=build/expando.c:10:1: note: in expansion of macro 'VERSION'
[INFO] [stderr]   cargo:warning=   10 | VERSION(OPENSSL, OPENSSL_VERSION_NUMBER)
[INFO] [stderr]   cargo:warning=      | ^~~~~~~
[INFO] [stderr]   exit status: 1
[INFO] [stderr] 
[INFO] [stderr]   --- stderr
[INFO] [stderr]   thread 'main' panicked at /opt/rustwide/cargo-home/registry/src/index.crates.io-6f17d22bba15001f/openssl-sys-0.9.54/build/main.rs:126:13:
[INFO] [stderr] 
[INFO] [stderr]   Header expansion error:
[INFO] [stderr]   Error { kind: ToolExecError, message: "Command \"cc\" \"-O0\" \"-ffunction-sections\" \"-fdata-sections\" \"-fPIC\" \"-g\" \"-fno-omit-frame-pointer\" \"-m64\" \"-I\" \"/usr/include\" \"-Wall\" \"-Wextra\" \"-E\" \"build/expando.c\" with args \"cc\" did not execute successfully (status code exit status: 1)." }
[INFO] [stderr] 
[INFO] [stderr]   Failed to find OpenSSL development headers.
[INFO] [stderr] 
[INFO] [stderr]   You can try fixing this setting the `OPENSSL_DIR` environment variable
[INFO] [stderr]   pointing to your OpenSSL installation or installing OpenSSL headers package
[INFO] [stderr]   specific to your distribution:
[INFO] [stderr] 
[INFO] [stderr]       # On Ubuntu
[INFO] [stderr]       sudo apt-get install libssl-dev
[INFO] [stderr]       # On Arch Linux
[INFO] [stderr]       sudo pacman -S openssl
[INFO] [stderr]       # On Fedora
[INFO] [stderr]       sudo dnf install openssl-devel
[INFO] [stderr] 
[INFO] [stderr]   See rust-openssl README for more information:
[INFO] [stderr] 
[INFO] [stderr]       https://github.com/sfackler/rust-openssl#linux
[INFO] [stderr] 
[INFO] [stderr]   stack backtrace:
[INFO] [stderr]      0:     0x5aa75b8deaba - std::backtrace_rs::backtrace::libunwind::trace::h207520d6e9873551
[INFO] [stderr]                                  at /rustc/df4ca44d3fbc9301ee17f30f4d474e6ae4b05252/library/std/src/../../backtrace/src/backtrace/libunwind.rs:116:5
[INFO] [stderr]      1:     0x5aa75b8deaba - std::backtrace_rs::backtrace::trace_unsynchronized::h2ed7433f370e3eca
[INFO] [stderr]                                  at /rustc/df4ca44d3fbc9301ee17f30f4d474e6ae4b05252/library/std/src/../../backtrace/src/backtrace/mod.rs:66:5
[INFO] [stderr]      2:     0x5aa75b8deaba - std::sys::backtrace::_print_fmt::h916fac51166b18d7
[INFO] [stderr]                                  at /rustc/df4ca44d3fbc9301ee17f30f4d474e6ae4b05252/library/std/src/sys/backtrace.rs:66:9
[INFO] [stderr]      3:     0x5aa75b8deaba - <std::sys::backtrace::BacktraceLock::print::DisplayBacktrace as core::fmt::Display>::fmt::ha0a4c9b8ce3802e6
[INFO] [stderr]                                  at /rustc/df4ca44d3fbc9301ee17f30f4d474e6ae4b05252/library/std/src/sys/backtrace.rs:39:26
[INFO] [stderr]      4:     0x5aa75b9020e3 - core::fmt::rt::Argument::fmt::h4cfc8587d52b3eb5
[INFO] [stderr]                                  at /rustc/df4ca44d3fbc9301ee17f30f4d474e6ae4b05252/library/core/src/fmt/rt.rs:177:76
[INFO] [stderr]      5:     0x5aa75b9020e3 - core::fmt::write::h522cc39e5b36ae9f
[INFO] [stderr]                                  at /rustc/df4ca44d3fbc9301ee17f30f4d474e6ae4b05252/library/core/src/fmt/mod.rs:1190:21
[INFO] [stderr]      6:     0x5aa75b8db783 - std::io::Write::write_fmt::hf1c1dcc8cc1287f0
[INFO] [stderr]                                  at /rustc/df4ca44d3fbc9301ee17f30f4d474e6ae4b05252/library/std/src/io/mod.rs:1839:15
[INFO] [stderr]      7:     0x5aa75b8de902 - std::sys::backtrace::BacktraceLock::print::h4b9e00b29e9c0942
[INFO] [stderr]                                  at /rustc/df4ca44d3fbc9301ee17f30f4d474e6ae4b05252/library/std/src/sys/backtrace.rs:42:9
[INFO] [stderr]      8:     0x5aa75b8dfafc - std::panicking::default_hook::{{closure}}::hb59b88280d0324d9
[INFO] [stderr]                                  at /rustc/df4ca44d3fbc9301ee17f30f4d474e6ae4b05252/library/std/src/panicking.rs:268:22
[INFO] [stderr]      9:     0x5aa75b8df942 - std::panicking::default_hook::he1dd496665be4a29
[INFO] [stderr]                                  at /rustc/df4ca44d3fbc9301ee17f30f4d474e6ae4b05252/library/std/src/panicking.rs:295:9
[INFO] [stderr]     10:     0x5aa75b8e0137 - std::panicking::rust_panic_with_hook::h2ff17fe8f26dfcf8
[INFO] [stderr]                                  at /rustc/df4ca44d3fbc9301ee17f30f4d474e6ae4b05252/library/std/src/panicking.rs:801:13
[INFO] [stderr]     11:     0x5aa75b8dffca - std::panicking::begin_panic_handler::{{closure}}::h4fad77951c07e101
[INFO] [stderr]                                  at /rustc/df4ca44d3fbc9301ee17f30f4d474e6ae4b05252/library/std/src/panicking.rs:674:13
[INFO] [stderr]     12:     0x5aa75b8def99 - std::sys::backtrace::__rust_end_short_backtrace::hb1a25b3da5d0ea08
[INFO] [stderr]                                  at /rustc/df4ca44d3fbc9301ee17f30f4d474e6ae4b05252/library/std/src/sys/backtrace.rs:170:18
[INFO] [stderr]     13:     0x5aa75b8dfc5c - rust_begin_unwind
[INFO] [stderr]                                  at /rustc/df4ca44d3fbc9301ee17f30f4d474e6ae4b05252/library/std/src/panicking.rs:665:5
[INFO] [stderr]     14:     0x5aa75b900e90 - core::panicking::panic_fmt::ha9db07b529f9b256
[INFO] [stderr]                                  at /rustc/df4ca44d3fbc9301ee17f30f4d474e6ae4b05252/library/core/src/panicking.rs:75:14
[INFO] [stderr]     15:     0x5aa75b85971a - build_script_main::validate_headers::h576b3e9208949c3c
[INFO] [stderr]     16:     0x5aa75b85e12f - build_script_main::find::try_pkg_config::h1551b203282dd6fb
[INFO] [stderr]     17:     0x5aa75b85ce38 - build_script_main::find::find_openssl_dir::h6b7afd8350c6064a
[INFO] [stderr]     18:     0x5aa75b85cc42 - build_script_main::find::get_openssl::{{closure}}::hb6ffab8140effa37
[INFO] [stderr]     19:     0x5aa75b851803 - core::option::Option<T>::unwrap_or_else::h6f036079722b2109
[INFO] [stderr]     20:     0x5aa75b85ca60 - build_script_main::find::get_openssl::hbbc7ff1225b534c6
[INFO] [stderr]     21:     0x5aa75b857279 - build_script_main::main::h0eb8b6bf92c1c92d
[INFO] [stderr]     22:     0x5aa75b84fdc3 - core::ops::function::FnOnce::call_once::h1ae713fa7eda63e2
[INFO] [stderr]     23:     0x5aa75b84f716 - std::sys::backtrace::__rust_begin_short_backtrace::h814cb70a7c315286
[INFO] [stderr]     24:     0x5aa75b8555f9 - std::rt::lang_start::{{closure}}::h308cfad2523c2855
[INFO] [stderr]     25:     0x5aa75b8d7da7 - core::ops::function::impls::<impl core::ops::function::FnOnce<A> for &F>::call_once::hd87d66b906e0ccaf
[INFO] [stderr]                                  at /rustc/df4ca44d3fbc9301ee17f30f4d474e6ae4b05252/library/core/src/ops/function.rs:284:13
[INFO] [stderr]     26:     0x5aa75b8d7da7 - std::panicking::try::do_call::hae3703de71fc9e3a
[INFO] [stderr]                                  at /rustc/df4ca44d3fbc9301ee17f30f4d474e6ae4b05252/library/std/src/panicking.rs:557:40
[INFO] [stderr]     27:     0x5aa75b8d7da7 - std::panicking::try::h1178330e9a2b2645
[INFO] [stderr]                                  at /rustc/df4ca44d3fbc9301ee17f30f4d474e6ae4b05252/library/std/src/panicking.rs:520:19
[INFO] [stderr]     28:     0x5aa75b8d7da7 - std::panic::catch_unwind::h0acf49d2305d32ad
[INFO] [stderr]                                  at /rustc/df4ca44d3fbc9301ee17f30f4d474e6ae4b05252/library/std/src/panic.rs:358:14
[INFO] [stderr]     29:     0x5aa75b8d7da7 - std::rt::lang_start_internal::{{closure}}::h2d95182d798177be
[INFO] [stderr]                                  at /rustc/df4ca44d3fbc9301ee17f30f4d474e6ae4b05252/library/std/src/rt.rs:174:48
[INFO] [stderr]     30:     0x5aa75b8d7da7 - std::panicking::try::do_call::hb506f5bfe11fd30c
[INFO] [stderr]                                  at /rustc/df4ca44d3fbc9301ee17f30f4d474e6ae4b05252/library/std/src/panicking.rs:557:40
[INFO] [stderr]     31:     0x5aa75b8d7da7 - std::panicking::try::h54d825c46bd0fa95
[INFO] [stderr]                                  at /rustc/df4ca44d3fbc9301ee17f30f4d474e6ae4b05252/library/std/src/panicking.rs:520:19
[INFO] [stderr]     32:     0x5aa75b8d7da7 - std::panic::catch_unwind::hffbb0ad20c4e9fac
[INFO] [stderr]                                  at /rustc/df4ca44d3fbc9301ee17f30f4d474e6ae4b05252/library/std/src/panic.rs:358:14
[INFO] [stderr]     33:     0x5aa75b8d7da7 - std::rt::lang_start_internal::h52c291ef1962c925
[INFO] [stderr]                                  at /rustc/df4ca44d3fbc9301ee17f30f4d474e6ae4b05252/library/std/src/rt.rs:174:20
[INFO] [stderr]     34:     0x5aa75b8555d7 - std::rt::lang_start::hedb9983e887d6541
[INFO] [stderr]     35:     0x5aa75b85a585 - main
[INFO] [stderr]     36:     0x7aed57c7ed90 - <unknown>
[INFO] [stderr]     37:     0x7aed57c7ee40 - __libc_start_main
[INFO] [stderr]     38:     0x5aa75b84eae5 - _start
[INFO] [stderr]     39:                0x0 - <unknown>
[INFO] [stderr] warning: build failed, waiting for other jobs to finish...
[INFO] running `Command { std: "docker" "inspect" "07cb5f2f08705834dea43751091c62d7824a1f01436a9641c8032500190710f7", kill_on_drop: false }`
[INFO] running `Command { std: "docker" "rm" "-f" "07cb5f2f08705834dea43751091c62d7824a1f01436a9641c8032500190710f7", kill_on_drop: false }`
[INFO] [stdout] 07cb5f2f08705834dea43751091c62d7824a1f01436a9641c8032500190710f7
