[INFO] fetching crate houseflow-server 0.1.2...
[INFO] testing houseflow-server-0.1.2 against nightly-2024-10-28+rustflags=-Zrandomize-layout for randomize-layout
[INFO] extracting crate houseflow-server 0.1.2 into /workspace/builds/worker-0-tc2/source
[INFO] validating manifest of crates.io crate houseflow-server 0.1.2 on toolchain nightly-2024-10-28
[INFO] running `Command { std: CARGO_HOME="/workspace/cargo-home" RUSTUP_HOME="/workspace/rustup-home" "/workspace/cargo-home/bin/cargo" "+nightly-2024-10-28" "metadata" "--manifest-path" "Cargo.toml" "--no-deps", kill_on_drop: false }`
[INFO] started tweaking crates.io crate houseflow-server 0.1.2
[INFO] finished tweaking crates.io crate houseflow-server 0.1.2
[INFO] tweaked toml for crates.io crate houseflow-server 0.1.2 written to /workspace/builds/worker-0-tc2/source/Cargo.toml
[INFO] running `Command { std: CARGO_HOME="/workspace/cargo-home" RUSTUP_HOME="/workspace/rustup-home" "/workspace/cargo-home/bin/cargo" "+nightly-2024-10-28" "generate-lockfile" "--manifest-path" "Cargo.toml", kill_on_drop: false }`
[INFO] [stderr]     Updating crates.io index
[INFO] [stderr]      Locking 248 packages to latest compatible versions
[INFO] [stderr]       Adding actix v0.12.0 (available: v0.13.5)
[INFO] [stderr]       Adding itertools v0.10.5 (available: v0.13.0)
[INFO] [stderr]       Adding redis v0.20.2 (available: v0.27.5)
[INFO] [stderr]       Adding rust-argon2 v0.8.3 (available: v2.1.0)
[INFO] [stderr]       Adding subtle v2.4.1 (available: v2.6.1)
[INFO] [stderr]       Adding validator v0.13.0 (available: v0.18.1)
[INFO] running `Command { std: CARGO_HOME="/workspace/cargo-home" RUSTUP_HOME="/workspace/rustup-home" "/workspace/cargo-home/bin/cargo" "+nightly-2024-10-28" "fetch" "--manifest-path" "Cargo.toml", kill_on_drop: false }`
[INFO] running `Command { std: "docker" "create" "-v" "/var/lib/crater-agent-workspace/builds/worker-0-tc2/target:/opt/rustwide/target:rw,Z" "-v" "/var/lib/crater-agent-workspace/builds/worker-0-tc2/source:/opt/rustwide/workdir:ro,Z" "-v" "/var/lib/crater-agent-workspace/cargo-home:/opt/rustwide/cargo-home:ro,Z" "-v" "/var/lib/crater-agent-workspace/rustup-home:/opt/rustwide/rustup-home:ro,Z" "-e" "SOURCE_DIR=/opt/rustwide/workdir" "-e" "CARGO_TARGET_DIR=/opt/rustwide/target" "-e" "CARGO_HOME=/opt/rustwide/cargo-home" "-e" "RUSTUP_HOME=/opt/rustwide/rustup-home" "-w" "/opt/rustwide/workdir" "-m" "1610612736" "--user" "0:0" "--network" "none" "ghcr.io/rust-lang/crates-build-env/linux@sha256:4a844ea9eb2546a2d2c7022eacef16ef2e8229c7fbb2c7d4d55a9ceca922f72d" "/opt/rustwide/cargo-home/bin/cargo" "+nightly-2024-10-28" "metadata" "--no-deps" "--format-version=1", kill_on_drop: false }`
[INFO] [stdout] 72ac6b7de70c051e7cb60b57af37d31f41f84a83110daae38bd11fb4cba4298d
[INFO] running `Command { std: "docker" "start" "-a" "72ac6b7de70c051e7cb60b57af37d31f41f84a83110daae38bd11fb4cba4298d", kill_on_drop: false }`
[INFO] running `Command { std: "docker" "inspect" "72ac6b7de70c051e7cb60b57af37d31f41f84a83110daae38bd11fb4cba4298d", kill_on_drop: false }`
[INFO] running `Command { std: "docker" "rm" "-f" "72ac6b7de70c051e7cb60b57af37d31f41f84a83110daae38bd11fb4cba4298d", kill_on_drop: false }`
[INFO] [stdout] 72ac6b7de70c051e7cb60b57af37d31f41f84a83110daae38bd11fb4cba4298d
[INFO] running `Command { std: "docker" "create" "-v" "/var/lib/crater-agent-workspace/builds/worker-0-tc2/target:/opt/rustwide/target:rw,Z" "-v" "/var/lib/crater-agent-workspace/builds/worker-0-tc2/source:/opt/rustwide/workdir:ro,Z" "-v" "/var/lib/crater-agent-workspace/cargo-home:/opt/rustwide/cargo-home:ro,Z" "-v" "/var/lib/crater-agent-workspace/rustup-home:/opt/rustwide/rustup-home:ro,Z" "-e" "SOURCE_DIR=/opt/rustwide/workdir" "-e" "CARGO_TARGET_DIR=/opt/rustwide/target" "-e" "CARGO_INCREMENTAL=0" "-e" "RUST_BACKTRACE=full" "-e" "RUSTFLAGS=--cap-lints=forbid -Zrandomize-layout" "-e" "RUSTDOCFLAGS=--cap-lints=forbid" "-e" "CARGO_HOME=/opt/rustwide/cargo-home" "-e" "RUSTUP_HOME=/opt/rustwide/rustup-home" "-w" "/opt/rustwide/workdir" "-m" "1610612736" "--user" "0:0" "--network" "none" "ghcr.io/rust-lang/crates-build-env/linux@sha256:4a844ea9eb2546a2d2c7022eacef16ef2e8229c7fbb2c7d4d55a9ceca922f72d" "/opt/rustwide/cargo-home/bin/cargo" "+nightly-2024-10-28" "build" "--frozen" "--message-format=json", kill_on_drop: false }`
[INFO] [stdout] a94a4969035e5083cd577234e315fc23fd6963d5a17c555ffe0f5a1a9cbd18a2
[INFO] running `Command { std: "docker" "start" "-a" "a94a4969035e5083cd577234e315fc23fd6963d5a17c555ffe0f5a1a9cbd18a2", kill_on_drop: false }`
[INFO] [stderr]    Compiling version_check v0.9.5
[INFO] [stderr]    Compiling memchr v2.7.4
[INFO] [stderr]    Compiling subtle v2.4.1
[INFO] [stderr]    Compiling unicode-bidi v0.3.17
[INFO] [stderr]    Compiling cpufeatures v0.2.14
[INFO] [stderr]    Compiling syn v2.0.86
[INFO] [stderr]    Compiling mio v1.0.2
[INFO] [stderr]    Compiling signal-hook-registry v1.4.2
[INFO] [stderr]    Compiling unicode-normalization v0.1.24
[INFO] [stderr]    Compiling regex-syntax v0.8.5
[INFO] [stderr]    Compiling jobserver v0.1.32
[INFO] [stderr]    Compiling syn v1.0.109
[INFO] [stderr]    Compiling pkg-config v0.3.31
[INFO] [stderr]    Compiling tracing v0.1.40
[INFO] [stderr]    Compiling unicode-properties v0.1.3
[INFO] [stderr]    Compiling paste v1.0.15
[INFO] [stderr]    Compiling fallible-iterator v0.2.0
[INFO] [stderr]    Compiling http v0.2.12
[INFO] [stderr]    Compiling alloc-no-stdlib v2.0.4
[INFO] [stderr]    Compiling cc v1.1.31
[INFO] [stderr]    Compiling generic-array v0.14.7
[INFO] [stderr]    Compiling zstd-safe v7.2.1
[INFO] [stderr]    Compiling local-waker v0.1.4
[INFO] [stderr]    Compiling ahash v0.8.11
[INFO] [stderr]    Compiling proc-macro-error-attr v1.0.4
[INFO] [stderr]    Compiling alloc-stdlib v0.2.2
[INFO] [stderr]    Compiling bytestring v1.3.1
[INFO] [stderr]    Compiling aho-corasick v1.1.3
[INFO] [stderr]    Compiling idna v0.5.0
[INFO] [stderr]    Compiling stringprep v0.1.5
[INFO] [stderr]    Compiling num-conv v0.1.0
[INFO] [stderr]    Compiling siphasher v0.3.11
[INFO] [stderr]    Compiling arrayvec v0.5.2
[INFO] [stderr]    Compiling powerfmt v0.2.0
[INFO] [stderr]    Compiling bitflags v2.6.0
[INFO] [stderr]    Compiling time-core v0.1.2
[INFO] [stderr]    Compiling miniz_oxide v0.8.0
[INFO] [stderr]    Compiling phf_shared v0.11.2
[INFO] [stderr]    Compiling deranged v0.3.11
[INFO] [stderr]    Compiling actix-service v2.0.2
[INFO] [stderr]    Compiling time-macros v0.2.18
[INFO] [stderr]    Compiling brotli-decompressor v4.0.1
[INFO] [stderr]    Compiling url v2.5.2
[INFO] [stderr]    Compiling actix-utils v3.0.1
[INFO] [stderr]    Compiling crypto-common v0.1.6
[INFO] [stderr]    Compiling block-buffer v0.10.4
[INFO] [stderr]    Compiling cookie v0.16.2
[INFO] [stderr]    Compiling digest v0.10.7
[INFO] [stderr]    Compiling proc-macro-error v1.0.4
[INFO] [stderr]    Compiling num-traits v0.2.19
[INFO] [stderr]    Compiling crc32fast v1.4.2
[INFO] [stderr]    Compiling crossbeam-utils v0.8.20
[INFO] [stderr]    Compiling regex-lite v0.1.6
[INFO] [stderr]    Compiling md-5 v0.10.6
[INFO] [stderr]    Compiling sha2 v0.10.8
[INFO] [stderr]    Compiling hmac v0.12.1
[INFO] [stderr]    Compiling convert_case v0.4.0
[INFO] [stderr]    Compiling lexical-core v0.7.6
[INFO] [stderr]    Compiling flate2 v1.0.34
[INFO] [stderr]    Compiling sha1 v0.10.6
[INFO] [stderr]    Compiling phf v0.11.2
[INFO] [stderr]    Compiling local-channel v0.1.5
[INFO] [stderr]    Compiling nom v5.1.3
[INFO] [stderr]    Compiling regex-automata v0.4.8
[INFO] [stderr]    Compiling brotli v6.0.0
[INFO] [stderr]    Compiling encoding_rs v0.8.35
[INFO] [stderr]    Compiling whoami v1.5.2
[INFO] [stderr]    Compiling language-tags v0.3.2
[INFO] [stderr]    Compiling static_assertions v1.1.0
[INFO] [stderr]    Compiling unicode-segmentation v1.12.0
[INFO] [stderr]    Compiling zstd-sys v2.0.13+zstd.1.5.6
[INFO] [stderr]    Compiling heck v0.3.3
[INFO] [stderr]    Compiling digest v0.9.0
[INFO] [stderr]    Compiling time v0.3.36
[INFO] [stderr]    Compiling validator_types v0.12.0
[INFO] [stderr]    Compiling impl-more v0.1.8
[INFO] [stderr]    Compiling if_chain v1.0.2
[INFO] [stderr]    Compiling semver v1.0.23
[INFO] [stderr]    Compiling matches v0.1.10
[INFO] [stderr]    Compiling iana-time-zone v0.1.61
[INFO] [stderr]    Compiling same-file v1.0.6
[INFO] [stderr]    Compiling chrono v0.4.38
[INFO] [stderr]    Compiling idna v0.2.3
[INFO] [stderr]    Compiling block-buffer v0.9.0
[INFO] [stderr]    Compiling walkdir v2.5.0
[INFO] [stderr]    Compiling crypto-mac v0.11.1
[INFO] [stderr]    Compiling opaque-debug v0.3.1
[INFO] [stderr]    Compiling parking_lot_core v0.8.6
[INFO] [stderr]    Compiling base64 v0.13.1
[INFO] [stderr]    Compiling hmac v0.11.0
[INFO] [stderr]    Compiling sha2 v0.9.9
[INFO] [stderr]    Compiling crossbeam-channel v0.5.13
[INFO] [stderr]    Compiling num_cpus v1.16.0
[INFO] [stderr]    Compiling instant v0.1.13
[INFO] [stderr]    Compiling hex v0.4.3
[INFO] [stderr]    Compiling sha1_smol v1.0.1
[INFO] [stderr]    Compiling arrayref v0.3.9
[INFO] [stderr]    Compiling constant_time_eq v0.1.5
[INFO] [stderr]    Compiling xdg v2.5.2
[INFO] [stderr]    Compiling blake2b_simd v0.5.11
[INFO] [stderr]    Compiling sha1 v0.6.1
[INFO] [stderr]    Compiling parking_lot v0.11.2
[INFO] [stderr]    Compiling dtoa v0.4.8
[INFO] [stderr]    Compiling itoa v0.4.8
[INFO] [stderr]    Compiling either v1.13.0
[INFO] [stderr]    Compiling regex v1.11.1
[INFO] [stderr]    Compiling itertools v0.10.5
[INFO] [stderr]    Compiling rust-argon2 v0.8.3
[INFO] [stderr]    Compiling strum_macros v0.21.1
[INFO] [stderr]    Compiling houseflow-macros v0.1.1
[INFO] [stderr]    Compiling tokio-macros v2.4.0
[INFO] [stderr]    Compiling futures-macro v0.3.31
[INFO] [stderr]    Compiling serde_derive v1.0.214
[INFO] [stderr]    Compiling zerocopy-derive v0.7.35
[INFO] [stderr]    Compiling actix-macros v0.2.4
[INFO] [stderr]    Compiling async-trait v0.1.83
[INFO] [stderr]    Compiling thiserror-impl v1.0.66
[INFO] [stderr]    Compiling derive_more v0.99.18
[INFO] [stderr]    Compiling validator_derive v0.13.0
[INFO] [stderr]    Compiling actix_derive v0.6.2
[INFO] [stderr]    Compiling tokio v1.41.0
[INFO] [stderr]    Compiling futures-util v0.3.31
[INFO] [stderr]    Compiling strum v0.21.0
[INFO] [stderr]    Compiling zerocopy v0.7.35
[INFO] [stderr]    Compiling thiserror v1.0.66
[INFO] [stderr]    Compiling ppv-lite86 v0.2.20
[INFO] [stderr]    Compiling rand_chacha v0.3.1
[INFO] [stderr]    Compiling rand v0.8.5
[INFO] [stderr]    Compiling serde v1.0.214
[INFO] [stderr]    Compiling postgres-protocol v0.6.7
[INFO] [stderr]    Compiling zstd v0.13.2
[INFO] [stderr]    Compiling postgres-types v0.2.8
[INFO] [stderr]    Compiling futures-executor v0.3.31
[INFO] [stderr]    Compiling futures v0.3.31
[INFO] [stderr]    Compiling tokio-util v0.7.12
[INFO] [stderr]    Compiling actix-rt v2.10.0
[INFO] [stderr]    Compiling tokio-util v0.6.10
[INFO] [stderr]    Compiling actix-server v2.5.0
[INFO] [stderr]    Compiling actix v0.12.0
[INFO] [stderr]    Compiling h2 v0.3.26
[INFO] [stderr]    Compiling actix-codec v0.5.2
[INFO] [stderr]    Compiling tokio-postgres v0.7.12
[INFO] [stderr]    Compiling combine v4.6.7
[INFO] [stderr]    Compiling actix v0.13.5
[INFO] [stderr]    Compiling serde_json v1.0.132
[INFO] [stderr]    Compiling actix-router v0.5.3
[INFO] [stderr]    Compiling serde_urlencoded v0.7.1
[INFO] [stderr]    Compiling toml v0.5.11
[INFO] [stderr]    Compiling config v0.11.0
[INFO] [stderr]    Compiling deadpool v0.8.2
[INFO] [stderr]    Compiling actix-web-codegen v4.3.0
[INFO] [stderr]    Compiling validator v0.13.0
[INFO] [stderr]    Compiling refinery-core v0.5.1
[INFO] [stderr]    Compiling deadpool-postgres v0.9.0
[INFO] [stderr]    Compiling refinery-macros v0.5.0
[INFO] [stderr]    Compiling refinery v0.5.0
[INFO] [stderr]    Compiling actix-http v3.9.0
[INFO] [stderr]    Compiling redis v0.20.2
[INFO] [stderr]    Compiling actix-web v4.9.0
[INFO] [stderr]    Compiling houseflow-types v0.1.1
[INFO] [stderr]    Compiling actix-web-actors v4.3.1+deprecated
[INFO] [stderr]    Compiling houseflow-config v0.1.1
[INFO] [stderr]    Compiling houseflow-db v0.1.1
[INFO] [stderr]    Compiling houseflow-server v0.1.2 (/opt/rustwide/workdir)
[INFO] [stdout] error[E0432]: unresolved import `actix_web::web::HttpRequest`
[INFO] [stdout]  --> src/auth/whoami.rs:3:17
[INFO] [stdout]   |
[INFO] [stdout] 3 |     web::{Data, HttpRequest, Json},
[INFO] [stdout]   |                 ^^^^^^^^^^^ no `HttpRequest` in `web`
[INFO] [stdout]   |
[INFO] [stdout]   = help: consider importing this struct instead:
[INFO] [stdout]           actix_web::HttpRequest
[INFO] [stdout] 
[INFO] [stdout] 
[INFO] [stdout] warning: unused import: `Error as MemoryTokenStoreError`
[INFO] [stdout]  --> src/token_store/mod.rs:4:24
[INFO] [stdout]   |
[INFO] [stdout] 4 | pub use self::memory::{Error as MemoryTokenStoreError, MemoryTokenStore};
[INFO] [stdout]   |                        ^^^^^^^^^^^^^^^^^^^^^^^^^^^^^^
[INFO] [stdout]   |
[INFO] [stdout]   = note: `#[warn(unused_imports)]` on by default
[INFO] [stdout] 
[INFO] [stdout] 
[INFO] [stdout] warning: unused import: `Error as RedisTokenStoreError`
[INFO] [stdout]  --> src/token_store/mod.rs:5:23
[INFO] [stdout]   |
[INFO] [stdout] 5 | pub use self::redis::{Error as RedisTokenStoreError, RedisTokenStore};
[INFO] [stdout]   |                       ^^^^^^^^^^^^^^^^^^^^^^^^^^^^^
[INFO] [stdout] 
[INFO] [stdout] 
[INFO] [stdout] warning: use of deprecated function `actix_web_actors::ws::start_with_addr`: Prefer `WsResponseBuilder::start_with_addr`.
[INFO] [stdout]   --> src/lighthouse/connect.rs:68:35
[INFO] [stdout]    |
[INFO] [stdout] 68 |     let (address, response) = ws::start_with_addr(session, &req, stream).unwrap();
[INFO] [stdout]    |                                   ^^^^^^^^^^^^^^^
[INFO] [stdout]    |
[INFO] [stdout]    = note: `#[warn(deprecated)]` on by default
[INFO] [stdout] 
[INFO] [stdout] 
[INFO] [stdout] error[E0277]: the trait bound `WebsocketContext<session::Session>: ToEnvelope<session::Session, _>` is not satisfied
[INFO] [stdout]    --> src/fulfillment/internal/execute.rs:37:15
[INFO] [stdout]     |
[INFO] [stdout] 37  |           .send(crate::lighthouse::aliases::ActorExecuteFrame::from(
[INFO] [stdout]     |  __________----_^
[INFO] [stdout]     | |          |
[INFO] [stdout]     | |          required by a bound introduced by this call
[INFO] [stdout] 38  | |             execute_request.frame.clone(),
[INFO] [stdout] 39  | |         ))
[INFO] [stdout]     | |_________^ the trait `ToEnvelope<session::Session, _>` is not implemented for `WebsocketContext<session::Session>`
[INFO] [stdout]     |
[INFO] [stdout]     = help: the following other types implement trait `ToEnvelope<A, M>`:
[INFO] [stdout]               SyncContext<A>
[INFO] [stdout]               actix::Context<A>
[INFO] [stdout] note: required by a bound in `Addr::<A>::send`
[INFO] [stdout]    --> /opt/rustwide/cargo-home/registry/src/index.crates.io-6f17d22bba15001f/actix-0.12.0/src/address/mod.rs:132:21
[INFO] [stdout]     |
[INFO] [stdout] 127 |     pub fn send<M>(&self, msg: M) -> Request<A, M>
[INFO] [stdout]     |            ---- required by a bound in this associated function
[INFO] [stdout] ...
[INFO] [stdout] 132 |         A::Context: ToEnvelope<A, M>,
[INFO] [stdout]     |                     ^^^^^^^^^^^^^^^^ required by this bound in `Addr::<A>::send`
[INFO] [stdout] 
[INFO] [stdout] 
[INFO] [stdout] error[E0277]: the trait bound `WebsocketContext<session::Session>: ToEnvelope<session::Session, _>` is not satisfied
[INFO] [stdout]   --> src/fulfillment/internal/execute.rs:37:10
[INFO] [stdout]    |
[INFO] [stdout] 37 |         .send(crate::lighthouse::aliases::ActorExecuteFrame::from(
[INFO] [stdout]    |          ^^^^ the trait `ToEnvelope<session::Session, _>` is not implemented for `WebsocketContext<session::Session>`, which is required by `AddressSender<session::Session>: actix::address::channel::Sender<_>`
[INFO] [stdout]    |
[INFO] [stdout]    = help: the following other types implement trait `ToEnvelope<A, M>`:
[INFO] [stdout]              SyncContext<A>
[INFO] [stdout]              actix::Context<A>
[INFO] [stdout]    = note: required for `AddressSender<session::Session>` to implement `actix::address::channel::Sender<_>`
[INFO] [stdout] note: required by a bound in `actix::address::message::MsgRequest`
[INFO] [stdout]   --> /opt/rustwide/cargo-home/registry/src/index.crates.io-6f17d22bba15001f/actix-0.12.0/src/address/message.rs:19:1
[INFO] [stdout]    |
[INFO] [stdout] 19 | / pin_project! {
[INFO] [stdout] 20 | |     /// A `Future` which represents an asynchronous message sending process.
[INFO] [stdout] 21 | |     #[must_use = "You have to wait on request otherwise the Message wont be delivered"]
[INFO] [stdout] 22 | |     pub struct MsgRequest<S, M>
[INFO] [stdout]    | |                ---------- required by a bound in this struct
[INFO] [stdout] ...  |
[INFO] [stdout] 33 | |     }
[INFO] [stdout] 34 | | }
[INFO] [stdout]    | |_^ required by this bound in `MsgRequest`
[INFO] [stdout]    = note: this error originates in the macro `$crate::__pin_project_parse_generics` which comes from the expansion of the macro `pin_project` (in Nightly builds, run with -Z macro-backtrace for more info)
[INFO] [stdout] 
[INFO] [stdout] 
[INFO] [stdout] error[E0277]: the trait bound `WebsocketContext<session::Session>: ToEnvelope<session::Session, aliases::ActorExecuteFrame>` is not satisfied
[INFO] [stdout]   --> src/fulfillment/internal/execute.rs:36:26
[INFO] [stdout]    |
[INFO] [stdout] 36 |       let response_frame = session
[INFO] [stdout]    |  __________________________^
[INFO] [stdout] 37 | |         .send(crate::lighthouse::aliases::ActorExecuteFrame::from(
[INFO] [stdout] 38 | |             execute_request.frame.clone(),
[INFO] [stdout] 39 | |         ))
[INFO] [stdout]    | |__________^ the trait `ToEnvelope<session::Session, aliases::ActorExecuteFrame>` is not implemented for `WebsocketContext<session::Session>`, which is required by `AddressSender<session::Session>: actix::address::channel::Sender<aliases::ActorExecuteFrame>`
[INFO] [stdout]    |
[INFO] [stdout]    = help: the following other types implement trait `ToEnvelope<A, M>`:
[INFO] [stdout]              SyncContext<A>
[INFO] [stdout]              actix::Context<A>
[INFO] [stdout]    = note: required for `AddressSender<session::Session>` to implement `actix::address::channel::Sender<aliases::ActorExecuteFrame>`
[INFO] [stdout] note: required by a bound in `actix::address::message::MsgRequest`
[INFO] [stdout]   --> /opt/rustwide/cargo-home/registry/src/index.crates.io-6f17d22bba15001f/actix-0.12.0/src/address/message.rs:19:1
[INFO] [stdout]    |
[INFO] [stdout] 19 | / pin_project! {
[INFO] [stdout] 20 | |     /// A `Future` which represents an asynchronous message sending process.
[INFO] [stdout] 21 | |     #[must_use = "You have to wait on request otherwise the Message wont be delivered"]
[INFO] [stdout] 22 | |     pub struct MsgRequest<S, M>
[INFO] [stdout]    | |                ---------- required by a bound in this struct
[INFO] [stdout] ...  |
[INFO] [stdout] 33 | |     }
[INFO] [stdout] 34 | | }
[INFO] [stdout]    | |_^ required by this bound in `MsgRequest`
[INFO] [stdout]    = note: this error originates in the macro `$crate::__pin_project_parse_generics` which comes from the expansion of the macro `pin_project` (in Nightly builds, run with -Z macro-backtrace for more info)
[INFO] [stdout] 
[INFO] [stdout] 
[INFO] [stdout] error[E0277]: the trait bound `WebsocketContext<session::Session>: ToEnvelope<session::Session, aliases::ActorExecuteFrame>` is not satisfied
[INFO] [stdout]   --> src/fulfillment/internal/execute.rs:40:10
[INFO] [stdout]    |
[INFO] [stdout] 40 |         .await
[INFO] [stdout]    |          ^^^^^ the trait `ToEnvelope<session::Session, aliases::ActorExecuteFrame>` is not implemented for `WebsocketContext<session::Session>`, which is required by `AddressSender<session::Session>: actix::address::channel::Sender<aliases::ActorExecuteFrame>`
[INFO] [stdout]    |
[INFO] [stdout]    = help: the following other types implement trait `ToEnvelope<A, M>`:
[INFO] [stdout]              SyncContext<A>
[INFO] [stdout]              actix::Context<A>
[INFO] [stdout]    = note: required for `AddressSender<session::Session>` to implement `actix::address::channel::Sender<aliases::ActorExecuteFrame>`
[INFO] [stdout] note: required by a bound in `actix::address::message::MsgRequest`
[INFO] [stdout]   --> /opt/rustwide/cargo-home/registry/src/index.crates.io-6f17d22bba15001f/actix-0.12.0/src/address/message.rs:19:1
[INFO] [stdout]    |
[INFO] [stdout] 19 | / pin_project! {
[INFO] [stdout] 20 | |     /// A `Future` which represents an asynchronous message sending process.
[INFO] [stdout] 21 | |     #[must_use = "You have to wait on request otherwise the Message wont be delivered"]
[INFO] [stdout] 22 | |     pub struct MsgRequest<S, M>
[INFO] [stdout]    | |                ---------- required by a bound in this struct
[INFO] [stdout] ...  |
[INFO] [stdout] 33 | |     }
[INFO] [stdout] 34 | | }
[INFO] [stdout]    | |_^ required by this bound in `MsgRequest`
[INFO] [stdout]    = note: this error originates in the macro `$crate::__pin_project_parse_generics` which comes from the expansion of the macro `pin_project` (in Nightly builds, run with -Z macro-backtrace for more info)
[INFO] [stdout] 
[INFO] [stdout] 
[INFO] [stdout] error[E0277]: the trait bound `WebsocketContext<session::Session>: ToEnvelope<session::Session, _>` is not satisfied
[INFO] [stdout]    --> src/fulfillment/internal/query.rs:37:15
[INFO] [stdout]     |
[INFO] [stdout] 37  |           .send(crate::lighthouse::aliases::ActorQueryFrame::from(
[INFO] [stdout]     |  __________----_^
[INFO] [stdout]     | |          |
[INFO] [stdout]     | |          required by a bound introduced by this call
[INFO] [stdout] 38  | |             query_request.frame.clone(),
[INFO] [stdout] 39  | |         ))
[INFO] [stdout]     | |_________^ the trait `ToEnvelope<session::Session, _>` is not implemented for `WebsocketContext<session::Session>`
[INFO] [stdout]     |
[INFO] [stdout]     = help: the following other types implement trait `ToEnvelope<A, M>`:
[INFO] [stdout]               SyncContext<A>
[INFO] [stdout]               actix::Context<A>
[INFO] [stdout] note: required by a bound in `Addr::<A>::send`
[INFO] [stdout]    --> /opt/rustwide/cargo-home/registry/src/index.crates.io-6f17d22bba15001f/actix-0.12.0/src/address/mod.rs:132:21
[INFO] [stdout]     |
[INFO] [stdout] 127 |     pub fn send<M>(&self, msg: M) -> Request<A, M>
[INFO] [stdout]     |            ---- required by a bound in this associated function
[INFO] [stdout] ...
[INFO] [stdout] 132 |         A::Context: ToEnvelope<A, M>,
[INFO] [stdout]     |                     ^^^^^^^^^^^^^^^^ required by this bound in `Addr::<A>::send`
[INFO] [stdout] 
[INFO] [stdout] 
[INFO] [stdout] error[E0277]: the trait bound `WebsocketContext<session::Session>: ToEnvelope<session::Session, _>` is not satisfied
[INFO] [stdout]   --> src/fulfillment/internal/query.rs:37:10
[INFO] [stdout]    |
[INFO] [stdout] 37 |         .send(crate::lighthouse::aliases::ActorQueryFrame::from(
[INFO] [stdout]    |          ^^^^ the trait `ToEnvelope<session::Session, _>` is not implemented for `WebsocketContext<session::Session>`, which is required by `AddressSender<session::Session>: actix::address::channel::Sender<_>`
[INFO] [stdout]    |
[INFO] [stdout]    = help: the following other types implement trait `ToEnvelope<A, M>`:
[INFO] [stdout]              SyncContext<A>
[INFO] [stdout]              actix::Context<A>
[INFO] [stdout]    = note: required for `AddressSender<session::Session>` to implement `actix::address::channel::Sender<_>`
[INFO] [stdout] note: required by a bound in `actix::address::message::MsgRequest`
[INFO] [stdout]   --> /opt/rustwide/cargo-home/registry/src/index.crates.io-6f17d22bba15001f/actix-0.12.0/src/address/message.rs:19:1
[INFO] [stdout]    |
[INFO] [stdout] 19 | / pin_project! {
[INFO] [stdout] 20 | |     /// A `Future` which represents an asynchronous message sending process.
[INFO] [stdout] 21 | |     #[must_use = "You have to wait on request otherwise the Message wont be delivered"]
[INFO] [stdout] 22 | |     pub struct MsgRequest<S, M>
[INFO] [stdout]    | |                ---------- required by a bound in this struct
[INFO] [stdout] ...  |
[INFO] [stdout] 33 | |     }
[INFO] [stdout] 34 | | }
[INFO] [stdout]    | |_^ required by this bound in `MsgRequest`
[INFO] [stdout]    = note: this error originates in the macro `$crate::__pin_project_parse_generics` which comes from the expansion of the macro `pin_project` (in Nightly builds, run with -Z macro-backtrace for more info)
[INFO] [stdout] 
[INFO] [stdout] 
[INFO] [stdout] error[E0277]: the trait bound `WebsocketContext<session::Session>: ToEnvelope<session::Session, aliases::ActorQueryFrame>` is not satisfied
[INFO] [stdout]   --> src/fulfillment/internal/query.rs:36:26
[INFO] [stdout]    |
[INFO] [stdout] 36 |       let response_frame = session
[INFO] [stdout]    |  __________________________^
[INFO] [stdout] 37 | |         .send(crate::lighthouse::aliases::ActorQueryFrame::from(
[INFO] [stdout] 38 | |             query_request.frame.clone(),
[INFO] [stdout] 39 | |         ))
[INFO] [stdout]    | |__________^ the trait `ToEnvelope<session::Session, aliases::ActorQueryFrame>` is not implemented for `WebsocketContext<session::Session>`, which is required by `AddressSender<session::Session>: actix::address::channel::Sender<aliases::ActorQueryFrame>`
[INFO] [stdout]    |
[INFO] [stdout]    = help: the following other types implement trait `ToEnvelope<A, M>`:
[INFO] [stdout]              SyncContext<A>
[INFO] [stdout]              actix::Context<A>
[INFO] [stdout]    = note: required for `AddressSender<session::Session>` to implement `actix::address::channel::Sender<aliases::ActorQueryFrame>`
[INFO] [stdout] note: required by a bound in `actix::address::message::MsgRequest`
[INFO] [stdout]   --> /opt/rustwide/cargo-home/registry/src/index.crates.io-6f17d22bba15001f/actix-0.12.0/src/address/message.rs:19:1
[INFO] [stdout]    |
[INFO] [stdout] 19 | / pin_project! {
[INFO] [stdout] 20 | |     /// A `Future` which represents an asynchronous message sending process.
[INFO] [stdout] 21 | |     #[must_use = "You have to wait on request otherwise the Message wont be delivered"]
[INFO] [stdout] 22 | |     pub struct MsgRequest<S, M>
[INFO] [stdout]    | |                ---------- required by a bound in this struct
[INFO] [stdout] ...  |
[INFO] [stdout] 33 | |     }
[INFO] [stdout] 34 | | }
[INFO] [stdout]    | |_^ required by this bound in `MsgRequest`
[INFO] [stdout]    = note: this error originates in the macro `$crate::__pin_project_parse_generics` which comes from the expansion of the macro `pin_project` (in Nightly builds, run with -Z macro-backtrace for more info)
[INFO] [stdout] 
[INFO] [stdout] 
[INFO] [stdout] error[E0277]: the trait bound `WebsocketContext<session::Session>: ToEnvelope<session::Session, aliases::ActorQueryFrame>` is not satisfied
[INFO] [stdout]   --> src/fulfillment/internal/query.rs:40:10
[INFO] [stdout]    |
[INFO] [stdout] 40 |         .await
[INFO] [stdout]    |          ^^^^^ the trait `ToEnvelope<session::Session, aliases::ActorQueryFrame>` is not implemented for `WebsocketContext<session::Session>`, which is required by `AddressSender<session::Session>: actix::address::channel::Sender<aliases::ActorQueryFrame>`
[INFO] [stdout]    |
[INFO] [stdout]    = help: the following other types implement trait `ToEnvelope<A, M>`:
[INFO] [stdout]              SyncContext<A>
[INFO] [stdout]              actix::Context<A>
[INFO] [stdout]    = note: required for `AddressSender<session::Session>` to implement `actix::address::channel::Sender<aliases::ActorQueryFrame>`
[INFO] [stdout] note: required by a bound in `actix::address::message::MsgRequest`
[INFO] [stdout]   --> /opt/rustwide/cargo-home/registry/src/index.crates.io-6f17d22bba15001f/actix-0.12.0/src/address/message.rs:19:1
[INFO] [stdout]    |
[INFO] [stdout] 19 | / pin_project! {
[INFO] [stdout] 20 | |     /// A `Future` which represents an asynchronous message sending process.
[INFO] [stdout] 21 | |     #[must_use = "You have to wait on request otherwise the Message wont be delivered"]
[INFO] [stdout] 22 | |     pub struct MsgRequest<S, M>
[INFO] [stdout]    | |                ---------- required by a bound in this struct
[INFO] [stdout] ...  |
[INFO] [stdout] 33 | |     }
[INFO] [stdout] 34 | | }
[INFO] [stdout]    | |_^ required by this bound in `MsgRequest`
[INFO] [stdout]    = note: this error originates in the macro `$crate::__pin_project_parse_generics` which comes from the expansion of the macro `pin_project` (in Nightly builds, run with -Z macro-backtrace for more info)
[INFO] [stdout] 
[INFO] [stdout] 
[INFO] [stdout] error[E0277]: the trait bound `session::Session: actix::stream::StreamHandler<Result<actix_web_actors::ws::Message, ProtocolError>>` is not satisfied
[INFO] [stdout]    --> src/lighthouse/connect.rs:68:51
[INFO] [stdout]     |
[INFO] [stdout] 68  |     let (address, response) = ws::start_with_addr(session, &req, stream).unwrap();
[INFO] [stdout]     |                               ------------------- ^^^^^^^ the trait `actix::stream::StreamHandler<Result<actix_web_actors::ws::Message, ProtocolError>>` is not implemented for `session::Session`
[INFO] [stdout]     |                               |
[INFO] [stdout]     |                               required by a bound introduced by this call
[INFO] [stdout]     |
[INFO] [stdout] note: required by a bound in `start_with_addr`
[INFO] [stdout]    --> /opt/rustwide/cargo-home/registry/src/index.crates.io-6f17d22bba15001f/actix-web-actors-4.3.1+deprecated/src/ws.rs:329:47
[INFO] [stdout]     |
[INFO] [stdout] 323 | pub fn start_with_addr<A, T>(
[INFO] [stdout]     |        --------------- required by a bound in this function
[INFO] [stdout] ...
[INFO] [stdout] 329 |     A: Actor<Context = WebsocketContext<A>> + StreamHandler<Result<Message, ProtocolError>>,
[INFO] [stdout]     |                                               ^^^^^^^^^^^^^^^^^^^^^^^^^^^^^^^^^^^^^^^^^^^^^ required by this bound in `start_with_addr`
[INFO] [stdout] 
[INFO] [stdout] 
[INFO] [stdout] error[E0277]: the trait bound `session::Session: actix::actor::Actor` is not satisfied
[INFO] [stdout]   --> src/lighthouse/connect.rs:68:31
[INFO] [stdout]    |
[INFO] [stdout] 68 |     let (address, response) = ws::start_with_addr(session, &req, stream).unwrap();
[INFO] [stdout]    |                               ^^^^^^^^^^^^^^^^^^^^^^^^^^^^^^^^^^^^^^^^^^ the trait `actix::actor::Actor` is not implemented for `session::Session`
[INFO] [stdout]    |
[INFO] [stdout]    = help: the following other types implement trait `actix::actor::Actor`:
[INFO] [stdout]              actix::actors::mocker::Mocker<T>
[INFO] [stdout]              actix::sync::SyncArbiter<A>
[INFO] [stdout] note: required by a bound in `actix::address::Addr`
[INFO] [stdout]   --> /opt/rustwide/cargo-home/registry/src/index.crates.io-6f17d22bba15001f/actix-0.13.5/src/address/mod.rs:80:20
[INFO] [stdout]    |
[INFO] [stdout] 80 | pub struct Addr<A: Actor> {
[INFO] [stdout]    |                    ^^^^^ required by this bound in `Addr`
[INFO] [stdout] 
[INFO] [stdout] 
[INFO] [stdout] error[E0308]: mismatched types
[INFO] [stdout]   --> src/lighthouse/connect.rs:69:45
[INFO] [stdout]    |
[INFO] [stdout] 69 |     sessions.lock().await.insert(device_id, address);
[INFO] [stdout]    |                           ------            ^^^^^^^ expected `Addr<session::Session>`, found `Addr<Session>`
[INFO] [stdout]    |                           |
[INFO] [stdout]    |                           arguments to this method are incorrect
[INFO] [stdout]    |
[INFO] [stdout]    = note: `Addr<Session>` and `Addr<session::Session>` have similar names, but are actually distinct types
[INFO] [stdout] note: `Addr<Session>` is defined in crate `actix`
[INFO] [stdout]   --> /opt/rustwide/cargo-home/registry/src/index.crates.io-6f17d22bba15001f/actix-0.13.5/src/address/mod.rs:80:1
[INFO] [stdout]    |
[INFO] [stdout] 80 | pub struct Addr<A: Actor> {
[INFO] [stdout]    | ^^^^^^^^^^^^^^^^^^^^^^^^^
[INFO] [stdout] note: `Addr<session::Session>` is defined in crate `actix`
[INFO] [stdout]   --> /opt/rustwide/cargo-home/registry/src/index.crates.io-6f17d22bba15001f/actix-0.12.0/src/address/mod.rs:77:1
[INFO] [stdout]    |
[INFO] [stdout] 77 | pub struct Addr<A: Actor> {
[INFO] [stdout]    | ^^^^^^^^^^^^^^^^^^^^^^^^^
[INFO] [stdout]    = note: perhaps two different versions of crate `actix` are being used?
[INFO] [stdout] help: the return type of this call is `actix::address::Addr<session::Session>` due to the type of the argument passed
[INFO] [stdout]   --> src/lighthouse/connect.rs:69:5
[INFO] [stdout]    |
[INFO] [stdout] 69 |     sessions.lock().await.insert(device_id, address);
[INFO] [stdout]    |     ^^^^^^^^^^^^^^^^^^^^^^^^^^^^^^^^^^^^^^^^-------^
[INFO] [stdout]    |                                             |
[INFO] [stdout]    |                                             this argument influences the return type of `insert`
[INFO] [stdout] note: method defined here
[INFO] [stdout]   --> /rustc/df4ca44d3fbc9301ee17f30f4d474e6ae4b05252/library/std/src/collections/hash/map.rs:1136:12
[INFO] [stdout] 
[INFO] [stdout] 
[INFO] [stdout] error[E0277]: the trait bound `WebsocketContext<session::Session>: ActorContext` is not satisfied
[INFO] [stdout]   --> src/lighthouse/session.rs:48:20
[INFO] [stdout]    |
[INFO] [stdout] 48 |     type Context = ws::WebsocketContext<Self>;
[INFO] [stdout]    |                    ^^^^^^^^^^^^^^^^^^^^^^^^^^ the trait `ActorContext` is not implemented for `WebsocketContext<session::Session>`
[INFO] [stdout]    |
[INFO] [stdout]    = help: the following other types implement trait `ActorContext`:
[INFO] [stdout]              SyncContext<A>
[INFO] [stdout]              actix::Context<A>
[INFO] [stdout] note: required by a bound in `actix::Actor::Context`
[INFO] [stdout]   --> /opt/rustwide/cargo-home/registry/src/index.crates.io-6f17d22bba15001f/actix-0.12.0/src/actor.rs:75:19
[INFO] [stdout]    |
[INFO] [stdout] 75 |     type Context: ActorContext;
[INFO] [stdout]    |                   ^^^^^^^^^^^^ required by this bound in `Actor::Context`
[INFO] [stdout] 
[INFO] [stdout] 
[INFO] [stdout] error[E0277]: the trait bound `WebsocketContext<session::Session>: AsyncContext<session::Session>` is not satisfied
[INFO] [stdout]   --> src/lighthouse/session.rs:64:19
[INFO] [stdout]    |
[INFO] [stdout] 64 |       type Result = actix::ResponseActFuture<
[INFO] [stdout]    |  ___________________^
[INFO] [stdout] 65 | |         Self,
[INFO] [stdout] 66 | |         std::result::Result<ActorStateFrame, DeviceCommunicationError>,
[INFO] [stdout] 67 | |     >;
[INFO] [stdout]    | |_____^ the trait `AsyncContext<session::Session>` is not implemented for `WebsocketContext<session::Session>`, which is required by `Pin<Box<(dyn ActorFuture<session::Session, Output = Result<aliases::ActorStateFrame, houseflow_types::lighthouse::DeviceCommunicationError>> + 'static)>>: MessageResponse<session::Session, aliases::ActorQueryFrame>`
[INFO] [stdout]    |
[INFO] [stdout]    = help: the trait `AsyncContext<A>` is implemented for `actix::Context<A>`
[INFO] [stdout]    = note: required for `Pin<Box<dyn ActorFuture<Session, Output = Result<ActorStateFrame, DeviceCommunicationError>>>>` to implement `MessageResponse<session::Session, aliases::ActorQueryFrame>`
[INFO] [stdout] note: required by a bound in `actix::Handler::Result`
[INFO] [stdout]   --> /opt/rustwide/cargo-home/registry/src/index.crates.io-6f17d22bba15001f/actix-0.12.0/src/handler.rs:25:18
[INFO] [stdout]    |
[INFO] [stdout] 25 |     type Result: MessageResponse<Self, M>;
[INFO] [stdout]    |                  ^^^^^^^^^^^^^^^^^^^^^^^^ required by this bound in `Handler::Result`
[INFO] [stdout]    = note: the full name for the type has been written to '/opt/rustwide/target/debug/deps/houseflow_server-401dd22526d9361e.long-type-15142808605604226015.txt'
[INFO] [stdout]    = note: consider using `--verbose` to print the full type name to the console
[INFO] [stdout] 
[INFO] [stdout] 
[INFO] [stdout] error[E0277]: the trait bound `WebsocketContext<session::Session>: AsyncContext<session::Session>` is not satisfied
[INFO] [stdout]   --> src/lighthouse/session.rs:94:19
[INFO] [stdout]    |
[INFO] [stdout] 94 |       type Result = actix::ResponseActFuture<
[INFO] [stdout]    |  ___________________^
[INFO] [stdout] 95 | |         Self,
[INFO] [stdout] 96 | |         std::result::Result<ActorExecuteResponseFrame, DeviceCommunicationError>,
[INFO] [stdout] 97 | |     >;
[INFO] [stdout]    | |_____^ the trait `AsyncContext<session::Session>` is not implemented for `WebsocketContext<session::Session>`, which is required by `Pin<Box<(dyn ActorFuture<session::Session, Output = Result<aliases::ActorExecuteResponseFrame, houseflow_types::lighthouse::DeviceCommunicationError>> + 'static)>>: MessageResponse<session::Session, aliases::ActorExecuteFrame>`
[INFO] [stdout]    |
[INFO] [stdout]    = help: the trait `AsyncContext<A>` is implemented for `actix::Context<A>`
[INFO] [stdout]    = note: required for `Pin<Box<dyn ActorFuture<Session, Output = Result<ActorExecuteResponseFrame, DeviceCommunicationError>>>>` to implement `MessageResponse<session::Session, aliases::ActorExecuteFrame>`
[INFO] [stdout] note: required by a bound in `actix::Handler::Result`
[INFO] [stdout]   --> /opt/rustwide/cargo-home/registry/src/index.crates.io-6f17d22bba15001f/actix-0.12.0/src/handler.rs:25:18
[INFO] [stdout]    |
[INFO] [stdout] 25 |     type Result: MessageResponse<Self, M>;
[INFO] [stdout]    |                  ^^^^^^^^^^^^^^^^^^^^^^^^ required by this bound in `Handler::Result`
[INFO] [stdout]    = note: the full name for the type has been written to '/opt/rustwide/target/debug/deps/houseflow_server-401dd22526d9361e.long-type-6529139604189416383.txt'
[INFO] [stdout]    = note: consider using `--verbose` to print the full type name to the console
[INFO] [stdout] 
[INFO] [stdout] 
[INFO] [stdout] error[E0277]: the trait bound `session::Session: actix::actor::Actor` is not satisfied
[INFO] [stdout]    --> src/lighthouse/session.rs:48:20
[INFO] [stdout]     |
[INFO] [stdout] 48  |     type Context = ws::WebsocketContext<Self>;
[INFO] [stdout]     |                    ^^^^^^^^^^^^^^^^^^^^^^^^^^ the trait `actix::actor::Actor` is not implemented for `session::Session`
[INFO] [stdout]     |
[INFO] [stdout]     = help: the following other types implement trait `actix::actor::Actor`:
[INFO] [stdout]               actix::actors::mocker::Mocker<T>
[INFO] [stdout]               actix::sync::SyncArbiter<A>
[INFO] [stdout] note: required by a bound in `WebsocketContext`
[INFO] [stdout]    --> /opt/rustwide/cargo-home/registry/src/index.crates.io-6f17d22bba15001f/actix-web-actors-4.3.1+deprecated/src/ws.rs:456:8
[INFO] [stdout]     |
[INFO] [stdout] 454 | pub struct WebsocketContext<A>
[INFO] [stdout]     |            ---------------- required by a bound in this struct
[INFO] [stdout] 455 | where
[INFO] [stdout] 456 |     A: Actor<Context = WebsocketContext<A>>,
[INFO] [stdout]     |        ^^^^^^^^^^^^^^^^^^^^^^^^^^^^^^^^^^^^ required by this bound in `WebsocketContext`
[INFO] [stdout] 
[INFO] [stdout] 
[INFO] [stdout] error[E0277]: the trait bound `session::Session: actix::actor::Actor` is not satisfied
[INFO] [stdout]    --> src/lighthouse/session.rs:50:33
[INFO] [stdout]     |
[INFO] [stdout] 50  |     fn started(&mut self, _ctx: &mut Self::Context) {
[INFO] [stdout]     |                                 ^^^^^^^^^^^^^^^^^^ the trait `actix::actor::Actor` is not implemented for `session::Session`
[INFO] [stdout]     |
[INFO] [stdout]     = help: the following other types implement trait `actix::actor::Actor`:
[INFO] [stdout]               actix::actors::mocker::Mocker<T>
[INFO] [stdout]               actix::sync::SyncArbiter<A>
[INFO] [stdout] note: required by a bound in `WebsocketContext`
[INFO] [stdout]    --> /opt/rustwide/cargo-home/registry/src/index.crates.io-6f17d22bba15001f/actix-web-actors-4.3.1+deprecated/src/ws.rs:456:8
[INFO] [stdout]     |
[INFO] [stdout] 454 | pub struct WebsocketContext<A>
[INFO] [stdout]     |            ---------------- required by a bound in this struct
[INFO] [stdout] 455 | where
[INFO] [stdout] 456 |     A: Actor<Context = WebsocketContext<A>>,
[INFO] [stdout]     |        ^^^^^^^^^^^^^^^^^^^^^^^^^^^^^^^^^^^^ required by this bound in `WebsocketContext`
[INFO] [stdout] 
[INFO] [stdout] 
[INFO] [stdout] error[E0277]: the trait bound `session::Session: actix::actor::Actor` is not satisfied
[INFO] [stdout]    --> src/lighthouse/session.rs:58:33
[INFO] [stdout]     |
[INFO] [stdout] 58  |     fn stopped(&mut self, _ctx: &mut Self::Context) {
[INFO] [stdout]     |                                 ^^^^^^^^^^^^^^^^^^ the trait `actix::actor::Actor` is not implemented for `session::Session`
[INFO] [stdout]     |
[INFO] [stdout]     = help: the following other types implement trait `actix::actor::Actor`:
[INFO] [stdout]               actix::actors::mocker::Mocker<T>
[INFO] [stdout]               actix::sync::SyncArbiter<A>
[INFO] [stdout] note: required by a bound in `WebsocketContext`
[INFO] [stdout]    --> /opt/rustwide/cargo-home/registry/src/index.crates.io-6f17d22bba15001f/actix-web-actors-4.3.1+deprecated/src/ws.rs:456:8
[INFO] [stdout]     |
[INFO] [stdout] 454 | pub struct WebsocketContext<A>
[INFO] [stdout]     |            ---------------- required by a bound in this struct
[INFO] [stdout] 455 | where
[INFO] [stdout] 456 |     A: Actor<Context = WebsocketContext<A>>,
[INFO] [stdout]     |        ^^^^^^^^^^^^^^^^^^^^^^^^^^^^^^^^^^^^ required by this bound in `WebsocketContext`
[INFO] [stdout] 
[INFO] [stdout] 
[INFO] [stdout] error[E0277]: the trait bound `session::Session: actix::actor::Actor` is not satisfied
[INFO] [stdout]    --> src/lighthouse/session.rs:69:55
[INFO] [stdout]     |
[INFO] [stdout] 69  |     fn handle(&mut self, frame: ActorQueryFrame, ctx: &mut Self::Context) -> Self::Result {
[INFO] [stdout]     |                                                       ^^^^^^^^^^^^^^^^^^ the trait `actix::actor::Actor` is not implemented for `session::Session`
[INFO] [stdout]     |
[INFO] [stdout]     = help: the following other types implement trait `actix::actor::Actor`:
[INFO] [stdout]               actix::actors::mocker::Mocker<T>
[INFO] [stdout]               actix::sync::SyncArbiter<A>
[INFO] [stdout] note: required by a bound in `WebsocketContext`
[INFO] [stdout]    --> /opt/rustwide/cargo-home/registry/src/index.crates.io-6f17d22bba15001f/actix-web-actors-4.3.1+deprecated/src/ws.rs:456:8
[INFO] [stdout]     |
[INFO] [stdout] 454 | pub struct WebsocketContext<A>
[INFO] [stdout]     |            ---------------- required by a bound in this struct
[INFO] [stdout] 455 | where
[INFO] [stdout] 456 |     A: Actor<Context = WebsocketContext<A>>,
[INFO] [stdout]     |        ^^^^^^^^^^^^^^^^^^^^^^^^^^^^^^^^^^^^ required by this bound in `WebsocketContext`
[INFO] [stdout] 
[INFO] [stdout] 
[INFO] [stdout] error[E0277]: the trait bound `session::Session: actix::actor::Actor` is not satisfied
[INFO] [stdout]    --> src/lighthouse/session.rs:99:57
[INFO] [stdout]     |
[INFO] [stdout] 99  |     fn handle(&mut self, frame: ActorExecuteFrame, ctx: &mut Self::Context) -> Self::Result {
[INFO] [stdout]     |                                                         ^^^^^^^^^^^^^^^^^^ the trait `actix::actor::Actor` is not implemented for `session::Session`
[INFO] [stdout]     |
[INFO] [stdout]     = help: the following other types implement trait `actix::actor::Actor`:
[INFO] [stdout]               actix::actors::mocker::Mocker<T>
[INFO] [stdout]               actix::sync::SyncArbiter<A>
[INFO] [stdout] note: required by a bound in `WebsocketContext`
[INFO] [stdout]    --> /opt/rustwide/cargo-home/registry/src/index.crates.io-6f17d22bba15001f/actix-web-actors-4.3.1+deprecated/src/ws.rs:456:8
[INFO] [stdout]     |
[INFO] [stdout] 454 | pub struct WebsocketContext<A>
[INFO] [stdout]     |            ---------------- required by a bound in this struct
[INFO] [stdout] 455 | where
[INFO] [stdout] 456 |     A: Actor<Context = WebsocketContext<A>>,
[INFO] [stdout]     |        ^^^^^^^^^^^^^^^^^^^^^^^^^^^^^^^^^^^^ required by this bound in `WebsocketContext`
[INFO] [stdout] 
[INFO] [stdout] 
[INFO] [stdout] error[E0277]: the trait bound `session::Session: actix::actor::Actor` is not satisfied
[INFO] [stdout]    --> src/lighthouse/session.rs:130:76
[INFO] [stdout]     |
[INFO] [stdout] 130 |     fn handle(&mut self, msg: Result<ws::Message, ws::ProtocolError>, ctx: &mut Self::Context) {
[INFO] [stdout]     |                                                                            ^^^^^^^^^^^^^^^^^^ the trait `actix::actor::Actor` is not implemented for `session::Session`
[INFO] [stdout]     |
[INFO] [stdout]     = help: the following other types implement trait `actix::actor::Actor`:
[INFO] [stdout]               actix::actors::mocker::Mocker<T>
[INFO] [stdout]               actix::sync::SyncArbiter<A>
[INFO] [stdout] note: required by a bound in `WebsocketContext`
[INFO] [stdout]    --> /opt/rustwide/cargo-home/registry/src/index.crates.io-6f17d22bba15001f/actix-web-actors-4.3.1+deprecated/src/ws.rs:456:8
[INFO] [stdout]     |
[INFO] [stdout] 454 | pub struct WebsocketContext<A>
[INFO] [stdout]     |            ---------------- required by a bound in this struct
[INFO] [stdout] 455 | where
[INFO] [stdout] 456 |     A: Actor<Context = WebsocketContext<A>>,
[INFO] [stdout]     |        ^^^^^^^^^^^^^^^^^^^^^^^^^^^^^^^^^^^^ required by this bound in `WebsocketContext`
[INFO] [stdout] 
[INFO] [stdout] 
[INFO] [stdout] error[E0277]: the trait bound `fn(actix_web::web::Data<Secrets>, actix_web::web::Data<(dyn houseflow_db::Database + 'static)>, {type error}) -> impl std::future::Future<Output = Result<Json<ResultTagged<WhoamiResponseBody, WhoamiResponseError>>, WhoamiResponseError>> {on_whoami}: actix_web::Handler<_>` is not satisfied
[INFO] [stdout]    --> src/auth/whoami.rs:14:14
[INFO] [stdout]     |
[INFO] [stdout] 13  | #[get("/whoami")]
[INFO] [stdout]     | ----------------- required by a bound introduced by this call
[INFO] [stdout] 14  | pub async fn on_whoami(
[INFO] [stdout]     |              ^^^^^^^^^ the trait `actix_web::Handler<_>` is not implemented for fn item `fn(Data<Secrets>, Data<dyn Database>, {type error}) -> impl Future<Output = Result<..., ...>> {on_whoami}`
[INFO] [stdout]     |
[INFO] [stdout] note: required by a bound in `Resource::<T>::to`
[INFO] [stdout]    --> /opt/rustwide/cargo-home/registry/src/index.crates.io-6f17d22bba15001f/actix-web-4.9.0/src/resource.rs:243:12
[INFO] [stdout]     |
[INFO] [stdout] 241 |     pub fn to<F, Args>(mut self, handler: F) -> Self
[INFO] [stdout]     |            -- required by a bound in this associated function
[INFO] [stdout] 242 |     where
[INFO] [stdout] 243 |         F: Handler<Args>,
[INFO] [stdout]     |            ^^^^^^^^^^^^^ required by this bound in `Resource::<T>::to`
[INFO] [stdout] 
[INFO] [stdout] 
[INFO] [stdout] error[E0599]: the method `binary` exists for mutable reference `&mut WebsocketContext<Session>`, but its trait bounds were not satisfied
[INFO] [stdout]   --> src/lighthouse/session.rs:77:13
[INFO] [stdout]    |
[INFO] [stdout] 27 | pub struct Session {
[INFO] [stdout]    | ------------------ doesn't satisfy `session::Session: actix::actor::Actor`
[INFO] [stdout] ...
[INFO] [stdout] 77 |         ctx.binary(buf);
[INFO] [stdout]    |             ^^^^^^ method cannot be called on `&mut WebsocketContext<Session>` due to unsatisfied trait bounds
[INFO] [stdout]    |
[INFO] [stdout]    = note: the following trait bounds were not satisfied:
[INFO] [stdout]            `session::Session: actix::actor::Actor`
[INFO] [stdout] note: the trait `actix::actor::Actor` must be implemented
[INFO] [stdout]   --> /opt/rustwide/cargo-home/registry/src/index.crates.io-6f17d22bba15001f/actix-0.13.5/src/actor.rs:75:1
[INFO] [stdout]    |
[INFO] [stdout] 75 | pub trait Actor: Sized + Unpin + 'static {
[INFO] [stdout]    | ^^^^^^^^^^^^^^^^^^^^^^^^^^^^^^^^^^^^^^^^
[INFO] [stdout] 
[INFO] [stdout] 
[INFO] [stdout] error[E0599]: the method `binary` exists for mutable reference `&mut WebsocketContext<Session>`, but its trait bounds were not satisfied
[INFO] [stdout]    --> src/lighthouse/session.rs:109:13
[INFO] [stdout]     |
[INFO] [stdout] 27  | pub struct Session {
[INFO] [stdout]     | ------------------ doesn't satisfy `session::Session: actix::actor::Actor`
[INFO] [stdout] ...
[INFO] [stdout] 109 |         ctx.binary(buf);
[INFO] [stdout]     |             ^^^^^^ method cannot be called on `&mut WebsocketContext<Session>` due to unsatisfied trait bounds
[INFO] [stdout]     |
[INFO] [stdout]     = note: the following trait bounds were not satisfied:
[INFO] [stdout]             `session::Session: actix::actor::Actor`
[INFO] [stdout] note: the trait `actix::actor::Actor` must be implemented
[INFO] [stdout]    --> /opt/rustwide/cargo-home/registry/src/index.crates.io-6f17d22bba15001f/actix-0.13.5/src/actor.rs:75:1
[INFO] [stdout]     |
[INFO] [stdout] 75  | pub trait Actor: Sized + Unpin + 'static {
[INFO] [stdout]     | ^^^^^^^^^^^^^^^^^^^^^^^^^^^^^^^^^^^^^^^^
[INFO] [stdout] 
[INFO] [stdout] 
[INFO] [stdout] error[E0277]: the trait bound `session::Session: actix::actor::Actor` is not satisfied
[INFO] [stdout]    --> src/lighthouse/session.rs:120:45
[INFO] [stdout]     |
[INFO] [stdout] 120 |         .map(move |res, session: &mut Self, _| {
[INFO] [stdout]     |                                             ^ the trait `actix::actor::Actor` is not implemented for `session::Session`
[INFO] [stdout]     |
[INFO] [stdout]     = help: the following other types implement trait `actix::actor::Actor`:
[INFO] [stdout]               actix::actors::mocker::Mocker<T>
[INFO] [stdout]               actix::sync::SyncArbiter<A>
[INFO] [stdout] note: required by a bound in `WebsocketContext`
[INFO] [stdout]    --> /opt/rustwide/cargo-home/registry/src/index.crates.io-6f17d22bba15001f/actix-web-actors-4.3.1+deprecated/src/ws.rs:456:8
[INFO] [stdout]     |
[INFO] [stdout] 454 | pub struct WebsocketContext<A>
[INFO] [stdout]     |            ---------------- required by a bound in this struct
[INFO] [stdout] 455 | where
[INFO] [stdout] 456 |     A: Actor<Context = WebsocketContext<A>>,
[INFO] [stdout]     |        ^^^^^^^^^^^^^^^^^^^^^^^^^^^^^^^^^^^^ required by this bound in `WebsocketContext`
[INFO] [stdout] 
[INFO] [stdout] 
[INFO] [stdout] error[E0599]: no method named `stop` found for mutable reference `&mut WebsocketContext<session::Session>` in the current scope
[INFO] [stdout]    --> src/lighthouse/session.rs:135:21
[INFO] [stdout]     |
[INFO] [stdout] 135 |                 ctx.stop();
[INFO] [stdout]     |                     ^^^^ method not found in `&mut WebsocketContext<Session>`
[INFO] [stdout] 
[INFO] [stdout] 
[INFO] [stdout] error[E0599]: the method `pong` exists for mutable reference `&mut WebsocketContext<Session>`, but its trait bounds were not satisfied
[INFO] [stdout]    --> src/lighthouse/session.rs:169:21
[INFO] [stdout]     |
[INFO] [stdout] 27  | pub struct Session {
[INFO] [stdout]     | ------------------ doesn't satisfy `session::Session: actix::actor::Actor`
[INFO] [stdout] ...
[INFO] [stdout] 169 |                 ctx.pong(b"");
[INFO] [stdout]     |                     ^^^^ method cannot be called on `&mut WebsocketContext<Session>` due to unsatisfied trait bounds
[INFO] [stdout]     |
[INFO] [stdout]     = note: the following trait bounds were not satisfied:
[INFO] [stdout]             `session::Session: actix::actor::Actor`
[INFO] [stdout] note: the trait `actix::actor::Actor` must be implemented
[INFO] [stdout]    --> /opt/rustwide/cargo-home/registry/src/index.crates.io-6f17d22bba15001f/actix-0.13.5/src/actor.rs:75:1
[INFO] [stdout]     |
[INFO] [stdout] 75  | pub trait Actor: Sized + Unpin + 'static {
[INFO] [stdout]     | ^^^^^^^^^^^^^^^^^^^^^^^^^^^^^^^^^^^^^^^^
[INFO] [stdout] 
[INFO] [stdout] 
[INFO] [stdout] warning: this function depends on never type fallback being `()`
[INFO] [stdout]   --> src/token_store/redis.rs:27:1
[INFO] [stdout]    |
[INFO] [stdout] 27 | #[async_trait]
[INFO] [stdout]    | ^^^^^^^^^^^^^^
[INFO] [stdout]    |
[INFO] [stdout]    = warning: this was previously accepted by the compiler but is being phased out; it will become a hard error in a future release!
[INFO] [stdout]    = note: for more information, see issue #123748 <https://github.com/rust-lang/rust/issues/123748>
[INFO] [stdout]    = help: specify the types explicitly
[INFO] [stdout] note: in edition 2024, the requirement `!: FromRedisValue` will fail
[INFO] [stdout]   --> src/token_store/redis.rs:58:14
[INFO] [stdout]    |
[INFO] [stdout] 58 |             .set(token.id().to_string(), token.to_string())
[INFO] [stdout]    |              ^^^
[INFO] [stdout]    = note: `#[warn(dependency_on_unit_never_type_fallback)]` on by default
[INFO] [stdout] 
[INFO] [stdout] 
[INFO] [stdout] Some errors have detailed explanations: E0277, E0308, E0432, E0599.
[INFO] [stdout] 
[INFO] [stdout] For more information about an error, try `rustc --explain E0277`.
[INFO] [stdout] 
[INFO] [stderr] error: could not compile `houseflow-server` (lib) due to 27 previous errors; 4 warnings emitted
[INFO] running `Command { std: "docker" "inspect" "a94a4969035e5083cd577234e315fc23fd6963d5a17c555ffe0f5a1a9cbd18a2", kill_on_drop: false }`
[INFO] running `Command { std: "docker" "rm" "-f" "a94a4969035e5083cd577234e315fc23fd6963d5a17c555ffe0f5a1a9cbd18a2", kill_on_drop: false }`
[INFO] [stdout] a94a4969035e5083cd577234e315fc23fd6963d5a17c555ffe0f5a1a9cbd18a2
