[INFO] fetching crate hlocl 0.1.0...
[INFO] testing hlocl-0.1.0 against nightly-2024-10-28+rustflags=-Zrandomize-layout for randomize-layout
[INFO] extracting crate hlocl 0.1.0 into /workspace/builds/worker-1-tc2/source
[INFO] validating manifest of crates.io crate hlocl 0.1.0 on toolchain nightly-2024-10-28
[INFO] running `Command { std: CARGO_HOME="/workspace/cargo-home" RUSTUP_HOME="/workspace/rustup-home" "/workspace/cargo-home/bin/cargo" "+nightly-2024-10-28" "metadata" "--manifest-path" "Cargo.toml" "--no-deps", kill_on_drop: false }`
[INFO] started tweaking crates.io crate hlocl 0.1.0
[INFO] finished tweaking crates.io crate hlocl 0.1.0
[INFO] tweaked toml for crates.io crate hlocl 0.1.0 written to /workspace/builds/worker-1-tc2/source/Cargo.toml
[INFO] running `Command { std: CARGO_HOME="/workspace/cargo-home" RUSTUP_HOME="/workspace/rustup-home" "/workspace/cargo-home/bin/cargo" "+nightly-2024-10-28" "generate-lockfile" "--manifest-path" "Cargo.toml", kill_on_drop: false }`
[INFO] [stderr]     Blocking waiting for file lock on package cache
[INFO] [stderr]     Updating crates.io index
[INFO] [stderr]     Blocking waiting for file lock on package cache
[INFO] [stderr]      Locking 83 packages to latest compatible versions
[INFO] [stderr]       Adding bitflags v1.3.2 (available: v2.6.0)
[INFO] [stderr]       Adding error-stack v0.1.1 (available: v0.5.0)
[INFO] [stderr]       Adding opencl-sys v0.2.9 (available: v0.3.1)
[INFO] [stderr]       Adding parking_lot v0.9.0 (available: v0.12.3)
[INFO] running `Command { std: CARGO_HOME="/workspace/cargo-home" RUSTUP_HOME="/workspace/rustup-home" "/workspace/cargo-home/bin/cargo" "+nightly-2024-10-28" "fetch" "--manifest-path" "Cargo.toml", kill_on_drop: false }`
[INFO] [stderr]     Blocking waiting for file lock on package cache
[INFO] running `Command { std: "docker" "create" "-v" "/var/lib/crater-agent-workspace/builds/worker-1-tc2/target:/opt/rustwide/target:rw,Z" "-v" "/var/lib/crater-agent-workspace/builds/worker-1-tc2/source:/opt/rustwide/workdir:ro,Z" "-v" "/var/lib/crater-agent-workspace/cargo-home:/opt/rustwide/cargo-home:ro,Z" "-v" "/var/lib/crater-agent-workspace/rustup-home:/opt/rustwide/rustup-home:ro,Z" "-e" "SOURCE_DIR=/opt/rustwide/workdir" "-e" "CARGO_TARGET_DIR=/opt/rustwide/target" "-e" "CARGO_HOME=/opt/rustwide/cargo-home" "-e" "RUSTUP_HOME=/opt/rustwide/rustup-home" "-w" "/opt/rustwide/workdir" "-m" "1610612736" "--user" "0:0" "--network" "none" "ghcr.io/rust-lang/crates-build-env/linux@sha256:4a844ea9eb2546a2d2c7022eacef16ef2e8229c7fbb2c7d4d55a9ceca922f72d" "/opt/rustwide/cargo-home/bin/cargo" "+nightly-2024-10-28" "metadata" "--no-deps" "--format-version=1", kill_on_drop: false }`
[INFO] [stdout] 76ef668c866d151dcf115f846b471f81f9e02f1f7f530a03c575446f55530f81
[INFO] running `Command { std: "docker" "start" "-a" "76ef668c866d151dcf115f846b471f81f9e02f1f7f530a03c575446f55530f81", kill_on_drop: false }`
[INFO] running `Command { std: "docker" "inspect" "76ef668c866d151dcf115f846b471f81f9e02f1f7f530a03c575446f55530f81", kill_on_drop: false }`
[INFO] running `Command { std: "docker" "rm" "-f" "76ef668c866d151dcf115f846b471f81f9e02f1f7f530a03c575446f55530f81", kill_on_drop: false }`
[INFO] [stdout] 76ef668c866d151dcf115f846b471f81f9e02f1f7f530a03c575446f55530f81
[INFO] running `Command { std: "docker" "create" "-v" "/var/lib/crater-agent-workspace/builds/worker-1-tc2/target:/opt/rustwide/target:rw,Z" "-v" "/var/lib/crater-agent-workspace/builds/worker-1-tc2/source:/opt/rustwide/workdir:ro,Z" "-v" "/var/lib/crater-agent-workspace/cargo-home:/opt/rustwide/cargo-home:ro,Z" "-v" "/var/lib/crater-agent-workspace/rustup-home:/opt/rustwide/rustup-home:ro,Z" "-e" "SOURCE_DIR=/opt/rustwide/workdir" "-e" "CARGO_TARGET_DIR=/opt/rustwide/target" "-e" "CARGO_INCREMENTAL=0" "-e" "RUST_BACKTRACE=full" "-e" "RUSTFLAGS=--cap-lints=forbid -Zrandomize-layout" "-e" "RUSTDOCFLAGS=--cap-lints=forbid" "-e" "CARGO_HOME=/opt/rustwide/cargo-home" "-e" "RUSTUP_HOME=/opt/rustwide/rustup-home" "-w" "/opt/rustwide/workdir" "-m" "1610612736" "--user" "0:0" "--network" "none" "ghcr.io/rust-lang/crates-build-env/linux@sha256:4a844ea9eb2546a2d2c7022eacef16ef2e8229c7fbb2c7d4d55a9ceca922f72d" "/opt/rustwide/cargo-home/bin/cargo" "+nightly-2024-10-28" "build" "--frozen" "--message-format=json", kill_on_drop: false }`
[INFO] [stdout] 770e011e2533c1821fdbd581ef0ca08340b52b035b3b712d838348c439e03f04
[INFO] running `Command { std: "docker" "start" "-a" "770e011e2533c1821fdbd581ef0ca08340b52b035b3b712d838348c439e03f04", kill_on_drop: false }`
[INFO] [stderr]    Compiling semver-parser v0.7.0
[INFO] [stderr]    Compiling maybe-uninit v2.0.0
[INFO] [stderr]    Compiling opencl-sys v0.2.9
[INFO] [stderr]    Compiling scopeguard v1.2.0
[INFO] [stderr]    Compiling cfg-if v0.1.10
[INFO] [stderr]    Compiling num-traits v0.2.19
[INFO] [stderr]    Compiling syn v2.0.86
[INFO] [stderr]    Compiling lock_api v0.3.4
[INFO] [stderr]    Compiling semver v0.9.0
[INFO] [stderr]    Compiling smallvec v0.6.14
[INFO] [stderr]    Compiling rustc_version v0.2.3
[INFO] [stderr]    Compiling parking_lot_core v0.6.3
[INFO] [stderr]    Compiling parking_lot v0.9.0
[INFO] [stderr]    Compiling pin-project-internal v1.1.7
[INFO] [stderr]    Compiling pin-project v1.1.7
[INFO] [stderr]    Compiling elor v1.1.4
[INFO] [stderr]    Compiling hlocl v0.1.0 (/opt/rustwide/workdir)
[INFO] [stdout] warning: unused import: `$i::*`
[INFO] [stdout]   --> src/lib.rs:12:21
[INFO] [stdout]    |
[INFO] [stdout] 12 |             pub use $i::*;
[INFO] [stdout]    |                     ^^^^^
[INFO] [stdout]    |
[INFO] [stdout]   ::: src/buffer/mod.rs:1:1
[INFO] [stdout]    |
[INFO] [stdout] 1  | flat_mod!(io, flags, r#unsafe);
[INFO] [stdout]    | ------------------------------ in this macro invocation
[INFO] [stdout]    |
[INFO] [stdout]    = note: `#[warn(unused_imports)]` on by default
[INFO] [stdout]    = note: this warning originates in the macro `flat_mod` (in Nightly builds, run with -Z macro-backtrace for more info)
[INFO] [stdout] 
[INFO] [stdout] 
[INFO] [stdout] warning: the feature `core_c_str` has been stable since 1.64.0 and no longer requires an attribute to enable
[INFO] [stdout]  --> src/lib.rs:4:103
[INFO] [stdout]   |
[INFO] [stdout] 4 | #![feature(arc_unwrap_or_clone, vec_into_raw_parts, array_try_map, generic_const_exprs, ptr_metadata, core_c_str, alloc_c_string)]
[INFO] [stdout]   |                                                                                                       ^^^^^^^^^^
[INFO] [stdout]   |
[INFO] [stdout]   = note: `#[warn(stable_features)]` on by default
[INFO] [stdout] 
[INFO] [stdout] 
[INFO] [stdout] warning: the feature `alloc_c_string` has been stable since 1.64.0 and no longer requires an attribute to enable
[INFO] [stdout]  --> src/lib.rs:4:115
[INFO] [stdout]   |
[INFO] [stdout] 4 | #![feature(arc_unwrap_or_clone, vec_into_raw_parts, array_try_map, generic_const_exprs, ptr_metadata, core_c_str, alloc_c_string)]
[INFO] [stdout]   |                                                                                                                   ^^^^^^^^^^^^^^
[INFO] [stdout] 
[INFO] [stdout] 
[INFO] [stdout] warning: the feature `arc_unwrap_or_clone` has been stable since 1.76.0 and no longer requires an attribute to enable
[INFO] [stdout]  --> src/lib.rs:4:12
[INFO] [stdout]   |
[INFO] [stdout] 4 | #![feature(arc_unwrap_or_clone, vec_into_raw_parts, array_try_map, generic_const_exprs, ptr_metadata, core_c_str, alloc_c_string)]
[INFO] [stdout]   |            ^^^^^^^^^^^^^^^^^^^
[INFO] [stdout] 
[INFO] [stdout] 
[INFO] [stderr]     Finished `dev` profile [unoptimized + debuginfo] target(s) in 6.33s
[INFO] running `Command { std: "docker" "inspect" "770e011e2533c1821fdbd581ef0ca08340b52b035b3b712d838348c439e03f04", kill_on_drop: false }`
[INFO] running `Command { std: "docker" "rm" "-f" "770e011e2533c1821fdbd581ef0ca08340b52b035b3b712d838348c439e03f04", kill_on_drop: false }`
[INFO] [stdout] 770e011e2533c1821fdbd581ef0ca08340b52b035b3b712d838348c439e03f04
[INFO] running `Command { std: "docker" "create" "-v" "/var/lib/crater-agent-workspace/builds/worker-1-tc2/target:/opt/rustwide/target:rw,Z" "-v" "/var/lib/crater-agent-workspace/builds/worker-1-tc2/source:/opt/rustwide/workdir:ro,Z" "-v" "/var/lib/crater-agent-workspace/cargo-home:/opt/rustwide/cargo-home:ro,Z" "-v" "/var/lib/crater-agent-workspace/rustup-home:/opt/rustwide/rustup-home:ro,Z" "-e" "SOURCE_DIR=/opt/rustwide/workdir" "-e" "CARGO_TARGET_DIR=/opt/rustwide/target" "-e" "CARGO_INCREMENTAL=0" "-e" "RUST_BACKTRACE=full" "-e" "RUSTFLAGS=--cap-lints=forbid -Zrandomize-layout" "-e" "RUSTDOCFLAGS=--cap-lints=forbid" "-e" "CARGO_HOME=/opt/rustwide/cargo-home" "-e" "RUSTUP_HOME=/opt/rustwide/rustup-home" "-w" "/opt/rustwide/workdir" "-m" "1610612736" "--user" "0:0" "--network" "none" "ghcr.io/rust-lang/crates-build-env/linux@sha256:4a844ea9eb2546a2d2c7022eacef16ef2e8229c7fbb2c7d4d55a9ceca922f72d" "/opt/rustwide/cargo-home/bin/cargo" "+nightly-2024-10-28" "test" "--frozen" "--no-run" "--message-format=json", kill_on_drop: false }`
[INFO] [stdout] f42f910cb7926d90a5894d8c9a0b4207a0cb2ff59ca7c1fb96acb17fe84bd1ec
[INFO] running `Command { std: "docker" "start" "-a" "f42f910cb7926d90a5894d8c9a0b4207a0cb2ff59ca7c1fb96acb17fe84bd1ec", kill_on_drop: false }`
[INFO] [stderr]    Compiling serde v1.0.214
[INFO] [stderr]    Compiling socket2 v0.5.7
[INFO] [stderr]    Compiling signal-hook-registry v1.4.2
[INFO] [stderr]    Compiling mio v1.0.2
[INFO] [stderr]    Compiling lock_api v0.4.12
[INFO] [stderr]    Compiling syn v2.0.86
[INFO] [stderr]    Compiling parking_lot v0.12.3
[INFO] [stderr]    Compiling serde_json v1.0.132
[INFO] [stderr]    Compiling pin-project-internal v1.1.7
[INFO] [stderr]    Compiling tokio-macros v2.4.0
[INFO] [stderr]    Compiling tokio v1.41.0
[INFO] [stderr]    Compiling pin-project v1.1.7
[INFO] [stderr]    Compiling elor v1.1.4
[INFO] [stderr]    Compiling hlocl v0.1.0 (/opt/rustwide/workdir)
[INFO] [stdout] warning: unused import: `$i::*`
[INFO] [stdout]   --> src/lib.rs:12:21
[INFO] [stdout]    |
[INFO] [stdout] 12 |             pub use $i::*;
[INFO] [stdout]    |                     ^^^^^
[INFO] [stdout]    |
[INFO] [stdout]   ::: src/buffer/mod.rs:1:1
[INFO] [stdout]    |
[INFO] [stdout] 1  | flat_mod!(io, flags, r#unsafe);
[INFO] [stdout]    | ------------------------------ in this macro invocation
[INFO] [stdout]    |
[INFO] [stdout]    = note: `#[warn(unused_imports)]` on by default
[INFO] [stdout]    = note: this warning originates in the macro `flat_mod` (in Nightly builds, run with -Z macro-backtrace for more info)
[INFO] [stdout] 
[INFO] [stdout] 
[INFO] [stdout] warning: the feature `core_c_str` has been stable since 1.64.0 and no longer requires an attribute to enable
[INFO] [stdout]  --> src/lib.rs:4:103
[INFO] [stdout]   |
[INFO] [stdout] 4 | #![feature(arc_unwrap_or_clone, vec_into_raw_parts, array_try_map, generic_const_exprs, ptr_metadata, core_c_str, alloc_c_string)]
[INFO] [stdout]   |                                                                                                       ^^^^^^^^^^
[INFO] [stdout]   |
[INFO] [stdout]   = note: `#[warn(stable_features)]` on by default
[INFO] [stdout] 
[INFO] [stdout] 
[INFO] [stdout] warning: the feature `alloc_c_string` has been stable since 1.64.0 and no longer requires an attribute to enable
[INFO] [stdout]  --> src/lib.rs:4:115
[INFO] [stdout]   |
[INFO] [stdout] 4 | #![feature(arc_unwrap_or_clone, vec_into_raw_parts, array_try_map, generic_const_exprs, ptr_metadata, core_c_str, alloc_c_string)]
[INFO] [stdout]   |                                                                                                                   ^^^^^^^^^^^^^^
[INFO] [stdout] 
[INFO] [stdout] 
[INFO] [stdout] warning: the feature `arc_unwrap_or_clone` has been stable since 1.76.0 and no longer requires an attribute to enable
[INFO] [stdout]  --> src/lib.rs:4:12
[INFO] [stdout]   |
[INFO] [stdout] 4 | #![feature(arc_unwrap_or_clone, vec_into_raw_parts, array_try_map, generic_const_exprs, ptr_metadata, core_c_str, alloc_c_string)]
[INFO] [stdout]   |            ^^^^^^^^^^^^^^^^^^^
[INFO] [stdout] 
[INFO] [stdout] 
[INFO] [stdout] error[E0433]: failed to resolve: use of undeclared crate or module `opencl`
[INFO] [stdout]  --> tests/main.rs:1:5
[INFO] [stdout]   |
[INFO] [stdout] 1 | use opencl::{prelude::*, buffer::{FastRng, MemFlag}};
[INFO] [stdout]   |     ^^^^^^ use of undeclared crate or module `opencl`
[INFO] [stdout] 
[INFO] [stdout] 
[INFO] [stdout] error[E0432]: unresolved imports `opencl::buffer::FastRng`, `opencl::buffer::MemFlag`
[INFO] [stdout]  --> tests/main.rs:1:35
[INFO] [stdout]   |
[INFO] [stdout] 1 | use opencl::{prelude::*, buffer::{FastRng, MemFlag}};
[INFO] [stdout]   |                                   ^^^^^^^  ^^^^^^^
[INFO] [stdout] 
[INFO] [stdout] 
[INFO] [stdout] error[E0433]: failed to resolve: use of undeclared type `Device`
[INFO] [stdout]  --> tests/main.rs:5:18
[INFO] [stdout]   |
[INFO] [stdout] 5 |     let device = Device::first().unwrap();
[INFO] [stdout]   |                  ^^^^^^ use of undeclared type `Device`
[INFO] [stdout]   |
[INFO] [stdout] help: consider importing this struct
[INFO] [stdout]   |
[INFO] [stdout] 1 + use hlocl::device::Device;
[INFO] [stdout]   |
[INFO] [stdout] 
[INFO] [stdout] 
[INFO] [stdout] error[E0425]: cannot find value `EMPTY` in this scope
[INFO] [stdout]  --> tests/main.rs:8:73
[INFO] [stdout]   |
[INFO] [stdout] 8 |     let svm = FastRng::random_f64(0.0, 1.0, 10_000, MemFlag::default(), EMPTY)?.wait()?;
[INFO] [stdout]   |                                                                         ^^^^^ not found in this scope
[INFO] [stdout]   |
[INFO] [stdout] help: consider importing this constant
[INFO] [stdout]   |
[INFO] [stdout] 1 + use hlocl::event::EMPTY;
[INFO] [stdout]   |
[INFO] [stdout] 
[INFO] [stdout] 
[INFO] [stdout] error[E0107]: enum takes 2 generic arguments but 1 generic argument was supplied
[INFO] [stdout]  --> tests/main.rs:4:14
[INFO] [stdout]   |
[INFO] [stdout] 4 | fn vec () -> Result<()> {
[INFO] [stdout]   |              ^^^^^^ -- supplied 1 generic argument
[INFO] [stdout]   |              |
[INFO] [stdout]   |              expected 2 generic arguments
[INFO] [stdout]   |
[INFO] [stdout] help: add missing generic argument
[INFO] [stdout]   |
[INFO] [stdout] 4 | fn vec () -> Result<(), E> {
[INFO] [stdout]   |                       +++
[INFO] [stdout] 
[INFO] [stdout] 
[INFO] [stdout] warning: unused import: `$i::*`
[INFO] [stdout]   --> src/lib.rs:12:21
[INFO] [stdout]    |
[INFO] [stdout] 12 |             pub use $i::*;
[INFO] [stdout]    |                     ^^^^^
[INFO] [stdout]    |
[INFO] [stdout]   ::: src/buffer/mod.rs:1:1
[INFO] [stdout]    |
[INFO] [stdout] 1  | flat_mod!(io, flags, r#unsafe);
[INFO] [stdout]    | ------------------------------ in this macro invocation
[INFO] [stdout]    |
[INFO] [stdout]    = note: `#[warn(unused_imports)]` on by default
[INFO] [stdout]    = note: this warning originates in the macro `flat_mod` (in Nightly builds, run with -Z macro-backtrace for more info)
[INFO] [stdout] 
[INFO] [stdout] 
[INFO] [stdout] Some errors have detailed explanations: E0107, E0425, E0432, E0433.
[INFO] [stdout] 
[INFO] [stdout] For more information about an error, try `rustc --explain E0107`.
[INFO] [stdout] 
[INFO] [stderr] error: could not compile `hlocl` (test "main") due to 5 previous errors
[INFO] [stderr] warning: build failed, waiting for other jobs to finish...
[INFO] [stdout] warning: the feature `core_c_str` has been stable since 1.64.0 and no longer requires an attribute to enable
[INFO] [stdout]  --> src/lib.rs:4:103
[INFO] [stdout]   |
[INFO] [stdout] 4 | #![feature(arc_unwrap_or_clone, vec_into_raw_parts, array_try_map, generic_const_exprs, ptr_metadata, core_c_str, alloc_c_string)]
[INFO] [stdout]   |                                                                                                       ^^^^^^^^^^
[INFO] [stdout]   |
[INFO] [stdout]   = note: `#[warn(stable_features)]` on by default
[INFO] [stdout] 
[INFO] [stdout] 
[INFO] [stdout] warning: the feature `alloc_c_string` has been stable since 1.64.0 and no longer requires an attribute to enable
[INFO] [stdout]  --> src/lib.rs:4:115
[INFO] [stdout]   |
[INFO] [stdout] 4 | #![feature(arc_unwrap_or_clone, vec_into_raw_parts, array_try_map, generic_const_exprs, ptr_metadata, core_c_str, alloc_c_string)]
[INFO] [stdout]   |                                                                                                                   ^^^^^^^^^^^^^^
[INFO] [stdout] 
[INFO] [stdout] 
[INFO] [stdout] warning: the feature `arc_unwrap_or_clone` has been stable since 1.76.0 and no longer requires an attribute to enable
[INFO] [stdout]  --> src/lib.rs:4:12
[INFO] [stdout]   |
[INFO] [stdout] 4 | #![feature(arc_unwrap_or_clone, vec_into_raw_parts, array_try_map, generic_const_exprs, ptr_metadata, core_c_str, alloc_c_string)]
[INFO] [stdout]   |            ^^^^^^^^^^^^^^^^^^^
[INFO] [stdout] 
[INFO] [stdout] 
[INFO] running `Command { std: "docker" "inspect" "f42f910cb7926d90a5894d8c9a0b4207a0cb2ff59ca7c1fb96acb17fe84bd1ec", kill_on_drop: false }`
[INFO] running `Command { std: "docker" "rm" "-f" "f42f910cb7926d90a5894d8c9a0b4207a0cb2ff59ca7c1fb96acb17fe84bd1ec", kill_on_drop: false }`
[INFO] [stdout] f42f910cb7926d90a5894d8c9a0b4207a0cb2ff59ca7c1fb96acb17fe84bd1ec
