[INFO] fetching crate hkalbasi-rustc-ap-rustc_index 0.0.20230517...
[INFO] testing hkalbasi-rustc-ap-rustc_index-0.0.20230517 against nightly-2024-10-28+rustflags=-Zrandomize-layout for randomize-layout
[INFO] extracting crate hkalbasi-rustc-ap-rustc_index 0.0.20230517 into /workspace/builds/worker-3-tc2/source
[INFO] validating manifest of crates.io crate hkalbasi-rustc-ap-rustc_index 0.0.20230517 on toolchain nightly-2024-10-28
[INFO] running `Command { std: CARGO_HOME="/workspace/cargo-home" RUSTUP_HOME="/workspace/rustup-home" "/workspace/cargo-home/bin/cargo" "+nightly-2024-10-28" "metadata" "--manifest-path" "Cargo.toml" "--no-deps", kill_on_drop: false }`
[INFO] started tweaking crates.io crate hkalbasi-rustc-ap-rustc_index 0.0.20230517
[INFO] finished tweaking crates.io crate hkalbasi-rustc-ap-rustc_index 0.0.20230517
[INFO] tweaked toml for crates.io crate hkalbasi-rustc-ap-rustc_index 0.0.20230517 written to /workspace/builds/worker-3-tc2/source/Cargo.toml
[INFO] running `Command { std: CARGO_HOME="/workspace/cargo-home" RUSTUP_HOME="/workspace/rustup-home" "/workspace/cargo-home/bin/cargo" "+nightly-2024-10-28" "generate-lockfile" "--manifest-path" "Cargo.toml", kill_on_drop: false }`
[INFO] [stderr]     Updating crates.io index
[INFO] [stderr]      Locking 13 packages to latest compatible versions
[INFO] running `Command { std: CARGO_HOME="/workspace/cargo-home" RUSTUP_HOME="/workspace/rustup-home" "/workspace/cargo-home/bin/cargo" "+nightly-2024-10-28" "fetch" "--manifest-path" "Cargo.toml", kill_on_drop: false }`
[INFO] running `Command { std: "docker" "create" "-v" "/var/lib/crater-agent-workspace/builds/worker-3-tc2/target:/opt/rustwide/target:rw,Z" "-v" "/var/lib/crater-agent-workspace/builds/worker-3-tc2/source:/opt/rustwide/workdir:ro,Z" "-v" "/var/lib/crater-agent-workspace/cargo-home:/opt/rustwide/cargo-home:ro,Z" "-v" "/var/lib/crater-agent-workspace/rustup-home:/opt/rustwide/rustup-home:ro,Z" "-e" "SOURCE_DIR=/opt/rustwide/workdir" "-e" "CARGO_TARGET_DIR=/opt/rustwide/target" "-e" "CARGO_HOME=/opt/rustwide/cargo-home" "-e" "RUSTUP_HOME=/opt/rustwide/rustup-home" "-w" "/opt/rustwide/workdir" "-m" "1610612736" "--user" "0:0" "--network" "none" "ghcr.io/rust-lang/crates-build-env/linux@sha256:4a844ea9eb2546a2d2c7022eacef16ef2e8229c7fbb2c7d4d55a9ceca922f72d" "/opt/rustwide/cargo-home/bin/cargo" "+nightly-2024-10-28" "metadata" "--no-deps" "--format-version=1", kill_on_drop: false }`
[INFO] [stdout] 669f7f26de42f7fe04226344f0128aa90d065e239dc07b17e1fecc9697f8230e
[INFO] running `Command { std: "docker" "start" "-a" "669f7f26de42f7fe04226344f0128aa90d065e239dc07b17e1fecc9697f8230e", kill_on_drop: false }`
[INFO] running `Command { std: "docker" "inspect" "669f7f26de42f7fe04226344f0128aa90d065e239dc07b17e1fecc9697f8230e", kill_on_drop: false }`
[INFO] running `Command { std: "docker" "rm" "-f" "669f7f26de42f7fe04226344f0128aa90d065e239dc07b17e1fecc9697f8230e", kill_on_drop: false }`
[INFO] [stdout] 669f7f26de42f7fe04226344f0128aa90d065e239dc07b17e1fecc9697f8230e
[INFO] running `Command { std: "docker" "create" "-v" "/var/lib/crater-agent-workspace/builds/worker-3-tc2/target:/opt/rustwide/target:rw,Z" "-v" "/var/lib/crater-agent-workspace/builds/worker-3-tc2/source:/opt/rustwide/workdir:ro,Z" "-v" "/var/lib/crater-agent-workspace/cargo-home:/opt/rustwide/cargo-home:ro,Z" "-v" "/var/lib/crater-agent-workspace/rustup-home:/opt/rustwide/rustup-home:ro,Z" "-e" "SOURCE_DIR=/opt/rustwide/workdir" "-e" "CARGO_TARGET_DIR=/opt/rustwide/target" "-e" "CARGO_INCREMENTAL=0" "-e" "RUST_BACKTRACE=full" "-e" "RUSTFLAGS=--cap-lints=forbid -Zrandomize-layout" "-e" "RUSTDOCFLAGS=--cap-lints=forbid" "-e" "CARGO_HOME=/opt/rustwide/cargo-home" "-e" "RUSTUP_HOME=/opt/rustwide/rustup-home" "-w" "/opt/rustwide/workdir" "-m" "1610612736" "--user" "0:0" "--network" "none" "ghcr.io/rust-lang/crates-build-env/linux@sha256:4a844ea9eb2546a2d2c7022eacef16ef2e8229c7fbb2c7d4d55a9ceca922f72d" "/opt/rustwide/cargo-home/bin/cargo" "+nightly-2024-10-28" "build" "--frozen" "--message-format=json", kill_on_drop: false }`
[INFO] [stdout] 66932feb84ba7751fe2645b6b43e50a66e53ad72c5b960c1da9d84d68c950465
[INFO] running `Command { std: "docker" "start" "-a" "66932feb84ba7751fe2645b6b43e50a66e53ad72c5b960c1da9d84d68c950465", kill_on_drop: false }`
[INFO] [stderr]    Compiling autocfg v1.4.0
[INFO] [stderr]    Compiling smallvec v1.13.2
[INFO] [stderr]    Compiling thin-vec v0.2.13
[INFO] [stderr]    Compiling arrayvec v0.7.6
[INFO] [stderr]    Compiling syn v2.0.86
[INFO] [stderr]    Compiling indexmap v1.9.3
[INFO] [stderr]    Compiling hkalbasi-rustc-ap-rustc_serialize v0.0.20230517
[INFO] [stderr]    Compiling synstructure v0.13.1
[INFO] [stderr]    Compiling hkalbasi-rustc-ap-rustc_macros v0.0.20230517
[INFO] [stderr]    Compiling hkalbasi-rustc-ap-rustc_index v0.0.20230517 (/opt/rustwide/workdir)
[INFO] [stdout] warning: the feature `allow_internal_unstable` is internal to the compiler or standard library
[INFO] [stdout]  --> src/lib.rs:6:9
[INFO] [stdout]   |
[INFO] [stdout] 6 |         allow_internal_unstable,
[INFO] [stdout]   |         ^^^^^^^^^^^^^^^^^^^^^^^
[INFO] [stdout]   |
[INFO] [stdout]   = note: using it is strongly discouraged
[INFO] [stdout]   = note: `#[warn(internal_features)]` on by default
[INFO] [stdout] 
[INFO] [stdout] 
[INFO] [stdout] warning: the feature `new_uninit` has been stable since 1.82.0 and no longer requires an attribute to enable
[INFO] [stdout]  --> src/lib.rs:9:9
[INFO] [stdout]   |
[INFO] [stdout] 9 |         new_uninit,
[INFO] [stdout]   |         ^^^^^^^^^^
[INFO] [stdout]   |
[INFO] [stdout]   = note: `#[warn(stable_features)]` on by default
[INFO] [stdout] 
[INFO] [stdout] 
[INFO] [stdout] error[E0308]: mismatched types
[INFO] [stdout]    --> src/lib.rs:34:32
[INFO] [stdout]     |
[INFO] [stdout] 34  |         const _: [(); $size] = [(); ::std::mem::size_of::<$ty>()];
[INFO] [stdout]     |                                ^^^^^^^^^^^^^^^^^^^^^^^^^^^^^^^^^^ expected an array with a fixed size of 16 elements, found one with 24 elements
[INFO] [stdout]     |
[INFO] [stdout]    ::: src/bit_set.rs:413:35
[INFO] [stdout]     |
[INFO] [stdout] 413 | crate::static_assert_size!(Chunk, 16);
[INFO] [stdout]     | -------------------------------------
[INFO] [stdout]     | |                                 |
[INFO] [stdout]     | |                                 help: consider specifying the actual array length: `24`
[INFO] [stdout]     | in this macro invocation
[INFO] [stdout]     |
[INFO] [stdout]     = note: this error originates in the macro `crate::static_assert_size` (in Nightly builds, run with -Z macro-backtrace for more info)
[INFO] [stdout] 
[INFO] [stdout] 
[INFO] [stdout] error[E0658]: use of unstable library feature 'new_zeroed_alloc'
[INFO] [stdout]    --> src/bit_set.rs:506:33
[INFO] [stdout]     |
[INFO] [stdout] 506 |                     let words = Rc::<[Word; CHUNK_WORDS]>::new_zeroed();
[INFO] [stdout]     |                                 ^^^^^^^^^^^^^^^^^^^^^^^^^^^^^^^^^^^^^
[INFO] [stdout]     |
[INFO] [stdout]     = note: see issue #129396 <https://github.com/rust-lang/rust/issues/129396> for more information
[INFO] [stdout]     = help: add `#![feature(new_zeroed_alloc)]` to the crate attributes to enable
[INFO] [stdout]     = note: this compiler was built on 2024-10-27; consider upgrading it if it is out of date
[INFO] [stdout] 
[INFO] [stdout] 
[INFO] [stdout] error[E0658]: use of unstable library feature 'new_zeroed_alloc'
[INFO] [stdout]    --> src/bit_set.rs:560:33
[INFO] [stdout]     |
[INFO] [stdout] 560 |                     let words = Rc::<[Word; CHUNK_WORDS]>::new_zeroed();
[INFO] [stdout]     |                                 ^^^^^^^^^^^^^^^^^^^^^^^^^^^^^^^^^^^^^
[INFO] [stdout]     |
[INFO] [stdout]     = note: see issue #129396 <https://github.com/rust-lang/rust/issues/129396> for more information
[INFO] [stdout]     = help: add `#![feature(new_zeroed_alloc)]` to the crate attributes to enable
[INFO] [stdout]     = note: this compiler was built on 2024-10-27; consider upgrading it if it is out of date
[INFO] [stdout] 
[INFO] [stdout] 
[INFO] [stdout] Some errors have detailed explanations: E0308, E0658.
[INFO] [stdout] 
[INFO] [stdout] For more information about an error, try `rustc --explain E0308`.
[INFO] [stdout] 
[INFO] [stderr] error: could not compile `hkalbasi-rustc-ap-rustc_index` (lib) due to 3 previous errors; 2 warnings emitted
[INFO] running `Command { std: "docker" "inspect" "66932feb84ba7751fe2645b6b43e50a66e53ad72c5b960c1da9d84d68c950465", kill_on_drop: false }`
[INFO] running `Command { std: "docker" "rm" "-f" "66932feb84ba7751fe2645b6b43e50a66e53ad72c5b960c1da9d84d68c950465", kill_on_drop: false }`
[INFO] [stdout] 66932feb84ba7751fe2645b6b43e50a66e53ad72c5b960c1da9d84d68c950465
