[INFO] fetching crate hikvision 0.1.11...
[INFO] testing hikvision-0.1.11 against nightly-2024-10-28+rustflags=-Zrandomize-layout for randomize-layout
[INFO] extracting crate hikvision 0.1.11 into /workspace/builds/worker-2-tc2/source
[INFO] validating manifest of crates.io crate hikvision 0.1.11 on toolchain nightly-2024-10-28
[INFO] running `Command { std: CARGO_HOME="/workspace/cargo-home" RUSTUP_HOME="/workspace/rustup-home" "/workspace/cargo-home/bin/cargo" "+nightly-2024-10-28" "metadata" "--manifest-path" "Cargo.toml" "--no-deps", kill_on_drop: false }`
[INFO] started tweaking crates.io crate hikvision 0.1.11
[INFO] removed 2 missing examples
[INFO] finished tweaking crates.io crate hikvision 0.1.11
[INFO] tweaked toml for crates.io crate hikvision 0.1.11 written to /workspace/builds/worker-2-tc2/source/Cargo.toml
[INFO] crate crates.io crate hikvision 0.1.11 already has a lockfile, it will not be regenerated
[INFO] running `Command { std: CARGO_HOME="/workspace/cargo-home" RUSTUP_HOME="/workspace/rustup-home" "/workspace/cargo-home/bin/cargo" "+nightly-2024-10-28" "fetch" "--manifest-path" "Cargo.toml", kill_on_drop: false }`
[INFO] running `Command { std: "docker" "create" "-v" "/var/lib/crater-agent-workspace/builds/worker-2-tc2/target:/opt/rustwide/target:rw,Z" "-v" "/var/lib/crater-agent-workspace/builds/worker-2-tc2/source:/opt/rustwide/workdir:ro,Z" "-v" "/var/lib/crater-agent-workspace/cargo-home:/opt/rustwide/cargo-home:ro,Z" "-v" "/var/lib/crater-agent-workspace/rustup-home:/opt/rustwide/rustup-home:ro,Z" "-e" "SOURCE_DIR=/opt/rustwide/workdir" "-e" "CARGO_TARGET_DIR=/opt/rustwide/target" "-e" "CARGO_HOME=/opt/rustwide/cargo-home" "-e" "RUSTUP_HOME=/opt/rustwide/rustup-home" "-w" "/opt/rustwide/workdir" "-m" "1610612736" "--user" "0:0" "--network" "none" "ghcr.io/rust-lang/crates-build-env/linux@sha256:4a844ea9eb2546a2d2c7022eacef16ef2e8229c7fbb2c7d4d55a9ceca922f72d" "/opt/rustwide/cargo-home/bin/cargo" "+nightly-2024-10-28" "metadata" "--no-deps" "--format-version=1", kill_on_drop: false }`
[INFO] [stdout] 83381f51858a1c2e09f6c9bf0a61f8dbc95d6235480fccae55380f9843eadaa2
[INFO] running `Command { std: "docker" "start" "-a" "83381f51858a1c2e09f6c9bf0a61f8dbc95d6235480fccae55380f9843eadaa2", kill_on_drop: false }`
[INFO] running `Command { std: "docker" "inspect" "83381f51858a1c2e09f6c9bf0a61f8dbc95d6235480fccae55380f9843eadaa2", kill_on_drop: false }`
[INFO] running `Command { std: "docker" "rm" "-f" "83381f51858a1c2e09f6c9bf0a61f8dbc95d6235480fccae55380f9843eadaa2", kill_on_drop: false }`
[INFO] [stdout] 83381f51858a1c2e09f6c9bf0a61f8dbc95d6235480fccae55380f9843eadaa2
[INFO] running `Command { std: "docker" "create" "-v" "/var/lib/crater-agent-workspace/builds/worker-2-tc2/target:/opt/rustwide/target:rw,Z" "-v" "/var/lib/crater-agent-workspace/builds/worker-2-tc2/source:/opt/rustwide/workdir:ro,Z" "-v" "/var/lib/crater-agent-workspace/cargo-home:/opt/rustwide/cargo-home:ro,Z" "-v" "/var/lib/crater-agent-workspace/rustup-home:/opt/rustwide/rustup-home:ro,Z" "-e" "SOURCE_DIR=/opt/rustwide/workdir" "-e" "CARGO_TARGET_DIR=/opt/rustwide/target" "-e" "CARGO_INCREMENTAL=0" "-e" "RUST_BACKTRACE=full" "-e" "RUSTFLAGS=--cap-lints=forbid -Zrandomize-layout" "-e" "RUSTDOCFLAGS=--cap-lints=forbid" "-e" "CARGO_HOME=/opt/rustwide/cargo-home" "-e" "RUSTUP_HOME=/opt/rustwide/rustup-home" "-w" "/opt/rustwide/workdir" "-m" "1610612736" "--user" "0:0" "--network" "none" "ghcr.io/rust-lang/crates-build-env/linux@sha256:4a844ea9eb2546a2d2c7022eacef16ef2e8229c7fbb2c7d4d55a9ceca922f72d" "/opt/rustwide/cargo-home/bin/cargo" "+nightly-2024-10-28" "build" "--frozen" "--message-format=json", kill_on_drop: false }`
[INFO] [stdout] 4f78b17ed51fea7f0a77f7502e4e5b4c7a1f79a0c5871cc2dc8a69643c9d3619
[INFO] running `Command { std: "docker" "start" "-a" "4f78b17ed51fea7f0a77f7502e4e5b4c7a1f79a0c5871cc2dc8a69643c9d3619", kill_on_drop: false }`
[INFO] [stderr]    Compiling proc-macro2 v1.0.81
[INFO] [stderr]    Compiling autocfg v1.2.0
[INFO] [stderr]    Compiling serde v1.0.198
[INFO] [stderr]    Compiling memchr v2.7.2
[INFO] [stderr]    Compiling regex-syntax v0.8.3
[INFO] [stderr]    Compiling libc v0.2.153
[INFO] [stderr]    Compiling thiserror v1.0.58
[INFO] [stderr]    Compiling serde_json v1.0.116
[INFO] [stderr]    Compiling itoa v1.0.11
[INFO] [stderr]    Compiling libloading v0.8.3
[INFO] [stderr]    Compiling num-traits v0.2.18
[INFO] [stderr]    Compiling aho-corasick v1.1.3
[INFO] [stderr]    Compiling getrandom v0.2.14
[INFO] [stderr]    Compiling quote v1.0.36
[INFO] [stderr]    Compiling rand_core v0.6.4
[INFO] [stderr]    Compiling syn v2.0.59
[INFO] [stderr]    Compiling rand_chacha v0.3.1
[INFO] [stderr]    Compiling rand v0.8.5
[INFO] [stderr]    Compiling chrono v0.4.38
[INFO] [stderr]    Compiling regex-automata v0.4.6
[INFO] [stderr]    Compiling regex v1.10.4
[INFO] [stderr]    Compiling serde_derive v1.0.198
[INFO] [stderr]    Compiling thiserror-impl v1.0.58
[INFO] [stderr]    Compiling e-macros v0.1.5
[INFO] [stderr]    Compiling e-utils v0.3.5
[INFO] [stderr]    Compiling hikvision v0.1.11 (/opt/rustwide/workdir)
[INFO] [stdout] warning: unexpected `cfg` condition name: `loom`
[INFO] [stdout]   --> src/lib.rs:21:13
[INFO] [stdout]    |
[INFO] [stdout] 21 | #![cfg_attr(loom, allow(dead_code, unreachable_pub))]
[INFO] [stdout]    |             ^^^^
[INFO] [stdout]    |
[INFO] [stdout]    = help: expected names are: `clippy`, `debug_assertions`, `doc`, `docsrs`, `doctest`, `feature`, `fmt_debug`, `miri`, `overflow_checks`, `panic`, `proc_macro`, `relocation_model`, `rustfmt`, `sanitize`, `sanitizer_cfi_generalize_pointers`, `sanitizer_cfi_normalize_integers`, `target_abi`, `target_arch`, `target_endian`, `target_env`, `target_family`, `target_feature`, `target_has_atomic`, `target_has_atomic_equal_alignment`, `target_has_atomic_load_store`, `target_os`, `target_pointer_width`, `target_thread_local`, `target_vendor`, `test`, `ub_checks`, `unix`, and `windows`
[INFO] [stdout]    = help: consider using a Cargo feature instead
[INFO] [stdout]    = help: or consider adding in `Cargo.toml` the `check-cfg` lint config for the lint:
[INFO] [stdout]             [lints.rust]
[INFO] [stdout]             unexpected_cfgs = { level = "warn", check-cfg = ['cfg(loom)'] }
[INFO] [stdout]    = help: or consider adding `println!("cargo::rustc-check-cfg=cfg(loom)");` to the top of the `build.rs`
[INFO] [stdout]    = note: see <https://doc.rust-lang.org/nightly/rustc/check-cfg/cargo-specifics.html> for more information about checking conditional configuration
[INFO] [stdout]    = note: `#[warn(unexpected_cfgs)]` on by default
[INFO] [stdout] 
[INFO] [stdout] 
[INFO] [stderr]     Finished `dev` profile [unoptimized + debuginfo] target(s) in 7.34s
[INFO] running `Command { std: "docker" "inspect" "4f78b17ed51fea7f0a77f7502e4e5b4c7a1f79a0c5871cc2dc8a69643c9d3619", kill_on_drop: false }`
[INFO] running `Command { std: "docker" "rm" "-f" "4f78b17ed51fea7f0a77f7502e4e5b4c7a1f79a0c5871cc2dc8a69643c9d3619", kill_on_drop: false }`
[INFO] [stdout] 4f78b17ed51fea7f0a77f7502e4e5b4c7a1f79a0c5871cc2dc8a69643c9d3619
[INFO] running `Command { std: "docker" "create" "-v" "/var/lib/crater-agent-workspace/builds/worker-2-tc2/target:/opt/rustwide/target:rw,Z" "-v" "/var/lib/crater-agent-workspace/builds/worker-2-tc2/source:/opt/rustwide/workdir:ro,Z" "-v" "/var/lib/crater-agent-workspace/cargo-home:/opt/rustwide/cargo-home:ro,Z" "-v" "/var/lib/crater-agent-workspace/rustup-home:/opt/rustwide/rustup-home:ro,Z" "-e" "SOURCE_DIR=/opt/rustwide/workdir" "-e" "CARGO_TARGET_DIR=/opt/rustwide/target" "-e" "CARGO_INCREMENTAL=0" "-e" "RUST_BACKTRACE=full" "-e" "RUSTFLAGS=--cap-lints=forbid -Zrandomize-layout" "-e" "RUSTDOCFLAGS=--cap-lints=forbid" "-e" "CARGO_HOME=/opt/rustwide/cargo-home" "-e" "RUSTUP_HOME=/opt/rustwide/rustup-home" "-w" "/opt/rustwide/workdir" "-m" "1610612736" "--user" "0:0" "--network" "none" "ghcr.io/rust-lang/crates-build-env/linux@sha256:4a844ea9eb2546a2d2c7022eacef16ef2e8229c7fbb2c7d4d55a9ceca922f72d" "/opt/rustwide/cargo-home/bin/cargo" "+nightly-2024-10-28" "test" "--frozen" "--no-run" "--message-format=json", kill_on_drop: false }`
[INFO] [stdout] ce4752cab699d1d4f154a0e1ec8073710ebc6c00815205740218963fa88b04b6
[INFO] running `Command { std: "docker" "start" "-a" "ce4752cab699d1d4f154a0e1ec8073710ebc6c00815205740218963fa88b04b6", kill_on_drop: false }`
[INFO] [stderr]    Compiling proc-macro2 v1.0.81
[INFO] [stderr]    Compiling serde v1.0.198
[INFO] [stderr]    Compiling smallvec v1.13.2
[INFO] [stderr]    Compiling hashbrown v0.14.5
[INFO] [stderr]    Compiling heck v0.5.0
[INFO] [stderr]    Compiling target-lexicon v0.12.15
[INFO] [stderr]    Compiling winnow v0.6.13
[INFO] [stderr]    Compiling version-compare v0.2.0
[INFO] [stderr]    Compiling syn v1.0.109
[INFO] [stderr]    Compiling getrandom v0.2.14
[INFO] [stderr]    Compiling getrandom v0.1.16
[INFO] [stderr]    Compiling phf_shared v0.10.0
[INFO] [stderr]    Compiling rand_core v0.6.4
[INFO] [stderr]    Compiling proc-macro-error-attr v1.0.4
[INFO] [stderr]    Compiling proc-macro-error v1.0.4
[INFO] [stderr]    Compiling rand_chacha v0.3.1
[INFO] [stderr]    Compiling rand_core v0.5.1
[INFO] [stderr]    Compiling phf_shared v0.8.0
[INFO] [stderr]    Compiling indexmap v2.2.6
[INFO] [stderr]    Compiling cfg-expr v0.15.8
[INFO] [stderr]    Compiling slab v0.4.9
[INFO] [stderr]    Compiling rand_chacha v0.2.2
[INFO] [stderr]    Compiling rand_pcg v0.2.1
[INFO] [stderr]    Compiling quote v1.0.36
[INFO] [stderr]    Compiling rand v0.8.5
[INFO] [stderr]    Compiling syn v2.0.59
[INFO] [stderr]    Compiling rand v0.7.3
[INFO] [stderr]    Compiling winnow v0.5.40
[INFO] [stderr]    Compiling anyhow v1.0.86
[INFO] [stderr]    Compiling phf_generator v0.10.0
[INFO] [stderr]    Compiling lock_api v0.4.12
[INFO] [stderr]    Compiling futures-core v0.3.30
[INFO] [stderr]    Compiling pin-project-lite v0.2.14
[INFO] [stderr]    Compiling parking_lot_core v0.9.10
[INFO] [stderr]    Compiling memchr v2.7.2
[INFO] [stderr]    Compiling new_debug_unreachable v1.0.6
[INFO] [stderr]    Compiling phf_generator v0.8.0
[INFO] [stderr]    Compiling precomputed-hash v0.1.1
[INFO] [stderr]    Compiling proc-macro-hack v0.5.20+deprecated
[INFO] [stderr]    Compiling phf_codegen v0.10.0
[INFO] [stderr]    Compiling string_cache_codegen v0.5.2
[INFO] [stderr]    Compiling unicode-segmentation v1.11.0
[INFO] [stderr]    Compiling mac v0.1.1
[INFO] [stderr]    Compiling futf v0.1.5
[INFO] [stderr]    Compiling parking_lot v0.12.3
[INFO] [stderr]    Compiling heck v0.3.3
[INFO] [stderr]    Compiling markup5ever v0.11.0
[INFO] [stderr]    Compiling futures-channel v0.3.30
[INFO] [stderr]    Compiling cfg-expr v0.9.1
[INFO] [stderr]    Compiling utf-8 v0.7.6
[INFO] [stderr]    Compiling semver v1.0.23
[INFO] [stderr]    Compiling version-compare v0.0.11
[INFO] [stderr]    Compiling tendril v0.4.3
[INFO] [stderr]    Compiling phf_codegen v0.8.0
[INFO] [stderr]    Compiling phf v0.10.1
[INFO] [stderr]    Compiling dtoa v1.0.9
[INFO] [stderr]    Compiling selectors v0.22.0
[INFO] [stderr]    Compiling matches v0.1.10
[INFO] [stderr]    Compiling dtoa-short v0.3.5
[INFO] [stderr]    Compiling value-bag v1.9.0
[INFO] [stderr]    Compiling convert_case v0.4.0
[INFO] [stderr]    Compiling strsim v0.11.1
[INFO] [stderr]    Compiling stable_deref_trait v1.2.0
[INFO] [stderr]    Compiling itoa v0.4.8
[INFO] [stderr]    Compiling nodrop v0.1.14
[INFO] [stderr]    Compiling log v0.4.21
[INFO] [stderr]    Compiling servo_arc v0.1.1
[INFO] [stderr]    Compiling fxhash v0.2.1
[INFO] [stderr]    Compiling indexmap v1.9.3
[INFO] [stderr]    Compiling tinyvec_macros v0.1.1
[INFO] [stderr]    Compiling thin-slice v0.1.1
[INFO] [stderr]    Compiling serde_json v1.0.116
[INFO] [stderr]    Compiling tinyvec v1.8.0
[INFO] [stderr]    Compiling typenum v1.17.0
[INFO] [stderr]    Compiling phf_shared v0.11.2
[INFO] [stderr]    Compiling gio v0.15.12
[INFO] [stderr]    Compiling phf_generator v0.11.2
[INFO] [stderr]    Compiling generic-array v0.14.7
[INFO] [stderr]    Compiling aho-corasick v1.1.3
[INFO] [stderr]    Compiling uuid v1.10.0
[INFO] [stderr]    Compiling num-traits v0.2.18
[INFO] [stderr]    Compiling darling_core v0.20.10
[INFO] [stderr]    Compiling simd-adler32 v0.3.7
[INFO] [stderr]    Compiling unicode-bidi v0.3.15
[INFO] [stderr]    Compiling unicode-normalization v0.1.23
[INFO] [stderr]    Compiling futures-io v0.3.30
[INFO] [stderr]    Compiling cfb v0.7.3
[INFO] [stderr]    Compiling idna v0.5.0
[INFO] [stderr]    Compiling regex-automata v0.4.6
[INFO] [stderr]    Compiling rustc_version v0.4.0
[INFO] [stderr]    Compiling memoffset v0.9.1
[INFO] [stderr]    Compiling crc32fast v1.4.2
[INFO] [stderr]    Compiling walkdir v2.5.0
[INFO] [stderr]    Compiling field-offset v0.3.6
[INFO] [stderr]    Compiling infer v0.13.0
[INFO] [stderr]    Compiling miniz_oxide v0.7.4
[INFO] [stderr]    Compiling serde_derive v1.0.198
[INFO] [stderr]    Compiling thiserror-impl v1.0.58
[INFO] [stderr]    Compiling futures-macro v0.3.30
[INFO] [stderr]    Compiling cssparser v0.27.2
[INFO] [stderr]    Compiling phf_macros v0.8.0
[INFO] [stderr]    Compiling html5ever v0.26.0
[INFO] [stderr]    Compiling cssparser-macros v0.6.1
[INFO] [stderr]    Compiling derive_more v0.99.18
[INFO] [stderr]    Compiling futures-util v0.3.30
[INFO] [stderr]    Compiling phf v0.8.0
[INFO] [stderr]    Compiling darling_macro v0.20.10
[INFO] [stderr]    Compiling thiserror v1.0.58
[INFO] [stderr]    Compiling phf_macros v0.11.2
[INFO] [stderr]    Compiling darling v0.20.10
[INFO] [stderr]    Compiling serde_with_macros v3.8.3
[INFO] [stderr]    Compiling phf v0.11.2
[INFO] [stderr]    Compiling ctor v0.2.8
[INFO] [stderr]    Compiling crossbeam-utils v0.8.20
[INFO] [stderr]    Compiling rustix v0.38.34
[INFO] [stderr]    Compiling dunce v1.0.4
[INFO] [stderr]    Compiling flate2 v1.0.30
[INFO] [stderr]    Compiling crypto-common v0.1.6
[INFO] [stderr]    Compiling block-buffer v0.10.4
[INFO] [stderr]    Compiling fdeflate v0.3.4
[INFO] [stderr]    Compiling gtk v0.15.5
[INFO] [stderr]    Compiling bitflags v2.6.0
[INFO] [stderr]    Compiling futures-executor v0.3.30
[INFO] [stderr]    Compiling linux-raw-sys v0.4.14
[INFO] [stderr]    Compiling digest v0.10.7
[INFO] [stderr]    Compiling png v0.17.13
[INFO] [stderr]    Compiling cpufeatures v0.2.12
[INFO] [stderr]    Compiling bytes v1.6.0
[INFO] [stderr]    Compiling chrono v0.4.38
[INFO] [stderr]    Compiling sha2 v0.10.8
[INFO] [stderr]    Compiling crossbeam-epoch v0.9.18
[INFO] [stderr]    Compiling ico v0.3.0
[INFO] [stderr]    Compiling regex v1.10.4
[INFO] [stderr]    Compiling e-macros v0.1.5
[INFO] [stderr]    Compiling bstr v1.9.1
[INFO] [stderr]    Compiling base64 v0.21.7
[INFO] [stderr]    Compiling tauri-runtime v0.14.4
[INFO] [stderr]    Compiling rust_decimal v1.35.0
[INFO] [stderr]    Compiling globset v0.4.14
[INFO] [stderr]    Compiling crossbeam-deque v0.8.5
[INFO] [stderr]    Compiling http v0.2.12
[INFO] [stderr]    Compiling serialize-to-javascript-impl v0.1.1
[INFO] [stderr]    Compiling tauri v1.7.1
[INFO] [stderr]    Compiling xattr v1.3.1
[INFO] [stderr]    Compiling filetime v0.2.23
[INFO] [stderr]    Compiling dirs-sys-next v0.1.2
[INFO] [stderr]    Compiling raw-window-handle v0.5.2
[INFO] [stderr]    Compiling fastrand v2.1.0
[INFO] [stderr]    Compiling http-range v0.1.5
[INFO] [stderr]    Compiling arrayvec v0.7.4
[INFO] [stderr]    Compiling tempfile v3.10.1
[INFO] [stderr]    Compiling dirs-next v2.0.0
[INFO] [stderr]    Compiling tar v0.4.41
[INFO] [stderr]    Compiling tokio v1.38.0
[INFO] [stderr]    Compiling ignore v0.4.22
[INFO] [stderr]    Compiling toml_datetime v0.6.6
[INFO] [stderr]    Compiling serde_spanned v0.6.6
[INFO] [stderr]    Compiling toml_edit v0.22.15
[INFO] [stderr]    Compiling toml_edit v0.19.15
[INFO] [stderr]    Compiling toml v0.5.11
[INFO] [stderr]    Compiling string_cache v0.8.7
[INFO] [stderr]    Compiling system-deps v5.0.0
[INFO] [stderr]    Compiling url v2.5.2
[INFO] [stderr]    Compiling proc-macro-crate v1.3.1
[INFO] [stderr]    Compiling soup2-sys v0.2.0
[INFO] [stderr]    Compiling toml v0.8.14
[INFO] [stderr]    Compiling javascriptcore-rs-sys v0.4.0
[INFO] [stderr]    Compiling serde_with v3.8.3
[INFO] [stderr]    Compiling system-deps v6.2.2
[INFO] [stderr]    Compiling glib-macros v0.15.13
[INFO] [stderr]    Compiling gtk3-macros v0.15.6
[INFO] [stderr]    Compiling json-patch v1.4.0
[INFO] [stderr]    Compiling kuchikiki v0.8.2
[INFO] [stderr]    Compiling glib-sys v0.15.10
[INFO] [stderr]    Compiling gobject-sys v0.15.10
[INFO] [stderr]    Compiling gio-sys v0.15.10
[INFO] [stderr]    Compiling atk-sys v0.15.1
[INFO] [stderr]    Compiling gdk-sys v0.15.1
[INFO] [stderr]    Compiling cairo-sys-rs v0.15.1
[INFO] [stderr]    Compiling pango-sys v0.15.10
[INFO] [stderr]    Compiling gdk-pixbuf-sys v0.15.10
[INFO] [stderr]    Compiling gtk-sys v0.15.3
[INFO] [stderr]    Compiling webkit2gtk-sys v0.18.0
[INFO] [stderr]    Compiling tauri-utils v1.6.0
[INFO] [stderr]    Compiling glib v0.15.12
[INFO] [stderr]    Compiling e-utils v0.3.5
[INFO] [stdout] error[E0412]: cannot find type `HWND` in module `crate::ui`
[INFO] [stdout]    --> /opt/rustwide/cargo-home/registry/src/index.crates.io-6f17d22bba15001f/e-utils-0.3.5/src/./parse.rs:687:46
[INFO] [stdout]     |
[INFO] [stdout] 687 |     pub fn serialize<S>(raw_ptr: &crate::ui::HWND, serializer: S) -> Result<S::Ok, S::Error>
[INFO] [stdout]     |                                              ^^^^ not found in `crate::ui`
[INFO] [stdout] 
[INFO] [stdout] 
[INFO] [stdout] error[E0412]: cannot find type `HWND` in module `crate::ui`
[INFO] [stdout]    --> /opt/rustwide/cargo-home/registry/src/index.crates.io-6f17d22bba15001f/e-utils-0.3.5/src/./parse.rs:695:70
[INFO] [stdout]     |
[INFO] [stdout] 695 |     pub fn deserialize<'de, D>(deserializer: D) -> Result<crate::ui::HWND, D::Error>
[INFO] [stdout]     |                                                                      ^^^^ not found in `crate::ui`
[INFO] [stdout] 
[INFO] [stdout] 
[INFO] [stdout] error[E0412]: cannot find type `HWND` in module `crate::ui`
[INFO] [stdout]    --> /opt/rustwide/cargo-home/registry/src/index.crates.io-6f17d22bba15001f/e-utils-0.3.5/src/./parse.rs:700:76
[INFO] [stdout]     |
[INFO] [stdout] 700 |       let raw_ptr = raw_ptr_address as *mut std::ffi::c_void as crate::ui::HWND;
[INFO] [stdout]     |                                                                            ^^^^ not found in `crate::ui`
[INFO] [stdout] 
[INFO] [stdout] 
[INFO] [stdout] error[E0412]: cannot find type `HWND` in this scope
[INFO] [stdout]   --> /opt/rustwide/cargo-home/registry/src/index.crates.io-6f17d22bba15001f/e-utils-0.3.5/src/ui/mod.rs:13:9
[INFO] [stdout]    |
[INFO] [stdout] 13 |   hwnd: HWND,
[INFO] [stdout]    |         ^^^^ not found in this scope
[INFO] [stdout] 
[INFO] [stdout] 
[INFO] [stdout] error[E0412]: cannot find type `UiCallback` in this scope
[INFO] [stdout]   --> /opt/rustwide/cargo-home/registry/src/index.crates.io-6f17d22bba15001f/e-utils-0.3.5/src/ui/mod.rs:27:87
[INFO] [stdout]    |
[INFO] [stdout] 27 |   pub unsafe extern "system" fn create_ui(&mut self, ui_conf: CUiConfig, ui_callback: UiCallback) {
[INFO] [stdout]    |                                                                                       ^^^^^^^^^^ not found in this scope
[INFO] [stdout] 
[INFO] [stdout] 
[INFO] [stdout] error[E0412]: cannot find type `HWND` in this scope
[INFO] [stdout]   --> /opt/rustwide/cargo-home/registry/src/index.crates.io-6f17d22bba15001f/e-utils-0.3.5/src/ui/mod.rs:41:36
[INFO] [stdout]    |
[INFO] [stdout] 41 |   pub fn set_hwnd(&mut self, hwnd: HWND) {
[INFO] [stdout]    |                                    ^^^^ not found in this scope
[INFO] [stdout] 
[INFO] [stdout] 
[INFO] [stdout] error[E0412]: cannot find type `HWND` in this scope
[INFO] [stdout]   --> /opt/rustwide/cargo-home/registry/src/index.crates.io-6f17d22bba15001f/e-utils-0.3.5/src/ui/mod.rs:45:29
[INFO] [stdout]    |
[INFO] [stdout] 45 |   pub fn get_hwnd(&self) -> HWND {
[INFO] [stdout]    |                             ^^^^ not found in this scope
[INFO] [stdout] 
[INFO] [stdout] 
[INFO] [stderr]    Compiling serialize-to-javascript v0.1.1
[INFO] [stderr]    Compiling serde_repr v0.1.19
[INFO] [stdout] error[E0425]: cannot find function `create_ui` in this scope
[INFO] [stdout]   --> /opt/rustwide/cargo-home/registry/src/index.crates.io-6f17d22bba15001f/e-utils-0.3.5/src/ui/mod.rs:28:16
[INFO] [stdout]    |
[INFO] [stdout] 28 |     let hwnd = create_ui(ui_conf, ui_callback);
[INFO] [stdout]    |                ^^^^^^^^^ not found in this scope
[INFO] [stdout]    |
[INFO] [stdout] help: consider using the method on `Self`
[INFO] [stdout]    |
[INFO] [stdout] 28 |     let hwnd = self.create_ui(ui_conf, ui_callback);
[INFO] [stdout]    |                +++++
[INFO] [stdout] 
[INFO] [stdout] 
[INFO] [stdout] error[E0425]: cannot find function `destroy_ui` in this scope
[INFO] [stdout]   --> /opt/rustwide/cargo-home/registry/src/index.crates.io-6f17d22bba15001f/e-utils-0.3.5/src/ui/mod.rs:33:8
[INFO] [stdout]    |
[INFO] [stdout] 33 |     if destroy_ui(self.hwnd) {
[INFO] [stdout]    |        ^^^^^^^^^^ not found in this scope
[INFO] [stdout]    |
[INFO] [stdout] help: consider using the method on `Self`
[INFO] [stdout]    |
[INFO] [stdout] 33 |     if self.destroy_ui(self.hwnd) {
[INFO] [stdout]    |        +++++
[INFO] [stdout] 
[INFO] [stdout] 
[INFO] [stderr]    Compiling encoding_rs v0.8.34
[INFO] [stdout] Some errors have detailed explanations: E0412, E0425.
[INFO] [stdout] 
[INFO] [stdout] For more information about an error, try `rustc --explain E0412`.
[INFO] [stdout] 
[INFO] [stderr] error: could not compile `e-utils` (lib) due to 9 previous errors
[INFO] [stderr] warning: build failed, waiting for other jobs to finish...
[INFO] running `Command { std: "docker" "inspect" "ce4752cab699d1d4f154a0e1ec8073710ebc6c00815205740218963fa88b04b6", kill_on_drop: false }`
[INFO] running `Command { std: "docker" "rm" "-f" "ce4752cab699d1d4f154a0e1ec8073710ebc6c00815205740218963fa88b04b6", kill_on_drop: false }`
[INFO] [stdout] ce4752cab699d1d4f154a0e1ec8073710ebc6c00815205740218963fa88b04b6
