[INFO] fetching crate hex_math 0.0.1...
[INFO] testing hex_math-0.0.1 against nightly-2024-10-28 for randomize-layout
[INFO] extracting crate hex_math 0.0.1 into /workspace/builds/worker-2-tc1/source
[INFO] validating manifest of crates.io crate hex_math 0.0.1 on toolchain nightly-2024-10-28
[INFO] running `Command { std: CARGO_HOME="/workspace/cargo-home" RUSTUP_HOME="/workspace/rustup-home" "/workspace/cargo-home/bin/cargo" "+nightly-2024-10-28" "metadata" "--manifest-path" "Cargo.toml" "--no-deps", kill_on_drop: false }`
[INFO] started tweaking crates.io crate hex_math 0.0.1
[INFO] finished tweaking crates.io crate hex_math 0.0.1
[INFO] tweaked toml for crates.io crate hex_math 0.0.1 written to /workspace/builds/worker-2-tc1/source/Cargo.toml
[INFO] running `Command { std: CARGO_HOME="/workspace/cargo-home" RUSTUP_HOME="/workspace/rustup-home" "/workspace/cargo-home/bin/cargo" "+nightly-2024-10-28" "generate-lockfile" "--manifest-path" "Cargo.toml", kill_on_drop: false }`
[INFO] running `Command { std: CARGO_HOME="/workspace/cargo-home" RUSTUP_HOME="/workspace/rustup-home" "/workspace/cargo-home/bin/cargo" "+nightly-2024-10-28" "fetch" "--manifest-path" "Cargo.toml", kill_on_drop: false }`
[INFO] [stderr] warning: no edition set: defaulting to the 2015 edition while the latest is 2021
[INFO] running `Command { std: "docker" "create" "-v" "/var/lib/crater-agent-workspace/builds/worker-2-tc1/target:/opt/rustwide/target:rw,Z" "-v" "/var/lib/crater-agent-workspace/builds/worker-2-tc1/source:/opt/rustwide/workdir:ro,Z" "-v" "/var/lib/crater-agent-workspace/cargo-home:/opt/rustwide/cargo-home:ro,Z" "-v" "/var/lib/crater-agent-workspace/rustup-home:/opt/rustwide/rustup-home:ro,Z" "-e" "SOURCE_DIR=/opt/rustwide/workdir" "-e" "CARGO_TARGET_DIR=/opt/rustwide/target" "-e" "CARGO_HOME=/opt/rustwide/cargo-home" "-e" "RUSTUP_HOME=/opt/rustwide/rustup-home" "-w" "/opt/rustwide/workdir" "-m" "1610612736" "--user" "0:0" "--network" "none" "ghcr.io/rust-lang/crates-build-env/linux@sha256:4a844ea9eb2546a2d2c7022eacef16ef2e8229c7fbb2c7d4d55a9ceca922f72d" "/opt/rustwide/cargo-home/bin/cargo" "+nightly-2024-10-28" "metadata" "--no-deps" "--format-version=1", kill_on_drop: false }`
[INFO] [stdout] 3d4e73a8491d76eeeacc8250871f326d9aebb67bfea470afbf9c3d736229d929
[INFO] running `Command { std: "docker" "start" "-a" "3d4e73a8491d76eeeacc8250871f326d9aebb67bfea470afbf9c3d736229d929", kill_on_drop: false }`
[INFO] running `Command { std: "docker" "inspect" "3d4e73a8491d76eeeacc8250871f326d9aebb67bfea470afbf9c3d736229d929", kill_on_drop: false }`
[INFO] running `Command { std: "docker" "rm" "-f" "3d4e73a8491d76eeeacc8250871f326d9aebb67bfea470afbf9c3d736229d929", kill_on_drop: false }`
[INFO] [stdout] 3d4e73a8491d76eeeacc8250871f326d9aebb67bfea470afbf9c3d736229d929
[INFO] running `Command { std: "docker" "create" "-v" "/var/lib/crater-agent-workspace/builds/worker-2-tc1/target:/opt/rustwide/target:rw,Z" "-v" "/var/lib/crater-agent-workspace/builds/worker-2-tc1/source:/opt/rustwide/workdir:ro,Z" "-v" "/var/lib/crater-agent-workspace/cargo-home:/opt/rustwide/cargo-home:ro,Z" "-v" "/var/lib/crater-agent-workspace/rustup-home:/opt/rustwide/rustup-home:ro,Z" "-e" "SOURCE_DIR=/opt/rustwide/workdir" "-e" "CARGO_TARGET_DIR=/opt/rustwide/target" "-e" "CARGO_INCREMENTAL=0" "-e" "RUST_BACKTRACE=full" "-e" "RUSTFLAGS=--cap-lints=forbid" "-e" "RUSTDOCFLAGS=--cap-lints=forbid" "-e" "CARGO_HOME=/opt/rustwide/cargo-home" "-e" "RUSTUP_HOME=/opt/rustwide/rustup-home" "-w" "/opt/rustwide/workdir" "-m" "1610612736" "--user" "0:0" "--network" "none" "ghcr.io/rust-lang/crates-build-env/linux@sha256:4a844ea9eb2546a2d2c7022eacef16ef2e8229c7fbb2c7d4d55a9ceca922f72d" "/opt/rustwide/cargo-home/bin/cargo" "+nightly-2024-10-28" "build" "--frozen" "--message-format=json", kill_on_drop: false }`
[INFO] [stdout] 4f162f649e998635872e3bb8dad89200fa78ec38dffd089ba6c3e31c89b8ac24
[INFO] running `Command { std: "docker" "start" "-a" "4f162f649e998635872e3bb8dad89200fa78ec38dffd089ba6c3e31c89b8ac24", kill_on_drop: false }`
[INFO] [stderr] warning: no edition set: defaulting to the 2015 edition while the latest is 2021
[INFO] [stderr]    Compiling hex_math v0.0.1 (/opt/rustwide/workdir)
[INFO] [stdout] warning: the feature `core_intrinsics` is internal to the compiler or standard library
[INFO] [stdout]  --> src/lib.rs:2:12
[INFO] [stdout]   |
[INFO] [stdout] 2 | #![feature(core_intrinsics)]
[INFO] [stdout]   |            ^^^^^^^^^^^^^^^
[INFO] [stdout]   |
[INFO] [stdout]   = note: using it is strongly discouraged
[INFO] [stdout]   = note: `#[warn(internal_features)]` on by default
[INFO] [stdout] 
[INFO] [stdout] 
[INFO] [stderr]     Finished `dev` profile [unoptimized + debuginfo] target(s) in 0.13s
[INFO] running `Command { std: "docker" "inspect" "4f162f649e998635872e3bb8dad89200fa78ec38dffd089ba6c3e31c89b8ac24", kill_on_drop: false }`
[INFO] running `Command { std: "docker" "rm" "-f" "4f162f649e998635872e3bb8dad89200fa78ec38dffd089ba6c3e31c89b8ac24", kill_on_drop: false }`
[INFO] [stdout] 4f162f649e998635872e3bb8dad89200fa78ec38dffd089ba6c3e31c89b8ac24
[INFO] running `Command { std: "docker" "create" "-v" "/var/lib/crater-agent-workspace/builds/worker-2-tc1/target:/opt/rustwide/target:rw,Z" "-v" "/var/lib/crater-agent-workspace/builds/worker-2-tc1/source:/opt/rustwide/workdir:ro,Z" "-v" "/var/lib/crater-agent-workspace/cargo-home:/opt/rustwide/cargo-home:ro,Z" "-v" "/var/lib/crater-agent-workspace/rustup-home:/opt/rustwide/rustup-home:ro,Z" "-e" "SOURCE_DIR=/opt/rustwide/workdir" "-e" "CARGO_TARGET_DIR=/opt/rustwide/target" "-e" "CARGO_INCREMENTAL=0" "-e" "RUST_BACKTRACE=full" "-e" "RUSTFLAGS=--cap-lints=forbid" "-e" "RUSTDOCFLAGS=--cap-lints=forbid" "-e" "CARGO_HOME=/opt/rustwide/cargo-home" "-e" "RUSTUP_HOME=/opt/rustwide/rustup-home" "-w" "/opt/rustwide/workdir" "-m" "1610612736" "--user" "0:0" "--network" "none" "ghcr.io/rust-lang/crates-build-env/linux@sha256:4a844ea9eb2546a2d2c7022eacef16ef2e8229c7fbb2c7d4d55a9ceca922f72d" "/opt/rustwide/cargo-home/bin/cargo" "+nightly-2024-10-28" "test" "--frozen" "--no-run" "--message-format=json", kill_on_drop: false }`
[INFO] [stdout] c5b75c5f66e3011f6d38117d1e5144f635bcc42f7af998a0ec7c2943c8287f92
[INFO] running `Command { std: "docker" "start" "-a" "c5b75c5f66e3011f6d38117d1e5144f635bcc42f7af998a0ec7c2943c8287f92", kill_on_drop: false }`
[INFO] [stderr] warning: no edition set: defaulting to the 2015 edition while the latest is 2021
[INFO] [stderr]    Compiling hex_math v0.0.1 (/opt/rustwide/workdir)
[INFO] [stdout] warning: the feature `core_intrinsics` is internal to the compiler or standard library
[INFO] [stdout]  --> src/lib.rs:2:12
[INFO] [stdout]   |
[INFO] [stdout] 2 | #![feature(core_intrinsics)]
[INFO] [stdout]   |            ^^^^^^^^^^^^^^^
[INFO] [stdout]   |
[INFO] [stdout]   = note: using it is strongly discouraged
[INFO] [stdout]   = note: `#[warn(internal_features)]` on by default
[INFO] [stdout] 
[INFO] [stdout] 
[INFO] [stdout] warning: the feature `core_intrinsics` is internal to the compiler or standard library
[INFO] [stdout]  --> src/lib.rs:2:12
[INFO] [stdout]   |
[INFO] [stdout] 2 | #![feature(core_intrinsics)]
[INFO] [stdout]   |            ^^^^^^^^^^^^^^^
[INFO] [stdout]   |
[INFO] [stdout]   = note: using it is strongly discouraged
[INFO] [stdout]   = note: `#[warn(internal_features)]` on by default
[INFO] [stdout] 
[INFO] [stdout] 
[INFO] [stdout] error[E0369]: binary operation `==` cannot be applied to type `vector::R3`
[INFO] [stdout]    --> src/vector.rs:136:9
[INFO] [stdout]     |
[INFO] [stdout] 136 |         assert_eq!(x + y, [5.0, 7.0, 9.0].into())
[INFO] [stdout]     |         ^^^^^^^^^^^^^^^^^^^^^^^^^^^^^^^^^^^^^^^^^
[INFO] [stdout]     |         |
[INFO] [stdout]     |         vector::R3
[INFO] [stdout]     |         _
[INFO] [stdout]     |
[INFO] [stdout] note: an implementation of `PartialEq<_>` might be missing for `vector::R3`
[INFO] [stdout]    --> src/vector.rs:21:1
[INFO] [stdout]     |
[INFO] [stdout] 21  | pub struct R3(pub [f32; 3]);
[INFO] [stdout]     | ^^^^^^^^^^^^^ must implement `PartialEq<_>`
[INFO] [stdout]     = note: this error originates in the macro `assert_eq` (in Nightly builds, run with -Z macro-backtrace for more info)
[INFO] [stdout] help: consider annotating `vector::R3` with `#[derive(PartialEq)]`
[INFO] [stdout]     |
[INFO] [stdout] 21  + #[derive(PartialEq)]
[INFO] [stdout] 22  | pub struct R3(pub [f32; 3]);
[INFO] [stdout]     |
[INFO] [stdout] 
[INFO] [stdout] 
[INFO] [stdout] error[E0277]: `vector::R3` doesn't implement `Debug`
[INFO] [stdout]    --> src/vector.rs:136:9
[INFO] [stdout]     |
[INFO] [stdout] 136 |         assert_eq!(x + y, [5.0, 7.0, 9.0].into())
[INFO] [stdout]     |         ^^^^^^^^^^^^^^^^^^^^^^^^^^^^^^^^^^^^^^^^^ `vector::R3` cannot be formatted using `{:?}`
[INFO] [stdout]     |
[INFO] [stdout]     = help: the trait `Debug` is not implemented for `vector::R3`
[INFO] [stdout]     = note: add `#[derive(Debug)]` to `vector::R3` or manually `impl Debug for vector::R3`
[INFO] [stdout]     = note: this error originates in the macro `assert_eq` (in Nightly builds, run with -Z macro-backtrace for more info)
[INFO] [stdout] help: consider annotating `vector::R3` with `#[derive(Debug)]`
[INFO] [stdout]     |
[INFO] [stdout] 21  + #[derive(Debug)]
[INFO] [stdout] 22  | pub struct R3(pub [f32; 3]);
[INFO] [stdout]     |
[INFO] [stdout] 
[INFO] [stdout] 
[INFO] [stdout] error[E0369]: binary operation `==` cannot be applied to type `vector::R3`
[INFO] [stdout]    --> src/vector.rs:144:9
[INFO] [stdout]     |
[INFO] [stdout] 144 |         assert_eq!(x - y, [0.0, 0.0, 0.0].into())
[INFO] [stdout]     |         ^^^^^^^^^^^^^^^^^^^^^^^^^^^^^^^^^^^^^^^^^
[INFO] [stdout]     |         |
[INFO] [stdout]     |         vector::R3
[INFO] [stdout]     |         _
[INFO] [stdout]     |
[INFO] [stdout] note: an implementation of `PartialEq<_>` might be missing for `vector::R3`
[INFO] [stdout]    --> src/vector.rs:21:1
[INFO] [stdout]     |
[INFO] [stdout] 21  | pub struct R3(pub [f32; 3]);
[INFO] [stdout]     | ^^^^^^^^^^^^^ must implement `PartialEq<_>`
[INFO] [stdout]     = note: this error originates in the macro `assert_eq` (in Nightly builds, run with -Z macro-backtrace for more info)
[INFO] [stdout] help: consider annotating `vector::R3` with `#[derive(PartialEq)]`
[INFO] [stdout]     |
[INFO] [stdout] 21  + #[derive(PartialEq)]
[INFO] [stdout] 22  | pub struct R3(pub [f32; 3]);
[INFO] [stdout]     |
[INFO] [stdout] 
[INFO] [stdout] 
[INFO] [stdout] error[E0277]: `vector::R3` doesn't implement `Debug`
[INFO] [stdout]    --> src/vector.rs:144:9
[INFO] [stdout]     |
[INFO] [stdout] 144 |         assert_eq!(x - y, [0.0, 0.0, 0.0].into())
[INFO] [stdout]     |         ^^^^^^^^^^^^^^^^^^^^^^^^^^^^^^^^^^^^^^^^^ `vector::R3` cannot be formatted using `{:?}`
[INFO] [stdout]     |
[INFO] [stdout]     = help: the trait `Debug` is not implemented for `vector::R3`
[INFO] [stdout]     = note: add `#[derive(Debug)]` to `vector::R3` or manually `impl Debug for vector::R3`
[INFO] [stdout]     = note: this error originates in the macro `assert_eq` (in Nightly builds, run with -Z macro-backtrace for more info)
[INFO] [stdout] help: consider annotating `vector::R3` with `#[derive(Debug)]`
[INFO] [stdout]     |
[INFO] [stdout] 21  + #[derive(Debug)]
[INFO] [stdout] 22  | pub struct R3(pub [f32; 3]);
[INFO] [stdout]     |
[INFO] [stdout] 
[INFO] [stdout] 
[INFO] [stdout] error[E0369]: binary operation `==` cannot be applied to type `vector::R3`
[INFO] [stdout]    --> src/vector.rs:164:9
[INFO] [stdout]     |
[INFO] [stdout] 164 |         assert_eq!(x.norm(), [1.0, 0.0, 0.0].into())
[INFO] [stdout]     |         ^^^^^^^^^^^^^^^^^^^^^^^^^^^^^^^^^^^^^^^^^^^^
[INFO] [stdout]     |         |
[INFO] [stdout]     |         vector::R3
[INFO] [stdout]     |         _
[INFO] [stdout]     |
[INFO] [stdout] note: an implementation of `PartialEq<_>` might be missing for `vector::R3`
[INFO] [stdout]    --> src/vector.rs:21:1
[INFO] [stdout]     |
[INFO] [stdout] 21  | pub struct R3(pub [f32; 3]);
[INFO] [stdout]     | ^^^^^^^^^^^^^ must implement `PartialEq<_>`
[INFO] [stdout]     = note: this error originates in the macro `assert_eq` (in Nightly builds, run with -Z macro-backtrace for more info)
[INFO] [stdout] help: consider annotating `vector::R3` with `#[derive(PartialEq)]`
[INFO] [stdout]     |
[INFO] [stdout] 21  + #[derive(PartialEq)]
[INFO] [stdout] 22  | pub struct R3(pub [f32; 3]);
[INFO] [stdout]     |
[INFO] [stdout] 
[INFO] [stdout] 
[INFO] [stdout] error[E0277]: `vector::R3` doesn't implement `Debug`
[INFO] [stdout]    --> src/vector.rs:164:9
[INFO] [stdout]     |
[INFO] [stdout] 164 |         assert_eq!(x.norm(), [1.0, 0.0, 0.0].into())
[INFO] [stdout]     |         ^^^^^^^^^^^^^^^^^^^^^^^^^^^^^^^^^^^^^^^^^^^^ `vector::R3` cannot be formatted using `{:?}`
[INFO] [stdout]     |
[INFO] [stdout]     = help: the trait `Debug` is not implemented for `vector::R3`
[INFO] [stdout]     = note: add `#[derive(Debug)]` to `vector::R3` or manually `impl Debug for vector::R3`
[INFO] [stdout]     = note: this error originates in the macro `assert_eq` (in Nightly builds, run with -Z macro-backtrace for more info)
[INFO] [stdout] help: consider annotating `vector::R3` with `#[derive(Debug)]`
[INFO] [stdout]     |
[INFO] [stdout] 21  + #[derive(Debug)]
[INFO] [stdout] 22  | pub struct R3(pub [f32; 3]);
[INFO] [stdout]     |
[INFO] [stdout] 
[INFO] [stdout] 
[INFO] [stdout] warning: unused import: `crate::num::Real`
[INFO] [stdout]  --> src/vector.rs:2:5
[INFO] [stdout]   |
[INFO] [stdout] 2 |     crate::num::Real,
[INFO] [stdout]   |     ^^^^^^^^^^^^^^^^
[INFO] [stdout]   |
[INFO] [stdout]   = note: `#[warn(unused_imports)]` on by default
[INFO] [stdout] 
[INFO] [stdout] 
[INFO] [stdout] Some errors have detailed explanations: E0277, E0369.
[INFO] [stdout] 
[INFO] [stdout] For more information about an error, try `rustc --explain E0277`.
[INFO] [stdout] 
[INFO] [stderr] error: could not compile `hex_math` (lib test) due to 6 previous errors; 2 warnings emitted
[INFO] running `Command { std: "docker" "inspect" "c5b75c5f66e3011f6d38117d1e5144f635bcc42f7af998a0ec7c2943c8287f92", kill_on_drop: false }`
[INFO] running `Command { std: "docker" "rm" "-f" "c5b75c5f66e3011f6d38117d1e5144f635bcc42f7af998a0ec7c2943c8287f92", kill_on_drop: false }`
[INFO] [stdout] c5b75c5f66e3011f6d38117d1e5144f635bcc42f7af998a0ec7c2943c8287f92
