[INFO] fetching crate hex-patch 1.9.1...
[INFO] testing hex-patch-1.9.1 against nightly-2024-10-28 for randomize-layout
[INFO] extracting crate hex-patch 1.9.1 into /workspace/builds/worker-1-tc1/source
[INFO] validating manifest of crates.io crate hex-patch 1.9.1 on toolchain nightly-2024-10-28
[INFO] running `Command { std: CARGO_HOME="/workspace/cargo-home" RUSTUP_HOME="/workspace/rustup-home" "/workspace/cargo-home/bin/cargo" "+nightly-2024-10-28" "metadata" "--manifest-path" "Cargo.toml" "--no-deps", kill_on_drop: false }`
[INFO] started tweaking crates.io crate hex-patch 1.9.1
[INFO] finished tweaking crates.io crate hex-patch 1.9.1
[INFO] tweaked toml for crates.io crate hex-patch 1.9.1 written to /workspace/builds/worker-1-tc1/source/Cargo.toml
[INFO] crate crates.io crate hex-patch 1.9.1 already has a lockfile, it will not be regenerated
[INFO] running `Command { std: CARGO_HOME="/workspace/cargo-home" RUSTUP_HOME="/workspace/rustup-home" "/workspace/cargo-home/bin/cargo" "+nightly-2024-10-28" "fetch" "--manifest-path" "Cargo.toml", kill_on_drop: false }`
[INFO] [stderr]     Updating crates.io index
[INFO] [stderr]     Blocking waiting for file lock on package cache
[INFO] [stderr]  Downloading crates ...
[INFO] [stderr]   Downloaded symbolic-common v12.12.0
[INFO] [stderr]   Downloaded winres v0.1.12
[INFO] [stderr]   Downloaded msvc-demangler v0.10.1
[INFO] [stderr]   Downloaded termbg v0.6.0
[INFO] [stderr]   Downloaded russh-sftp v2.0.5
[INFO] [stderr]   Downloaded russh-cryptovec v0.7.3
[INFO] [stderr]   Downloaded macro_rules_attribute-proc_macro v0.2.0
[INFO] [stderr]   Downloaded macro_rules_attribute v0.2.0
[INFO] [stderr]   Downloaded seize v0.3.3
[INFO] [stderr]   Downloaded bcrypt-pbkdf v0.10.0
[INFO] [stderr]   Downloaded ssh-encoding v0.2.0
[INFO] [stderr]   Downloaded ssh-cipher v0.2.0
[INFO] [stderr]   Downloaded des v0.8.1
[INFO] [stderr]   Downloaded mlua-sys v0.6.2
[INFO] [stderr]   Downloaded pkcs5 v0.7.1
[INFO] [stderr]   Downloaded russh-keys v0.45.0
[INFO] [stderr]   Downloaded flurry v0.5.1
[INFO] [stderr]   Downloaded capstone v0.12.0
[INFO] [stderr]   Downloaded russh v0.45.0
[INFO] [stderr]   Downloaded p521 v0.13.3
[INFO] [stderr]   Downloaded ssh-key v0.6.6
[INFO] [stderr]   Downloaded mlua v0.9.9
[INFO] [stderr]   Downloaded symbolic-demangle v12.12.0
[INFO] [stderr]   Downloaded ratatui v0.29.0
[INFO] [stderr]   Downloaded lua-src v547.0.0
[INFO] [stderr]   Downloaded luajit-src v210.5.10+f725e44
[INFO] [stderr]   Downloaded keystone-engine v0.1.0
[INFO] [stderr]   Downloaded capstone-sys v0.16.0
[INFO] running `Command { std: "docker" "create" "-v" "/var/lib/crater-agent-workspace/builds/worker-1-tc1/target:/opt/rustwide/target:rw,Z" "-v" "/var/lib/crater-agent-workspace/builds/worker-1-tc1/source:/opt/rustwide/workdir:ro,Z" "-v" "/var/lib/crater-agent-workspace/cargo-home:/opt/rustwide/cargo-home:ro,Z" "-v" "/var/lib/crater-agent-workspace/rustup-home:/opt/rustwide/rustup-home:ro,Z" "-e" "SOURCE_DIR=/opt/rustwide/workdir" "-e" "CARGO_TARGET_DIR=/opt/rustwide/target" "-e" "CARGO_HOME=/opt/rustwide/cargo-home" "-e" "RUSTUP_HOME=/opt/rustwide/rustup-home" "-w" "/opt/rustwide/workdir" "-m" "1610612736" "--user" "0:0" "--network" "none" "ghcr.io/rust-lang/crates-build-env/linux@sha256:4a844ea9eb2546a2d2c7022eacef16ef2e8229c7fbb2c7d4d55a9ceca922f72d" "/opt/rustwide/cargo-home/bin/cargo" "+nightly-2024-10-28" "metadata" "--no-deps" "--format-version=1", kill_on_drop: false }`
[INFO] [stdout] 294e1ef3ebee4393905e7c72ec943f82b3705cc83f43defc73f40f018b0a47c2
[INFO] running `Command { std: "docker" "start" "-a" "294e1ef3ebee4393905e7c72ec943f82b3705cc83f43defc73f40f018b0a47c2", kill_on_drop: false }`
[INFO] running `Command { std: "docker" "inspect" "294e1ef3ebee4393905e7c72ec943f82b3705cc83f43defc73f40f018b0a47c2", kill_on_drop: false }`
[INFO] running `Command { std: "docker" "rm" "-f" "294e1ef3ebee4393905e7c72ec943f82b3705cc83f43defc73f40f018b0a47c2", kill_on_drop: false }`
[INFO] [stdout] 294e1ef3ebee4393905e7c72ec943f82b3705cc83f43defc73f40f018b0a47c2
[INFO] running `Command { std: "docker" "create" "-v" "/var/lib/crater-agent-workspace/builds/worker-1-tc1/target:/opt/rustwide/target:rw,Z" "-v" "/var/lib/crater-agent-workspace/builds/worker-1-tc1/source:/opt/rustwide/workdir:ro,Z" "-v" "/var/lib/crater-agent-workspace/cargo-home:/opt/rustwide/cargo-home:ro,Z" "-v" "/var/lib/crater-agent-workspace/rustup-home:/opt/rustwide/rustup-home:ro,Z" "-e" "SOURCE_DIR=/opt/rustwide/workdir" "-e" "CARGO_TARGET_DIR=/opt/rustwide/target" "-e" "CARGO_INCREMENTAL=0" "-e" "RUST_BACKTRACE=full" "-e" "RUSTFLAGS=--cap-lints=forbid" "-e" "RUSTDOCFLAGS=--cap-lints=forbid" "-e" "CARGO_HOME=/opt/rustwide/cargo-home" "-e" "RUSTUP_HOME=/opt/rustwide/rustup-home" "-w" "/opt/rustwide/workdir" "-m" "1610612736" "--user" "0:0" "--network" "none" "ghcr.io/rust-lang/crates-build-env/linux@sha256:4a844ea9eb2546a2d2c7022eacef16ef2e8229c7fbb2c7d4d55a9ceca922f72d" "/opt/rustwide/cargo-home/bin/cargo" "+nightly-2024-10-28" "build" "--frozen" "--message-format=json", kill_on_drop: false }`
[INFO] [stdout] ef57353ee868358cfdb0a4ddba7a4ce86cdeab056bd1bbd34bce4a5590afcc1f
[INFO] running `Command { std: "docker" "start" "-a" "ef57353ee868358cfdb0a4ddba7a4ce86cdeab056bd1bbd34bce4a5590afcc1f", kill_on_drop: false }`
[INFO] [stderr]    Compiling libc v0.2.158
[INFO] [stderr]    Compiling version_check v0.9.5
[INFO] [stderr]    Compiling proc-macro2 v1.0.86
[INFO] [stderr]    Compiling unicode-ident v1.0.12
[INFO] [stderr]    Compiling zeroize v1.8.1
[INFO] [stderr]    Compiling typenum v1.17.0
[INFO] [stderr]    Compiling subtle v2.6.1
[INFO] [stderr]    Compiling autocfg v1.3.0
[INFO] [stderr]    Compiling const-oid v0.9.6
[INFO] [stderr]    Compiling cpufeatures v0.2.13
[INFO] [stderr]    Compiling base64ct v1.6.0
[INFO] [stderr]    Compiling serde v1.0.213
[INFO] [stderr]    Compiling pin-project-lite v0.2.14
[INFO] [stderr]    Compiling byteorder v1.5.0
[INFO] [stderr]    Compiling shlex v1.3.0
[INFO] [stderr]    Compiling futures-core v0.3.30
[INFO] [stderr]    Compiling libm v0.2.8
[INFO] [stderr]    Compiling value-bag v1.9.0
[INFO] [stderr]    Compiling futures-io v0.3.30
[INFO] [stderr]    Compiling smallvec v1.13.2
[INFO] [stderr]    Compiling crunchy v0.2.2
[INFO] [stderr]    Compiling cc v1.1.15
[INFO] [stderr]    Compiling once_cell v1.19.0
[INFO] [stderr]    Compiling concurrent-queue v2.5.0
[INFO] [stderr]    Compiling semver v1.0.23
[INFO] [stderr]    Compiling base16ct v0.2.0
[INFO] [stderr]    Compiling generic-array v0.14.7
[INFO] [stderr]    Compiling pem-rfc7468 v0.7.0
[INFO] [stderr]    Compiling log v0.4.22
[INFO] [stderr]    Compiling num-traits v0.2.19
[INFO] [stderr]    Compiling slab v0.4.9
[INFO] [stderr]    Compiling rustix v0.38.37
[INFO] [stderr]    Compiling tiny-keccak v2.0.2
[INFO] [stderr]    Compiling parking v2.2.0
[INFO] [stderr]    Compiling linux-raw-sys v0.4.14
[INFO] [stderr]    Compiling lock_api v0.4.12
[INFO] [stderr]    Compiling der v0.7.9
[INFO] [stderr]    Compiling fastrand v2.1.1
[INFO] [stderr]    Compiling parking_lot_core v0.9.10
[INFO] [stderr]    Compiling opaque-debug v0.3.1
[INFO] [stderr]    Compiling home v0.5.9
[INFO] [stderr]    Compiling futures-sink v0.3.30
[INFO] [stderr]    Compiling quote v1.0.37
[INFO] [stderr]    Compiling rustc_version v0.4.1
[INFO] [stderr]    Compiling event-listener v5.3.1
[INFO] [stderr]    Compiling ahash v0.8.11
[INFO] [stderr]    Compiling scopeguard v1.2.0
[INFO] [stderr]    Compiling bitflags v2.6.0
[INFO] [stderr]    Compiling getrandom v0.2.15
[INFO] [stderr]    Compiling syn v2.0.82
[INFO] [stderr]    Compiling signal-hook-registry v1.4.2
[INFO] [stderr]    Compiling mio v1.0.2
[INFO] [stderr]    Compiling rustversion v1.0.17
[INFO] [stderr]    Compiling event-listener-strategy v0.5.2
[INFO] [stderr]    Compiling curve25519-dalek v4.1.3
[INFO] [stderr]    Compiling rand_core v0.6.4
[INFO] [stderr]    Compiling socket2 v0.5.7
[INFO] [stderr]    Compiling ff v0.13.0
[INFO] [stderr]    Compiling const-random-macro v0.1.16
[INFO] [stderr]    Compiling num-bigint-dig v0.8.4
[INFO] [stderr]    Compiling thiserror v1.0.65
[INFO] [stderr]    Compiling group v0.13.0
[INFO] [stderr]    Compiling pin-utils v0.1.0
[INFO] [stderr]    Compiling signal-hook v0.3.17
[INFO] [stderr]    Compiling either v1.13.0
[INFO] [stderr]    Compiling spin v0.9.8
[INFO] [stderr]    Compiling bytes v1.7.1
[INFO] [stderr]    Compiling parking_lot v0.12.3
[INFO] [stderr]    Compiling const-random v0.1.18
[INFO] [stderr]    Compiling lazy_static v1.5.0
[INFO] [stderr]    Compiling spki v0.7.3
[INFO] [stderr]    Compiling num-integer v0.1.46
[INFO] [stderr]    Compiling futures-channel v0.3.30
[INFO] [stderr]    Compiling futures-lite v2.3.0
[INFO] [stderr]    Compiling tracing-core v0.1.32
[INFO] [stderr]    Compiling futures-task v0.3.30
[INFO] [stderr]    Compiling heck v0.5.0
[INFO] [stderr]    Compiling static_assertions v1.1.0
[INFO] [stderr]    Compiling cmake v0.1.51
[INFO] [stderr]    Compiling lua-src v547.0.0
[INFO] [stderr]    Compiling crypto-common v0.1.6
[INFO] [stderr]    Compiling block-buffer v0.10.4
[INFO] [stderr]    Compiling block-padding v0.3.3
[INFO] [stderr]    Compiling universal-hash v0.5.1
[INFO] [stderr]    Compiling crypto-bigint v0.5.5
[INFO] [stderr]    Compiling digest v0.10.7
[INFO] [stderr]    Compiling inout v0.1.3
[INFO] [stderr]    Compiling polyval v0.6.2
[INFO] [stderr]    Compiling num-iter v0.1.45
[INFO] [stderr]    Compiling aead v0.5.2
[INFO] [stderr]    Compiling tracing v0.1.40
[INFO] [stderr]    Compiling poly1305 v0.8.0
[INFO] [stderr]    Compiling cipher v0.4.4
[INFO] [stderr]    Compiling hmac v0.12.1
[INFO] [stderr]    Compiling sha2 v0.10.8
[INFO] [stderr]    Compiling signature v2.2.0
[INFO] [stderr]    Compiling adler2 v2.0.0
[INFO] [stderr]    Compiling pbkdf2 v0.12.2
[INFO] [stderr]    Compiling hkdf v0.12.4
[INFO] [stderr]    Compiling rfc6979 v0.4.0
[INFO] [stderr]    Compiling ghash v0.5.1
[INFO] [stderr]    Compiling pkg-config v0.3.30
[INFO] [stderr]    Compiling uuid v1.10.0
[INFO] [stderr]    Compiling typeid v1.0.2
[INFO] [stderr]    Compiling utf8parse v0.2.2
[INFO] [stderr]    Compiling atomic-waker v1.1.2
[INFO] [stderr]    Compiling async-task v4.7.1
[INFO] [stderr]    Compiling paste v1.0.15
[INFO] [stderr]    Compiling anstyle-parse v0.2.5
[INFO] [stderr]    Compiling piper v0.2.4
[INFO] [stderr]    Compiling aes v0.8.4
[INFO] [stderr]    Compiling cbc v0.1.2
[INFO] [stderr]    Compiling salsa20 v0.10.2
[INFO] [stderr]    Compiling ctr v0.9.2
[INFO] [stderr]    Compiling ssh-encoding v0.2.0
[INFO] [stderr]    Compiling scrypt v0.11.0
[INFO] [stderr]    Compiling blowfish v0.9.1
[INFO] [stderr]    Compiling chacha20 v0.9.1
[INFO] [stderr]    Compiling miniz_oxide v0.8.0
[INFO] [stderr]    Compiling keystone-engine v0.1.0
[INFO] [stderr]    Compiling signal-hook-mio v0.2.4
[INFO] [stderr]    Compiling capstone-sys v0.16.0
[INFO] [stderr]    Compiling password-hash v0.4.2
[INFO] [stderr]    Compiling bcrypt-pbkdf v0.10.0
[INFO] [stderr]    Compiling async-lock v3.4.0
[INFO] [stderr]    Compiling async-channel v2.3.1
[INFO] [stderr]    Compiling crc32fast v1.4.2
[INFO] [stderr]    Compiling anstyle-query v1.1.1
[INFO] [stderr]    Compiling is_terminal_polyfill v1.70.1
[INFO] [stderr]    Compiling colorchoice v1.0.2
[INFO] [stderr]    Compiling anstyle v1.0.8
[INFO] [stderr]    Compiling allocator-api2 v0.2.18
[INFO] [stderr]    Compiling cpp_demangle v0.4.4
[INFO] [stderr]    Compiling blocking v1.6.1
[INFO] [stderr]    Compiling pkcs5 v0.7.1
[INFO] [stderr]    Compiling which v6.0.3
[INFO] [stderr]    Compiling aes-gcm v0.10.3
[INFO] [stderr]    Compiling itertools v0.13.0
[INFO] [stderr]    Compiling anstream v0.6.15
[INFO] [stderr]    Compiling ssh-cipher v0.2.0
[INFO] [stderr]    Compiling luajit-src v210.5.10+f725e44
[INFO] [stderr]    Compiling flate2 v1.0.33
[INFO] [stderr]    Compiling pbkdf2 v0.11.0
[INFO] [stderr]    Compiling pkcs8 v0.10.2
[INFO] [stderr]    Compiling debugid v0.8.0
[INFO] [stderr]    Compiling async-executor v1.13.0
[INFO] [stderr]    Compiling castaway v0.2.3
[INFO] [stderr]    Compiling sha1 v0.10.6
[INFO] [stderr]    Compiling mlua-sys v0.6.2
[INFO] [stderr]    Compiling twox-hash v1.6.3
[INFO] [stderr]    Compiling symbolic-demangle v12.12.0
[INFO] [stderr]    Compiling sec1 v0.7.3
[INFO] [stderr]    Compiling ed25519 v2.2.3
[INFO] [stderr]    Compiling pkcs1 v0.7.5
[INFO] [stderr]    Compiling ordered-float v2.10.1
[INFO] [stderr]    Compiling russh-cryptovec v0.7.3
[INFO] [stderr]    Compiling num_cpus v1.16.0
[INFO] [stderr]    Compiling memmap2 v0.9.4
[INFO] [stderr]    Compiling aho-corasick v1.1.3
[INFO] [stderr]    Compiling elliptic-curve v0.13.8
[INFO] [stderr]    Compiling regex-syntax v0.8.5
[INFO] [stderr]    Compiling data-encoding v2.6.0
[INFO] [stderr]    Compiling option-ext v0.2.0
[INFO] [stderr]    Compiling seize v0.3.3
[INFO] [stderr]    Compiling event-listener v2.5.3
[INFO] [stderr]    Compiling iana-time-zone v0.1.60
[INFO] [stderr]    Compiling strsim v0.11.1
[INFO] [stderr]    Compiling unicode-width v0.1.13
[INFO] [stderr]    Compiling md5 v0.7.0
[INFO] [stderr]    Compiling clap_lex v0.7.2
[INFO] [stderr]    Compiling unicode-segmentation v1.11.0
[INFO] [stderr]    Compiling primeorder v0.13.6
[INFO] [stderr]    Compiling ecdsa v0.16.9
[INFO] [stderr]    Compiling stable_deref_trait v1.2.0
[INFO] [stderr]    Compiling symbolic-common v12.12.0
[INFO] [stderr]    Compiling clap_builder v4.5.20
[INFO] [stderr]    Compiling async-channel v1.9.0
[INFO] [stderr]    Compiling chrono v0.4.38
[INFO] [stderr]    Compiling dirs-sys v0.4.1
[INFO] [stderr]    Compiling ruzstd v0.7.1
[INFO] [stderr]    Compiling unicode-truncate v1.1.0
[INFO] [stderr]    Compiling p256 v0.13.2
[INFO] [stderr]    Compiling p521 v0.13.3
[INFO] [stderr]    Compiling p384 v0.13.0
[INFO] [stderr]    Compiling des v0.8.1
[INFO] [stderr]    Compiling kv-log-macro v1.0.7
[INFO] [stderr]    Compiling bstr v1.10.0
[INFO] [stderr]    Compiling macro_rules_attribute-proc_macro v0.2.0
[INFO] [stderr]    Compiling rustc-demangle v0.1.24
[INFO] [stderr]    Compiling rustc-hash v2.0.0
[INFO] [stderr]    Compiling hex-literal v0.4.1
[INFO] [stderr]    Compiling scroll v0.11.0
[INFO] [stderr]    Compiling indoc v2.0.5
[INFO] [stderr]    Compiling cassowary v0.3.0
[INFO] [stderr]    Compiling regex-automata v0.4.8
[INFO] [stderr]    Compiling hex-patch v1.9.1 (/opt/rustwide/workdir)
[INFO] [stderr]    Compiling fallible-iterator v0.2.0
[INFO] [stderr]    Compiling unicode-width v0.2.0
[INFO] [stderr]    Compiling macro_rules_attribute v0.2.0
[INFO] [stderr]    Compiling object v0.36.5
[INFO] [stderr]    Compiling pdb v0.8.0
[INFO] [stderr]    Compiling dirs v5.0.1
[INFO] [stderr]    Compiling is-terminal v0.4.13
[INFO] [stderr]    Compiling serde_derive v1.0.213
[INFO] [stderr]    Compiling zerocopy-derive v0.7.35
[INFO] [stderr]    Compiling tokio-macros v2.4.0
[INFO] [stderr]    Compiling thiserror-impl v1.0.65
[INFO] [stderr]    Compiling curve25519-dalek-derive v0.1.1
[INFO] [stderr]    Compiling futures-macro v0.3.30
[INFO] [stderr]    Compiling async-trait v0.1.82
[INFO] [stderr]    Compiling strum_macros v0.26.4
[INFO] [stderr]    Compiling tokio v1.41.0
[INFO] [stderr]    Compiling zerocopy v0.7.35
[INFO] [stderr]    Compiling futures-util v0.3.30
[INFO] [stderr]    Compiling clap_derive v4.5.18
[INFO] [stderr]    Compiling instability v0.3.2
[INFO] [stderr]    Compiling ppv-lite86 v0.2.20
[INFO] [stderr]    Compiling regex v1.11.0
[INFO] [stderr]    Compiling rand_chacha v0.3.1
[INFO] [stderr]    Compiling ed25519-dalek v2.1.1
[INFO] [stderr]    Compiling rand v0.8.5
[INFO] [stderr]    Compiling hashbrown v0.14.5
[INFO] [stderr]    Compiling flurry v0.5.1
[INFO] [stderr]    Compiling strum v0.26.3
[INFO] [stderr]    Compiling lru v0.12.4
[INFO] [stderr]    Compiling num-bigint v0.4.6
[INFO] [stderr]    Compiling clap v4.5.20
[INFO] [stderr]    Compiling futures-executor v0.3.30
[INFO] [stderr]    Compiling futures v0.3.30
[INFO] [stderr]    Compiling rsa v0.9.6
[INFO] [stderr]    Compiling ssh-key v0.6.6
[INFO] [stderr]    Compiling tokio-stream v0.1.15
[INFO] [stderr]    Compiling tokio-util v0.7.12
[INFO] [stderr]    Compiling serde-value v0.7.0
[INFO] [stderr]    Compiling compact_str v0.8.0
[INFO] [stderr]    Compiling erased-serde v0.4.5
[INFO] [stderr]    Compiling serde_json v1.0.132
[INFO] [stderr]    Compiling russh-keys v0.45.0
[INFO] [stderr]    Compiling msvc-demangler v0.10.1
[INFO] [stderr]    Compiling russh-sftp v2.0.5
[INFO] [stderr]    Compiling mlua v0.9.9
[INFO] [stderr]    Compiling russh v0.45.0
[INFO] [stderr]    Compiling polling v3.7.3
[INFO] [stderr]    Compiling async-io v2.3.4
[INFO] [stderr] error: could not compile `rustix` (lib)
[INFO] [stderr] 
[INFO] [stderr] Caused by:
[INFO] [stderr]   process didn't exit successfully: `/opt/rustwide/rustup-home/toolchains/nightly-2024-10-28-x86_64-unknown-linux-gnu/bin/rustc --crate-name rustix --edition=2021 /opt/rustwide/cargo-home/registry/src/index.crates.io-6f17d22bba15001f/rustix-0.38.37/src/lib.rs --error-format=json --json=diagnostic-rendered-ansi,artifacts,future-incompat --crate-type lib --emit=dep-info,metadata,link -C embed-bitcode=no -C debuginfo=2 --warn=unexpected_cfgs --check-cfg 'cfg(alloc_c_string)' --check-cfg 'cfg(alloc_ffi)' --check-cfg 'cfg(apple)' --check-cfg 'cfg(asm_experimental_arch)' --check-cfg 'cfg(bsd)' --check-cfg 'cfg(core_c_str)' --check-cfg 'cfg(core_ffi_c)' --check-cfg 'cfg(core_intrinsics)' --check-cfg 'cfg(criterion)' --check-cfg 'cfg(document_experimental_runtime_api)' --check-cfg 'cfg(fix_y2038)' --check-cfg 'cfg(freebsdlike)' --check-cfg 'cfg(libc)' --check-cfg 'cfg(linux_kernel)' --check-cfg 'cfg(linux_like)' --check-cfg 'cfg(linux_raw)' --check-cfg 'cfg(netbsdlike)' --check-cfg 'cfg(rustc_attrs)' --check-cfg 'cfg(solarish)' --check-cfg 'cfg(staged_api)' --check-cfg 'cfg(static_assertions)' --check-cfg 'cfg(thumb_mode)' --check-cfg 'cfg(wasi)' --check-cfg 'cfg(wasi_ext)' --check-cfg 'cfg(target_arch, values("xtensa"))' --cfg 'feature="alloc"' --cfg 'feature="default"' --cfg 'feature="event"' --cfg 'feature="fs"' --cfg 'feature="libc-extra-traits"' --cfg 'feature="net"' --cfg 'feature="pipe"' --cfg 'feature="process"' --cfg 'feature="std"' --cfg 'feature="stdio"' --cfg 'feature="termios"' --cfg 'feature="time"' --cfg 'feature="use-libc-auxv"' --check-cfg 'cfg(docsrs)' --check-cfg 'cfg(feature, values("all-apis", "alloc", "cc", "compiler_builtins", "core", "default", "event", "fs", "io_uring", "itoa", "libc", "libc-extra-traits", "libc_errno", "linux_4_11", "linux_latest", "mm", "mount", "net", "once_cell", "param", "pipe", "process", "procfs", "pty", "rand", "runtime", "rustc-dep-of-std", "rustc-std-workspace-alloc", "shm", "std", "stdio", "system", "termios", "thread", "time", "try_close", "use-explicitly-provided-auxv", "use-libc", "use-libc-auxv"))' -C metadata=04f2b06ac43abc85 -C extra-filename=-04f2b06ac43abc85 --out-dir /opt/rustwide/target/debug/deps -L dependency=/opt/rustwide/target/debug/deps --extern bitflags=/opt/rustwide/target/debug/deps/libbitflags-5ba8943133a49e7d.rmeta --extern linux_raw_sys=/opt/rustwide/target/debug/deps/liblinux_raw_sys-43996374951f38e8.rmeta --cap-lints allow --cap-lints=forbid --cfg static_assertions --cfg linux_raw --cfg linux_like --cfg linux_kernel` (signal: 9, SIGKILL: kill)
[INFO] [stderr] warning: build failed, waiting for other jobs to finish...
[INFO] [stderr] error: could not compile `russh` (lib)
[INFO] [stderr] 
[INFO] [stderr] Caused by:
[INFO] [stderr]   process didn't exit successfully: `/opt/rustwide/rustup-home/toolchains/nightly-2024-10-28-x86_64-unknown-linux-gnu/bin/rustc --crate-name russh --edition=2018 /opt/rustwide/cargo-home/registry/src/index.crates.io-6f17d22bba15001f/russh-0.45.0/src/lib.rs --error-format=json --json=diagnostic-rendered-ansi,artifacts,future-incompat --crate-type lib --emit=dep-info,metadata,link -C embed-bitcode=no -C debuginfo=2 --cfg 'feature="default"' --cfg 'feature="flate2"' --check-cfg 'cfg(docsrs)' --check-cfg 'cfg(feature, values("default", "flate2", "legacy-ed25519-pkcs8-parser", "openssl", "vendored-openssl"))' -C metadata=869ff891dfb87237 -C extra-filename=-869ff891dfb87237 --out-dir /opt/rustwide/target/debug/deps -L dependency=/opt/rustwide/target/debug/deps --extern aes=/opt/rustwide/target/debug/deps/libaes-4c22a4ceb55e2675.rmeta --extern aes_gcm=/opt/rustwide/target/debug/deps/libaes_gcm-c2aa2eac3367b5a1.rmeta --extern async_trait=/opt/rustwide/target/debug/deps/libasync_trait-6f9092814fd41a9a.so --extern bitflags=/opt/rustwide/target/debug/deps/libbitflags-5ba8943133a49e7d.rmeta --extern byteorder=/opt/rustwide/target/debug/deps/libbyteorder-921e9eb05e03d6ac.rmeta --extern cbc=/opt/rustwide/target/debug/deps/libcbc-357ce4dd3d8baed6.rmeta --extern chacha20=/opt/rustwide/target/debug/deps/libchacha20-b8c2b5b561a5aa05.rmeta --extern ctr=/opt/rustwide/target/debug/deps/libctr-728f10f470e34dae.rmeta --extern curve25519_dalek=/opt/rustwide/target/debug/deps/libcurve25519_dalek-7baf37fa0c9f1bd7.rmeta --extern des=/opt/rustwide/target/debug/deps/libdes-378a5af325d276b6.rmeta --extern digest=/opt/rustwide/target/debug/deps/libdigest-ecbc09a61ac7f771.rmeta --extern elliptic_curve=/opt/rustwide/target/debug/deps/libelliptic_curve-62f814ee562cd97a.rmeta --extern flate2=/opt/rustwide/target/debug/deps/libflate2-773fc6084dd40f18.rmeta --extern futures=/opt/rustwide/target/debug/deps/libfutures-bd77cef96eeb0c3c.rmeta --extern generic_array=/opt/rustwide/target/debug/deps/libgeneric_array-83971cc5c93ff9fb.rmeta --extern hex_literal=/opt/rustwide/target/debug/deps/libhex_literal-c175ba54e448613e.rmeta --extern hmac=/opt/rustwide/target/debug/deps/libhmac-213ce72a69f132af.rmeta --extern log=/opt/rustwide/target/debug/deps/liblog-59adc64d30f73a79.rmeta --extern num_bigint=/opt/rustwide/target/debug/deps/libnum_bigint-f67744a4e327746d.rmeta --extern once_cell=/opt/rustwide/target/debug/deps/libonce_cell-795d6939e3fe8636.rmeta --extern p256=/opt/rustwide/target/debug/deps/libp256-a1edfa577a115988.rmeta --extern p384=/opt/rustwide/target/debug/deps/libp384-7f73c21e8209f9eb.rmeta --extern p521=/opt/rustwide/target/debug/deps/libp521-c540f78b44419b46.rmeta --extern poly1305=/opt/rustwide/target/debug/deps/libpoly1305-d2f22c509980e9ac.rmeta --extern rand=/opt/rustwide/target/debug/deps/librand-f5c31fdca7556423.rmeta --extern rand_core=/opt/rustwide/target/debug/deps/librand_core-c519ca1e5ddae942.rmeta --extern russh_cryptovec=/opt/rustwide/target/debug/deps/librussh_cryptovec-7e0a8a7ef7f02e67.rmeta --extern russh_keys=/opt/rustwide/target/debug/deps/librussh_keys-68fa97791fa08044.rmeta --extern sha1=/opt/rustwide/target/debug/deps/libsha1-bf51dcbf6914dcf1.rmeta --extern sha2=/opt/rustwide/target/debug/deps/libsha2-0a0364ce826c75fa.rmeta --extern ssh_encoding=/opt/rustwide/target/debug/deps/libssh_encoding-bb58376c2f548a9b.rmeta --extern ssh_key=/opt/rustwide/target/debug/deps/libssh_key-5e1d3c8553af41e3.rmeta --extern subtle=/opt/rustwide/target/debug/deps/libsubtle-2089b4b5c98b2078.rmeta --extern thiserror=/opt/rustwide/target/debug/deps/libthiserror-ce6cdae63dee319e.rmeta --extern tokio=/opt/rustwide/target/debug/deps/libtokio-6acf463a178cd7ac.rmeta --cap-lints allow --cap-lints=forbid` (signal: 9, SIGKILL: kill)
[INFO] [stderr] error: failed to run custom build command for `keystone-engine v0.1.0`
[INFO] [stderr] note: To improve backtraces for build dependencies, set the CARGO_PROFILE_DEV_BUILD_OVERRIDE_DEBUG=true environment variable to enable debug information generation.
[INFO] [stderr] 
[INFO] [stderr] Caused by:
[INFO] [stderr]   process didn't exit successfully: `/opt/rustwide/target/debug/build/keystone-engine-18df4ceaba74cb44/build-script-build` (exit status: 101)
[INFO] [stderr]   --- stdout
[INFO] [stderr]   CMAKE_TOOLCHAIN_FILE_x86_64-unknown-linux-gnu = None
[INFO] [stderr]   CMAKE_TOOLCHAIN_FILE_x86_64_unknown_linux_gnu = None
[INFO] [stderr]   HOST_CMAKE_TOOLCHAIN_FILE = None
[INFO] [stderr]   CMAKE_TOOLCHAIN_FILE = None
[INFO] [stderr]   CMAKE_GENERATOR_x86_64-unknown-linux-gnu = None
[INFO] [stderr]   CMAKE_GENERATOR_x86_64_unknown_linux_gnu = None
[INFO] [stderr]   HOST_CMAKE_GENERATOR = None
[INFO] [stderr]   CMAKE_GENERATOR = None
[INFO] [stderr]   CMAKE_PREFIX_PATH_x86_64-unknown-linux-gnu = None
[INFO] [stderr]   CMAKE_PREFIX_PATH_x86_64_unknown_linux_gnu = None
[INFO] [stderr]   HOST_CMAKE_PREFIX_PATH = None
[INFO] [stderr]   CMAKE_PREFIX_PATH = None
[INFO] [stderr]   CMAKE_x86_64-unknown-linux-gnu = None
[INFO] [stderr]   CMAKE_x86_64_unknown_linux_gnu = None
[INFO] [stderr]   HOST_CMAKE = None
[INFO] [stderr]   CMAKE = None
[INFO] [stderr]   running: cd "/opt/rustwide/target/debug/build/keystone-engine-352c2392b88d0f44/out/build" && CMAKE_PREFIX_PATH="" PYTHONDONTWRITEBYTECODE="1" "cmake" "/opt/rustwide/cargo-home/registry/src/index.crates.io-6f17d22bba15001f/keystone-engine-0.1.0/keystone" "-DCMAKE_INSTALL_LIBDIR=lib" "-DBUILD_LIBS_ONLY=1" "-DBUILD_SHARED_LIBS=OFF" "-DLLVM_TARGETS_TO_BUILD=all" "-DCMAKE_INSTALL_PREFIX=/opt/rustwide/target/debug/build/keystone-engine-352c2392b88d0f44/out" "-DCMAKE_C_FLAGS= -ffunction-sections -fdata-sections -fPIC -m64" "-DCMAKE_C_COMPILER=/usr/bin/cc" "-DCMAKE_CXX_FLAGS= -ffunction-sections -fdata-sections -fPIC -m64" "-DCMAKE_CXX_COMPILER=/usr/bin/c++" "-DCMAKE_ASM_FLAGS= -ffunction-sections -fdata-sections -fPIC -m64" "-DCMAKE_ASM_COMPILER=/usr/bin/cc" "-DCMAKE_BUILD_TYPE=Debug"
[INFO] [stderr]   -- The C compiler identification is GNU 11.4.0
[INFO] [stderr]   -- The CXX compiler identification is GNU 11.4.0
[INFO] [stderr]   -- Detecting C compiler ABI info
[INFO] [stderr]   -- Detecting C compiler ABI info - done
[INFO] [stderr]   -- Check for working C compiler: /usr/bin/cc - skipped
[INFO] [stderr]   -- Detecting C compile features
[INFO] [stderr]   -- Detecting C compile features - done
[INFO] [stderr]   -- Detecting CXX compiler ABI info
[INFO] [stderr]   -- Detecting CXX compiler ABI info - done
[INFO] [stderr]   -- Check for working CXX compiler: /usr/bin/c++ - skipped
[INFO] [stderr]   -- Detecting CXX compile features
[INFO] [stderr]   -- Detecting CXX compile features - done
[INFO] [stderr]   -- The ASM compiler identification is GNU
[INFO] [stderr]   -- Found assembler: /usr/bin/cc
[INFO] [stderr]   -- Looking for dirent.h
[INFO] [stderr]   -- Looking for dirent.h - found
[INFO] [stderr]   -- Looking for dlfcn.h
[INFO] [stderr]   -- Looking for dlfcn.h - found
[INFO] [stderr]   -- Looking for errno.h
[INFO] [stderr]   -- Looking for errno.h - found
[INFO] [stderr]   -- Looking for execinfo.h
[INFO] [stderr]   -- Looking for execinfo.h - found
[INFO] [stderr]   -- Looking for fcntl.h
[INFO] [stderr]   -- Looking for fcntl.h - found
[INFO] [stderr]   -- Looking for inttypes.h
[INFO] [stderr]   -- Looking for inttypes.h - found
[INFO] [stderr]   -- Looking for limits.h
[INFO] [stderr]   -- Looking for limits.h - found
[INFO] [stderr]   -- Looking for link.h
[INFO] [stderr]   -- Looking for link.h - found
[INFO] [stderr]   -- Looking for malloc.h
[INFO] [stderr]   -- Looking for malloc.h - found
[INFO] [stderr]   -- Looking for malloc/malloc.h
[INFO] [stderr]   -- Looking for malloc/malloc.h - not found
[INFO] [stderr]   -- Looking for ndir.h
[INFO] [stderr]   -- Looking for ndir.h - not found
[INFO] [stderr]   -- Looking for pthread.h
[INFO] [stderr]   -- Looking for pthread.h - found
[INFO] [stderr]   -- Looking for signal.h
[INFO] [stderr]   -- Looking for signal.h - found
[INFO] [stderr]   -- Looking for stdint.h
[INFO] [stderr]   -- Looking for stdint.h - found
[INFO] [stderr]   -- Looking for sys/dir.h
[INFO] [stderr]   -- Looking for sys/dir.h - found
[INFO] [stderr]   -- Looking for sys/ioctl.h
[INFO] [stderr]   -- Looking for sys/ioctl.h - found
[INFO] [stderr]   -- Looking for sys/mman.h
[INFO] [stderr]   -- Looking for sys/mman.h - found
[INFO] [stderr]   -- Looking for sys/ndir.h
[INFO] [stderr]   -- Looking for sys/ndir.h - not found
[INFO] [stderr]   -- Looking for sys/param.h
[INFO] [stderr]   -- Looking for sys/param.h - found
[INFO] [stderr]   -- Looking for sys/resource.h
[INFO] [stderr]   -- Looking for sys/resource.h - found
[INFO] [stderr]   -- Looking for sys/stat.h
[INFO] [stderr]   -- Looking for sys/stat.h - found
[INFO] [stderr]   -- Looking for sys/time.h
[INFO] [stderr]   -- Looking for sys/time.h - found
[INFO] [stderr]   -- Looking for sys/uio.h
[INFO] [stderr]   -- Looking for sys/uio.h - found
[INFO] [stderr]   -- Looking for termios.h
[INFO] [stderr]   -- Looking for termios.h - found
[INFO] [stderr]   -- Looking for unistd.h
[INFO] [stderr]   -- Looking for unistd.h - found
[INFO] [stderr]   -- Looking for utime.h
[INFO] [stderr]   -- Looking for utime.h - found
[INFO] [stderr]   -- Looking for zlib.h
[INFO] [stderr]   -- Looking for zlib.h - found
[INFO] [stderr]   -- Looking for fenv.h
[INFO] [stderr]   -- Looking for fenv.h - found
[INFO] [stderr]   -- Looking for FE_ALL_EXCEPT
[INFO] [stderr]   -- Looking for FE_ALL_EXCEPT - found
[INFO] [stderr]   -- Looking for FE_INEXACT
[INFO] [stderr]   -- Looking for FE_INEXACT - found
[INFO] [stderr]   -- Looking for mach/mach.h
[INFO] [stderr]   -- Looking for mach/mach.h - not found
[INFO] [stderr]   -- Looking for mach-o/dyld.h
[INFO] [stderr]   -- Looking for mach-o/dyld.h - not found
[INFO] [stderr]   -- Looking for histedit.h
[INFO] [stderr]   -- Looking for histedit.h - not found
[INFO] [stderr]   -- Performing Test HAVE_CXXABI_H
[INFO] [stderr]   -- Performing Test HAVE_CXXABI_H - Success
[INFO] [stderr]   -- Looking for pthread_create in pthread
[INFO] [stderr]   -- Looking for pthread_create in pthread - found
[INFO] [stderr]   -- Looking for pthread_getspecific in pthread
[INFO] [stderr]   -- Looking for pthread_getspecific in pthread - found
[INFO] [stderr]   -- Looking for pthread_rwlock_init in pthread
[INFO] [stderr]   -- Looking for pthread_rwlock_init in pthread - found
[INFO] [stderr]   -- Looking for pthread_mutex_lock in pthread
[INFO] [stderr]   -- Looking for pthread_mutex_lock in pthread - found
[INFO] [stderr]   -- Looking for dlopen in dl
[INFO] [stderr]   -- Looking for dlopen in dl - found
[INFO] [stderr]   -- Looking for clock_gettime in rt
[INFO] [stderr]   -- Looking for clock_gettime in rt - found
[INFO] [stderr]   -- Looking for compress2 in z
[INFO] [stderr]   -- Looking for compress2 in z - found
[INFO] [stderr]   -- Looking for setupterm in tinfo
[INFO] [stderr]   -- Looking for setupterm in tinfo - found
[INFO] [stderr]   -- Looking for arc4random
[INFO] [stderr]   -- Looking for arc4random - not found
[INFO] [stderr]   -- Looking for backtrace
[INFO] [stderr]   -- Looking for backtrace - found
[INFO] [stderr]   -- Looking for getpagesize
[INFO] [stderr]   -- Looking for getpagesize - found
[INFO] [stderr]   -- Looking for getrusage
[INFO] [stderr]   -- Looking for getrusage - found
[INFO] [stderr]   -- Looking for setrlimit
[INFO] [stderr]   -- Looking for setrlimit - found
[INFO] [stderr]   -- Looking for isatty
[INFO] [stderr]   -- Looking for isatty - found
[INFO] [stderr]   -- Looking for futimens
[INFO] [stderr]   -- Looking for futimens - found
[INFO] [stderr]   -- Looking for futimes
[INFO] [stderr]   -- Looking for futimes - found
[INFO] [stderr]   -- Looking for writev
[INFO] [stderr]   -- Looking for writev - found
[INFO] [stderr]   -- Looking for mallctl
[INFO] [stderr]   -- Looking for mallctl - not found
[INFO] [stderr]   -- Looking for mallinfo
[INFO] [stderr]   -- Looking for mallinfo - found
[INFO] [stderr]   -- Looking for malloc_zone_statistics
[INFO] [stderr]   -- Looking for malloc_zone_statistics - not found
[INFO] [stderr]   -- Looking for mkdtemp
[INFO] [stderr]   -- Looking for mkdtemp - found
[INFO] [stderr]   -- Looking for mkstemp
[INFO] [stderr]   -- Looking for mkstemp - found
[INFO] [stderr]   -- Looking for mktemp
[INFO] [stderr]   -- Looking for mktemp - found
[INFO] [stderr]   -- Looking for closedir
[INFO] [stderr]   -- Looking for closedir - found
[INFO] [stderr]   -- Looking for opendir
[INFO] [stderr]   -- Looking for opendir - found
[INFO] [stderr]   -- Looking for readdir
[INFO] [stderr]   -- Looking for readdir - found
[INFO] [stderr]   -- Looking for getcwd
[INFO] [stderr]   -- Looking for getcwd - found
[INFO] [stderr]   -- Looking for gettimeofday
[INFO] [stderr]   -- Looking for gettimeofday - found
[INFO] [stderr]   -- Looking for getrlimit
[INFO] [stderr]   -- Looking for getrlimit - found
[INFO] [stderr]   -- Looking for posix_spawn
[INFO] [stderr]   -- Looking for posix_spawn - found
[INFO] [stderr]   -- Looking for pread
[INFO] [stderr]   -- Looking for pread - found
[INFO] [stderr]   -- Looking for realpath
[INFO] [stderr]   -- Looking for realpath - found
[INFO] [stderr]   -- Looking for sbrk
[INFO] [stderr]   -- Looking for sbrk - found
[INFO] [stderr]   -- Looking for srand48
[INFO] [stderr]   -- Looking for srand48 - found
[INFO] [stderr]   -- Looking for lrand48
[INFO] [stderr]   -- Looking for lrand48 - found
[INFO] [stderr]   -- Looking for drand48
[INFO] [stderr]   -- Looking for drand48 - found
[INFO] [stderr]   -- Looking for strtoll
[INFO] [stderr]   -- Looking for strtoll - found
[INFO] [stderr]   -- Looking for strtoq
[INFO] [stderr]   -- Looking for strtoq - found
[INFO] [stderr]   -- Looking for strerror
[INFO] [stderr]   -- Looking for strerror - found
[INFO] [stderr]   -- Looking for strerror_r
[INFO] [stderr]   -- Looking for strerror_r - found
[INFO] [stderr]   -- Looking for strerror_s
[INFO] [stderr]   -- Looking for strerror_s - not found
[INFO] [stderr]   -- Looking for setenv
[INFO] [stderr]   -- Looking for setenv - found
[INFO] [stderr]   -- Looking for dlerror
[INFO] [stderr]   -- Looking for dlerror - found
[INFO] [stderr]   -- Looking for dlopen
[INFO] [stderr]   -- Looking for dlopen - found
[INFO] [stderr]   -- Looking for __GLIBC__
[INFO] [stderr]   -- Looking for __GLIBC__ - found
[INFO] [stderr]   -- Performing Test HAVE_INT64_T
[INFO] [stderr]   -- Performing Test HAVE_INT64_T - Success
[INFO] [stderr]   -- Performing Test HAVE_UINT64_T
[INFO] [stderr]   -- Performing Test HAVE_UINT64_T - Success
[INFO] [stderr]   -- Performing Test HAVE_U_INT64_T
[INFO] [stderr]   -- Performing Test HAVE_U_INT64_T - Success
[INFO] [stderr]   -- Performing Test HAVE_CXX_ATOMICS_WITHOUT_LIB
[INFO] [stderr]   -- Performing Test HAVE_CXX_ATOMICS_WITHOUT_LIB - Success
[INFO] [stderr]   -- Performing Test LLVM_HAS_ATOMICS
[INFO] [stderr]   -- Performing Test LLVM_HAS_ATOMICS - Success
[INFO] [stderr]   -- Performing Test SUPPORTS_NO_VARIADIC_MACROS_FLAG
[INFO] [stderr]   -- Performing Test SUPPORTS_NO_VARIADIC_MACROS_FLAG - Success
[INFO] [stderr]   -- Performing Test HAS_MAYBE_UNINITIALIZED
[INFO] [stderr]   -- Performing Test HAS_MAYBE_UNINITIALIZED - Success
[INFO] [stderr]   -- Target triple: x86_64-unknown-linux-gnu
[INFO] [stderr]   -- Native target architecture is X86
[INFO] [stderr]   -- Threads enabled.
[INFO] [stderr]   -- Performing Test C_SUPPORTS_FPIC
[INFO] [stderr]   -- Performing Test C_SUPPORTS_FPIC - Success
[INFO] [stderr]   -- Performing Test CXX_SUPPORTS_FPIC
[INFO] [stderr]   -- Performing Test CXX_SUPPORTS_FPIC - Success
[INFO] [stderr]   -- Building with -fPIC
[INFO] [stderr]   -- Performing Test SUPPORTS_FVISIBILITY_INLINES_HIDDEN_FLAG
[INFO] [stderr]   -- Performing Test SUPPORTS_FVISIBILITY_INLINES_HIDDEN_FLAG - Success
[INFO] [stderr]   -- Performing Test CXX_SUPPORTS_MISSING_FIELD_INITIALIZERS_FLAG
[INFO] [stderr]   -- Performing Test CXX_SUPPORTS_MISSING_FIELD_INITIALIZERS_FLAG - Success
[INFO] [stderr]   -- Performing Test C_SUPPORTS_COVERED_SWITCH_DEFAULT_FLAG
[INFO] [stderr]   -- Performing Test C_SUPPORTS_COVERED_SWITCH_DEFAULT_FLAG - Failed
[INFO] [stderr]   -- Performing Test CXX_SUPPORTS_COVERED_SWITCH_DEFAULT_FLAG
[INFO] [stderr]   -- Performing Test CXX_SUPPORTS_COVERED_SWITCH_DEFAULT_FLAG - Failed
[INFO] [stderr]   -- Performing Test C_SUPPORTS_DELETE_NON_VIRTUAL_DTOR_FLAG
[INFO] [stderr]   -- Performing Test C_SUPPORTS_DELETE_NON_VIRTUAL_DTOR_FLAG - Failed
[INFO] [stderr]   -- Performing Test CXX_SUPPORTS_DELETE_NON_VIRTUAL_DTOR_FLAG
[INFO] [stderr]   -- Performing Test CXX_SUPPORTS_DELETE_NON_VIRTUAL_DTOR_FLAG - Success
[INFO] [stderr]   -- Performing Test C_WCOMMENT_ALLOWS_LINE_WRAP
[INFO] [stderr]   -- Performing Test C_WCOMMENT_ALLOWS_LINE_WRAP - Failed
[INFO] [stderr]   -- Performing Test CXX_SUPPORTS_CXX11
[INFO] [stderr]   -- Performing Test CXX_SUPPORTS_CXX11 - Success
[INFO] [stderr]   -- Found PythonInterp: /usr/bin/python2.7 (found version "2.7.18") 
[INFO] [stderr]   -- Constructing LLVMBuild project information
[INFO] [stderr]   -- Targeting AArch64
[INFO] [stderr]   -- Targeting ARM
[INFO] [stderr]   -- Targeting Hexagon
[INFO] [stderr]   -- Targeting Mips
[INFO] [stderr]   -- Targeting PowerPC
[INFO] [stderr]   -- Targeting Sparc
[INFO] [stderr]   -- Targeting SystemZ
[INFO] [stderr]   -- Targeting X86
[INFO] [stderr]   -- Found PkgConfig: /usr/bin/pkg-config (found version "0.29.2") 
[INFO] [stderr]   -- Configuring done
[INFO] [stderr]   -- Generating done
[INFO] [stderr]   -- Build files have been written to: /opt/rustwide/target/debug/build/keystone-engine-352c2392b88d0f44/out/build
[INFO] [stderr]   running: cd "/opt/rustwide/target/debug/build/keystone-engine-352c2392b88d0f44/out/build" && MAKEFLAGS="-j --jobserver-fds=8,9 --jobserver-auth=8,9" PYTHONDONTWRITEBYTECODE="1" "cmake" "--build" "." "--target" "install" "--config" "Debug"
[INFO] [stderr]   [  2%] Building CXX object llvm/keystone/CMakeFiles/keystone.dir/__/lib/MC/MCAsmInfoDarwin.cpp.o
[INFO] [stderr]   [  2%] Building CXX object llvm/keystone/CMakeFiles/keystone.dir/__/lib/MC/ConstantPools.cpp.o
[INFO] [stderr]   [  2%] Building CXX object llvm/keystone/CMakeFiles/keystone.dir/__/lib/MC/ELFObjectWriter.cpp.o
[INFO] [stderr]   [  3%] Building CXX object llvm/keystone/CMakeFiles/keystone.dir/__/lib/MC/MCAsmInfo.cpp.o
[INFO] [stderr]   [  4%] Building CXX object llvm/keystone/CMakeFiles/keystone.dir/__/lib/MC/MCCodeEmitter.cpp.o
[INFO] [stderr]   [  4%] Building CXX object llvm/keystone/CMakeFiles/keystone.dir/__/lib/MC/MCAsmInfoELF.cpp.o
[INFO] [stderr]   [  4%] Building CXX object llvm/keystone/CMakeFiles/keystone.dir/__/lib/MC/MCAssembler.cpp.o
[INFO] [stderr]   [  4%] Building CXX object llvm/keystone/CMakeFiles/keystone.dir/__/lib/MC/MCAsmInfoCOFF.cpp.o
[INFO] [stderr]   [  4%] Building CXX object llvm/keystone/CMakeFiles/keystone.dir/__/lib/MC/MCContext.cpp.o
[INFO] [stderr]   [  4%] Building CXX object llvm/keystone/CMakeFiles/keystone.dir/__/lib/MC/MCAsmBackend.cpp.o
[INFO] [stderr]   [  5%] Building CXX object llvm/keystone/CMakeFiles/keystone.dir/__/lib/MC/MCELFObjectTargetWriter.cpp.o
[INFO] [stderr]   [  5%] Building CXX object llvm/keystone/CMakeFiles/keystone.dir/__/lib/MC/MCELFStreamer.cpp.o
[INFO] [stderr]   [  6%] Building CXX object llvm/keystone/CMakeFiles/keystone.dir/__/lib/MC/MCExpr.cpp.o
[INFO] [stderr]   [  6%] Building CXX object llvm/keystone/CMakeFiles/keystone.dir/__/lib/MC/MCFragment.cpp.o
[INFO] [stderr]   [  7%] Building CXX object llvm/keystone/CMakeFiles/keystone.dir/__/lib/MC/MCInst.cpp.o
[INFO] [stderr]   [  7%] Building CXX object llvm/keystone/CMakeFiles/keystone.dir/__/lib/MC/MCInstrDesc.cpp.o
[INFO] [stderr]   [  7%] Building CXX object llvm/keystone/CMakeFiles/keystone.dir/__/lib/MC/MCLabel.cpp.o
[INFO] [stderr]   [  8%] Building CXX object llvm/keystone/CMakeFiles/keystone.dir/__/lib/MC/MCObjectFileInfo.cpp.o
[INFO] [stderr] 
[INFO] [stderr]   --- stderr
[INFO] [stderr]   CMake Deprecation Warning at CMakeLists.txt:4 (cmake_minimum_required):
[INFO] [stderr]     Compatibility with CMake < 2.8.12 will be removed from a future version of
[INFO] [stderr]     CMake.
[INFO] [stderr] 
[INFO] [stderr]     Update the VERSION argument <min> value or use a ...<max> suffix to tell
[INFO] [stderr]     CMake that the project does not need compatibility with older versions.
[INFO] [stderr] 
[INFO] [stderr] 
[INFO] [stderr]   CMake Deprecation Warning at CMakeLists.txt:27 (cmake_policy):
[INFO] [stderr]     The OLD behavior for policy CMP0051 will be removed from a future version
[INFO] [stderr]     of CMake.
[INFO] [stderr] 
[INFO] [stderr]     The cmake-policies(7) manual explains that the OLD behaviors of all
[INFO] [stderr]     policies are deprecated and that a policy should be set to OLD only under
[INFO] [stderr]     specific short-term circumstances.  Projects should be ported to the NEW
[INFO] [stderr]     behavior and not rely on setting a policy to OLD.
[INFO] [stderr] 
[INFO] [stderr] 
[INFO] [stderr]   CMake Deprecation Warning at llvm/CMakeLists.txt:3 (cmake_minimum_required):
[INFO] [stderr]     Compatibility with CMake < 2.8.12 will be removed from a future version of
[INFO] [stderr]     CMake.
[INFO] [stderr] 
[INFO] [stderr]     Update the VERSION argument <min> value or use a ...<max> suffix to tell
[INFO] [stderr]     CMake that the project does not need compatibility with older versions.
[INFO] [stderr] 
[INFO] [stderr] 
[INFO] [stderr]   CMake Deprecation Warning at llvm/CMakeLists.txt:22 (cmake_policy):
[INFO] [stderr]     The OLD behavior for policy CMP0051 will be removed from a future version
[INFO] [stderr]     of CMake.
[INFO] [stderr] 
[INFO] [stderr]     The cmake-policies(7) manual explains that the OLD behaviors of all
[INFO] [stderr]     policies are deprecated and that a policy should be set to OLD only under
[INFO] [stderr]     specific short-term circumstances.  Projects should be ported to the NEW
[INFO] [stderr]     behavior and not rely on setting a policy to OLD.
[INFO] [stderr] 
[INFO] [stderr] 
[INFO] [stderr]   CMake Warning (dev) at /usr/share/cmake-3.22/Modules/CheckIncludeFile.cmake:82 (message):
[INFO] [stderr]     Policy CMP0075 is not set: Include file check macros honor
[INFO] [stderr]     CMAKE_REQUIRED_LIBRARIES.  Run "cmake --help-policy CMP0075" for policy
[INFO] [stderr]     details.  Use the cmake_policy command to set the policy and suppress this
[INFO] [stderr]     warning.
[INFO] [stderr] 
[INFO] [stderr]     CMAKE_REQUIRED_LIBRARIES is set to:
[INFO] [stderr] 
[INFO] [stderr]       m
[INFO] [stderr] 
[INFO] [stderr]     For compatibility with CMake 3.11 and below this check is ignoring it.
[INFO] [stderr]   Call Stack (most recent call first):
[INFO] [stderr]     llvm/cmake/config-ix.cmake:45 (check_include_file)
[INFO] [stderr]     llvm/CMakeLists.txt:324 (include)
[INFO] [stderr]   This warning is for project developers.  Use -Wno-dev to suppress it.
[INFO] [stderr] 
[INFO] [stderr]   CMake Warning (dev) at suite/fuzz/CMakeLists.txt:6 (add_executable):
[INFO] [stderr]     Policy CMP0063 is not set: Honor visibility properties for all target
[INFO] [stderr]     types.  Run "cmake --help-policy CMP0063" for policy details.  Use the
[INFO] [stderr]     cmake_policy command to set the policy and suppress this warning.
[INFO] [stderr] 
[INFO] [stderr]     Target "fuzz_asm_arm64_arm" of type "EXECUTABLE" has the following
[INFO] [stderr]     visibility properties set for C:
[INFO] [stderr] 
[INFO] [stderr]       C_VISIBILITY_PRESET
[INFO] [stderr] 
[INFO] [stderr]     For compatibility CMake is not honoring them for this target.
[INFO] [stderr]   This warning is for project developers.  Use -Wno-dev to suppress it.
[INFO] [stderr] 
[INFO] [stderr]   CMake Warning (dev) at suite/fuzz/CMakeLists.txt:6 (add_executable):
[INFO] [stderr]     Policy CMP0063 is not set: Honor visibility properties for all target
[INFO] [stderr]     types.  Run "cmake --help-policy CMP0063" for policy details.  Use the
[INFO] [stderr]     cmake_policy command to set the policy and suppress this warning.
[INFO] [stderr] 
[INFO] [stderr]     Target "fuzz_asm_arm_arm" of type "EXECUTABLE" has the following visibility
[INFO] [stderr]     properties set for C:
[INFO] [stderr] 
[INFO] [stderr]       C_VISIBILITY_PRESET
[INFO] [stderr] 
[INFO] [stderr]     For compatibility CMake is not honoring them for this target.
[INFO] [stderr]   This warning is for project developers.  Use -Wno-dev to suppress it.
[INFO] [stderr] 
[INFO] [stderr]   CMake Warning (dev) at suite/fuzz/CMakeLists.txt:6 (add_executable):
[INFO] [stderr]     Policy CMP0063 is not set: Honor visibility properties for all target
[INFO] [stderr]     types.  Run "cmake --help-policy CMP0063" for policy details.  Use the
[INFO] [stderr]     cmake_policy command to set the policy and suppress this warning.
[INFO] [stderr] 
[INFO] [stderr]     Target "fuzz_asm_arm_armbe" of type "EXECUTABLE" has the following
[INFO] [stderr]     visibility properties set for C:
[INFO] [stderr] 
[INFO] [stderr]       C_VISIBILITY_PRESET
[INFO] [stderr] 
[INFO] [stderr]     For compatibility CMake is not honoring them for this target.
[INFO] [stderr]   This warning is for project developers.  Use -Wno-dev to suppress it.
[INFO] [stderr] 
[INFO] [stderr]   CMake Warning (dev) at suite/fuzz/CMakeLists.txt:6 (add_executable):
[INFO] [stderr]     Policy CMP0063 is not set: Honor visibility properties for all target
[INFO] [stderr]     types.  Run "cmake --help-policy CMP0063" for policy details.  Use the
[INFO] [stderr]     cmake_policy command to set the policy and suppress this warning.
[INFO] [stderr] 
[INFO] [stderr]     Target "fuzz_asm_arm_armv8be" of type "EXECUTABLE" has the following
[INFO] [stderr]     visibility properties set for C:
[INFO] [stderr] 
[INFO] [stderr]       C_VISIBILITY_PRESET
[INFO] [stderr] 
[INFO] [stderr]     For compatibility CMake is not honoring them for this target.
[INFO] [stderr]   This warning is for project developers.  Use -Wno-dev to suppress it.
[INFO] [stderr] 
[INFO] [stderr]   CMake Warning (dev) at suite/fuzz/CMakeLists.txt:6 (add_executable):
[INFO] [stderr]     Policy CMP0063 is not set: Honor visibility properties for all target
[INFO] [stderr]     types.  Run "cmake --help-policy CMP0063" for policy details.  Use the
[INFO] [stderr]     cmake_policy command to set the policy and suppress this warning.
[INFO] [stderr] 
[INFO] [stderr]     Target "fuzz_asm_arm_thumb" of type "EXECUTABLE" has the following
[INFO] [stderr]     visibility properties set for C:
[INFO] [stderr] 
[INFO] [stderr]       C_VISIBILITY_PRESET
[INFO] [stderr] 
[INFO] [stderr]     For compatibility CMake is not honoring them for this target.
[INFO] [stderr]   This warning is for project developers.  Use -Wno-dev to suppress it.
[INFO] [stderr] 
[INFO] [stderr]   CMake Warning (dev) at suite/fuzz/CMakeLists.txt:6 (add_executable):
[INFO] [stderr]     Policy CMP0063 is not set: Honor visibility properties for all target
[INFO] [stderr]     types.  Run "cmake --help-policy CMP0063" for policy details.  Use the
[INFO] [stderr]     cmake_policy command to set the policy and suppress this warning.
[INFO] [stderr] 
[INFO] [stderr]     Target "fuzz_asm_arm_thumbbe" of type "EXECUTABLE" has the following
[INFO] [stderr]     visibility properties set for C:
[INFO] [stderr] 
[INFO] [stderr]       C_VISIBILITY_PRESET
[INFO] [stderr] 
[INFO] [stderr]     For compatibility CMake is not honoring them for this target.
[INFO] [stderr]   This warning is for project developers.  Use -Wno-dev to suppress it.
[INFO] [stderr] 
[INFO] [stderr]   CMake Warning (dev) at suite/fuzz/CMakeLists.txt:6 (add_executable):
[INFO] [stderr]     Policy CMP0063 is not set: Honor visibility properties for all target
[INFO] [stderr]     types.  Run "cmake --help-policy CMP0063" for policy details.  Use the
[INFO] [stderr]     cmake_policy command to set the policy and suppress this warning.
[INFO] [stderr] 
[INFO] [stderr]     Target "fuzz_asm_arm_thumbv8" of type "EXECUTABLE" has the following
[INFO] [stderr]     visibility properties set for C:
[INFO] [stderr] 
[INFO] [stderr]       C_VISIBILITY_PRESET
[INFO] [stderr] 
[INFO] [stderr]     For compatibility CMake is not honoring them for this target.
[INFO] [stderr]   This warning is for project developers.  Use -Wno-dev to suppress it.
[INFO] [stderr] 
[INFO] [stderr]   CMake Warning (dev) at suite/fuzz/CMakeLists.txt:6 (add_executable):
[INFO] [stderr]     Policy CMP0063 is not set: Honor visibility properties for all target
[INFO] [stderr]     types.  Run "cmake --help-policy CMP0063" for policy details.  Use the
[INFO] [stderr]     cmake_policy command to set the policy and suppress this warning.
[INFO] [stderr] 
[INFO] [stderr]     Target "fuzz_asm_arm_thumbv8be" of type "EXECUTABLE" has the following
[INFO] [stderr]     visibility properties set for C:
[INFO] [stderr] 
[INFO] [stderr]       C_VISIBILITY_PRESET
[INFO] [stderr] 
[INFO] [stderr]     For compatibility CMake is not honoring them for this target.
[INFO] [stderr]   This warning is for project developers.  Use -Wno-dev to suppress it.
[INFO] [stderr] 
[INFO] [stderr]   CMake Warning (dev) at suite/fuzz/CMakeLists.txt:6 (add_executable):
[INFO] [stderr]     Policy CMP0063 is not set: Honor visibility properties for all target
[INFO] [stderr]     types.  Run "cmake --help-policy CMP0063" for policy details.  Use the
[INFO] [stderr]     cmake_policy command to set the policy and suppress this warning.
[INFO] [stderr] 
[INFO] [stderr]     Target "fuzz_asm_armv8_arm" of type "EXECUTABLE" has the following
[INFO] [stderr]     visibility properties set for C:
[INFO] [stderr] 
[INFO] [stderr]       C_VISIBILITY_PRESET
[INFO] [stderr] 
[INFO] [stderr]     For compatibility CMake is not honoring them for this target.
[INFO] [stderr]   This warning is for project developers.  Use -Wno-dev to suppress it.
[INFO] [stderr] 
[INFO] [stderr]   CMake Warning (dev) at suite/fuzz/CMakeLists.txt:6 (add_executable):
[INFO] [stderr]     Policy CMP0063 is not set: Honor visibility properties for all target
[INFO] [stderr]     types.  Run "cmake --help-policy CMP0063" for policy details.  Use the
[INFO] [stderr]     cmake_policy command to set the policy and suppress this warning.
[INFO] [stderr] 
[INFO] [stderr]     Target "fuzz_asm_evm" of type "EXECUTABLE" has the following visibility
[INFO] [stderr]     properties set for C:
[INFO] [stderr] 
[INFO] [stderr]       C_VISIBILITY_PRESET
[INFO] [stderr] 
[INFO] [stderr]     For compatibility CMake is not honoring them for this target.
[INFO] [stderr]   This warning is for project developers.  Use -Wno-dev to suppress it.
[INFO] [stderr] 
[INFO] [stderr]   CMake Warning (dev) at suite/fuzz/CMakeLists.txt:6 (add_executable):
[INFO] [stderr]     Policy CMP0063 is not set: Honor visibility properties for all target
[INFO] [stderr]     types.  Run "cmake --help-policy CMP0063" for policy details.  Use the
[INFO] [stderr]     cmake_policy command to set the policy and suppress this warning.
[INFO] [stderr] 
[INFO] [stderr]     Target "fuzz_asm_hex" of type "EXECUTABLE" has the following visibility
[INFO] [stderr]     properties set for C:
[INFO] [stderr] 
[INFO] [stderr]       C_VISIBILITY_PRESET
[INFO] [stderr] 
[INFO] [stderr]     For compatibility CMake is not honoring them for this target.
[INFO] [stderr]   This warning is for project developers.  Use -Wno-dev to suppress it.
[INFO] [stderr] 
[INFO] [stderr]   CMake Warning (dev) at suite/fuzz/CMakeLists.txt:6 (add_executable):
[INFO] [stderr]     Policy CMP0063 is not set: Honor visibility properties for all target
[INFO] [stderr]     types.  Run "cmake --help-policy CMP0063" for policy details.  Use the
[INFO] [stderr]     cmake_policy command to set the policy and suppress this warning.
[INFO] [stderr] 
[INFO] [stderr]     Target "fuzz_asm_mips" of type "EXECUTABLE" has the following visibility
[INFO] [stderr]     properties set for C:
[INFO] [stderr] 
[INFO] [stderr]       C_VISIBILITY_PRESET
[INFO] [stderr] 
[INFO] [stderr]     For compatibility CMake is not honoring them for this target.
[INFO] [stderr]   This warning is for project developers.  Use -Wno-dev to suppress it.
[INFO] [stderr] 
[INFO] [stderr]   CMake Warning (dev) at suite/fuzz/CMakeLists.txt:6 (add_executable):
[INFO] [stderr]     Policy CMP0063 is not set: Honor visibility properties for all target
[INFO] [stderr]     types.  Run "cmake --help-policy CMP0063" for policy details.  Use the
[INFO] [stderr]     cmake_policy command to set the policy and suppress this warning.
[INFO] [stderr] 
[INFO] [stderr]     Target "fuzz_asm_mips64" of type "EXECUTABLE" has the following visibility
[INFO] [stderr]     properties set for C:
[INFO] [stderr] 
[INFO] [stderr]       C_VISIBILITY_PRESET
[INFO] [stderr] 
[INFO] [stderr]     For compatibility CMake is not honoring them for this target.
[INFO] [stderr]   This warning is for project developers.  Use -Wno-dev to suppress it.
[INFO] [stderr] 
[INFO] [stderr]   CMake Warning (dev) at suite/fuzz/CMakeLists.txt:6 (add_executable):
[INFO] [stderr]     Policy CMP0063 is not set: Honor visibility properties for all target
[INFO] [stderr]     types.  Run "cmake --help-policy CMP0063" for policy details.  Use the
[INFO] [stderr]     cmake_policy command to set the policy and suppress this warning.
[INFO] [stderr] 
[INFO] [stderr]     Target "fuzz_asm_mips64be" of type "EXECUTABLE" has the following
[INFO] [stderr]     visibility properties set for C:
[INFO] [stderr] 
[INFO] [stderr]       C_VISIBILITY_PRESET
[INFO] [stderr] 
[INFO] [stderr]     For compatibility CMake is not honoring them for this target.
[INFO] [stderr]   This warning is for project developers.  Use -Wno-dev to suppress it.
[INFO] [stderr] 
[INFO] [stderr]   CMake Warning (dev) at suite/fuzz/CMakeLists.txt:6 (add_executable):
[INFO] [stderr]     Policy CMP0063 is not set: Honor visibility properties for all target
[INFO] [stderr]     types.  Run "cmake --help-policy CMP0063" for policy details.  Use the
[INFO] [stderr]     cmake_policy command to set the policy and suppress this warning.
[INFO] [stderr] 
[INFO] [stderr]     Target "fuzz_asm_mipsbe" of type "EXECUTABLE" has the following visibility
[INFO] [stderr]     properties set for C:
[INFO] [stderr] 
[INFO] [stderr]       C_VISIBILITY_PRESET
[INFO] [stderr] 
[INFO] [stderr]     For compatibility CMake is not honoring them for this target.
[INFO] [stderr]   This warning is for project developers.  Use -Wno-dev to suppress it.
[INFO] [stderr] 
[INFO] [stderr]   CMake Warning (dev) at suite/fuzz/CMakeLists.txt:6 (add_executable):
[INFO] [stderr]     Policy CMP0063 is not set: Honor visibility properties for all target
[INFO] [stderr]     types.  Run "cmake --help-policy CMP0063" for policy details.  Use the
[INFO] [stderr]     cmake_policy command to set the policy and suppress this warning.
[INFO] [stderr] 
[INFO] [stderr]     Target "fuzz_asm_ppc32be" of type "EXECUTABLE" has the following visibility
[INFO] [stderr]     properties set for C:
[INFO] [stderr] 
[INFO] [stderr]       C_VISIBILITY_PRESET
[INFO] [stderr] 
[INFO] [stderr]     For compatibility CMake is not honoring them for this target.
[INFO] [stderr]   This warning is for project developers.  Use -Wno-dev to suppress it.
[INFO] [stderr] 
[INFO] [stderr]   CMake Warning (dev) at suite/fuzz/CMakeLists.txt:6 (add_executable):
[INFO] [stderr]     Policy CMP0063 is not set: Honor visibility properties for all target
[INFO] [stderr]     types.  Run "cmake --help-policy CMP0063" for policy details.  Use the
[INFO] [stderr]     cmake_policy command to set the policy and suppress this warning.
[INFO] [stderr] 
[INFO] [stderr]     Target "fuzz_asm_ppc64" of type "EXECUTABLE" has the following visibility
[INFO] [stderr]     properties set for C:
[INFO] [stderr] 
[INFO] [stderr]       C_VISIBILITY_PRESET
[INFO] [stderr] 
[INFO] [stderr]     For compatibility CMake is not honoring them for this target.
[INFO] [stderr]   This warning is for project developers.  Use -Wno-dev to suppress it.
[INFO] [stderr] 
[INFO] [stderr]   CMake Warning (dev) at suite/fuzz/CMakeLists.txt:6 (add_executable):
[INFO] [stderr]     Policy CMP0063 is not set: Honor visibility properties for all target
[INFO] [stderr]     types.  Run "cmake --help-policy CMP0063" for policy details.  Use the
[INFO] [stderr]     cmake_policy command to set the policy and suppress this warning.
[INFO] [stderr] 
[INFO] [stderr]     Target "fuzz_asm_ppc64be" of type "EXECUTABLE" has the following visibility
[INFO] [stderr]     properties set for C:
[INFO] [stderr] 
[INFO] [stderr]       C_VISIBILITY_PRESET
[INFO] [stderr] 
[INFO] [stderr]     For compatibility CMake is not honoring them for this target.
[INFO] [stderr]   This warning is for project developers.  Use -Wno-dev to suppress it.
[INFO] [stderr] 
[INFO] [stderr]   CMake Warning (dev) at suite/fuzz/CMakeLists.txt:6 (add_executable):
[INFO] [stderr]     Policy CMP0063 is not set: Honor visibility properties for all target
[INFO] [stderr]     types.  Run "cmake --help-policy CMP0063" for policy details.  Use the
[INFO] [stderr]     cmake_policy command to set the policy and suppress this warning.
[INFO] [stderr] 
[INFO] [stderr]     Target "fuzz_asm_sparc" of type "EXECUTABLE" has the following visibility
[INFO] [stderr]     properties set for C:
[INFO] [stderr] 
[INFO] [stderr]       C_VISIBILITY_PRESET
[INFO] [stderr] 
[INFO] [stderr]     For compatibility CMake is not honoring them for this target.
[INFO] [stderr]   This warning is for project developers.  Use -Wno-dev to suppress it.
[INFO] [stderr] 
[INFO] [stderr]   CMake Warning (dev) at suite/fuzz/CMakeLists.txt:6 (add_executable):
[INFO] [stderr]     Policy CMP0063 is not set: Honor visibility properties for all target
[INFO] [stderr]     types.  Run "cmake --help-policy CMP0063" for policy details.  Use the
[INFO] [stderr]     cmake_policy command to set the policy and suppress this warning.
[INFO] [stderr] 
[INFO] [stderr]     Target "fuzz_asm_sparc64be" of type "EXECUTABLE" has the following
[INFO] [stderr]     visibility properties set for C:
[INFO] [stderr] 
[INFO] [stderr]       C_VISIBILITY_PRESET
[INFO] [stderr] 
[INFO] [stderr]     For compatibility CMake is not honoring them for this target.
[INFO] [stderr]   This warning is for project developers.  Use -Wno-dev to suppress it.
[INFO] [stderr] 
[INFO] [stderr]   CMake Warning (dev) at suite/fuzz/CMakeLists.txt:6 (add_executable):
[INFO] [stderr]     Policy CMP0063 is not set: Honor visibility properties for all target
[INFO] [stderr]     types.  Run "cmake --help-policy CMP0063" for policy details.  Use the
[INFO] [stderr]     cmake_policy command to set the policy and suppress this warning.
[INFO] [stderr] 
[INFO] [stderr]     Target "fuzz_asm_sparcbe" of type "EXECUTABLE" has the following visibility
[INFO] [stderr]     properties set for C:
[INFO] [stderr] 
[INFO] [stderr]       C_VISIBILITY_PRESET
[INFO] [stderr] 
[INFO] [stderr]     For compatibility CMake is not honoring them for this target.
[INFO] [stderr]   This warning is for project developers.  Use -Wno-dev to suppress it.
[INFO] [stderr] 
[INFO] [stderr]   CMake Warning (dev) at suite/fuzz/CMakeLists.txt:6 (add_executable):
[INFO] [stderr]     Policy CMP0063 is not set: Honor visibility properties for all target
[INFO] [stderr]     types.  Run "cmake --help-policy CMP0063" for policy details.  Use the
[INFO] [stderr]     cmake_policy command to set the policy and suppress this warning.
[INFO] [stderr] 
[INFO] [stderr]     Target "fuzz_asm_systemz" of type "EXECUTABLE" has the following visibility
[INFO] [stderr]     properties set for C:
[INFO] [stderr] 
[INFO] [stderr]       C_VISIBILITY_PRESET
[INFO] [stderr] 
[INFO] [stderr]     For compatibility CMake is not honoring them for this target.
[INFO] [stderr]   This warning is for project developers.  Use -Wno-dev to suppress it.
[INFO] [stderr] 
[INFO] [stderr]   CMake Warning (dev) at suite/fuzz/CMakeLists.txt:6 (add_executable):
[INFO] [stderr]     Policy CMP0063 is not set: Honor visibility properties for all target
[INFO] [stderr]     types.  Run "cmake --help-policy CMP0063" for policy details.  Use the
[INFO] [stderr]     cmake_policy command to set the policy and suppress this warning.
[INFO] [stderr] 
[INFO] [stderr]     Target "fuzz_asm_x86_16" of type "EXECUTABLE" has the following visibility
[INFO] [stderr]     properties set for C:
[INFO] [stderr] 
[INFO] [stderr]       C_VISIBILITY_PRESET
[INFO] [stderr] 
[INFO] [stderr]     For compatibility CMake is not honoring them for this target.
[INFO] [stderr]   This warning is for project developers.  Use -Wno-dev to suppress it.
[INFO] [stderr] 
[INFO] [stderr]   CMake Warning (dev) at suite/fuzz/CMakeLists.txt:6 (add_executable):
[INFO] [stderr]     Policy CMP0063 is not set: Honor visibility properties for all target
[INFO] [stderr]     types.  Run "cmake --help-policy CMP0063" for policy details.  Use the
[INFO] [stderr]     cmake_policy command to set the policy and suppress this warning.
[INFO] [stderr] 
[INFO] [stderr]     Target "fuzz_asm_x86_32" of type "EXECUTABLE" has the following visibility
[INFO] [stderr]     properties set for C:
[INFO] [stderr] 
[INFO] [stderr]       C_VISIBILITY_PRESET
[INFO] [stderr] 
[INFO] [stderr]     For compatibility CMake is not honoring them for this target.
[INFO] [stderr]   This warning is for project developers.  Use -Wno-dev to suppress it.
[INFO] [stderr] 
[INFO] [stderr]   CMake Warning (dev) at suite/fuzz/CMakeLists.txt:6 (add_executable):
[INFO] [stderr]     Policy CMP0063 is not set: Honor visibility properties for all target
[INFO] [stderr]     types.  Run "cmake --help-policy CMP0063" for policy details.  Use the
[INFO] [stderr]     cmake_policy command to set the policy and suppress this warning.
[INFO] [stderr] 
[INFO] [stderr]     Target "fuzz_asm_x86_64" of type "EXECUTABLE" has the following visibility
[INFO] [stderr]     properties set for C:
[INFO] [stderr] 
[INFO] [stderr]       C_VISIBILITY_PRESET
[INFO] [stderr] 
[INFO] [stderr]     For compatibility CMake is not honoring them for this target.
[INFO] [stderr]   This warning is for project developers.  Use -Wno-dev to suppress it.
[INFO] [stderr] 
[INFO] [stderr]   c++: fatal error: Killed signal terminated program cc1plus
[INFO] [stderr]   compilation terminated.
[INFO] [stderr]   gmake[2]: *** [llvm/keystone/CMakeFiles/keystone.dir/build.make:202: llvm/keystone/CMakeFiles/keystone.dir/__/lib/MC/MCContext.cpp.o] Error 1
[INFO] [stderr]   gmake[2]: *** Waiting for unfinished jobs....
[INFO] [stderr]   gmake[1]: *** [CMakeFiles/Makefile2:452: llvm/keystone/CMakeFiles/keystone.dir/all] Error 2
[INFO] [stderr]   gmake: *** [Makefile:156: all] Error 2
[INFO] [stderr]   thread 'main' panicked at /opt/rustwide/cargo-home/registry/src/index.crates.io-6f17d22bba15001f/cmake-0.1.51/src/lib.rs:1100:5:
[INFO] [stderr] 
[INFO] [stderr]   command did not execute successfully, got: exit status: 2
[INFO] [stderr] 
[INFO] [stderr]   build script failed, must exit now
[INFO] [stderr]   stack backtrace:
[INFO] [stderr]      0:     0x5affa6b2673a - std::backtrace_rs::backtrace::libunwind::trace::h207520d6e9873551
[INFO] [stderr]                                  at /rustc/df4ca44d3fbc9301ee17f30f4d474e6ae4b05252/library/std/src/../../backtrace/src/backtrace/libunwind.rs:116:5
[INFO] [stderr]      1:     0x5affa6b2673a - std::backtrace_rs::backtrace::trace_unsynchronized::h2ed7433f370e3eca
[INFO] [stderr]                                  at /rustc/df4ca44d3fbc9301ee17f30f4d474e6ae4b05252/library/std/src/../../backtrace/src/backtrace/mod.rs:66:5
[INFO] [stderr]      2:     0x5affa6b2673a - std::sys::backtrace::_print_fmt::h916fac51166b18d7
[INFO] [stderr]                                  at /rustc/df4ca44d3fbc9301ee17f30f4d474e6ae4b05252/library/std/src/sys/backtrace.rs:66:9
[INFO] [stderr]      3:     0x5affa6b2673a - <std::sys::backtrace::BacktraceLock::print::DisplayBacktrace as core::fmt::Display>::fmt::ha0a4c9b8ce3802e6
[INFO] [stderr]                                  at /rustc/df4ca44d3fbc9301ee17f30f4d474e6ae4b05252/library/std/src/sys/backtrace.rs:39:26
[INFO] [stderr]      4:     0x5affa6b49ab3 - core::fmt::rt::Argument::fmt::h4cfc8587d52b3eb5
[INFO] [stderr]                                  at /rustc/df4ca44d3fbc9301ee17f30f4d474e6ae4b05252/library/core/src/fmt/rt.rs:177:76
[INFO] [stderr]      5:     0x5affa6b49ab3 - core::fmt::write::h522cc39e5b36ae9f
[INFO] [stderr]                                  at /rustc/df4ca44d3fbc9301ee17f30f4d474e6ae4b05252/library/core/src/fmt/mod.rs:1190:21
[INFO] [stderr]      6:     0x5affa6b23203 - std::io::Write::write_fmt::hf1c1dcc8cc1287f0
[INFO] [stderr]                                  at /rustc/df4ca44d3fbc9301ee17f30f4d474e6ae4b05252/library/std/src/io/mod.rs:1839:15
[INFO] [stderr]      7:     0x5affa6b26582 - std::sys::backtrace::BacktraceLock::print::h4b9e00b29e9c0942
[INFO] [stderr]                                  at /rustc/df4ca44d3fbc9301ee17f30f4d474e6ae4b05252/library/std/src/sys/backtrace.rs:42:9
[INFO] [stderr]      8:     0x5affa6b2777c - std::panicking::default_hook::{{closure}}::hb59b88280d0324d9
[INFO] [stderr]                                  at /rustc/df4ca44d3fbc9301ee17f30f4d474e6ae4b05252/library/std/src/panicking.rs:268:22
[INFO] [stderr]      9:     0x5affa6b275c2 - std::panicking::default_hook::he1dd496665be4a29
[INFO] [stderr]                                  at /rustc/df4ca44d3fbc9301ee17f30f4d474e6ae4b05252/library/std/src/panicking.rs:295:9
[INFO] [stderr]     10:     0x5affa6b27d77 - std::panicking::rust_panic_with_hook::h2ff17fe8f26dfcf8
[INFO] [stderr]                                  at /rustc/df4ca44d3fbc9301ee17f30f4d474e6ae4b05252/library/std/src/panicking.rs:801:13
[INFO] [stderr]     11:     0x5affa6b27c0a - std::panicking::begin_panic_handler::{{closure}}::h4fad77951c07e101
[INFO] [stderr]                                  at /rustc/df4ca44d3fbc9301ee17f30f4d474e6ae4b05252/library/std/src/panicking.rs:674:13
[INFO] [stderr]     12:     0x5affa6b26c19 - std::sys::backtrace::__rust_end_short_backtrace::hb1a25b3da5d0ea08
[INFO] [stderr]                                  at /rustc/df4ca44d3fbc9301ee17f30f4d474e6ae4b05252/library/std/src/sys/backtrace.rs:170:18
[INFO] [stderr]     13:     0x5affa6b2789c - rust_begin_unwind
[INFO] [stderr]                                  at /rustc/df4ca44d3fbc9301ee17f30f4d474e6ae4b05252/library/std/src/panicking.rs:665:5
[INFO] [stderr]     14:     0x5affa6b48860 - core::panicking::panic_fmt::ha9db07b529f9b256
[INFO] [stderr]                                  at /rustc/df4ca44d3fbc9301ee17f30f4d474e6ae4b05252/library/core/src/panicking.rs:75:14
[INFO] [stderr]     15:     0x5affa6aa5982 - cmake::fail::h2bc2010d2ff18ced
[INFO] [stderr]     16:     0x5affa6aa5159 - cmake::run::hf0385f7c38705afa
[INFO] [stderr]     17:     0x5affa6aa1b4f - cmake::Config::build::he147290507f8a6a7
[INFO] [stderr]     18:     0x5affa6a96109 - build_script_build::build_keystone::h04c22e736273c0ef
[INFO] [stderr]     19:     0x5affa6a96536 - build_script_build::main::hce10c19fddfc423d
[INFO] [stderr]     20:     0x5affa6a947a3 - core::ops::function::FnOnce::call_once::h32f8ac89607e002f
[INFO] [stderr]     21:     0x5affa6a94776 - std::sys::backtrace::__rust_begin_short_backtrace::h21fcbe44c4a2124f
[INFO] [stderr]     22:     0x5affa6a946d9 - std::rt::lang_start::{{closure}}::h9da6847fa5afb74e
[INFO] [stderr]     23:     0x5affa6b1f517 - core::ops::function::impls::<impl core::ops::function::FnOnce<A> for &F>::call_once::hd87d66b906e0ccaf
[INFO] [stderr]                                  at /rustc/df4ca44d3fbc9301ee17f30f4d474e6ae4b05252/library/core/src/ops/function.rs:284:13
[INFO] [stderr]     24:     0x5affa6b1f517 - std::panicking::try::do_call::hae3703de71fc9e3a
[INFO] [stderr]                                  at /rustc/df4ca44d3fbc9301ee17f30f4d474e6ae4b05252/library/std/src/panicking.rs:557:40
[INFO] [stderr]     25:     0x5affa6b1f517 - std::panicking::try::h1178330e9a2b2645
[INFO] [stderr]                                  at /rustc/df4ca44d3fbc9301ee17f30f4d474e6ae4b05252/library/std/src/panicking.rs:520:19
[INFO] [stderr]     26:     0x5affa6b1f517 - std::panic::catch_unwind::h0acf49d2305d32ad
[INFO] [stderr]                                  at /rustc/df4ca44d3fbc9301ee17f30f4d474e6ae4b05252/library/std/src/panic.rs:358:14
[INFO] [stderr]     27:     0x5affa6b1f517 - std::rt::lang_start_internal::{{closure}}::h2d95182d798177be
[INFO] [stderr]                                  at /rustc/df4ca44d3fbc9301ee17f30f4d474e6ae4b05252/library/std/src/rt.rs:174:48
[INFO] [stderr]     28:     0x5affa6b1f517 - std::panicking::try::do_call::hb506f5bfe11fd30c
[INFO] [stderr]                                  at /rustc/df4ca44d3fbc9301ee17f30f4d474e6ae4b05252/library/std/src/panicking.rs:557:40
[INFO] [stderr]     29:     0x5affa6b1f517 - std::panicking::try::h54d825c46bd0fa95
[INFO] [stderr]                                  at /rustc/df4ca44d3fbc9301ee17f30f4d474e6ae4b05252/library/std/src/panicking.rs:520:19
[INFO] [stderr]     30:     0x5affa6b1f517 - std::panic::catch_unwind::hffbb0ad20c4e9fac
[INFO] [stderr]                                  at /rustc/df4ca44d3fbc9301ee17f30f4d474e6ae4b05252/library/std/src/panic.rs:358:14
[INFO] [stderr]     31:     0x5affa6b1f517 - std::rt::lang_start_internal::h52c291ef1962c925
[INFO] [stderr]                                  at /rustc/df4ca44d3fbc9301ee17f30f4d474e6ae4b05252/library/std/src/rt.rs:174:20
[INFO] [stderr]     32:     0x5affa6a946b7 - std::rt::lang_start::h074ffed1ef764436
[INFO] [stderr]     33:     0x5affa6a96555 - main
[INFO] [stderr]     34:     0x79a8bf939d90 - <unknown>
[INFO] [stderr]     35:     0x79a8bf939e40 - __libc_start_main
[INFO] [stderr]     36:     0x5affa6a944e5 - _start
[INFO] [stderr]     37:                0x0 - <unknown>
[INFO] running `Command { std: "docker" "inspect" "ef57353ee868358cfdb0a4ddba7a4ce86cdeab056bd1bbd34bce4a5590afcc1f", kill_on_drop: false }`
[INFO] running `Command { std: "docker" "rm" "-f" "ef57353ee868358cfdb0a4ddba7a4ce86cdeab056bd1bbd34bce4a5590afcc1f", kill_on_drop: false }`
[INFO] [stdout] ef57353ee868358cfdb0a4ddba7a4ce86cdeab056bd1bbd34bce4a5590afcc1f
