[INFO] fetching crate heimdall-cli 0.1.11...
[INFO] testing heimdall-cli-0.1.11 against nightly-2024-10-28 for randomize-layout
[INFO] extracting crate heimdall-cli 0.1.11 into /workspace/builds/worker-5-tc1/source
[INFO] validating manifest of crates.io crate heimdall-cli 0.1.11 on toolchain nightly-2024-10-28
[INFO] running `Command { std: CARGO_HOME="/workspace/cargo-home" RUSTUP_HOME="/workspace/rustup-home" "/workspace/cargo-home/bin/cargo" "+nightly-2024-10-28" "metadata" "--manifest-path" "Cargo.toml" "--no-deps", kill_on_drop: false }`
[INFO] started tweaking crates.io crate heimdall-cli 0.1.11
[INFO] finished tweaking crates.io crate heimdall-cli 0.1.11
[INFO] tweaked toml for crates.io crate heimdall-cli 0.1.11 written to /workspace/builds/worker-5-tc1/source/Cargo.toml
[INFO] crate crates.io crate heimdall-cli 0.1.11 already has a lockfile, it will not be regenerated
[INFO] running `Command { std: CARGO_HOME="/workspace/cargo-home" RUSTUP_HOME="/workspace/rustup-home" "/workspace/cargo-home/bin/cargo" "+nightly-2024-10-28" "fetch" "--manifest-path" "Cargo.toml", kill_on_drop: false }`
[INFO] [stderr]     Updating crates.io index
[INFO] [stderr]  Downloading crates ...
[INFO] [stderr]   Downloaded fs4 v0.8.4
[INFO] [stderr]   Downloaded global-hotkey v0.5.4
[INFO] [stderr]   Downloaded cc v1.0.105
[INFO] [stderr]   Downloaded syn v2.0.69
[INFO] running `Command { std: "docker" "create" "-v" "/var/lib/crater-agent-workspace/builds/worker-5-tc1/target:/opt/rustwide/target:rw,Z" "-v" "/var/lib/crater-agent-workspace/builds/worker-5-tc1/source:/opt/rustwide/workdir:ro,Z" "-v" "/var/lib/crater-agent-workspace/cargo-home:/opt/rustwide/cargo-home:ro,Z" "-v" "/var/lib/crater-agent-workspace/rustup-home:/opt/rustwide/rustup-home:ro,Z" "-e" "SOURCE_DIR=/opt/rustwide/workdir" "-e" "CARGO_TARGET_DIR=/opt/rustwide/target" "-e" "CARGO_HOME=/opt/rustwide/cargo-home" "-e" "RUSTUP_HOME=/opt/rustwide/rustup-home" "-w" "/opt/rustwide/workdir" "-m" "1610612736" "--user" "0:0" "--network" "none" "ghcr.io/rust-lang/crates-build-env/linux@sha256:4a844ea9eb2546a2d2c7022eacef16ef2e8229c7fbb2c7d4d55a9ceca922f72d" "/opt/rustwide/cargo-home/bin/cargo" "+nightly-2024-10-28" "metadata" "--no-deps" "--format-version=1", kill_on_drop: false }`
[INFO] [stdout] 4a7a3690a9ee76e0c79b9befcc83303e79970ec038787f5699e17080b7d64dee
[INFO] running `Command { std: "docker" "start" "-a" "4a7a3690a9ee76e0c79b9befcc83303e79970ec038787f5699e17080b7d64dee", kill_on_drop: false }`
[INFO] running `Command { std: "docker" "inspect" "4a7a3690a9ee76e0c79b9befcc83303e79970ec038787f5699e17080b7d64dee", kill_on_drop: false }`
[INFO] running `Command { std: "docker" "rm" "-f" "4a7a3690a9ee76e0c79b9befcc83303e79970ec038787f5699e17080b7d64dee", kill_on_drop: false }`
[INFO] [stdout] 4a7a3690a9ee76e0c79b9befcc83303e79970ec038787f5699e17080b7d64dee
[INFO] running `Command { std: "docker" "create" "-v" "/var/lib/crater-agent-workspace/builds/worker-5-tc1/target:/opt/rustwide/target:rw,Z" "-v" "/var/lib/crater-agent-workspace/builds/worker-5-tc1/source:/opt/rustwide/workdir:ro,Z" "-v" "/var/lib/crater-agent-workspace/cargo-home:/opt/rustwide/cargo-home:ro,Z" "-v" "/var/lib/crater-agent-workspace/rustup-home:/opt/rustwide/rustup-home:ro,Z" "-e" "SOURCE_DIR=/opt/rustwide/workdir" "-e" "CARGO_TARGET_DIR=/opt/rustwide/target" "-e" "CARGO_INCREMENTAL=0" "-e" "RUST_BACKTRACE=full" "-e" "RUSTFLAGS=--cap-lints=forbid" "-e" "RUSTDOCFLAGS=--cap-lints=forbid" "-e" "CARGO_HOME=/opt/rustwide/cargo-home" "-e" "RUSTUP_HOME=/opt/rustwide/rustup-home" "-w" "/opt/rustwide/workdir" "-m" "1610612736" "--user" "0:0" "--network" "none" "ghcr.io/rust-lang/crates-build-env/linux@sha256:4a844ea9eb2546a2d2c7022eacef16ef2e8229c7fbb2c7d4d55a9ceca922f72d" "/opt/rustwide/cargo-home/bin/cargo" "+nightly-2024-10-28" "build" "--frozen" "--message-format=json", kill_on_drop: false }`
[INFO] [stdout] 7b86170082ff035a689c914e21b23282fdc6a62966c78b847bded1d33ebb04a2
[INFO] running `Command { std: "docker" "start" "-a" "7b86170082ff035a689c914e21b23282fdc6a62966c78b847bded1d33ebb04a2", kill_on_drop: false }`
[INFO] [stderr]    Compiling proc-macro2 v1.0.86
[INFO] [stderr]    Compiling serde v1.0.204
[INFO] [stderr]    Compiling rustix v0.38.34
[INFO] [stderr]    Compiling linux-raw-sys v0.4.14
[INFO] [stderr]    Compiling thiserror v1.0.61
[INFO] [stderr]    Compiling autocfg v1.3.0
[INFO] [stderr]    Compiling libc v0.2.155
[INFO] [stderr]    Compiling crossbeam-utils v0.8.20
[INFO] [stderr]    Compiling regex-syntax v0.6.29
[INFO] [stderr]    Compiling hashbrown v0.14.5
[INFO] [stderr]    Compiling x11-dl v2.21.0
[INFO] [stderr]    Compiling libloading v0.8.4
[INFO] [stderr]    Compiling cfg_aliases v0.2.1
[INFO] [stderr]    Compiling regex-syntax v0.8.4
[INFO] [stderr]    Compiling tracing v0.1.40
[INFO] [stderr]    Compiling winnow v0.6.13
[INFO] [stderr]    Compiling winit v0.30.3
[INFO] [stderr]    Compiling dlib v0.5.2
[INFO] [stderr]    Compiling anyhow v1.0.86
[INFO] [stderr]    Compiling xkeysym v0.2.1
[INFO] [stderr]    Compiling sharded-slab v0.1.7
[INFO] [stderr]    Compiling thread_local v1.1.8
[INFO] [stderr]    Compiling smol_str v0.2.2
[INFO] [stderr]    Compiling dpi v0.1.1
[INFO] [stderr]    Compiling cursor-icon v1.1.0
[INFO] [stderr]    Compiling slab v0.4.9
[INFO] [stderr]    Compiling crossbeam-channel v0.5.13
[INFO] [stderr]    Compiling quote v1.0.36
[INFO] [stderr]    Compiling indexmap v2.2.6
[INFO] [stderr]    Compiling syn v2.0.69
[INFO] [stderr]    Compiling regex-automata v0.4.7
[INFO] [stderr]    Compiling regex-automata v0.1.10
[INFO] [stderr]    Compiling matchers v0.1.0
[INFO] [stderr]    Compiling serde_derive v1.0.204
[INFO] [stderr]    Compiling thiserror-impl v1.0.61
[INFO] [stderr]    Compiling regex v1.10.5
[INFO] [stderr]    Compiling tracing-subscriber v0.3.18
[INFO] [stderr]    Compiling bitflags v2.6.0
[INFO] [stderr]    Compiling toml_datetime v0.6.6
[INFO] [stderr]    Compiling serde_spanned v0.6.6
[INFO] [stderr]    Compiling toml_edit v0.22.14
[INFO] [stderr]    Compiling keyboard-types v0.7.0
[INFO] [stderr]    Compiling xkbcommon-dl v0.4.2
[INFO] [stderr]    Compiling global-hotkey v0.5.4
[INFO] [stderr]    Compiling toml v0.8.14
[INFO] [stderr]    Compiling polling v3.7.2
[INFO] [stderr]    Compiling fs4 v0.8.4
[INFO] [stderr]    Compiling calloop v0.12.4
[INFO] [stdout] error: The platform you're compiling for is not supported by winit
[INFO] [stdout]   --> /opt/rustwide/cargo-home/registry/src/index.crates.io-6f17d22bba15001f/winit-0.30.3/src/platform_impl/mod.rs:70:1
[INFO] [stdout]    |
[INFO] [stdout] 70 | compile_error!("The platform you're compiling for is not supported by winit");
[INFO] [stdout]    | ^^^^^^^^^^^^^^^^^^^^^^^^^^^^^^^^^^^^^^^^^^^^^^^^^^^^^^^^^^^^^^^^^^^^^^^^^^^^^
[INFO] [stdout] 
[INFO] [stdout] 
[INFO] [stdout] error[E0432]: unresolved import `self::platform`
[INFO] [stdout]   --> /opt/rustwide/cargo-home/registry/src/index.crates.io-6f17d22bba15001f/winit-0.30.3/src/platform_impl/mod.rs:26:15
[INFO] [stdout]    |
[INFO] [stdout] 26 | pub use self::platform::*;
[INFO] [stdout]    |               ^^^^^^^^ could not find `platform` in `self`
[INFO] [stdout] 
[INFO] [stdout] 
[INFO] [stdout] error[E0432]: unresolved imports `crate::platform_impl::PlatformCustomCursor`, `crate::platform_impl::PlatformCustomCursorSource`
[INFO] [stdout]  --> /opt/rustwide/cargo-home/registry/src/index.crates.io-6f17d22bba15001f/winit-0.30.3/src/cursor.rs:8:28
[INFO] [stdout]   |
[INFO] [stdout] 8 | use crate::platform_impl::{PlatformCustomCursor, PlatformCustomCursorSource};
[INFO] [stdout]   |                            ^^^^^^^^^^^^^^^^^^^^  ^^^^^^^^^^^^^^^^^^^^^^^^^^ no `PlatformCustomCursorSource` in `platform_impl`
[INFO] [stdout]   |                            |
[INFO] [stdout]   |                            no `PlatformCustomCursor` in `platform_impl`
[INFO] [stdout] 
[INFO] [stdout] 
[INFO] [stdout] error[E0432]: unresolved import `crate::platform_impl::PlatformIcon`
[INFO] [stdout]  --> /opt/rustwide/cargo-home/registry/src/index.crates.io-6f17d22bba15001f/winit-0.30.3/src/icon.rs:1:5
[INFO] [stdout]   |
[INFO] [stdout] 1 | use crate::platform_impl::PlatformIcon;
[INFO] [stdout]   |     ^^^^^^^^^^^^^^^^^^^^^^^^^^^^^^^^^^ no `PlatformIcon` in `platform_impl`
[INFO] [stdout] 
[INFO] [stdout] 
[INFO] [stdout] error[E0432]: unresolved import `crate::platform_impl::PlatformSpecificWindowAttributes`
[INFO] [stdout]  --> /opt/rustwide/cargo-home/registry/src/index.crates.io-6f17d22bba15001f/winit-0.30.3/src/window.rs:7:34
[INFO] [stdout]   |
[INFO] [stdout] 7 | use crate::platform_impl::{self, PlatformSpecificWindowAttributes};
[INFO] [stdout]   |                                  ^^^^^^^^^^^^^^^^^^^^^^^^^^^^^^^^ no `PlatformSpecificWindowAttributes` in `platform_impl`
[INFO] [stdout] 
[INFO] [stdout] 
[INFO] [stdout] error[E0369]: binary operation `==` cannot be applied to type `&std::option::Option<MonitorHandle>`
[INFO] [stdout]     --> /opt/rustwide/cargo-home/registry/src/index.crates.io-6f17d22bba15001f/winit-0.30.3/src/window.rs:1753:16
[INFO] [stdout]      |
[INFO] [stdout] 1748 | #[derive(Clone, Debug, PartialEq, Eq)]
[INFO] [stdout]      |                        --------- in this derive macro expansion
[INFO] [stdout] ...
[INFO] [stdout] 1753 |     Borderless(Option<MonitorHandle>),
[INFO] [stdout]      |                ^^^^^^^^^^^^^^^^^^^^^
[INFO] [stdout]      |
[INFO] [stdout]      = note: this error originates in the derive macro `PartialEq` (in Nightly builds, run with -Z macro-backtrace for more info)
[INFO] [stdout] 
[INFO] [stdout] 
[INFO] [stdout] Some errors have detailed explanations: E0369, E0432.
[INFO] [stdout] 
[INFO] [stdout] For more information about an error, try `rustc --explain E0369`.
[INFO] [stdout] 
[INFO] [stderr] error: could not compile `winit` (lib) due to 6 previous errors
[INFO] running `Command { std: "docker" "inspect" "7b86170082ff035a689c914e21b23282fdc6a62966c78b847bded1d33ebb04a2", kill_on_drop: false }`
[INFO] running `Command { std: "docker" "rm" "-f" "7b86170082ff035a689c914e21b23282fdc6a62966c78b847bded1d33ebb04a2", kill_on_drop: false }`
[INFO] [stdout] 7b86170082ff035a689c914e21b23282fdc6a62966c78b847bded1d33ebb04a2
