[INFO] fetching crate hdi 0.4.4...
[INFO] testing hdi-0.4.4 against nightly-2024-10-28+rustflags=-Zrandomize-layout for randomize-layout
[INFO] extracting crate hdi 0.4.4 into /workspace/builds/worker-4-tc2/source
[INFO] validating manifest of crates.io crate hdi 0.4.4 on toolchain nightly-2024-10-28
[INFO] running `Command { std: CARGO_HOME="/workspace/cargo-home" RUSTUP_HOME="/workspace/rustup-home" "/workspace/cargo-home/bin/cargo" "+nightly-2024-10-28" "metadata" "--manifest-path" "Cargo.toml" "--no-deps", kill_on_drop: false }`
[INFO] started tweaking crates.io crate hdi 0.4.4
[INFO] finished tweaking crates.io crate hdi 0.4.4
[INFO] tweaked toml for crates.io crate hdi 0.4.4 written to /workspace/builds/worker-4-tc2/source/Cargo.toml
[INFO] running `Command { std: CARGO_HOME="/workspace/cargo-home" RUSTUP_HOME="/workspace/rustup-home" "/workspace/cargo-home/bin/cargo" "+nightly-2024-10-28" "generate-lockfile" "--manifest-path" "Cargo.toml", kill_on_drop: false }`
[INFO] [stderr]     Updating crates.io index
[INFO] [stderr]      Locking 341 packages to latest compatible versions
[INFO] [stderr]       Adding holochain_wasmer_guest v0.0.95 (available: v0.0.96)
[INFO] [stderr]       Adding mockall v0.11.4 (available: v0.13.0)
[INFO] [stderr]       Adding serde v1.0.203 (available: v1.0.214)
[INFO] [stderr]       Adding serde_derive v1.0.203 (available: v1.0.214)
[INFO] [stderr]       Adding test-fuzz v3.0.4 (available: v3.1.0)
[INFO] [stderr]       Adding test-fuzz-internal v3.0.4 (available: v3.1.0)
[INFO] [stderr]       Adding test-fuzz-macro v3.0.4 (available: v3.1.0)
[INFO] [stderr]       Adding test-fuzz-runtime v3.0.4 (available: v3.1.0)
[INFO] [stderr]       Adding wasmer v4.3.1 (available: v4.4.0)
[INFO] [stderr]       Adding wasmer-compiler v4.3.1 (available: v4.4.0)
[INFO] [stderr]       Adding wasmer-compiler-cranelift v4.3.1 (available: v4.4.0)
[INFO] [stderr]       Adding wasmer-derive v4.3.1 (available: v4.4.0)
[INFO] [stderr]       Adding wasmer-types v4.3.1 (available: v4.4.0)
[INFO] [stderr]       Adding wasmer-vm v4.3.1 (available: v4.4.0)
[INFO] [stderr]       Adding wat v1.0.71 (available: v1.219.1)
[INFO] running `Command { std: CARGO_HOME="/workspace/cargo-home" RUSTUP_HOME="/workspace/rustup-home" "/workspace/cargo-home/bin/cargo" "+nightly-2024-10-28" "fetch" "--manifest-path" "Cargo.toml", kill_on_drop: false }`
[INFO] running `Command { std: "docker" "create" "-v" "/var/lib/crater-agent-workspace/builds/worker-4-tc2/target:/opt/rustwide/target:rw,Z" "-v" "/var/lib/crater-agent-workspace/builds/worker-4-tc2/source:/opt/rustwide/workdir:ro,Z" "-v" "/var/lib/crater-agent-workspace/cargo-home:/opt/rustwide/cargo-home:ro,Z" "-v" "/var/lib/crater-agent-workspace/rustup-home:/opt/rustwide/rustup-home:ro,Z" "-e" "SOURCE_DIR=/opt/rustwide/workdir" "-e" "CARGO_TARGET_DIR=/opt/rustwide/target" "-e" "CARGO_HOME=/opt/rustwide/cargo-home" "-e" "RUSTUP_HOME=/opt/rustwide/rustup-home" "-w" "/opt/rustwide/workdir" "-m" "1610612736" "--user" "0:0" "--network" "none" "ghcr.io/rust-lang/crates-build-env/linux@sha256:4a844ea9eb2546a2d2c7022eacef16ef2e8229c7fbb2c7d4d55a9ceca922f72d" "/opt/rustwide/cargo-home/bin/cargo" "+nightly-2024-10-28" "metadata" "--no-deps" "--format-version=1", kill_on_drop: false }`
[INFO] [stdout] fadf142d860d5def514426af438866fe392e4fe366d7e4d03c4214a554596cd5
[INFO] running `Command { std: "docker" "start" "-a" "fadf142d860d5def514426af438866fe392e4fe366d7e4d03c4214a554596cd5", kill_on_drop: false }`
[INFO] running `Command { std: "docker" "inspect" "fadf142d860d5def514426af438866fe392e4fe366d7e4d03c4214a554596cd5", kill_on_drop: false }`
[INFO] running `Command { std: "docker" "rm" "-f" "fadf142d860d5def514426af438866fe392e4fe366d7e4d03c4214a554596cd5", kill_on_drop: false }`
[INFO] [stdout] fadf142d860d5def514426af438866fe392e4fe366d7e4d03c4214a554596cd5
[INFO] running `Command { std: "docker" "create" "-v" "/var/lib/crater-agent-workspace/builds/worker-4-tc2/target:/opt/rustwide/target:rw,Z" "-v" "/var/lib/crater-agent-workspace/builds/worker-4-tc2/source:/opt/rustwide/workdir:ro,Z" "-v" "/var/lib/crater-agent-workspace/cargo-home:/opt/rustwide/cargo-home:ro,Z" "-v" "/var/lib/crater-agent-workspace/rustup-home:/opt/rustwide/rustup-home:ro,Z" "-e" "SOURCE_DIR=/opt/rustwide/workdir" "-e" "CARGO_TARGET_DIR=/opt/rustwide/target" "-e" "CARGO_INCREMENTAL=0" "-e" "RUST_BACKTRACE=full" "-e" "RUSTFLAGS=--cap-lints=forbid -Zrandomize-layout" "-e" "RUSTDOCFLAGS=--cap-lints=forbid" "-e" "CARGO_HOME=/opt/rustwide/cargo-home" "-e" "RUSTUP_HOME=/opt/rustwide/rustup-home" "-w" "/opt/rustwide/workdir" "-m" "1610612736" "--user" "0:0" "--network" "none" "ghcr.io/rust-lang/crates-build-env/linux@sha256:4a844ea9eb2546a2d2c7022eacef16ef2e8229c7fbb2c7d4d55a9ceca922f72d" "/opt/rustwide/cargo-home/bin/cargo" "+nightly-2024-10-28" "build" "--frozen" "--message-format=json", kill_on_drop: false }`
[INFO] [stdout] d0a76c2a7d0ce091e572840c443339bc8f90019baaf034604d917c995f63db1d
[INFO] running `Command { std: "docker" "start" "-a" "d0a76c2a7d0ce091e572840c443339bc8f90019baaf034604d917c995f63db1d", kill_on_drop: false }`
[INFO] [stderr]    Compiling proc-macro2 v1.0.89
[INFO] [stderr]    Compiling unicode-ident v1.0.13
[INFO] [stderr]    Compiling serde v1.0.203
[INFO] [stderr]    Compiling syn v1.0.109
[INFO] [stderr]    Compiling serde_json v1.0.132
[INFO] [stderr]    Compiling ahash v0.7.8
[INFO] [stderr]    Compiling strsim v0.10.0
[INFO] [stderr]    Compiling semver v1.0.23
[INFO] [stderr]    Compiling indexmap v1.9.3
[INFO] [stderr]    Compiling smallvec v1.13.2
[INFO] [stderr]    Compiling getrandom v0.2.15
[INFO] [stderr]    Compiling rustix v0.38.38
[INFO] [stderr]    Compiling digest v0.10.7
[INFO] [stderr]    Compiling half v2.4.1
[INFO] [stderr]    Compiling winnow v0.6.20
[INFO] [stderr]    Compiling bytecheck v0.6.12
[INFO] [stderr]    Compiling schemars v0.8.21
[INFO] [stderr]    Compiling target-lexicon v0.12.16
[INFO] [stderr]    Compiling ciborium-io v0.2.2
[INFO] [stderr]    Compiling simdutf8 v0.1.5
[INFO] [stderr]    Compiling unsafe-libyaml v0.2.11
[INFO] [stderr]    Compiling cranelift-isle v0.91.1
[INFO] [stderr]    Compiling dyn-clone v1.0.17
[INFO] [stderr]    Compiling scopeguard v1.2.0
[INFO] [stderr]    Compiling rend v0.4.2
[INFO] [stderr]    Compiling memmap2 v0.6.2
[INFO] [stderr]    Compiling fastrand v2.1.1
[INFO] [stderr]    Compiling litrs v0.4.1
[INFO] [stderr]    Compiling rkyv v0.7.45
[INFO] [stderr]    Compiling camino v1.1.9
[INFO] [stderr]    Compiling ciborium-ll v0.2.2
[INFO] [stderr]    Compiling cranelift-codegen-shared v0.91.1
[INFO] [stderr]    Compiling hashbrown v0.12.3
[INFO] [stderr]    Compiling quote v1.0.37
[INFO] [stderr]    Compiling rustversion v1.0.18
[INFO] [stderr]    Compiling cranelift-codegen-meta v0.91.1
[INFO] [stderr]    Compiling lock_api v0.4.12
[INFO] [stderr]    Compiling parking_lot_core v0.9.10
[INFO] [stderr]    Compiling sha2 v0.10.8
[INFO] [stderr]    Compiling fxhash v0.2.1
[INFO] [stderr]    Compiling syn v2.0.86
[INFO] [stderr]    Compiling memoffset v0.9.1
[INFO] [stderr]    Compiling corosensei v0.1.4
[INFO] [stderr]    Compiling leb128 v0.2.5
[INFO] [stderr]    Compiling cranelift-entity v0.91.1
[INFO] [stderr]    Compiling document-features v0.2.10
[INFO] [stderr]    Compiling ucd-trie v0.1.7
[INFO] [stderr]    Compiling proc-macro-error-attr v1.0.4
[INFO] [stderr]    Compiling aho-corasick v1.1.3
[INFO] [stderr]    Compiling hashbrown v0.14.5
[INFO] [stderr]    Compiling slice-group-by v0.3.1
[INFO] [stderr]    Compiling more-asserts v0.2.2
[INFO] [stderr]    Compiling stable_deref_trait v1.2.0
[INFO] [stderr]    Compiling test-fuzz-internal v3.0.4
[INFO] [stderr]    Compiling fallible-iterator v0.2.0
[INFO] [stderr]    Compiling regex-syntax v0.8.5
[INFO] [stderr]    Compiling xxhash-rust v0.8.12
[INFO] [stderr]    Compiling region v3.0.2
[INFO] [stderr]    Compiling regalloc2 v0.5.1
[INFO] [stderr]    Compiling cranelift-bforest v0.91.1
[INFO] [stderr]    Compiling crossbeam-queue v0.3.11
[INFO] [stderr]    Compiling proc-macro-error v1.0.4
[INFO] [stderr]    Compiling rayon-core v1.12.1
[INFO] [stderr]    Compiling wasm-encoder v0.32.0
[INFO] [stderr]    Compiling memmap2 v0.5.10
[INFO] [stderr]    Compiling self_cell v1.0.4
[INFO] [stderr]    Compiling dashmap v5.5.3
[INFO] [stderr]    Compiling wasmer-compiler-cranelift v4.3.1
[INFO] [stderr]    Compiling test-fuzz-runtime v3.0.4
[INFO] [stderr]    Compiling test-fuzz-macro v3.0.4
[INFO] [stderr]    Compiling futures-sink v0.3.31
[INFO] [stderr]    Compiling either v1.13.0
[INFO] [stderr]    Compiling xattr v1.3.1
[INFO] [stderr]    Compiling tempfile v3.13.0
[INFO] [stderr]    Compiling futures-channel v0.3.31
[INFO] [stderr]    Compiling rmp v0.8.14
[INFO] [stderr]    Compiling tar v0.4.42
[INFO] [stderr]    Compiling rayon v1.10.0
[INFO] [stderr]    Compiling sha-1 v0.10.1
[INFO] [stderr]    Compiling subprocess v0.2.9
[INFO] [stderr]    Compiling test-fuzz v3.0.4
[INFO] [stderr]    Compiling wast v64.0.0
[INFO] [stderr]    Compiling if_chain v1.0.2
[INFO] [stderr]    Compiling bit-set v0.5.3
[INFO] [stderr]    Compiling num-integer v0.1.46
[INFO] [stderr]    Compiling trilean v1.1.0
[INFO] [stderr]    Compiling dunce v1.0.5
[INFO] [stderr]    Compiling subtle v2.6.1
[INFO] [stderr]    Compiling parking_lot v0.12.3
[INFO] [stderr]    Compiling gcollections v1.5.0
[INFO] [stderr]    Compiling cranelift-codegen v0.91.1
[INFO] [stderr]    Compiling intervallum v1.4.1
[INFO] [stderr]    Compiling regex-automata v0.4.8
[INFO] [stderr]    Compiling serde_derive_internals v0.29.1
[INFO] [stderr]    Compiling darling_core v0.20.10
[INFO] [stderr]    Compiling darling_core v0.14.4
[INFO] [stderr]    Compiling serde_derive v1.0.203
[INFO] [stderr]    Compiling thiserror-impl v1.0.66
[INFO] [stderr]    Compiling tracing-attributes v0.1.27
[INFO] [stderr]    Compiling futures-macro v0.3.31
[INFO] [stderr]    Compiling derive_more v0.99.18
[INFO] [stderr]    Compiling schemars_derive v0.8.21
[INFO] [stderr]    Compiling ptr_meta_derive v0.1.4
[INFO] [stderr]    Compiling bytecheck_derive v0.6.12
[INFO] [stderr]    Compiling enum-iterator-derive v0.7.0
[INFO] [stderr]    Compiling rkyv_derive v0.7.45
[INFO] [stderr]    Compiling derivative v2.2.0
[INFO] [stderr]    Compiling ptr_meta v0.1.4
[INFO] [stderr]    Compiling strum_macros v0.24.3
[INFO] [stderr]    Compiling enum-iterator v0.7.0
[INFO] [stderr]    Compiling unzip-n v0.1.2
[INFO] [stderr]    Compiling futures-util v0.3.31
[INFO] [stderr]    Compiling regex v1.11.1
[INFO] [stderr]    Compiling thiserror v1.0.66
[INFO] [stderr]    Compiling pest v2.7.14
[INFO] [stderr]    Compiling holochain_serialized_bytes_derive v0.0.55
[INFO] [stderr]    Compiling tracing v0.1.40
[INFO] [stderr]    Compiling wasmer-derive v4.3.1
[INFO] [stderr]    Compiling darling_macro v0.14.4
[INFO] [stderr]    Compiling wat v1.0.71
[INFO] [stderr]    Compiling darling v0.14.4
[INFO] [stderr]    Compiling darling_macro v0.20.10
[INFO] [stderr]    Compiling derive_builder_core v0.12.0
[INFO] [stderr]    Compiling darling v0.20.10
[INFO] [stderr]    Compiling semver-parser v0.10.2
[INFO] [stderr]    Compiling enumset_derive v0.10.0
[INFO] [stderr]    Compiling derive_builder_macro v0.12.0
[INFO] [stderr]    Compiling semver v0.11.0
[INFO] [stderr]    Compiling derive_builder v0.12.0
[INFO] [stderr]    Compiling toolchain_find v0.2.0
[INFO] [stderr]    Compiling enumset v1.1.5
[INFO] [stderr]    Compiling futures-executor v0.3.31
[INFO] [stderr]    Compiling futures v0.3.31
[INFO] [stderr]    Compiling holochain_util v0.3.4
[INFO] [stderr]    Compiling indexmap v2.6.0
[INFO] [stderr]    Compiling serde_spanned v0.6.8
[INFO] [stderr]    Compiling toml_datetime v0.6.8
[INFO] [stderr]    Compiling url v2.5.2
[INFO] [stderr]    Compiling ciborium v0.2.2
[INFO] [stderr]    Compiling bytes v1.8.0
[INFO] [stderr]    Compiling bytesize v1.3.0
[INFO] [stderr]    Compiling cargo-platform v0.1.8
[INFO] [stderr]    Compiling bincode v1.3.3
[INFO] [stderr]    Compiling serde_bytes v0.11.15
[INFO] [stderr]    Compiling rmp-serde v1.3.0
[INFO] [stderr]    Compiling serde-transcode v1.1.1
[INFO] [stderr]    Compiling chrono v0.4.38
[INFO] [stderr]    Compiling holochain_secure_primitive v0.3.4
[INFO] [stderr]    Compiling shared-buffer v0.1.4
[INFO] [stderr]    Compiling cranelift-egraph v0.91.1
[INFO] [stderr]    Compiling gimli v0.26.2
[INFO] [stderr]    Compiling toml_edit v0.22.22
[INFO] [stderr]    Compiling serde_yaml v0.9.34+deprecated
[INFO] [stderr]    Compiling wasmparser v0.121.2
[INFO] [stderr]    Compiling kitsune_p2p_timestamp v0.3.4
[INFO] [stderr]    Compiling kitsune_p2p_dht_arc v0.3.4
[INFO] [stderr]    Compiling cargo_metadata v0.15.4
[INFO] [stderr]    Compiling holochain_serialized_bytes v0.0.55
[INFO] [stderr]    Compiling toml v0.8.19
[INFO] [stderr]    Compiling wasmer-config v0.8.0
[INFO] [stderr]    Compiling webc v6.1.0
[INFO] [stderr]    Compiling wasmer-types v4.3.1
[INFO] [stderr]    Compiling wasmer-vm v4.3.1
[INFO] [stderr]    Compiling wasmer-compiler v4.3.1
[INFO] [stderr]    Compiling cranelift-frontend v0.91.1
[INFO] [stderr]    Compiling wasmer v4.3.1
[INFO] [stderr]    Compiling holochain_wasmer_common v0.0.95
[INFO] [stderr]    Compiling holo_hash v0.3.4
[INFO] [stderr]    Compiling holochain_integrity_types v0.3.4
[INFO] [stderr]    Compiling holochain_wasmer_guest v0.0.95
[INFO] [stderr]    Compiling hdk_derive v0.3.4
[INFO] [stderr]    Compiling hdi v0.4.4 (/opt/rustwide/workdir)
[INFO] [stdout] warning: unexpected `cfg` condition name: `todo_redo_old_tests`
[INFO] [stdout]  --> src/hash_path/path.rs:9:7
[INFO] [stdout]   |
[INFO] [stdout] 9 | #[cfg(todo_redo_old_tests)]
[INFO] [stdout]   |       ^^^^^^^^^^^^^^^^^^^
[INFO] [stdout]   |
[INFO] [stdout]   = help: expected names are: `clippy`, `debug_assertions`, `doc`, `docsrs`, `doctest`, `feature`, `fmt_debug`, `miri`, `overflow_checks`, `panic`, `proc_macro`, `relocation_model`, `rustfmt`, `sanitize`, `sanitizer_cfi_generalize_pointers`, `sanitizer_cfi_normalize_integers`, `target_abi`, `target_arch`, `target_endian`, `target_env`, `target_family`, `target_feature`, `target_has_atomic`, `target_has_atomic_equal_alignment`, `target_has_atomic_load_store`, `target_os`, `target_pointer_width`, `target_thread_local`, `target_vendor`, `test`, `ub_checks`, `unix`, and `windows`
[INFO] [stdout]   = help: consider using a Cargo feature instead
[INFO] [stdout]   = help: or consider adding in `Cargo.toml` the `check-cfg` lint config for the lint:
[INFO] [stdout]            [lints.rust]
[INFO] [stdout]            unexpected_cfgs = { level = "warn", check-cfg = ['cfg(todo_redo_old_tests)'] }
[INFO] [stdout]   = help: or consider adding `println!("cargo::rustc-check-cfg=cfg(todo_redo_old_tests)");` to the top of the `build.rs`
[INFO] [stdout]   = note: see <https://doc.rust-lang.org/nightly/rustc/check-cfg/cargo-specifics.html> for more information about checking conditional configuration
[INFO] [stdout]   = note: `#[warn(unexpected_cfgs)]` on by default
[INFO] [stdout] 
[INFO] [stdout] 
[INFO] [stderr]     Finished `dev` profile [unoptimized + debuginfo] target(s) in 49.35s
[INFO] running `Command { std: "docker" "inspect" "d0a76c2a7d0ce091e572840c443339bc8f90019baaf034604d917c995f63db1d", kill_on_drop: false }`
[INFO] running `Command { std: "docker" "rm" "-f" "d0a76c2a7d0ce091e572840c443339bc8f90019baaf034604d917c995f63db1d", kill_on_drop: false }`
[INFO] [stdout] d0a76c2a7d0ce091e572840c443339bc8f90019baaf034604d917c995f63db1d
[INFO] running `Command { std: "docker" "create" "-v" "/var/lib/crater-agent-workspace/builds/worker-4-tc2/target:/opt/rustwide/target:rw,Z" "-v" "/var/lib/crater-agent-workspace/builds/worker-4-tc2/source:/opt/rustwide/workdir:ro,Z" "-v" "/var/lib/crater-agent-workspace/cargo-home:/opt/rustwide/cargo-home:ro,Z" "-v" "/var/lib/crater-agent-workspace/rustup-home:/opt/rustwide/rustup-home:ro,Z" "-e" "SOURCE_DIR=/opt/rustwide/workdir" "-e" "CARGO_TARGET_DIR=/opt/rustwide/target" "-e" "CARGO_INCREMENTAL=0" "-e" "RUST_BACKTRACE=full" "-e" "RUSTFLAGS=--cap-lints=forbid -Zrandomize-layout" "-e" "RUSTDOCFLAGS=--cap-lints=forbid" "-e" "CARGO_HOME=/opt/rustwide/cargo-home" "-e" "RUSTUP_HOME=/opt/rustwide/rustup-home" "-w" "/opt/rustwide/workdir" "-m" "1610612736" "--user" "0:0" "--network" "none" "ghcr.io/rust-lang/crates-build-env/linux@sha256:4a844ea9eb2546a2d2c7022eacef16ef2e8229c7fbb2c7d4d55a9ceca922f72d" "/opt/rustwide/cargo-home/bin/cargo" "+nightly-2024-10-28" "test" "--frozen" "--no-run" "--message-format=json", kill_on_drop: false }`
[INFO] [stdout] b01d27a7d8a4a13ce0ba5503abf127c07435048b789bc9c676d8561415dfc112
[INFO] running `Command { std: "docker" "start" "-a" "b01d27a7d8a4a13ce0ba5503abf127c07435048b789bc9c676d8561415dfc112", kill_on_drop: false }`
[INFO] [stderr]    Compiling test-case-core v3.3.1
[INFO] [stderr]    Compiling derive_arbitrary v1.3.2
[INFO] [stderr]    Compiling zeroize v1.8.1
[INFO] [stdout] warning: unexpected `cfg` condition name: `todo_redo_old_tests`
[INFO] [stdout]  --> src/hash_path/path.rs:9:7
[INFO] [stdout]   |
[INFO] [stdout] 9 | #[cfg(todo_redo_old_tests)]
[INFO] [stdout]   |       ^^^^^^^^^^^^^^^^^^^
[INFO] [stdout]   |
[INFO] [stdout]   = help: expected names are: `clippy`, `debug_assertions`, `doc`, `docsrs`, `doctest`, `feature`, `fmt_debug`, `miri`, `overflow_checks`, `panic`, `proc_macro`, `relocation_model`, `rustfmt`, `sanitize`, `sanitizer_cfi_generalize_pointers`, `sanitizer_cfi_normalize_integers`, `target_abi`, `target_arch`, `target_endian`, `target_env`, `target_family`, `target_feature`, `target_has_atomic`, `target_has_atomic_equal_alignment`, `target_has_atomic_load_store`, `target_os`, `target_pointer_width`, `target_thread_local`, `target_vendor`, `test`, `ub_checks`, `unix`, and `windows`
[INFO] [stdout]   = help: consider using a Cargo feature instead
[INFO] [stdout]   = help: or consider adding in `Cargo.toml` the `check-cfg` lint config for the lint:
[INFO] [stdout]            [lints.rust]
[INFO] [stdout]            unexpected_cfgs = { level = "warn", check-cfg = ['cfg(todo_redo_old_tests)'] }
[INFO] [stdout]   = help: or consider adding `println!("cargo::rustc-check-cfg=cfg(todo_redo_old_tests)");` to the top of the `build.rs`
[INFO] [stdout]   = note: see <https://doc.rust-lang.org/nightly/rustc/check-cfg/cargo-specifics.html> for more information about checking conditional configuration
[INFO] [stdout]   = note: `#[warn(unexpected_cfgs)]` on by default
[INFO] [stdout] 
[INFO] [stdout] 
[INFO] [stderr]    Compiling subtle-encoding v0.5.1
[INFO] [stderr]    Compiling arbitrary v1.3.2
[INFO] [stderr]    Compiling test-case-macros v3.3.1
[INFO] [stderr]    Compiling test-case v3.3.1
[INFO] [stderr]    Compiling hdi v0.4.4 (/opt/rustwide/workdir)
[INFO] [stdout] error[E0433]: failed to resolve: could not find `fixt` in the list of imported crates
[INFO] [stdout]    --> src/hash_path/path.rs:383:11
[INFO] [stdout]     |
[INFO] [stdout] 383 |     use ::fixt::prelude::*;
[INFO] [stdout]     |           ^^^^ could not find `fixt` in the list of imported crates
[INFO] [stdout] 
[INFO] [stdout] 
[INFO] [stdout] error[E0433]: failed to resolve: could not find `fixt` in the list of imported crates
[INFO] [stdout]    --> src/hash_path/path.rs:421:11
[INFO] [stdout]     |
[INFO] [stdout] 421 |     use ::fixt::prelude::*;
[INFO] [stdout]     |           ^^^^ could not find `fixt` in the list of imported crates
[INFO] [stdout] 
[INFO] [stdout] 
[INFO] [stdout] error[E0425]: cannot find value `Unpredictable` in this scope
[INFO] [stdout]    --> src/hash_path/path.rs:385:44
[INFO] [stdout]     |
[INFO] [stdout] 385 |     let bytes: Vec<u8> = U8Fixturator::new(Unpredictable).take(5).collect();
[INFO] [stdout]     |                                            ^^^^^^^^^^^^^ not found in this scope
[INFO] [stdout] 
[INFO] [stdout] 
[INFO] [stdout] error[E0425]: cannot find value `Unpredictable` in this scope
[INFO] [stdout]    --> src/hash_path/path.rs:426:52
[INFO] [stdout]     |
[INFO] [stdout] 426 |             let bytes: Vec<u8> = U8Fixturator::new(Unpredictable).take(10).collect();
[INFO] [stdout]     |                                                    ^^^^^^^^^^^^^ not found in this scope
[INFO] [stdout] 
[INFO] [stdout] 
[INFO] [stdout] warning: unexpected `cfg` condition name: `todo_redo_old_tests`
[INFO] [stdout]  --> src/hash_path/path.rs:9:7
[INFO] [stdout]   |
[INFO] [stdout] 9 | #[cfg(todo_redo_old_tests)]
[INFO] [stdout]   |       ^^^^^^^^^^^^^^^^^^^
[INFO] [stdout]   |
[INFO] [stdout]   = help: expected names are: `clippy`, `debug_assertions`, `doc`, `docsrs`, `doctest`, `feature`, `fmt_debug`, `miri`, `overflow_checks`, `panic`, `proc_macro`, `relocation_model`, `rustfmt`, `sanitize`, `sanitizer_cfi_generalize_pointers`, `sanitizer_cfi_normalize_integers`, `target_abi`, `target_arch`, `target_endian`, `target_env`, `target_family`, `target_feature`, `target_has_atomic`, `target_has_atomic_equal_alignment`, `target_has_atomic_load_store`, `target_os`, `target_pointer_width`, `target_thread_local`, `target_vendor`, `test`, `ub_checks`, `unix`, and `windows`
[INFO] [stdout]   = help: consider using a Cargo feature instead
[INFO] [stdout]   = help: or consider adding in `Cargo.toml` the `check-cfg` lint config for the lint:
[INFO] [stdout]            [lints.rust]
[INFO] [stdout]            unexpected_cfgs = { level = "warn", check-cfg = ['cfg(todo_redo_old_tests)'] }
[INFO] [stdout]   = help: or consider adding `println!("cargo::rustc-check-cfg=cfg(todo_redo_old_tests)");` to the top of the `build.rs`
[INFO] [stdout]   = note: see <https://doc.rust-lang.org/nightly/rustc/check-cfg/cargo-specifics.html> for more information about checking conditional configuration
[INFO] [stdout]   = note: `#[warn(unexpected_cfgs)]` on by default
[INFO] [stdout] 
[INFO] [stdout] 
[INFO] [stdout] error[E0433]: failed to resolve: use of undeclared type `U8Fixturator`
[INFO] [stdout]    --> src/hash_path/path.rs:385:26
[INFO] [stdout]     |
[INFO] [stdout] 385 |     let bytes: Vec<u8> = U8Fixturator::new(Unpredictable).take(5).collect();
[INFO] [stdout]     |                          ^^^^^^^^^^^^ use of undeclared type `U8Fixturator`
[INFO] [stdout] 
[INFO] [stdout] 
[INFO] [stdout] error[E0433]: failed to resolve: use of undeclared type `U8Fixturator`
[INFO] [stdout]    --> src/hash_path/path.rs:426:34
[INFO] [stdout]     |
[INFO] [stdout] 426 |             let bytes: Vec<u8> = U8Fixturator::new(Unpredictable).take(10).collect();
[INFO] [stdout]     |                                  ^^^^^^^^^^^^ use of undeclared type `U8Fixturator`
[INFO] [stdout] 
[INFO] [stdout] 
[INFO] [stdout] Some errors have detailed explanations: E0425, E0433.
[INFO] [stdout] 
[INFO] [stdout] For more information about an error, try `rustc --explain E0425`.
[INFO] [stdout] 
[INFO] [stderr] error: could not compile `hdi` (lib test) due to 6 previous errors; 1 warning emitted
[INFO] running `Command { std: "docker" "inspect" "b01d27a7d8a4a13ce0ba5503abf127c07435048b789bc9c676d8561415dfc112", kill_on_drop: false }`
[INFO] running `Command { std: "docker" "rm" "-f" "b01d27a7d8a4a13ce0ba5503abf127c07435048b789bc9c676d8561415dfc112", kill_on_drop: false }`
[INFO] [stdout] b01d27a7d8a4a13ce0ba5503abf127c07435048b789bc9c676d8561415dfc112
