[INFO] fetching crate harmony-rs 0.1.4...
[INFO] testing harmony-rs-0.1.4 against nightly-2024-10-28 for randomize-layout
[INFO] extracting crate harmony-rs 0.1.4 into /workspace/builds/worker-6-tc1/source
[INFO] validating manifest of crates.io crate harmony-rs 0.1.4 on toolchain nightly-2024-10-28
[INFO] running `Command { std: CARGO_HOME="/workspace/cargo-home" RUSTUP_HOME="/workspace/rustup-home" "/workspace/cargo-home/bin/cargo" "+nightly-2024-10-28" "metadata" "--manifest-path" "Cargo.toml" "--no-deps", kill_on_drop: false }`
[INFO] started tweaking crates.io crate harmony-rs 0.1.4
[INFO] finished tweaking crates.io crate harmony-rs 0.1.4
[INFO] tweaked toml for crates.io crate harmony-rs 0.1.4 written to /workspace/builds/worker-6-tc1/source/Cargo.toml
[INFO] crate crates.io crate harmony-rs 0.1.4 already has a lockfile, it will not be regenerated
[INFO] running `Command { std: CARGO_HOME="/workspace/cargo-home" RUSTUP_HOME="/workspace/rustup-home" "/workspace/cargo-home/bin/cargo" "+nightly-2024-10-28" "fetch" "--manifest-path" "Cargo.toml", kill_on_drop: false }`
[INFO] [stderr]     Updating crates.io index
[INFO] [stderr]  Downloading crates ...
[INFO] [stderr]   Downloaded winres v0.1.11
[INFO] [stderr]   Downloaded javascriptcore-rs-sys v0.2.0
[INFO] [stderr]   Downloaded enum-ordinalize v3.1.10
[INFO] [stderr]   Downloaded single-instance v0.1.2
[INFO] [stderr]   Downloaded cow-utils v0.1.2
[INFO] [stderr]   Downloaded utf8-width v0.1.5
[INFO] [stderr]   Downloaded macro-utils v0.1.3
[INFO] [stderr]   Downloaded directories v3.0.2
[INFO] [stderr]   Downloaded html-minifier v3.0.10
[INFO] [stderr]   Downloaded webview-sys v0.6.2
[INFO] [stderr]   Downloaded html-escape v0.2.9
[INFO] [stderr]   Downloaded soup-sys v0.10.0
[INFO] [stderr]   Downloaded educe v0.4.16
[INFO] [stderr]   Downloaded backtrace v0.3.58
[INFO] [stderr]   Downloaded minifier v0.0.39
[INFO] [stderr]   Downloaded x11 v2.18.2
[INFO] [stderr]   Downloaded cocoa v0.22.0
[INFO] [stderr]   Downloaded ron v0.6.4
[INFO] [stderr]   Downloaded tinyfiledialogs v3.3.10
[INFO] [stderr]   Downloaded webkit2gtk-sys v0.12.0
[INFO] [stderr]   Downloaded msgbox v0.6.0
[INFO] [stderr]   Downloaded core-graphics v0.21.0
[INFO] [stderr]   Downloaded regex v1.5.3
[INFO] [stderr]   Downloaded rdev v0.4.6
[INFO] [stderr]   Downloaded widestring v0.2.2
[INFO] [stderr]   Downloaded web-view v0.7.3
[INFO] [stderr]   Downloaded tokio-macros v1.1.0
[INFO] [stderr]   Downloaded tokio v1.5.0
[INFO] [stderr]   Downloaded ez_audio v0.1.5
[INFO] running `Command { std: "docker" "create" "-v" "/var/lib/crater-agent-workspace/builds/worker-6-tc1/target:/opt/rustwide/target:rw,Z" "-v" "/var/lib/crater-agent-workspace/builds/worker-6-tc1/source:/opt/rustwide/workdir:ro,Z" "-v" "/var/lib/crater-agent-workspace/cargo-home:/opt/rustwide/cargo-home:ro,Z" "-v" "/var/lib/crater-agent-workspace/rustup-home:/opt/rustwide/rustup-home:ro,Z" "-e" "SOURCE_DIR=/opt/rustwide/workdir" "-e" "CARGO_TARGET_DIR=/opt/rustwide/target" "-e" "CARGO_HOME=/opt/rustwide/cargo-home" "-e" "RUSTUP_HOME=/opt/rustwide/rustup-home" "-w" "/opt/rustwide/workdir" "-m" "1610612736" "--user" "0:0" "--network" "none" "ghcr.io/rust-lang/crates-build-env/linux@sha256:4a844ea9eb2546a2d2c7022eacef16ef2e8229c7fbb2c7d4d55a9ceca922f72d" "/opt/rustwide/cargo-home/bin/cargo" "+nightly-2024-10-28" "metadata" "--no-deps" "--format-version=1", kill_on_drop: false }`
[INFO] [stdout] c37ef72e27abec9c84d859148a853aa629d82a262acc5e0eda63e288cd50e8af
[INFO] running `Command { std: "docker" "start" "-a" "c37ef72e27abec9c84d859148a853aa629d82a262acc5e0eda63e288cd50e8af", kill_on_drop: false }`
[INFO] running `Command { std: "docker" "inspect" "c37ef72e27abec9c84d859148a853aa629d82a262acc5e0eda63e288cd50e8af", kill_on_drop: false }`
[INFO] running `Command { std: "docker" "rm" "-f" "c37ef72e27abec9c84d859148a853aa629d82a262acc5e0eda63e288cd50e8af", kill_on_drop: false }`
[INFO] [stdout] c37ef72e27abec9c84d859148a853aa629d82a262acc5e0eda63e288cd50e8af
[INFO] running `Command { std: "docker" "create" "-v" "/var/lib/crater-agent-workspace/builds/worker-6-tc1/target:/opt/rustwide/target:rw,Z" "-v" "/var/lib/crater-agent-workspace/builds/worker-6-tc1/source:/opt/rustwide/workdir:ro,Z" "-v" "/var/lib/crater-agent-workspace/cargo-home:/opt/rustwide/cargo-home:ro,Z" "-v" "/var/lib/crater-agent-workspace/rustup-home:/opt/rustwide/rustup-home:ro,Z" "-e" "SOURCE_DIR=/opt/rustwide/workdir" "-e" "CARGO_TARGET_DIR=/opt/rustwide/target" "-e" "CARGO_INCREMENTAL=0" "-e" "RUST_BACKTRACE=full" "-e" "RUSTFLAGS=--cap-lints=forbid" "-e" "RUSTDOCFLAGS=--cap-lints=forbid" "-e" "CARGO_HOME=/opt/rustwide/cargo-home" "-e" "RUSTUP_HOME=/opt/rustwide/rustup-home" "-w" "/opt/rustwide/workdir" "-m" "1610612736" "--user" "0:0" "--network" "none" "ghcr.io/rust-lang/crates-build-env/linux@sha256:4a844ea9eb2546a2d2c7022eacef16ef2e8229c7fbb2c7d4d55a9ceca922f72d" "/opt/rustwide/cargo-home/bin/cargo" "+nightly-2024-10-28" "build" "--frozen" "--message-format=json", kill_on_drop: false }`
[INFO] [stdout] 1cab536775206ac2582b85dbe82a1c1818f4ff44e18742988cde3a0cddbf8806
[INFO] running `Command { std: "docker" "start" "-a" "1cab536775206ac2582b85dbe82a1c1818f4ff44e18742988cde3a0cddbf8806", kill_on_drop: false }`
[INFO] [stderr]    Compiling proc-macro2 v1.0.26
[INFO] [stderr]    Compiling unicode-xid v0.2.2
[INFO] [stderr]    Compiling syn v1.0.72
[INFO] [stderr]    Compiling pkg-config v0.3.19
[INFO] [stderr]    Compiling serde_derive v1.0.125
[INFO] [stderr]    Compiling serde v1.0.125
[INFO] [stderr]    Compiling unicode-segmentation v1.7.1
[INFO] [stderr]    Compiling strum v0.18.0
[INFO] [stderr]    Compiling version-compare v0.0.10
[INFO] [stderr]    Compiling libc v0.2.94
[INFO] [stderr]    Compiling memchr v2.4.0
[INFO] [stderr]    Compiling heck v0.3.2
[INFO] [stderr]    Compiling futures-core v0.3.14
[INFO] [stderr]    Compiling futures-sink v0.3.14
[INFO] [stderr]    Compiling futures-io v0.3.14
[INFO] [stderr]    Compiling futures-task v0.3.14
[INFO] [stderr]    Compiling futures-channel v0.3.14
[INFO] [stderr]    Compiling anyhow v1.0.40
[INFO] [stderr]    Compiling either v1.6.1
[INFO] [stderr]    Compiling once_cell v1.7.2
[INFO] [stderr]    Compiling num-traits v0.2.14
[INFO] [stderr]    Compiling itertools v0.9.0
[INFO] [stderr]    Compiling quote v1.0.9
[INFO] [stderr]    Compiling num-integer v0.1.44
[INFO] [stderr]    Compiling num-bigint v0.4.0
[INFO] [stderr]    Compiling gio v0.9.1
[INFO] [stderr]    Compiling webkit2gtk-sys v0.12.0
[INFO] [stderr]    Compiling cairo-rs v0.9.1
[INFO] [stderr]    Compiling proc-macro-error-attr v1.0.4
[INFO] [stderr]    Compiling jobserver v0.1.22
[INFO] [stderr]    Compiling pango v0.9.1
[INFO] [stderr]    Compiling gdk-pixbuf v0.9.0
[INFO] [stderr]    Compiling macro-utils v0.1.3
[INFO] [stderr]    Compiling failure_derive v0.1.8
[INFO] [stderr]    Compiling gdk v0.13.2
[INFO] [stderr]    Compiling atk v0.9.0
[INFO] [stderr]    Compiling cc v1.0.67
[INFO] [stderr]    Compiling gimli v0.23.0
[INFO] [stderr]    Compiling log v0.4.14
[INFO] [stderr]    Compiling utf8-width v0.1.5
[INFO] [stderr]    Compiling html-escape v0.2.9
[INFO] [stderr]    Compiling minifier v0.0.39
[INFO] [stderr]    Compiling javascriptcore-rs-sys v0.2.0
[INFO] [stderr]    Compiling aho-corasick v0.7.18
[INFO] [stderr]    Compiling instant v0.1.9
[INFO] [stderr]    Compiling x11 v2.18.2
[INFO] [stderr]    Compiling gtk v0.9.2
[INFO] [stderr]    Compiling object v0.23.0
[INFO] [stderr]    Compiling cow-utils v0.1.2
[INFO] [stderr]    Compiling rustc-demangle v0.1.19
[INFO] [stderr]    Compiling scopeguard v1.1.0
[INFO] [stderr]    Compiling smallvec v1.6.1
[INFO] [stderr]    Compiling backtrace v0.3.58
[INFO] [stderr]    Compiling tinyfiledialogs v3.3.10
[INFO] [stdout] error[E0308]: mismatched types
[INFO] [stdout]   --> /opt/rustwide/cargo-home/registry/src/index.crates.io-6f17d22bba15001f/num-bigint-0.4.0/src/biguint/convert.rs:70:19
[INFO] [stdout]    |
[INFO] [stdout] 70 |         .div_ceil(&big_digit::BITS.into())
[INFO] [stdout]    |          -------- ^^^^^^^^^^^^^^^^^^^^^^^ expected `u64`, found `&_`
[INFO] [stdout]    |          |
[INFO] [stdout]    |          arguments to this method are incorrect
[INFO] [stdout]    |
[INFO] [stdout]    = note:   expected type `u64`
[INFO] [stdout]            found reference `&_`
[INFO] [stdout] note: method defined here
[INFO] [stdout]   --> /rustc/df4ca44d3fbc9301ee17f30f4d474e6ae4b05252/library/core/src/num/mod.rs:1230:5
[INFO] [stdout]    = note: this error originates in the macro `uint_impl` (in Nightly builds, run with -Z macro-backtrace for more info)
[INFO] [stdout] help: consider removing the borrow
[INFO] [stdout]    |
[INFO] [stdout] 70 -         .div_ceil(&big_digit::BITS.into())
[INFO] [stdout] 70 +         .div_ceil(big_digit::BITS.into())
[INFO] [stdout]    |
[INFO] [stdout] 
[INFO] [stdout] 
[INFO] [stderr]    Compiling webview-sys v0.6.2
[INFO] [stderr]    Compiling regex-syntax v0.6.25
[INFO] [stdout] error[E0308]: mismatched types
[INFO] [stdout]    --> /opt/rustwide/cargo-home/registry/src/index.crates.io-6f17d22bba15001f/num-bigint-0.4.0/src/biguint/convert.rs:585:19
[INFO] [stdout]     |
[INFO] [stdout] 585 |         .div_ceil(&u64::from(bits))
[INFO] [stdout]     |          -------- ^^^^^^^^^^^^^^^^ expected `u64`, found `&u64`
[INFO] [stdout]     |          |
[INFO] [stdout]     |          arguments to this method are incorrect
[INFO] [stdout]     |
[INFO] [stdout] note: method defined here
[INFO] [stdout]    --> /rustc/df4ca44d3fbc9301ee17f30f4d474e6ae4b05252/library/core/src/num/mod.rs:1230:5
[INFO] [stdout]     = note: this error originates in the macro `uint_impl` (in Nightly builds, run with -Z macro-backtrace for more info)
[INFO] [stdout] help: consider removing the borrow
[INFO] [stdout]     |
[INFO] [stdout] 585 -         .div_ceil(&u64::from(bits))
[INFO] [stdout] 585 +         .div_ceil(u64::from(bits))
[INFO] [stdout]     |
[INFO] [stdout] 
[INFO] [stdout] 
[INFO] [stdout] error[E0308]: mismatched types
[INFO] [stdout]    --> /opt/rustwide/cargo-home/registry/src/index.crates.io-6f17d22bba15001f/num-bigint-0.4.0/src/biguint/convert.rs:613:19
[INFO] [stdout]     |
[INFO] [stdout] 613 |         .div_ceil(&u64::from(bits))
[INFO] [stdout]     |          -------- ^^^^^^^^^^^^^^^^ expected `u64`, found `&u64`
[INFO] [stdout]     |          |
[INFO] [stdout]     |          arguments to this method are incorrect
[INFO] [stdout]     |
[INFO] [stdout] note: method defined here
[INFO] [stdout]    --> /rustc/df4ca44d3fbc9301ee17f30f4d474e6ae4b05252/library/core/src/num/mod.rs:1230:5
[INFO] [stdout]     = note: this error originates in the macro `uint_impl` (in Nightly builds, run with -Z macro-backtrace for more info)
[INFO] [stdout] help: consider removing the borrow
[INFO] [stdout]     |
[INFO] [stdout] 613 -         .div_ceil(&u64::from(bits))
[INFO] [stdout] 613 +         .div_ceil(u64::from(bits))
[INFO] [stdout]     |
[INFO] [stdout] 
[INFO] [stdout] 
[INFO] [stderr]    Compiling parking_lot_core v0.8.3
[INFO] [stdout] error[E0308]: mismatched types
[INFO] [stdout]    --> /opt/rustwide/cargo-home/registry/src/index.crates.io-6f17d22bba15001f/num-bigint-0.4.0/src/biguint.rs:398:54
[INFO] [stdout]     |
[INFO] [stdout] 398 |                 let root_scale = extra_bits.div_ceil(&n64);
[INFO] [stdout]     |                                             -------- ^^^^ expected `u64`, found `&u64`
[INFO] [stdout]     |                                             |
[INFO] [stdout]     |                                             arguments to this method are incorrect
[INFO] [stdout]     |
[INFO] [stdout] note: method defined here
[INFO] [stdout]    --> /rustc/df4ca44d3fbc9301ee17f30f4d474e6ae4b05252/library/core/src/num/mod.rs:1230:5
[INFO] [stdout]     = note: this error originates in the macro `uint_impl` (in Nightly builds, run with -Z macro-backtrace for more info)
[INFO] [stdout] help: consider removing the borrow
[INFO] [stdout]     |
[INFO] [stdout] 398 -                 let root_scale = extra_bits.div_ceil(&n64);
[INFO] [stdout] 398 +                 let root_scale = extra_bits.div_ceil(n64);
[INFO] [stdout]     |
[INFO] [stdout] 
[INFO] [stdout] 
[INFO] [stderr]    Compiling ez_audio v0.1.5
[INFO] [stderr]    Compiling lock_api v0.4.4
[INFO] [stderr]    Compiling tokio v1.5.0
[INFO] [stderr]    Compiling parking_lot v0.11.1
[INFO] [stdout] For more information about this error, try `rustc --explain E0308`.
[INFO] [stdout] 
[INFO] [stderr] error: could not compile `num-bigint` (lib) due to 4 previous errors
[INFO] [stderr] warning: build failed, waiting for other jobs to finish...
[INFO] running `Command { std: "docker" "inspect" "1cab536775206ac2582b85dbe82a1c1818f4ff44e18742988cde3a0cddbf8806", kill_on_drop: false }`
[INFO] running `Command { std: "docker" "rm" "-f" "1cab536775206ac2582b85dbe82a1c1818f4ff44e18742988cde3a0cddbf8806", kill_on_drop: false }`
[INFO] [stdout] 1cab536775206ac2582b85dbe82a1c1818f4ff44e18742988cde3a0cddbf8806
